[INFO] fetching crate gaveldrop-conformance 0.1.16...
[INFO] testing gaveldrop-conformance-0.1.16 against 1.100.0-beta.1+cargoflags=--release for beta-release-1.100-2
[INFO] extracting crate gaveldrop-conformance 0.1.16 into /workspace/builds/worker-5-tc2/source
[INFO] started tweaking crates.io crate gaveldrop-conformance 0.1.16
[INFO] removed 0 missing tests
[INFO] finished tweaking crates.io crate gaveldrop-conformance 0.1.16
[INFO] tweaked toml for crates.io crate gaveldrop-conformance 0.1.16 written to /workspace/builds/worker-5-tc2/source/Cargo.toml
[INFO] validating manifest of crates.io crate gaveldrop-conformance 0.1.16 on toolchain 1.100.0-beta.1
[INFO] running `Command { std: CARGO_HOME="/workspace/cargo-home" RUSTUP_HOME="/workspace/rustup-home" "/workspace/cargo-home/bin/cargo" "+1.100.0-beta.1" "metadata" "--manifest-path" "Cargo.toml" "--no-deps", kill_on_drop: false }`
[INFO] crate crates.io crate gaveldrop-conformance 0.1.16 already has a lockfile, it will not be regenerated
[INFO] running `Command { std: CARGO_HOME="/workspace/cargo-home" RUSTUP_HOME="/workspace/rustup-home" "/workspace/cargo-home/bin/cargo" "+1.100.0-beta.1" "fetch" "--manifest-path" "Cargo.toml", kill_on_drop: false }`
[INFO] running `Command { std: "docker" "create" "-v" "/var/lib/crater-agent-workspace/builds/worker-5-tc2/source:/opt/rustwide/workdir:ro,Z" "-v" "/var/lib/crater-agent-workspace/builds/worker-5-tc2/target:/opt/rustwide/target:rw,Z" "-v" "/var/lib/crater-agent-workspace/cargo-home:/opt/rustwide/cargo-home:ro,Z" "-v" "/var/lib/crater-agent-workspace/rustup-home:/opt/rustwide/rustup-home:ro,Z" "-m" "1610612736" "--network" "none" "ghcr.io/rust-lang/crates-build-env/linux@sha256:77db811e55d90add9212f6832c23229e3de5f1c1f9905e8cb07319ea15df73ac" "sleep" "infinity", kill_on_drop: false }`
[INFO] [stdout] ab27ad5f1b06b0fa3641cf09bf90b71eb996bf89eb03c7513b844ab00725585a
[INFO] running `Command { std: "docker" "start" "ab27ad5f1b06b0fa3641cf09bf90b71eb996bf89eb03c7513b844ab00725585a", kill_on_drop: false }`
[INFO] running `Command { std: "docker" "inspect" "ab27ad5f1b06b0fa3641cf09bf90b71eb996bf89eb03c7513b844ab00725585a", kill_on_drop: false }`
[INFO] running `Command { std: "docker" "exec" "-e" "SOURCE_DIR=/opt/rustwide/workdir" "-e" "CARGO_HOME=/opt/rustwide/cargo-home" "-e" "RUSTUP_HOME=/opt/rustwide/rustup-home" "-e" "CARGO_TARGET_DIR=/opt/rustwide/target" "-w" "/opt/rustwide/workdir" "--user" "0:0" "ab27ad5f1b06b0fa3641cf09bf90b71eb996bf89eb03c7513b844ab00725585a" "/opt/rustwide/cargo-home/bin/cargo" "+1.100.0-beta.1" "metadata" "--no-deps" "--format-version=1", kill_on_drop: false }`
[INFO] running `Command { std: "docker" "inspect" "ab27ad5f1b06b0fa3641cf09bf90b71eb996bf89eb03c7513b844ab00725585a", kill_on_drop: false }`
[INFO] running `Command { std: "docker" "exec" "-e" "SOURCE_DIR=/opt/rustwide/workdir" "-e" "CARGO_HOME=/opt/rustwide/cargo-home" "-e" "RUSTUP_HOME=/opt/rustwide/rustup-home" "-e" "CARGO_TARGET_DIR=/opt/rustwide/target" "-e" "CARGO_INCREMENTAL=0" "-e" "RUST_BACKTRACE=full" "-e" "RUSTFLAGS=--cap-lints=warn" "-e" "RUSTDOCFLAGS=--cap-lints=warn" "-w" "/opt/rustwide/workdir" "--user" "0:0" "ab27ad5f1b06b0fa3641cf09bf90b71eb996bf89eb03c7513b844ab00725585a" "/opt/rustwide/cargo-home/bin/cargo" "+1.100.0-beta.1" "build" "--frozen" "--message-format=json" "--release", kill_on_drop: false }`
[INFO] [stderr]    Compiling syn v3.0.3
[INFO] [stderr]    Compiling serde v1.0.229
[INFO] [stderr]    Compiling serde_json v1.0.151
[INFO] [stderr]    Compiling ref-cast v1.0.26
[INFO] [stderr]    Compiling thiserror v2.0.19
[INFO] [stderr]    Compiling memchr v2.8.3
[INFO] [stderr]    Compiling http v1.4.2
[INFO] [stderr]    Compiling ascii v1.1.0
[INFO] [stderr]    Compiling chunked_transfer v1.5.0
[INFO] [stderr]    Compiling bitflags v2.13.1
[INFO] [stderr]    Compiling getrandom v0.4.3
[INFO] [stderr]    Compiling glob v0.3.4
[INFO] [stderr]    Compiling rustix v1.1.4
[INFO] [stderr]    Compiling tiny_http v0.12.0
[INFO] [stderr]    Compiling ureq-proto v0.6.0
[INFO] [stderr]    Compiling ureq v3.3.0
[INFO] [stderr]    Compiling serde_derive_internals v0.30.0
[INFO] [stderr]    Compiling tempfile v3.27.0
[INFO] [stderr]    Compiling serde_derive v1.0.229
[INFO] [stderr]    Compiling ref-cast-impl v1.0.26
[INFO] [stderr]    Compiling thiserror-impl v2.0.19
[INFO] [stderr]    Compiling schemars_derive v1.2.2
[INFO] [stderr]    Compiling schemars v1.2.2
[INFO] [stderr]    Compiling serde_yaml_ng v0.10.0
[INFO] [stderr]    Compiling gaveldrop-fake v0.1.16
[INFO] [stderr]    Compiling gaveldrop v0.1.16
[INFO] [stderr]    Compiling gaveldrop-conformance v0.1.16 (/opt/rustwide/workdir)
[INFO] [stderr]     Finished `release` profile [optimized] target(s) in 1m 26s
[INFO] running `Command { std: "docker" "inspect" "ab27ad5f1b06b0fa3641cf09bf90b71eb996bf89eb03c7513b844ab00725585a", kill_on_drop: false }`
[INFO] running `Command { std: "docker" "exec" "-e" "SOURCE_DIR=/opt/rustwide/workdir" "-e" "CARGO_HOME=/opt/rustwide/cargo-home" "-e" "RUSTUP_HOME=/opt/rustwide/rustup-home" "-e" "CARGO_TARGET_DIR=/opt/rustwide/target" "-e" "CARGO_INCREMENTAL=0" "-e" "RUST_BACKTRACE=full" "-e" "RUSTFLAGS=--cap-lints=warn" "-e" "RUSTDOCFLAGS=--cap-lints=warn" "-w" "/opt/rustwide/workdir" "--user" "0:0" "ab27ad5f1b06b0fa3641cf09bf90b71eb996bf89eb03c7513b844ab00725585a" "/opt/rustwide/cargo-home/bin/cargo" "+1.100.0-beta.1" "test" "--frozen" "--no-run" "--message-format=json" "--release", kill_on_drop: false }`
[INFO] [stderr]    Compiling getrandom v0.4.3
[INFO] [stderr]    Compiling regex-automata v0.4.16
[INFO] [stderr]    Compiling predicates v3.1.4
[INFO] [stderr]    Compiling wait-timeout v0.2.1
[INFO] [stderr]    Compiling tempfile v3.27.0
[INFO] [stderr]    Compiling gaveldrop v0.1.16
[INFO] [stderr]    Compiling bstr v1.13.0
[INFO] [stderr]    Compiling assert_cmd v2.2.2
[INFO] [stderr]    Compiling gaveldrop-conformance v0.1.16 (/opt/rustwide/workdir)
[INFO] [stderr]     Finished `release` profile [optimized] target(s) in 42.34s
[INFO] running `Command { std: "docker" "inspect" "ab27ad5f1b06b0fa3641cf09bf90b71eb996bf89eb03c7513b844ab00725585a", kill_on_drop: false }`
[INFO] running `Command { std: "docker" "exec" "-e" "SOURCE_DIR=/opt/rustwide/workdir" "-e" "CARGO_HOME=/opt/rustwide/cargo-home" "-e" "RUSTUP_HOME=/opt/rustwide/rustup-home" "-e" "CARGO_TARGET_DIR=/opt/rustwide/target" "-e" "CARGO_INCREMENTAL=0" "-e" "RUST_BACKTRACE=full" "-e" "RUSTFLAGS=--cap-lints=warn" "-e" "RUSTDOCFLAGS=--cap-lints=warn" "-w" "/opt/rustwide/workdir" "--user" "0:0" "ab27ad5f1b06b0fa3641cf09bf90b71eb996bf89eb03c7513b844ab00725585a" "/opt/rustwide/cargo-home/bin/cargo" "+1.100.0-beta.1" "test" "--frozen" "--release", kill_on_drop: false }`
[INFO] [stderr]     Finished `release` profile [optimized] target(s) in 0.13s
[INFO] [stderr]      Running unittests src/lib.rs (/opt/rustwide/target/release/build/gaveldrop-conformance/ef0ad17c2c91177c/out/gaveldrop_conformance-ef0ad17c2c91177c)
[INFO] [stderr]      Running tests/process.rs (/opt/rustwide/target/release/build/gaveldrop-conformance/38d49df936c57fc6/out/process-38d49df936c57fc6)
[INFO] [stdout] 
[INFO] [stdout] running 0 tests
[INFO] [stdout] 
[INFO] [stdout] test result: ok. 0 passed; 0 failed; 0 ignored; 0 measured; 0 filtered out; finished in 0.00s
[INFO] [stdout] 
[INFO] [stdout] 
[INFO] [stdout] running 4 tests
[INFO] [stdout] test each_check_explains_why_it_exists ... FAILED
[INFO] [stdout] test no_two_checks_share_a_name ... FAILED
[INFO] [stdout] test every_check_actually_ran ... FAILED
[INFO] [stdout] test the_process_adapter_is_conformant ... FAILED
[INFO] [stdout] 
[INFO] [stdout] failures:
[INFO] [stdout] 
[INFO] [stdout] ---- each_check_explains_why_it_exists stdout ----
[INFO] [stdout] 
[INFO] [stdout] thread 'each_check_explains_why_it_exists' (1021) panicked at /opt/rustwide/cargo-home/registry/src/index.crates.io-1949cf8c6b5b557f/assert_cmd-2.2.2/src/cargo.rs:232:5:
[INFO] [stdout] `CARGO_BIN_EXE_gaveldrop-fake` is unset
[INFO] [stdout] help: if this is running within a unit test, move it to an integration test to gain access to `CARGO_BIN_EXE_gaveldrop-fake`
[INFO] [stdout] stack backtrace:
[INFO] [stdout]    0:     0x632b66b594e1 - <<std[617be2ca0a6fd877]::sys::backtrace::BacktraceLock>::print::DisplayBacktrace as core[a373ad73a504971]::fmt::Display>::fmt
[INFO] [stdout]    1:     0x632b66b6f49a - core[a373ad73a504971]::fmt::write
[INFO] [stdout]    2:     0x632b66b5deac - <alloc[2e1b2a31b91974c5]::vec::Vec<u8> as core[a373ad73a504971]::io::write::Write>::write_fmt
[INFO] [stdout]    3:     0x632b66b31996 - std[617be2ca0a6fd877]::panicking::default_hook::{closure#0}
[INFO] [stdout]    4:     0x632b66b50179 - std[617be2ca0a6fd877]::panicking::default_hook
[INFO] [stdout]    5:     0x632b66ab29b0 - test[aada8e7e76ba119b]::test_main_inner::{closure#0}
[INFO] [stdout]    6:     0x632b66b50332 - std[617be2ca0a6fd877]::panicking::panic_with_hook
[INFO] [stdout]    7:     0x632b66b31a42 - std[617be2ca0a6fd877]::panicking::panic_handler::{closure#0}
[INFO] [stdout]    8:     0x632b66b2a2f9 - std[617be2ca0a6fd877]::sys::backtrace::__rust_end_short_backtrace::<std[617be2ca0a6fd877]::panicking::panic_handler::{closure#0}, !>
[INFO] [stdout]    9:     0x632b66b3292d - __rustc[ea4f61d10b84890b]::rust_begin_unwind
[INFO] [stdout]   10:     0x632b66b6fbcc - core[a373ad73a504971]::panicking::panic_fmt
[INFO] [stdout]   11:     0x632b66b1aeaf - assert_cmd[9bb8a62cd53af686]::cargo::missing_cargo_bin
[INFO] [stdout]   12:     0x632b66b1ac63 - assert_cmd[9bb8a62cd53af686]::cargo::cargo_bin_str
[INFO] [stdout]   13:     0x632b66a9cbd2 - <process[485eabcd24569d70]::each_check_explains_why_it_exists::{closure#0} as core[a373ad73a504971]::ops::function::FnOnce<()>>::call_once
[INFO] [stdout]   14:     0x632b66aa5dfb - test[aada8e7e76ba119b]::__rust_begin_short_backtrace::<core[a373ad73a504971]::result::Result<(), alloc[2e1b2a31b91974c5]::string::String>, fn() -> core[a373ad73a504971]::result::Result<(), alloc[2e1b2a31b91974c5]::string::String>>
[INFO] [stdout]   15:     0x632b66ab2fd5 - test[aada8e7e76ba119b]::run_test::{closure#0}
[INFO] [stdout]   16:     0x632b66aac8c4 - std[617be2ca0a6fd877]::sys::backtrace::__rust_begin_short_backtrace::<test[aada8e7e76ba119b]::run_test::{closure#1}, ()>
[INFO] [stdout]   17:     0x632b66ab6062 - <std[617be2ca0a6fd877]::thread::lifecycle::spawn_unchecked<test[aada8e7e76ba119b]::run_test::{closure#1}, ()>::{closure#1} as core[a373ad73a504971]::ops::function::FnOnce<()>>::call_once::{shim:vtable#0}
[INFO] [stdout]   18:     0x632b66b57f2f - <std[617be2ca0a6fd877]::sys::thread::unix::Thread>::new::thread_start
[INFO] [stdout]   19:     0x78d6bf494dfa - <unknown>
[INFO] [stdout]   20:     0x78d6bf5283d4 - clone
[INFO] [stdout]   21:                0x0 - <unknown>
[INFO] [stdout] 
[INFO] [stdout] ---- no_two_checks_share_a_name stdout ----
[INFO] [stdout] 
[INFO] [stdout] thread 'no_two_checks_share_a_name' (1023) panicked at /opt/rustwide/cargo-home/registry/src/index.crates.io-1949cf8c6b5b557f/assert_cmd-2.2.2/src/cargo.rs:232:5:
[INFO] [stdout] `CARGO_BIN_EXE_gaveldrop-fake` is unset
[INFO] [stdout] help: if this is running within a unit test, move it to an integration test to gain access to `CARGO_BIN_EXE_gaveldrop-fake`
[INFO] [stdout] stack backtrace:
[INFO] [stdout]    0:     0x632b66b594e1 - <<std[617be2ca0a6fd877]::sys::backtrace::BacktraceLock>::print::DisplayBacktrace as core[a373ad73a504971]::fmt::Display>::fmt
[INFO] [stdout]    1:     0x632b66b6f49a - core[a373ad73a504971]::fmt::write
[INFO] [stdout]    2:     0x632b66b5deac - <alloc[2e1b2a31b91974c5]::vec::Vec<u8> as core[a373ad73a504971]::io::write::Write>::write_fmt
[INFO] [stdout]    3:     0x632b66b31996 - std[617be2ca0a6fd877]::panicking::default_hook::{closure#0}
[INFO] [stdout]    4:     0x632b66b50179 - std[617be2ca0a6fd877]::panicking::default_hook
[INFO] [stdout]    5:     0x632b66ab29b0 - test[aada8e7e76ba119b]::test_main_inner::{closure#0}
[INFO] [stdout]    6:     0x632b66b50332 - std[617be2ca0a6fd877]::panicking::panic_with_hook
[INFO] [stdout]    7:     0x632b66b31a42 - std[617be2ca0a6fd877]::panicking::panic_handler::{closure#0}
[INFO] [stdout]    8:     0x632b66b2a2f9 - std[617be2ca0a6fd877]::sys::backtrace::__rust_end_short_backtrace::<std[617be2ca0a6fd877]::panicking::panic_handler::{closure#0}, !>
[INFO] [stdout]    9:     0x632b66b3292d - __rustc[ea4f61d10b84890b]::rust_begin_unwind
[INFO] [stdout]   10:     0x632b66b6fbcc - core[a373ad73a504971]::panicking::panic_fmt
[INFO] [stdout]   11:     0x632b66b1aeaf - assert_cmd[9bb8a62cd53af686]::cargo::missing_cargo_bin
[INFO] [stdout]   12:     0x632b66b1ac63 - assert_cmd[9bb8a62cd53af686]::cargo::cargo_bin_str
[INFO] [stdout]   13:     0x632b66a9c80f - <process[485eabcd24569d70]::no_two_checks_share_a_name::{closure#0} as core[a373ad73a504971]::ops::function::FnOnce<()>>::call_once
[INFO] [stdout]   14:     0x632b66aa5dfb - test[aada8e7e76ba119b]::__rust_begin_short_backtrace::<core[a373ad73a504971]::result::Result<(), alloc[2e1b2a31b91974c5]::string::String>, fn() -> core[a373ad73a504971]::result::Result<(), alloc[2e1b2a31b91974c5]::string::String>>
[INFO] [stdout]   15:     0x632b66ab2fd5 - test[aada8e7e76ba119b]::run_test::{closure#0}
[INFO] [stdout]   16:     0x632b66aac8c4 - std[617be2ca0a6fd877]::sys::backtrace::__rust_begin_short_backtrace::<test[aada8e7e76ba119b]::run_test::{closure#1}, ()>
[INFO] [stdout]   17:     0x632b66ab6062 - <std[617be2ca0a6fd877]::thread::lifecycle::spawn_unchecked<test[aada8e7e76ba119b]::run_test::{closure#1}, ()>::{closure#1} as core[a373ad73a504971]::ops::function::FnOnce<()>>::call_once::{shim:vtable#0}
[INFO] [stdout]   18:     0x632b66b57f2f - <std[617be2ca0a6fd877]::sys::thread::unix::Thread>::new::thread_start
[INFO] [stdout]   19:     0x78d6bf494dfa - <unknown>
[INFO] [stdout]   20:     0x78d6bf5283d4 - clone
[INFO] [stdout]   21:                0x0 - <unknown>
[INFO] [stdout] 
[INFO] [stdout] ---- every_check_actually_ran stdout ----
[INFO] [stdout] 
[INFO] [stdout] thread 'every_check_actually_ran' (1022) panicked at /opt/rustwide/cargo-home/registry/src/index.crates.io-1949cf8c6b5b557f/assert_cmd-2.2.2/src/cargo.rs:232:5:
[INFO] [stdout] `CARGO_BIN_EXE_gaveldrop-fake` is unset
[INFO] [stdout] help: if this is running within a unit test, move it to an integration test to gain access to `CARGO_BIN_EXE_gaveldrop-fake`
[INFO] [stdout] stack backtrace:
[INFO] [stdout]    0:     0x632b66b594e1 - <<std[617be2ca0a6fd877]::sys::backtrace::BacktraceLock>::print::DisplayBacktrace as core[a373ad73a504971]::fmt::Display>::fmt
[INFO] [stdout]    1:     0x632b66b6f49a - core[a373ad73a504971]::fmt::write
[INFO] [stdout]    2:     0x632b66b5deac - <alloc[2e1b2a31b91974c5]::vec::Vec<u8> as core[a373ad73a504971]::io::write::Write>::write_fmt
[INFO] [stdout]    3:     0x632b66b31996 - std[617be2ca0a6fd877]::panicking::default_hook::{closure#0}
[INFO] [stdout]    4:     0x632b66b50179 - std[617be2ca0a6fd877]::panicking::default_hook
[INFO] [stdout]    5:     0x632b66ab29b0 - test[aada8e7e76ba119b]::test_main_inner::{closure#0}
[INFO] [stdout]    6:     0x632b66b50332 - std[617be2ca0a6fd877]::panicking::panic_with_hook
[INFO] [stdout]    7:     0x632b66b31a42 - std[617be2ca0a6fd877]::panicking::panic_handler::{closure#0}
[INFO] [stdout]    8:     0x632b66b2a2f9 - std[617be2ca0a6fd877]::sys::backtrace::__rust_end_short_backtrace::<std[617be2ca0a6fd877]::panicking::panic_handler::{closure#0}, !>
[INFO] [stdout]    9:     0x632b66b3292d - __rustc[ea4f61d10b84890b]::rust_begin_unwind
[INFO] [stdout]   10:     0x632b66b6fbcc - core[a373ad73a504971]::panicking::panic_fmt
[INFO] [stdout]   11:     0x632b66b1aeaf - assert_cmd[9bb8a62cd53af686]::cargo::missing_cargo_bin
[INFO] [stdout]   12:     0x632b66b1ac63 - assert_cmd[9bb8a62cd53af686]::cargo::cargo_bin_str
[INFO] [stdout]   13:     0x632b66a9c63e - <process[485eabcd24569d70]::every_check_actually_ran::{closure#0} as core[a373ad73a504971]::ops::function::FnOnce<()>>::call_once
[INFO] [stdout]   14:     0x632b66aa5dfb - test[aada8e7e76ba119b]::__rust_begin_short_backtrace::<core[a373ad73a504971]::result::Result<(), alloc[2e1b2a31b91974c5]::string::String>, fn() -> core[a373ad73a504971]::result::Result<(), alloc[2e1b2a31b91974c5]::string::String>>
[INFO] [stdout]   15:     0x632b66ab2fd5 - test[aada8e7e76ba119b]::run_test::{closure#0}
[INFO] [stdout]   16:     0x632b66aac8c4 - std[617be2ca0a6fd877]::sys::backtrace::__rust_begin_short_backtrace::<test[aada8e7e76ba119b]::run_test::{closure#1}, ()>
[INFO] [stdout]   17:     0x632b66ab6062 - <std[617be2ca0a6fd877]::thread::lifecycle::spawn_unchecked<test[aada8e7e76ba119b]::run_test::{closure#1}, ()>::{closure#1} as core[a373ad73a504971]::ops::function::FnOnce<()>>::call_once::{shim:vtable#0}
[INFO] [stdout]   18:     0x632b66b57f2f - <std[617be2ca0a6fd877]::sys::thread::unix::Thread>::new::thread_start
[INFO] [stdout]   19:     0x78d6bf494dfa - <unknown>
[INFO] [stdout]   20:     0x78d6bf5283d4 - clone
[INFO] [stdout]   21:                0x0 - <unknown>
[INFO] [stdout] 
[INFO] [stdout] ---- the_process_adapter_is_conformant stdout ----
[INFO] [stdout] 
[INFO] [stdout] thread 'the_process_adapter_is_conformant' (1024) panicked at /opt/rustwide/cargo-home/registry/src/index.crates.io-1949cf8c6b5b557f/assert_cmd-2.2.2/src/cargo.rs:232:5:
[INFO] [stdout] `CARGO_BIN_EXE_gaveldrop-fake` is unset
[INFO] [stdout] help: if this is running within a unit test, move it to an integration test to gain access to `CARGO_BIN_EXE_gaveldrop-fake`
[INFO] [stdout] stack backtrace:
[INFO] [stdout]    0:     0x632b66b594e1 - <<std[617be2ca0a6fd877]::sys::backtrace::BacktraceLock>::print::DisplayBacktrace as core[a373ad73a504971]::fmt::Display>::fmt
[INFO] [stdout]    1:     0x632b66b6f49a - core[a373ad73a504971]::fmt::write
[INFO] [stdout]    2:     0x632b66b5deac - <alloc[2e1b2a31b91974c5]::vec::Vec<u8> as core[a373ad73a504971]::io::write::Write>::write_fmt
[INFO] [stdout]    3:     0x632b66b31996 - std[617be2ca0a6fd877]::panicking::default_hook::{closure#0}
[INFO] [stdout]    4:     0x632b66b50179 - std[617be2ca0a6fd877]::panicking::default_hook
[INFO] [stdout]    5:     0x632b66ab29b0 - test[aada8e7e76ba119b]::test_main_inner::{closure#0}
[INFO] [stdout]    6:     0x632b66b50332 - std[617be2ca0a6fd877]::panicking::panic_with_hook
[INFO] [stdout]    7:     0x632b66b31a42 - std[617be2ca0a6fd877]::panicking::panic_handler::{closure#0}
[INFO] [stdout]    8:     0x632b66b2a2f9 - std[617be2ca0a6fd877]::sys::backtrace::__rust_end_short_backtrace::<std[617be2ca0a6fd877]::panicking::panic_handler::{closure#0}, !>
[INFO] [stdout]    9:     0x632b66b3292d - __rustc[ea4f61d10b84890b]::rust_begin_unwind
[INFO] [stdout]   10:     0x632b66b6fbcc - core[a373ad73a504971]::panicking::panic_fmt
[INFO] [stdout]   11:     0x632b66b1aeaf - assert_cmd[9bb8a62cd53af686]::cargo::missing_cargo_bin
[INFO] [stdout]   12:     0x632b66b1ac63 - assert_cmd[9bb8a62cd53af686]::cargo::cargo_bin_str
[INFO] [stdout]   13:     0x632b66a9ce9e - <process[485eabcd24569d70]::the_process_adapter_is_conformant::{closure#0} as core[a373ad73a504971]::ops::function::FnOnce<()>>::call_once
[INFO] [stdout]   14:     0x632b66aa5dfb - test[aada8e7e76ba119b]::__rust_begin_short_backtrace::<core[a373ad73a504971]::result::Result<(), alloc[2e1b2a31b91974c5]::string::String>, fn() -> core[a373ad73a504971]::result::Result<(), alloc[2e1b2a31b91974c5]::string::String>>
[INFO] [stdout]   15:     0x632b66ab2fd5 - test[aada8e7e76ba119b]::run_test::{closure#0}
[INFO] [stdout]   16:     0x632b66aac8c4 - std[617be2ca0a6fd877]::sys::backtrace::__rust_begin_short_backtrace::<test[aada8e7e76ba119b]::run_test::{closure#1}, ()>
[INFO] [stdout]   17:     0x632b66ab6062 - <std[617be2ca0a6fd877]::thread::lifecycle::spawn_unchecked<test[aada8e7e76ba119b]::run_test::{closure#1}, ()>::{closure#1} as core[a373ad73a504971]::ops::function::FnOnce<()>>::call_once::{shim:vtable#0}
[INFO] [stdout]   18:     0x632b66b57f2f - <std[617be2ca0a6fd877]::sys::thread::unix::Thread>::new::thread_start
[INFO] [stdout]   19:     0x78d6bf494dfa - <unknown>
[INFO] [stdout]   20:     0x78d6bf5283d4 - clone
[INFO] [stdout]   21:                0x0 - <unknown>
[INFO] [stdout] 
[INFO] [stdout] 
[INFO] [stdout] failures:
[INFO] [stdout]     each_check_explains_why_it_exists
[INFO] [stdout]     every_check_actually_ran
[INFO] [stdout]     no_two_checks_share_a_name
[INFO] [stdout]     the_process_adapter_is_conformant
[INFO] [stdout] 
[INFO] [stdout] test result: FAILED. 0 passed; 4 failed; 0 ignored; 0 measured; 0 filtered out; finished in 0.00s
[INFO] [stdout] 
[INFO] [stderr] error: test failed, to rerun pass `--test process`
[INFO] running `Command { std: "docker" "inspect" "ab27ad5f1b06b0fa3641cf09bf90b71eb996bf89eb03c7513b844ab00725585a", kill_on_drop: false }`
[INFO] running `Command { std: "docker" "rm" "-f" "ab27ad5f1b06b0fa3641cf09bf90b71eb996bf89eb03c7513b844ab00725585a", kill_on_drop: false }`
[INFO] [stdout] ab27ad5f1b06b0fa3641cf09bf90b71eb996bf89eb03c7513b844ab00725585a
