[INFO] fetching crate gasket 0.11.1...
[INFO] testing gasket-0.11.1 against 1.100.0-beta.1+cargoflags=--release for beta-release-1.100-2
[INFO] extracting crate gasket 0.11.1 into /workspace/builds/worker-5-tc2/source
[INFO] started tweaking crates.io crate gasket 0.11.1
[INFO] removed 0 missing examples
[INFO] finished tweaking crates.io crate gasket 0.11.1
[INFO] tweaked toml for crates.io crate gasket 0.11.1 written to /workspace/builds/worker-5-tc2/source/Cargo.toml
[INFO] validating manifest of crates.io crate gasket 0.11.1 on toolchain 1.100.0-beta.1
[INFO] running `Command { std: CARGO_HOME="/workspace/cargo-home" RUSTUP_HOME="/workspace/rustup-home" "/workspace/cargo-home/bin/cargo" "+1.100.0-beta.1" "metadata" "--manifest-path" "Cargo.toml" "--no-deps", kill_on_drop: false }`
[INFO] crate crates.io crate gasket 0.11.1 already has a lockfile, it will not be regenerated
[INFO] running `Command { std: CARGO_HOME="/workspace/cargo-home" RUSTUP_HOME="/workspace/rustup-home" "/workspace/cargo-home/bin/cargo" "+1.100.0-beta.1" "fetch" "--manifest-path" "Cargo.toml", kill_on_drop: false }`
[INFO] [stderr] warning: `package.homepage` is redundant with `package.repository`
[INFO] [stderr]   --> Cargo.toml:63:12
[INFO] [stderr]    |
[INFO] [stderr] 63 | homepage = "https://github.com/construkts/gasket-rs"
[INFO] [stderr]    |            ^^^^^^^^^^^^^^^^^^^^^^^^^^^^^^^^^^^^^^^^^
[INFO] [stderr] ...
[INFO] [stderr] 67 | repository = "https://github.com/construkts/gasket-rs"
[INFO] [stderr]    |              -----------------------------------------
[INFO] [stderr]    |
[INFO] [stderr]    = note: `cargo::redundant_homepage` is set to `warn` by default
[INFO] [stderr] help: consider removing `package.homepage`
[INFO] [stderr] warning: `gasket` (manifest) generated 1 warning
[INFO] running `Command { std: "docker" "create" "-v" "/var/lib/crater-agent-workspace/builds/worker-5-tc2/source:/opt/rustwide/workdir:ro,Z" "-v" "/var/lib/crater-agent-workspace/builds/worker-5-tc2/target:/opt/rustwide/target:rw,Z" "-v" "/var/lib/crater-agent-workspace/cargo-home:/opt/rustwide/cargo-home:ro,Z" "-v" "/var/lib/crater-agent-workspace/rustup-home:/opt/rustwide/rustup-home:ro,Z" "-m" "1610612736" "--network" "none" "ghcr.io/rust-lang/crates-build-env/linux@sha256:77db811e55d90add9212f6832c23229e3de5f1c1f9905e8cb07319ea15df73ac" "sleep" "infinity", kill_on_drop: false }`
[INFO] [stdout] fbb56f7594a4a2a20a7b6397b87090c11818b1eca0cbaf920e2abc5dc2afb5e0
[INFO] running `Command { std: "docker" "start" "fbb56f7594a4a2a20a7b6397b87090c11818b1eca0cbaf920e2abc5dc2afb5e0", kill_on_drop: false }`
[INFO] running `Command { std: "docker" "inspect" "fbb56f7594a4a2a20a7b6397b87090c11818b1eca0cbaf920e2abc5dc2afb5e0", kill_on_drop: false }`
[INFO] running `Command { std: "docker" "exec" "-e" "SOURCE_DIR=/opt/rustwide/workdir" "-e" "CARGO_HOME=/opt/rustwide/cargo-home" "-e" "RUSTUP_HOME=/opt/rustwide/rustup-home" "-e" "CARGO_TARGET_DIR=/opt/rustwide/target" "-w" "/opt/rustwide/workdir" "--user" "0:0" "fbb56f7594a4a2a20a7b6397b87090c11818b1eca0cbaf920e2abc5dc2afb5e0" "/opt/rustwide/cargo-home/bin/cargo" "+1.100.0-beta.1" "metadata" "--no-deps" "--format-version=1", kill_on_drop: false }`
[INFO] running `Command { std: "docker" "inspect" "fbb56f7594a4a2a20a7b6397b87090c11818b1eca0cbaf920e2abc5dc2afb5e0", kill_on_drop: false }`
[INFO] running `Command { std: "docker" "exec" "-e" "SOURCE_DIR=/opt/rustwide/workdir" "-e" "CARGO_HOME=/opt/rustwide/cargo-home" "-e" "RUSTUP_HOME=/opt/rustwide/rustup-home" "-e" "CARGO_TARGET_DIR=/opt/rustwide/target" "-e" "CARGO_INCREMENTAL=0" "-e" "RUST_BACKTRACE=full" "-e" "RUSTFLAGS=--cap-lints=warn" "-e" "RUSTDOCFLAGS=--cap-lints=warn" "-w" "/opt/rustwide/workdir" "--user" "0:0" "fbb56f7594a4a2a20a7b6397b87090c11818b1eca0cbaf920e2abc5dc2afb5e0" "/opt/rustwide/cargo-home/bin/cargo" "+1.100.0-beta.1" "build" "--frozen" "--message-format=json" "--release", kill_on_drop: false }`
[INFO] [stderr] warning: `package.homepage` is redundant with `package.repository`
[INFO] [stderr]   --> Cargo.toml:63:12
[INFO] [stderr]    |
[INFO] [stderr] 63 | homepage = "https://github.com/construkts/gasket-rs"
[INFO] [stderr]    |            ^^^^^^^^^^^^^^^^^^^^^^^^^^^^^^^^^^^^^^^^^
[INFO] [stderr] ...
[INFO] [stderr] 67 | repository = "https://github.com/construkts/gasket-rs"
[INFO] [stderr]    |              -----------------------------------------
[INFO] [stderr]    |
[INFO] [stderr]    = note: `cargo::redundant_homepage` is set to `warn` by default
[INFO] [stderr] help: consider removing `package.homepage`
[INFO] [stderr] warning: `gasket` (manifest) generated 1 warning
[INFO] [stderr]    Compiling thiserror-impl v1.0.69
[INFO] [stderr]    Compiling crossbeam-queue v0.3.12
[INFO] [stderr]    Compiling tokio v1.52.3
[INFO] [stderr]    Compiling tracing v0.1.44
[INFO] [stderr]    Compiling serde v1.0.228
[INFO] [stderr]    Compiling async-trait v0.1.89
[INFO] [stderr]    Compiling signal-hook v0.3.18
[INFO] [stderr]    Compiling crossbeam v0.8.4
[INFO] [stderr]    Compiling thiserror v1.0.69
[INFO] [stderr]    Compiling tokio-util v0.7.18
[INFO] [stderr]    Compiling gasket v0.11.1 (/opt/rustwide/workdir)
[INFO] [stderr]     Finished `release` profile [optimized] target(s) in 9.87s
[INFO] running `Command { std: "docker" "inspect" "fbb56f7594a4a2a20a7b6397b87090c11818b1eca0cbaf920e2abc5dc2afb5e0", kill_on_drop: false }`
[INFO] running `Command { std: "docker" "exec" "-e" "SOURCE_DIR=/opt/rustwide/workdir" "-e" "CARGO_HOME=/opt/rustwide/cargo-home" "-e" "RUSTUP_HOME=/opt/rustwide/rustup-home" "-e" "CARGO_TARGET_DIR=/opt/rustwide/target" "-e" "CARGO_INCREMENTAL=0" "-e" "RUST_BACKTRACE=full" "-e" "RUSTFLAGS=--cap-lints=warn" "-e" "RUSTDOCFLAGS=--cap-lints=warn" "-w" "/opt/rustwide/workdir" "--user" "0:0" "fbb56f7594a4a2a20a7b6397b87090c11818b1eca0cbaf920e2abc5dc2afb5e0" "/opt/rustwide/cargo-home/bin/cargo" "+1.100.0-beta.1" "test" "--frozen" "--no-run" "--message-format=json" "--release", kill_on_drop: false }`
[INFO] [stderr] warning: `package.homepage` is redundant with `package.repository`
[INFO] [stderr]   --> Cargo.toml:63:12
[INFO] [stderr]    |
[INFO] [stderr] 63 | homepage = "https://github.com/construkts/gasket-rs"
[INFO] [stderr]    |            ^^^^^^^^^^^^^^^^^^^^^^^^^^^^^^^^^^^^^^^^^
[INFO] [stderr] ...
[INFO] [stderr] 67 | repository = "https://github.com/construkts/gasket-rs"
[INFO] [stderr]    |              -----------------------------------------
[INFO] [stderr]    |
[INFO] [stderr]    = note: `cargo::redundant_homepage` is set to `warn` by default
[INFO] [stderr] help: consider removing `package.homepage`
[INFO] [stderr] warning: `gasket` (manifest) generated 1 warning
[INFO] [stderr]    Compiling tokio v1.52.3
[INFO] [stderr]    Compiling log v0.4.32
[INFO] [stderr]    Compiling tracing v0.1.44
[INFO] [stderr]    Compiling approx v0.5.1
[INFO] [stderr]    Compiling tracing-log v0.2.0
[INFO] [stderr]    Compiling tracing-subscriber v0.3.23
[INFO] [stderr]    Compiling tokio-util v0.7.18
[INFO] [stderr]    Compiling gasket v0.11.1 (/opt/rustwide/workdir)
[INFO] [stdout] warning: field `0` is never read
[INFO] [stdout]   --> examples/dumb.rs:92:11
[INFO] [stdout]    |
[INFO] [stdout] 92 |     Timer(Instant),
[INFO] [stdout]    |     ----- ^^^^^^^
[INFO] [stdout]    |     |
[INFO] [stdout]    |     field in this variant
[INFO] [stdout]    |
[INFO] [stdout]    = note: `#[warn(dead_code)]` (part of `#[warn(unused)]`) on by default
[INFO] [stdout] help: consider changing the field to be of unit type to suppress this warning while preserving the field numbering, or remove the field
[INFO] [stdout]    |
[INFO] [stdout] 92 -     Timer(Instant),
[INFO] [stdout] 92 +     Timer(()),
[INFO] [stdout]    |
[INFO] [stdout] 
[INFO] [stdout] 
[INFO] [stderr]     Finished `release` profile [optimized] target(s) in 23.48s
[INFO] running `Command { std: "docker" "inspect" "fbb56f7594a4a2a20a7b6397b87090c11818b1eca0cbaf920e2abc5dc2afb5e0", kill_on_drop: false }`
[INFO] running `Command { std: "docker" "exec" "-e" "SOURCE_DIR=/opt/rustwide/workdir" "-e" "CARGO_HOME=/opt/rustwide/cargo-home" "-e" "RUSTUP_HOME=/opt/rustwide/rustup-home" "-e" "CARGO_TARGET_DIR=/opt/rustwide/target" "-e" "CARGO_INCREMENTAL=0" "-e" "RUST_BACKTRACE=full" "-e" "RUSTFLAGS=--cap-lints=warn" "-e" "RUSTDOCFLAGS=--cap-lints=warn" "-w" "/opt/rustwide/workdir" "--user" "0:0" "fbb56f7594a4a2a20a7b6397b87090c11818b1eca0cbaf920e2abc5dc2afb5e0" "/opt/rustwide/cargo-home/bin/cargo" "+1.100.0-beta.1" "test" "--frozen" "--release", kill_on_drop: false }`
[INFO] [stderr] warning: `package.homepage` is redundant with `package.repository`
[INFO] [stderr]   --> Cargo.toml:63:12
[INFO] [stderr]    |
[INFO] [stderr] 63 | homepage = "https://github.com/construkts/gasket-rs"
[INFO] [stderr]    |            ^^^^^^^^^^^^^^^^^^^^^^^^^^^^^^^^^^^^^^^^^
[INFO] [stderr] ...
[INFO] [stderr] 67 | repository = "https://github.com/construkts/gasket-rs"
[INFO] [stderr]    |              -----------------------------------------
[INFO] [stderr]    |
[INFO] [stderr]    = note: `cargo::redundant_homepage` is set to `warn` by default
[INFO] [stderr] help: consider removing `package.homepage`
[INFO] [stderr] warning: `gasket` (manifest) generated 1 warning
[INFO] [stderr] warning: field `0` is never read
[INFO] [stderr]   --> examples/dumb.rs:92:11
[INFO] [stderr]    |
[INFO] [stderr] 92 |     Timer(Instant),
[INFO] [stderr]    |     ----- ^^^^^^^
[INFO] [stderr]    |     |
[INFO] [stderr]    |     field in this variant
[INFO] [stderr]    |
[INFO] [stderr]    = note: `#[warn(dead_code)]` (part of `#[warn(unused)]`) on by default
[INFO] [stderr] help: consider changing the field to be of unit type to suppress this warning while preserving the field numbering, or remove the field
[INFO] [stderr]    |
[INFO] [stderr] 92 -     Timer(Instant),
[INFO] [stderr] 92 +     Timer(()),
[INFO] [stderr]    |
[INFO] [stderr] 
[INFO] [stderr] warning: `gasket` (example "dumb") generated 1 warning
[INFO] [stderr]     Finished `release` profile [optimized] target(s) in 0.08s
[INFO] [stderr]      Running unittests src/lib.rs (/opt/rustwide/target/release/build/gasket/9fd6d6b386aaca42/out/gasket-9fd6d6b386aaca42)
[INFO] [stdout] 
[INFO] [stdout] running 7 tests
[INFO] [stdout] test messaging::tests::test_timer_port ... ignored, not ready
[INFO] [stdout] test runtime::tests::stage_machine_happy_path ... FAILED
[INFO] [stdout] test runtime::tests::honors_max_retries ... ok
[INFO] [stdout] test daemon::tests::stop_reason_reports_crashed_when_a_worker_errors ... ok
[INFO] [stdout] test daemon::tests::stop_reason_reports_finalized_when_a_worker_completes ... ok
[INFO] [stdout] test runtime::tests::check_state_reports_finished_with_terminal_phase ... ok
[INFO] [stdout] test runtime::tests::honors_cancel_in_time ... ok
[INFO] [stdout] 
[INFO] [stdout] failures:
[INFO] [stdout] 
[INFO] [stdout] ---- runtime::tests::stage_machine_happy_path stdout ----
[INFO] [stdout] 
[INFO] [stdout] thread 'runtime::tests::stage_machine_happy_path' (512) panicked at src/runtime.rs:654:9:
[INFO] [stdout] assertion failed: matches!(machine.state, Some(StageState::Teardown(..)))
[INFO] [stdout] stack backtrace:
[INFO] [stdout]    0:     0x5d2445d2f331 - <<std[617be2ca0a6fd877]::sys::backtrace::BacktraceLock>::print::DisplayBacktrace as core[a373ad73a504971]::fmt::Display>::fmt
[INFO] [stdout]    1:     0x5d2445d4369a - core[a373ad73a504971]::fmt::write
[INFO] [stdout]    2:     0x5d2445d3359c - <alloc[2e1b2a31b91974c5]::vec::Vec<u8> as core[a373ad73a504971]::io::write::Write>::write_fmt
[INFO] [stdout]    3:     0x5d2445d0b136 - std[617be2ca0a6fd877]::panicking::default_hook::{closure#0}
[INFO] [stdout]    4:     0x5d2445d27609 - std[617be2ca0a6fd877]::panicking::default_hook
[INFO] [stdout]    5:     0x5d2445ca8f20 - test[aada8e7e76ba119b]::test_main_inner::{closure#0}
[INFO] [stdout]    6:     0x5d2445d27932 - std[617be2ca0a6fd877]::panicking::panic_with_hook
[INFO] [stdout]    7:     0x5d2445d0b214 - std[617be2ca0a6fd877]::panicking::panic_handler::{closure#0}
[INFO] [stdout]    8:     0x5d2445d03ef9 - std[617be2ca0a6fd877]::sys::backtrace::__rust_end_short_backtrace::<std[617be2ca0a6fd877]::panicking::panic_handler::{closure#0}, !>
[INFO] [stdout]    9:     0x5d2445d0bded - __rustc[ea4f61d10b84890b]::rust_begin_unwind
[INFO] [stdout]   10:     0x5d2445d43dfc - core[a373ad73a504971]::panicking::panic_fmt
[INFO] [stdout]   11:     0x5d2445d43dc2 - core[a373ad73a504971]::panicking::panic
[INFO] [stdout]   12:     0x5d2445c759ef - gasket[7102cc4b5bae7ac7]::runtime::tests::should_teardown_and_end::{closure#0}
[INFO] [stdout]   13:     0x5d2445c76d7e - gasket[7102cc4b5bae7ac7]::runtime::tests::stage_machine_happy_path::{closure#0}
[INFO] [stdout]   14:     0x5d2445c88763 - <tokio[725904b0c42235b8]::runtime::scheduler::current_thread::Context>::enter::<core[a373ad73a504971]::task::poll::Poll<()>, <tokio[725904b0c42235b8]::runtime::scheduler::current_thread::CoreGuard>::block_on<core[a373ad73a504971]::pin::Pin<&mut core[a373ad73a504971]::pin::Pin<&mut dyn core[a373ad73a504971]::future::future::Future<Output = ()>>>>::{closure#0}::{closure#0}>
[INFO] [stdout]   15:     0x5d2445c961b9 - <std[617be2ca0a6fd877]::thread::local::LocalKey<tokio[725904b0c42235b8]::runtime::context::Context>>::with::<tokio[725904b0c42235b8]::runtime::context::set_scheduler<(alloc[2e1b2a31b91974c5]::boxed::Box<tokio[725904b0c42235b8]::runtime::scheduler::current_thread::Core>, core[a373ad73a504971]::option::Option<()>), <tokio[725904b0c42235b8]::runtime::scheduler::current_thread::CoreGuard>::enter<<tokio[725904b0c42235b8]::runtime::scheduler::current_thread::CoreGuard>::block_on<core[a373ad73a504971]::pin::Pin<&mut core[a373ad73a504971]::pin::Pin<&mut dyn core[a373ad73a504971]::future::future::Future<Output = ()>>>>::{closure#0}, core[a373ad73a504971]::option::Option<()>>::{closure#0}>::{closure#0}, (alloc[2e1b2a31b91974c5]::boxed::Box<tokio[725904b0c42235b8]::runtime::scheduler::current_thread::Core>, core[a373ad73a504971]::option::Option<()>)>
[INFO] [stdout]   16:     0x5d2445c88e27 - <tokio[725904b0c42235b8]::runtime::scheduler::current_thread::CoreGuard>::block_on::<core[a373ad73a504971]::pin::Pin<&mut core[a373ad73a504971]::pin::Pin<&mut dyn core[a373ad73a504971]::future::future::Future<Output = ()>>>>
[INFO] [stdout]   17:     0x5d2445c923c7 - tokio[725904b0c42235b8]::runtime::context::runtime::enter_runtime::<<tokio[725904b0c42235b8]::runtime::scheduler::current_thread::CurrentThread>::block_on<core[a373ad73a504971]::pin::Pin<&mut dyn core[a373ad73a504971]::future::future::Future<Output = ()>>>::{closure#0}, ()>
[INFO] [stdout]   18:     0x5d2445c92d55 - <tokio[725904b0c42235b8]::runtime::runtime::Runtime>::block_on::<core[a373ad73a504971]::pin::Pin<&mut dyn core[a373ad73a504971]::future::future::Future<Output = ()>>>
[INFO] [stdout]   19:     0x5d2445c7767c - <gasket[7102cc4b5bae7ac7]::runtime::tests::stage_machine_happy_path::{closure#0} as core[a373ad73a504971]::ops::function::FnOnce<()>>::call_once
[INFO] [stdout]   20:     0x5d2445c9c36b - test[aada8e7e76ba119b]::__rust_begin_short_backtrace::<core[a373ad73a504971]::result::Result<(), alloc[2e1b2a31b91974c5]::string::String>, fn() -> core[a373ad73a504971]::result::Result<(), alloc[2e1b2a31b91974c5]::string::String>>
[INFO] [stdout]   21:     0x5d2445ca9545 - test[aada8e7e76ba119b]::run_test::{closure#0}
[INFO] [stdout]   22:     0x5d2445ca2e34 - std[617be2ca0a6fd877]::sys::backtrace::__rust_begin_short_backtrace::<test[aada8e7e76ba119b]::run_test::{closure#1}, ()>
[INFO] [stdout]   23:     0x5d2445cac5d2 - <std[617be2ca0a6fd877]::thread::lifecycle::spawn_unchecked<test[aada8e7e76ba119b]::run_test::{closure#1}, ()>::{closure#1} as core[a373ad73a504971]::ops::function::FnOnce<()>>::call_once::{shim:vtable#0}
[INFO] [stdout]   24:     0x5d2445d2eb4f - <std[617be2ca0a6fd877]::sys::thread::unix::Thread>::new::thread_start
[INFO] [stdout]   25:     0x7b408b3c3dfa - <unknown>
[INFO] [stdout]   26:     0x7b408b4573d4 - clone
[INFO] [stdout]   27:                0x0 - <unknown>
[INFO] [stdout] 
[INFO] [stdout] 
[INFO] [stdout] failures:
[INFO] [stdout]     runtime::tests::stage_machine_happy_path
[INFO] [stdout] 
[INFO] [stdout] test result: FAILED. 5 passed; 1 failed; 1 ignored; 0 measured; 0 filtered out; finished in 1.01s
[INFO] [stdout] 
[INFO] [stderr] error: test failed, to rerun pass `--lib`
[INFO] running `Command { std: "docker" "inspect" "fbb56f7594a4a2a20a7b6397b87090c11818b1eca0cbaf920e2abc5dc2afb5e0", kill_on_drop: false }`
[INFO] running `Command { std: "docker" "rm" "-f" "fbb56f7594a4a2a20a7b6397b87090c11818b1eca0cbaf920e2abc5dc2afb5e0", kill_on_drop: false }`
[INFO] [stdout] fbb56f7594a4a2a20a7b6397b87090c11818b1eca0cbaf920e2abc5dc2afb5e0
