[INFO] fetching crate garlandtools 0.1.1...
[INFO] testing garlandtools-0.1.1 against 1.100.0-beta.1+cargoflags=--release for beta-release-1.100-2
[INFO] extracting crate garlandtools 0.1.1 into /workspace/builds/worker-5-tc2/source
[INFO] started tweaking crates.io crate garlandtools 0.1.1
[INFO] finished tweaking crates.io crate garlandtools 0.1.1
[INFO] tweaked toml for crates.io crate garlandtools 0.1.1 written to /workspace/builds/worker-5-tc2/source/Cargo.toml
[INFO] validating manifest of crates.io crate garlandtools 0.1.1 on toolchain 1.100.0-beta.1
[INFO] running `Command { std: CARGO_HOME="/workspace/cargo-home" RUSTUP_HOME="/workspace/rustup-home" "/workspace/cargo-home/bin/cargo" "+1.100.0-beta.1" "metadata" "--manifest-path" "Cargo.toml" "--no-deps", kill_on_drop: false }`
[INFO] running `Command { std: CARGO_HOME="/workspace/cargo-home" RUSTUP_HOME="/workspace/rustup-home" "/workspace/cargo-home/bin/cargo" "+1.100.0-beta.1" "generate-lockfile" "--manifest-path" "Cargo.toml", kill_on_drop: false }`
[INFO] [stderr]     Updating crates.io index
[INFO] [stderr]      Locking 151 packages to highest compatible versions
[INFO] [stderr]       Adding reqwest v0.11.27 (available: v0.13.5)
[INFO] running `Command { std: CARGO_HOME="/workspace/cargo-home" RUSTUP_HOME="/workspace/rustup-home" "/workspace/cargo-home/bin/cargo" "+1.100.0-beta.1" "fetch" "--manifest-path" "Cargo.toml", kill_on_drop: false }`
[INFO] running `Command { std: "docker" "create" "-v" "/var/lib/crater-agent-workspace/builds/worker-5-tc2/source:/opt/rustwide/workdir:ro,Z" "-v" "/var/lib/crater-agent-workspace/builds/worker-5-tc2/target:/opt/rustwide/target:rw,Z" "-v" "/var/lib/crater-agent-workspace/cargo-home:/opt/rustwide/cargo-home:ro,Z" "-v" "/var/lib/crater-agent-workspace/rustup-home:/opt/rustwide/rustup-home:ro,Z" "-m" "1610612736" "--network" "none" "ghcr.io/rust-lang/crates-build-env/linux@sha256:77db811e55d90add9212f6832c23229e3de5f1c1f9905e8cb07319ea15df73ac" "sleep" "infinity", kill_on_drop: false }`
[INFO] [stdout] e890d07942d8baa738bc732f8dcda94f93c73f9e6213de7bb9ea100abe5c5407
[INFO] running `Command { std: "docker" "start" "e890d07942d8baa738bc732f8dcda94f93c73f9e6213de7bb9ea100abe5c5407", kill_on_drop: false }`
[INFO] running `Command { std: "docker" "inspect" "e890d07942d8baa738bc732f8dcda94f93c73f9e6213de7bb9ea100abe5c5407", kill_on_drop: false }`
[INFO] running `Command { std: "docker" "exec" "-e" "SOURCE_DIR=/opt/rustwide/workdir" "-e" "CARGO_HOME=/opt/rustwide/cargo-home" "-e" "RUSTUP_HOME=/opt/rustwide/rustup-home" "-e" "CARGO_TARGET_DIR=/opt/rustwide/target" "-w" "/opt/rustwide/workdir" "--user" "0:0" "e890d07942d8baa738bc732f8dcda94f93c73f9e6213de7bb9ea100abe5c5407" "/opt/rustwide/cargo-home/bin/cargo" "+1.100.0-beta.1" "metadata" "--no-deps" "--format-version=1", kill_on_drop: false }`
[INFO] running `Command { std: "docker" "inspect" "e890d07942d8baa738bc732f8dcda94f93c73f9e6213de7bb9ea100abe5c5407", kill_on_drop: false }`
[INFO] running `Command { std: "docker" "exec" "-e" "SOURCE_DIR=/opt/rustwide/workdir" "-e" "CARGO_HOME=/opt/rustwide/cargo-home" "-e" "RUSTUP_HOME=/opt/rustwide/rustup-home" "-e" "CARGO_TARGET_DIR=/opt/rustwide/target" "-e" "CARGO_INCREMENTAL=0" "-e" "RUST_BACKTRACE=full" "-e" "RUSTFLAGS=--cap-lints=warn" "-e" "RUSTDOCFLAGS=--cap-lints=warn" "-w" "/opt/rustwide/workdir" "--user" "0:0" "e890d07942d8baa738bc732f8dcda94f93c73f9e6213de7bb9ea100abe5c5407" "/opt/rustwide/cargo-home/bin/cargo" "+1.100.0-beta.1" "build" "--frozen" "--message-format=json" "--release", kill_on_drop: false }`
[INFO] [stderr]    Compiling openssl-sys v0.9.117
[INFO] [stderr]    Compiling syn v3.0.9
[INFO] [stderr]    Compiling mio v1.2.4
[INFO] [stderr]    Compiling socket2 v0.6.5
[INFO] [stderr]    Compiling openssl-macros v0.1.1
[INFO] [stderr]    Compiling bitflags v2.13.2
[INFO] [stderr]    Compiling smallvec v1.16.3
[INFO] [stderr]    Compiling indexmap v2.14.2
[INFO] [stderr]    Compiling socket2 v0.5.10
[INFO] [stderr]    Compiling serde_json v1.0.154
[INFO] [stderr]    Compiling serde_urlencoded v0.7.1
[INFO] [stderr]    Compiling tokio v1.53.3
[INFO] [stderr]    Compiling openssl v0.10.81
[INFO] [stderr]    Compiling native-tls v0.2.18
[INFO] [stderr]    Compiling synstructure v0.14.0
[INFO] [stderr]    Compiling zerovec-derive v0.11.6
[INFO] [stderr]    Compiling displaydoc v0.2.7
[INFO] [stderr]    Compiling zerofrom-derive v0.1.8
[INFO] [stderr]    Compiling yoke-derive v0.8.4
[INFO] [stderr]    Compiling zerofrom v0.1.8
[INFO] [stderr]    Compiling yoke v0.8.3
[INFO] [stderr]    Compiling zerovec v0.11.8
[INFO] [stderr]    Compiling zerotrie v0.2.5
[INFO] [stderr]    Compiling tinystr v0.8.4
[INFO] [stderr]    Compiling potential_utf v0.1.6
[INFO] [stderr]    Compiling icu_collections v2.3.0
[INFO] [stderr]    Compiling icu_locale_core v2.3.0
[INFO] [stderr]    Compiling tokio-util v0.7.20
[INFO] [stderr]    Compiling tokio-native-tls v0.3.1
[INFO] [stderr]    Compiling icu_provider v2.3.1
[INFO] [stderr]    Compiling icu_normalizer v2.3.0
[INFO] [stderr]    Compiling icu_properties v2.3.0
[INFO] [stderr]    Compiling h2 v0.3.27
[INFO] [stderr]    Compiling idna_adapter v1.2.2
[INFO] [stderr]    Compiling idna v1.1.0
[INFO] [stderr]    Compiling url v2.5.8
[INFO] [stderr]    Compiling hyper v0.14.32
[INFO] [stderr]    Compiling hyper-tls v0.5.0
[INFO] [stderr]    Compiling reqwest v0.11.27
[INFO] [stderr]    Compiling garlandtools v0.1.1 (/opt/rustwide/workdir)
[INFO] [stderr]     Finished `release` profile [optimized] target(s) in 1m 21s
[INFO] running `Command { std: "docker" "inspect" "e890d07942d8baa738bc732f8dcda94f93c73f9e6213de7bb9ea100abe5c5407", kill_on_drop: false }`
[INFO] running `Command { std: "docker" "exec" "-e" "SOURCE_DIR=/opt/rustwide/workdir" "-e" "CARGO_HOME=/opt/rustwide/cargo-home" "-e" "RUSTUP_HOME=/opt/rustwide/rustup-home" "-e" "CARGO_TARGET_DIR=/opt/rustwide/target" "-e" "CARGO_INCREMENTAL=0" "-e" "RUST_BACKTRACE=full" "-e" "RUSTFLAGS=--cap-lints=warn" "-e" "RUSTDOCFLAGS=--cap-lints=warn" "-w" "/opt/rustwide/workdir" "--user" "0:0" "e890d07942d8baa738bc732f8dcda94f93c73f9e6213de7bb9ea100abe5c5407" "/opt/rustwide/cargo-home/bin/cargo" "+1.100.0-beta.1" "test" "--frozen" "--no-run" "--message-format=json" "--release", kill_on_drop: false }`
[INFO] [stderr]    Compiling tokio v1.53.3
[INFO] [stderr]    Compiling tokio-util v0.7.20
[INFO] [stderr]    Compiling tokio-native-tls v0.3.1
[INFO] [stderr]    Compiling tokio-stream v0.1.19
[INFO] [stderr]    Compiling tokio-test v0.4.6
[INFO] [stderr]    Compiling h2 v0.3.27
[INFO] [stderr]    Compiling hyper v0.14.32
[INFO] [stderr]    Compiling hyper-tls v0.5.0
[INFO] [stderr]    Compiling reqwest v0.11.27
[INFO] [stderr]    Compiling garlandtools v0.1.1 (/opt/rustwide/workdir)
[INFO] [stderr]     Finished `release` profile [optimized] target(s) in 52.90s
[INFO] running `Command { std: "docker" "inspect" "e890d07942d8baa738bc732f8dcda94f93c73f9e6213de7bb9ea100abe5c5407", kill_on_drop: false }`
[INFO] running `Command { std: "docker" "exec" "-e" "SOURCE_DIR=/opt/rustwide/workdir" "-e" "CARGO_HOME=/opt/rustwide/cargo-home" "-e" "RUSTUP_HOME=/opt/rustwide/rustup-home" "-e" "CARGO_TARGET_DIR=/opt/rustwide/target" "-e" "CARGO_INCREMENTAL=0" "-e" "RUST_BACKTRACE=full" "-e" "RUSTFLAGS=--cap-lints=warn" "-e" "RUSTDOCFLAGS=--cap-lints=warn" "-w" "/opt/rustwide/workdir" "--user" "0:0" "e890d07942d8baa738bc732f8dcda94f93c73f9e6213de7bb9ea100abe5c5407" "/opt/rustwide/cargo-home/bin/cargo" "+1.100.0-beta.1" "test" "--frozen" "--release", kill_on_drop: false }`
[INFO] [stderr]     Finished `release` profile [optimized] target(s) in 0.23s
[INFO] [stderr]      Running unittests src/lib.rs (/opt/rustwide/target/release/build/garlandtools/e89fccd49ebd6a9c/out/garlandtools-e89fccd49ebd6a9c)
[INFO] [stdout] 
[INFO] [stdout] running 144 tests
[INFO] [stdout] test tests::test_garland_tools::test_garland_tools_fates ... FAILED
[INFO] [stdout] test tests::test_garland_tools::test_garland_tools_achievements ... FAILED
[INFO] [stdout] test tests::test_garland_tools::test_garland_tools_data ... FAILED
[INFO] [stdout] test tests::test_garland_tools::test_garland_tools_fishing ... FAILED
[INFO] [stdout] test tests::test_garland_tools::test_garland_tools_achievement ... FAILED
[INFO] [stdout] test tests::test_garland_tools::test_garland_tools_fate ... FAILED
[INFO] [stdout] test tests::test_garland_tools::test_garland_tools_endgame_gear ... FAILED
[INFO] [stdout] test tests::test_garland_tools::test_garland_tools_icon ... FAILED
[INFO] [stdout] test tests::test_garland_tools::test_garland_tools_instances ... FAILED
[INFO] [stdout] test tests::test_garland_tools::test_garland_tools_item ... FAILED
[INFO] [stdout] test tests::test_garland_tools::test_garland_tools_new_language_default ... ok
[INFO] [stdout] test tests::test_garland_tools::test_garland_tools_new_language_english ... ok
[INFO] [stdout] test tests::test_garland_tools::test_garland_tools_new_language_french ... ok
[INFO] [stdout] test tests::test_garland_tools::test_garland_tools_new_language_german ... ok
[INFO] [stdout] test tests::test_garland_tools::test_garland_tools_new_language_japanese ... ok
[INFO] [stdout] test tests::test_garland_tools::test_garland_tools_instance ... FAILED
[INFO] [stdout] test tests::test_garland_tools::test_garland_tools_leve ... FAILED
[INFO] [stdout] test tests::test_garland_tools::test_garland_tools_mob ... FAILED
[INFO] [stdout] test tests::test_garland_tools::test_garland_tools_leves ... FAILED
[INFO] [stdout] test tests::test_garland_tools::test_garland_tools_map_zone ... FAILED
[INFO] [stdout] test tests::test_garland_tools::test_garland_tools_leveling_gear ... FAILED
[INFO] [stdout] test tests::test_garland_tools::test_garland_tools_mobs ... FAILED
[INFO] [stdout] test tests::test_garland_tools::test_garland_tools_node ... FAILED
[INFO] [stdout] test tests::test_garland_tools::test_garland_tools_npcs ... FAILED
[INFO] [stdout] test tests::test_globals::test_garland_tools_achievement_endpoint_contains_api_base ... ok
[INFO] [stdout] test tests::test_globals::test_garland_tools_achievement_endpoint_contains_language_token ... ok
[INFO] [stdout] test tests::test_globals::test_garland_tools_achievement_endpoint_exists ... ok
[INFO] [stdout] test tests::test_globals::test_garland_tools_achievements_endpoint_contains_api_base ... ok
[INFO] [stdout] test tests::test_globals::test_garland_tools_achievements_endpoint_contains_language_token ... ok
[INFO] [stdout] test tests::test_globals::test_garland_tools_achievements_endpoint_exists ... ok
[INFO] [stdout] test tests::test_garland_tools::test_garland_tools_npc ... FAILED
[INFO] [stdout] test tests::test_garland_tools::test_garland_tools_search ... FAILED
[INFO] [stdout] test tests::test_globals::test_garland_tools_base_exists ... ok
[INFO] [stdout] test tests::test_globals::test_garland_tools_data_endpoint_contains_language_token ... ok
[INFO] [stdout] test tests::test_globals::test_garland_tools_data_endpoint_exists ... ok
[INFO] [stdout] test tests::test_globals::test_garland_tools_data_endpoint_contains_api_base ... ok
[INFO] [stdout] test tests::test_globals::test_garland_tools_endgame_gear_endpoint_contains_language_token ... ok
[INFO] [stdout] test tests::test_globals::test_garland_tools_endgame_gear_endpoint_exists ... ok
[INFO] [stdout] test tests::test_globals::test_garland_tools_endgame_gear_endpoint_contains_api_base ... ok
[INFO] [stdout] test tests::test_globals::test_garland_tools_fate_endpoint_contains_api_base ... ok
[INFO] [stdout] test tests::test_globals::test_garland_tools_fate_endpoint_contains_language_token ... ok
[INFO] [stdout] test tests::test_garland_tools::test_garland_tools_nodes ... FAILED
[INFO] [stdout] test tests::test_globals::test_garland_tools_fate_endpoint_exists ... ok
[INFO] [stdout] test tests::test_globals::test_garland_tools_fates_endpoint_contains_api_base ... ok
[INFO] [stdout] test tests::test_globals::test_garland_tools_fates_endpoint_contains_language_token ... ok
[INFO] [stdout] test tests::test_globals::test_garland_tools_fates_endpoint_exists ... ok
[INFO] [stdout] test tests::test_globals::test_garland_tools_fishing_endpoint_contains_api_base ... ok
[INFO] [stdout] test tests::test_globals::test_garland_tools_icon_endpoint_exists ... ok
[INFO] [stdout] test tests::test_globals::test_garland_tools_icon_endpoint_contains_api_base ... ok
[INFO] [stdout] test tests::test_globals::test_garland_tools_fishing_endpoint_contains_language_token ... ok
[INFO] [stdout] test tests::test_globals::test_garland_tools_fishing_endpoint_exists ... ok
[INFO] [stdout] test tests::test_globals::test_garland_tools_instance_endpoint_contains_api_base ... ok
[INFO] [stdout] test tests::test_garland_tools::test_garland_tools_status ... FAILED
[INFO] [stdout] test tests::test_globals::test_garland_tools_instance_endpoint_exists ... ok
[INFO] [stdout] test tests::test_globals::test_garland_tools_instances_endpoint_contains_language_token ... ok
[INFO] [stdout] test tests::test_globals::test_garland_tools_item_endpoint_contains_api_base ... ok
[INFO] [stdout] test tests::test_globals::test_garland_tools_instances_endpoint_exists ... ok
[INFO] [stdout] test tests::test_globals::test_garland_tools_instance_endpoint_contains_language_token ... ok
[INFO] [stdout] test tests::test_globals::test_garland_tools_language_token_exists ... ok
[INFO] [stdout] test tests::test_globals::test_garland_tools_item_endpoint_exists ... ok
[INFO] [stdout] test tests::test_globals::test_garland_tools_instances_endpoint_contains_api_base ... ok
[INFO] [stdout] test tests::test_globals::test_garland_tools_leve_endpoint_contains_language_token ... ok
[INFO] [stdout] test tests::test_globals::test_garland_tools_leve_endpoint_exists ... ok
[INFO] [stdout] test tests::test_globals::test_garland_tools_item_endpoint_contains_language_token ... ok
[INFO] [stdout] test tests::test_globals::test_garland_tools_leve_endpoint_contains_api_base ... ok
[INFO] [stdout] test tests::test_globals::test_garland_tools_leves_endpoint_contains_api_base ... ok
[INFO] [stdout] test tests::test_globals::test_garland_tools_leves_endpoint_contains_language_token ... ok
[INFO] [stdout] test tests::test_globals::test_garland_tools_leves_endpoint_exists ... ok
[INFO] [stdout] test tests::test_globals::test_garland_tools_levelling_endpoint_contains_api_base ... ok
[INFO] [stdout] test tests::test_globals::test_garland_tools_levelling_endpoint_contains_language_token ... ok
[INFO] [stdout] test tests::test_globals::test_garland_tools_levelling_endpoint_exists ... ok
[INFO] [stdout] test tests::test_globals::test_garland_tools_map_endpoint_contains_api_base ... ok
[INFO] [stdout] test tests::test_globals::test_garland_tools_mobs_endpoint_contains_api_base ... ok
[INFO] [stdout] test tests::test_globals::test_garland_tools_mobs_endpoint_contains_language_token ... ok
[INFO] [stdout] test tests::test_globals::test_garland_tools_mobs_endpoint_exists ... ok
[INFO] [stdout] test tests::test_globals::test_garland_tools_mob_endpoint_contains_api_base ... ok
[INFO] [stdout] test tests::test_globals::test_garland_tools_mob_endpoint_contains_language_token ... ok
[INFO] [stdout] test tests::test_globals::test_garland_tools_node_endpoint_contains_language_token ... ok
[INFO] [stdout] test tests::test_globals::test_garland_tools_node_endpoint_contains_api_base ... ok
[INFO] [stdout] test tests::test_globals::test_garland_tools_node_endpoint_exists ... ok
[INFO] [stdout] test tests::test_garland_tools::test_garland_tools_quests ... FAILED
[INFO] [stdout] test tests::test_globals::test_garland_tools_nodes_endpoint_contains_api_base ... ok
[INFO] [stdout] test tests::test_globals::test_garland_tools_nodes_endpoint_contains_language_token ... ok
[INFO] [stdout] test tests::test_globals::test_garland_tools_npc_endpoint_contains_api_base ... ok
[INFO] [stdout] test tests::test_globals::test_garland_tools_nodes_endpoint_exists ... ok
[INFO] [stdout] test tests::test_globals::test_garland_tools_npc_endpoint_contains_language_token ... ok
[INFO] [stdout] test tests::test_globals::test_garland_tools_npcs_endpoint_contains_language_token ... ok
[INFO] [stdout] test tests::test_globals::test_garland_tools_npc_endpoint_exists ... ok
[INFO] [stdout] test tests::test_globals::test_garland_tools_map_endpoint_exists ... ok
[INFO] [stdout] test tests::test_globals::test_garland_tools_npcs_endpoint_exists ... ok
[INFO] [stdout] test tests::test_globals::test_garland_tools_mob_endpoint_exists ... ok
[INFO] [stdout] test tests::test_globals::test_garland_tools_quests_endpoint_contains_api_base ... ok
[INFO] [stdout] test tests::test_globals::test_garland_tools_quest_endpoint_contains_language_token ... ok
[INFO] [stdout] test tests::test_globals::test_garland_tools_quest_endpoint_exists ... ok
[INFO] [stdout] test tests::test_globals::test_garland_tools_npcs_endpoint_contains_api_base ... ok
[INFO] [stdout] test tests::test_globals::test_garland_tools_search_endpoint_exists ... ok
[INFO] [stdout] test tests::test_globals::test_garland_tools_search_endpoint_contains_api_base ... ok
[INFO] [stdout] test tests::test_globals::test_garland_tools_quests_endpoint_contains_language_token ... ok
[INFO] [stdout] test tests::test_globals::test_garland_tools_status_endpoint_contains_api_base ... ok
[INFO] [stdout] test tests::test_globals::test_garland_tools_status_endpoint_contains_language_token ... ok
[INFO] [stdout] test tests::test_globals::test_garland_tools_statuses_endpoint_contains_language_token ... ok
[INFO] [stdout] test tests::test_globals::test_garland_tools_status_endpoint_exists ... ok
[INFO] [stdout] test tests::test_globals::test_garland_tools_statuses_endpoint_exists ... ok
[INFO] [stdout] test tests::test_job::test_job_alchemist ... ok
[INFO] [stdout] test tests::test_job::test_job_armorer ... ok
[INFO] [stdout] test tests::test_job::test_job_astrologian ... ok
[INFO] [stdout] test tests::test_job::test_job_bard ... ok
[INFO] [stdout] test tests::test_job::test_job_black_mage ... ok
[INFO] [stdout] test tests::test_job::test_job_blacksmith ... ok
[INFO] [stdout] test tests::test_job::test_job_carpenter ... ok
[INFO] [stdout] test tests::test_job::test_job_culinarian ... ok
[INFO] [stdout] test tests::test_job::test_job_dancer ... ok
[INFO] [stdout] test tests::test_globals::test_garland_tools_quest_endpoint_contains_api_base ... ok
[INFO] [stdout] test tests::test_globals::test_garland_tools_quests_endpoint_exists ... ok
[INFO] [stdout] test tests::test_job::test_job_blue_mage ... ok
[INFO] [stdout] test tests::test_globals::test_garland_tools_statuses_endpoint_contains_api_base ... ok
[INFO] [stdout] test tests::test_job::test_job_botanist ... ok
[INFO] [stdout] test tests::test_garland_tools::test_garland_tools_quest ... FAILED
[INFO] [stdout] test tests::test_job::test_job_dragoon ... ok
[INFO] [stdout] test tests::test_job::test_job_fisher ... ok
[INFO] [stdout] test tests::test_job::test_job_goldsmith ... ok
[INFO] [stdout] test tests::test_job::test_job_machinist ... ok
[INFO] [stdout] test tests::test_job::test_job_monk ... ok
[INFO] [stdout] test tests::test_job::test_job_miner ... ok
[INFO] [stdout] test tests::test_job::test_job_ninja ... ok
[INFO] [stdout] test tests::test_job::test_job_paladin ... ok
[INFO] [stdout] test tests::test_job::test_job_sage ... ok
[INFO] [stdout] test tests::test_job::test_job_leatherworker ... ok
[INFO] [stdout] test tests::test_job::test_job_dark_knight ... ok
[INFO] [stdout] test tests::test_job::test_job_reaper ... ok
[INFO] [stdout] test tests::test_job::test_job_warrior ... ok
[INFO] [stdout] test tests::test_job::test_job_weaver ... ok
[INFO] [stdout] test tests::test_job::test_job_white_mage ... ok
[INFO] [stdout] test tests::test_languages::test_language_de ... ok
[INFO] [stdout] test tests::test_job::test_job_red_mage ... ok
[INFO] [stdout] test tests::test_garland_tools::test_garland_tools_statuses ... FAILED
[INFO] [stdout] test tests::test_job::test_job_samurai ... ok
[INFO] [stdout] test tests::test_job::test_job_scholar ... ok
[INFO] [stdout] test tests::test_job::test_job_summoner ... ok
[INFO] [stdout] test tests::test_languages::test_language_default ... ok
[INFO] [stdout] test tests::test_languages::test_language_english ... ok
[INFO] [stdout] test tests::test_languages::test_language_japanese ... ok
[INFO] [stdout] test tests::test_job::test_job_gun_breaker ... ok
[INFO] [stdout] test tests::test_languages::test_language_new_french ... ok
[INFO] [stdout] 
[INFO] [stdout] failures:
[INFO] [stdout] 
[INFO] [stdout] ---- tests::test_garland_tools::test_garland_tools_fates stdout ----
[INFO] [stdout] Err("reqwest::Error { kind: Request, url: Url { scheme: \"https\", cannot_be_a_base: false, username: \"\", password: None, host: Some(Domain(\"www.garlandtools.org\")), port: None, path: \"/db/doc/browse/en/2/fate.json\", query: None, fragment: None }, source: hyper::Error(Connect, ConnectError(\"dns error\", Custom { kind: Uncategorized, error: \"failed to lookup address information: Temporary failure in name resolution\" })) }")
[INFO] [stdout] 
[INFO] [stdout] thread 'tests::test_garland_tools::test_garland_tools_fates' (1091) panicked at src/tests/test_garland_tools.rs:91:1:
[INFO] [stdout] assertion failed: result.is_ok()
[INFO] [stdout] stack backtrace:
[INFO] [stdout]    0:     0x579237331f11 - <<std[617be2ca0a6fd877]::sys::backtrace::BacktraceLock>::print::DisplayBacktrace as core[a373ad73a504971]::fmt::Display>::fmt
[INFO] [stdout]    1:     0x579237347f1a - core[a373ad73a504971]::fmt::write
[INFO] [stdout]    2:     0x57923733678c - <alloc[2e1b2a31b91974c5]::vec::Vec<u8> as core[a373ad73a504971]::io::write::Write>::write_fmt
[INFO] [stdout]    3:     0x57923730d256 - std[617be2ca0a6fd877]::panicking::default_hook::{closure#0}
[INFO] [stdout]    4:     0x579237329f09 - std[617be2ca0a6fd877]::panicking::default_hook
[INFO] [stdout]    5:     0x5792372c59b0 - test[aada8e7e76ba119b]::test_main_inner::{closure#0}
[INFO] [stdout]    6:     0x57923732a232 - std[617be2ca0a6fd877]::panicking::panic_with_hook
[INFO] [stdout]    7:     0x57923730d334 - std[617be2ca0a6fd877]::panicking::panic_handler::{closure#0}
[INFO] [stdout]    8:     0x579237305f39 - std[617be2ca0a6fd877]::sys::backtrace::__rust_end_short_backtrace::<std[617be2ca0a6fd877]::panicking::panic_handler::{closure#0}, !>
[INFO] [stdout]    9:     0x57923730e0fd - __rustc[ea4f61d10b84890b]::rust_begin_unwind
[INFO] [stdout]   10:     0x57923734867c - core[a373ad73a504971]::panicking::panic_fmt
[INFO] [stdout]   11:     0x579237348642 - core[a373ad73a504971]::panicking::panic
[INFO] [stdout]   12:     0x57923717f4ac - <garlandtools[7581fdef43dc4fdd]::tests::test_garland_tools::test_garland_tools_fates::{closure#0} as core[a373ad73a504971]::ops::function::FnOnce<()>>::call_once
[INFO] [stdout]   13:     0x5792372b8dfb - test[aada8e7e76ba119b]::__rust_begin_short_backtrace::<core[a373ad73a504971]::result::Result<(), alloc[2e1b2a31b91974c5]::string::String>, fn() -> core[a373ad73a504971]::result::Result<(), alloc[2e1b2a31b91974c5]::string::String>>
[INFO] [stdout]   14:     0x5792372c5fd5 - test[aada8e7e76ba119b]::run_test::{closure#0}
[INFO] [stdout]   15:     0x5792372bf8c4 - std[617be2ca0a6fd877]::sys::backtrace::__rust_begin_short_backtrace::<test[aada8e7e76ba119b]::run_test::{closure#1}, ()>
[INFO] [stdout]   16:     0x5792372c9062 - <std[617be2ca0a6fd877]::thread::lifecycle::spawn_unchecked<test[aada8e7e76ba119b]::run_test::{closure#1}, ()>::{closure#1} as core[a373ad73a504971]::ops::function::FnOnce<()>>::call_once::{shim:vtable#0}
[INFO] [stdout]   17:     0x5792373313bf - <std[617be2ca0a6fd877]::sys::thread::unix::Thread>::new::thread_start
[INFO] [stdout]   18:     0x7f3c40cd7dfa - <unknown>
[INFO] [stdout]   19:     0x7f3c40d6b3d4 - clone
[INFO] [stdout]   20:                0x0 - <unknown>
[INFO] [stdout] 
[INFO] [stdout] ---- tests::test_garland_tools::test_garland_tools_achievements stdout ----
[INFO] [stdout] Err("reqwest::Error { kind: Request, url: Url { scheme: \"https\", cannot_be_a_base: false, username: \"\", password: None, host: Some(Domain(\"www.garlandtools.org\")), port: None, path: \"/db/doc/browse/en/2/achievement.json\", query: None, fragment: None }, source: hyper::Error(Connect, ConnectError(\"dns error\", Custom { kind: Uncategorized, error: \"failed to lookup address information: Temporary failure in name resolution\" })) }")
[INFO] [stdout] 
[INFO] [stdout] thread 'tests::test_garland_tools::test_garland_tools_achievements' (1087) panicked at src/tests/test_garland_tools.rs:84:1:
[INFO] [stdout] assertion failed: result.is_ok()
[INFO] [stdout] stack backtrace:
[INFO] [stdout]    0:     0x579237331f11 - <<std[617be2ca0a6fd877]::sys::backtrace::BacktraceLock>::print::DisplayBacktrace as core[a373ad73a504971]::fmt::Display>::fmt
[INFO] [stdout]    1:     0x579237347f1a - core[a373ad73a504971]::fmt::write
[INFO] [stdout]    2:     0x57923733678c - <alloc[2e1b2a31b91974c5]::vec::Vec<u8> as core[a373ad73a504971]::io::write::Write>::write_fmt
[INFO] [stdout]    3:     0x57923730d256 - std[617be2ca0a6fd877]::panicking::default_hook::{closure#0}
[INFO] [stdout]    4:     0x579237329f09 - std[617be2ca0a6fd877]::panicking::default_hook
[INFO] [stdout]    5:     0x5792372c59b0 - test[aada8e7e76ba119b]::test_main_inner::{closure#0}
[INFO] [stdout]    6:     0x57923732a232 - std[617be2ca0a6fd877]::panicking::panic_with_hook
[INFO] [stdout]    7:     0x57923730d334 - std[617be2ca0a6fd877]::panicking::panic_handler::{closure#0}
[INFO] [stdout]    8:     0x579237305f39 - std[617be2ca0a6fd877]::sys::backtrace::__rust_end_short_backtrace::<std[617be2ca0a6fd877]::panicking::panic_handler::{closure#0}, !>
[INFO] [stdout]    9:     0x57923730e0fd - __rustc[ea4f61d10b84890b]::rust_begin_unwind
[INFO] [stdout]   10:     0x57923734867c - core[a373ad73a504971]::panicking::panic_fmt
[INFO] [stdout]   11:     0x579237348642 - core[a373ad73a504971]::panicking::panic
[INFO] [stdout]   12:     0x57923718032c - <garlandtools[7581fdef43dc4fdd]::tests::test_garland_tools::test_garland_tools_achievements::{closure#0} as core[a373ad73a504971]::ops::function::FnOnce<()>>::call_once
[INFO] [stdout]   13:     0x5792372b8dfb - test[aada8e7e76ba119b]::__rust_begin_short_backtrace::<core[a373ad73a504971]::result::Result<(), alloc[2e1b2a31b91974c5]::string::String>, fn() -> core[a373ad73a504971]::result::Result<(), alloc[2e1b2a31b91974c5]::string::String>>
[INFO] [stdout]   14:     0x5792372c5fd5 - test[aada8e7e76ba119b]::run_test::{closure#0}
[INFO] [stdout]   15:     0x5792372bf8c4 - std[617be2ca0a6fd877]::sys::backtrace::__rust_begin_short_backtrace::<test[aada8e7e76ba119b]::run_test::{closure#1}, ()>
[INFO] [stdout]   16:     0x5792372c9062 - <std[617be2ca0a6fd877]::thread::lifecycle::spawn_unchecked<test[aada8e7e76ba119b]::run_test::{closure#1}, ()>::{closure#1} as core[a373ad73a504971]::ops::function::FnOnce<()>>::call_once::{shim:vtable#0}
[INFO] [stdout]   17:     0x5792373313bf - <std[617be2ca0a6fd877]::sys::thread::unix::Thread>::new::thread_start
[INFO] [stdout]   18:     0x7f3c40cd7dfa - <unknown>
[INFO] [stdout]   19:     0x7f3c40d6b3d4 - clone
[INFO] [stdout]   20:                0x0 - <unknown>
[INFO] [stdout] 
[INFO] [stdout] ---- tests::test_garland_tools::test_garland_tools_data stdout ----
[INFO] [stdout] Err("reqwest::Error { kind: Request, url: Url { scheme: \"https\", cannot_be_a_base: false, username: \"\", password: None, host: Some(Domain(\"www.garlandtools.org\")), port: None, path: \"/db/doc/core/en/3/data.json\", query: None, fragment: None }, source: hyper::Error(Connect, ConnectError(\"dns error\", Custom { kind: Uncategorized, error: \"failed to lookup address information: Temporary failure in name resolution\" })) }")
[INFO] [stdout] 
[INFO] [stdout] thread 'tests::test_garland_tools::test_garland_tools_data' (1088) panicked at src/tests/test_garland_tools.rs:87:1:
[INFO] [stdout] assertion failed: result.is_ok()
[INFO] [stdout] stack backtrace:
[INFO] [stdout]    0:     0x579237331f11 - <<std[617be2ca0a6fd877]::sys::backtrace::BacktraceLock>::print::DisplayBacktrace as core[a373ad73a504971]::fmt::Display>::fmt
[INFO] [stdout]    1:     0x579237347f1a - core[a373ad73a504971]::fmt::write
[INFO] [stdout]    2:     0x57923733678c - <alloc[2e1b2a31b91974c5]::vec::Vec<u8> as core[a373ad73a504971]::io::write::Write>::write_fmt
[INFO] [stdout]    3:     0x57923730d256 - std[617be2ca0a6fd877]::panicking::default_hook::{closure#0}
[INFO] [stdout]    4:     0x579237329f09 - std[617be2ca0a6fd877]::panicking::default_hook
[INFO] [stdout]    5:     0x5792372c59b0 - test[aada8e7e76ba119b]::test_main_inner::{closure#0}
[INFO] [stdout]    6:     0x57923732a232 - std[617be2ca0a6fd877]::panicking::panic_with_hook
[INFO] [stdout]    7:     0x57923730d334 - std[617be2ca0a6fd877]::panicking::panic_handler::{closure#0}
[INFO] [stdout]    8:     0x579237305f39 - std[617be2ca0a6fd877]::sys::backtrace::__rust_end_short_backtrace::<std[617be2ca0a6fd877]::panicking::panic_handler::{closure#0}, !>
[INFO] [stdout]    9:     0x57923730e0fd - __rustc[ea4f61d10b84890b]::rust_begin_unwind
[INFO] [stdout]   10:     0x57923734867c - core[a373ad73a504971]::panicking::panic_fmt
[INFO] [stdout]   11:     0x579237348642 - core[a373ad73a504971]::panicking::panic
[INFO] [stdout]   12:     0x57923717ecac - <garlandtools[7581fdef43dc4fdd]::tests::test_garland_tools::test_garland_tools_data::{closure#0} as core[a373ad73a504971]::ops::function::FnOnce<()>>::call_once
[INFO] [stdout]   13:     0x5792372b8dfb - test[aada8e7e76ba119b]::__rust_begin_short_backtrace::<core[a373ad73a504971]::result::Result<(), alloc[2e1b2a31b91974c5]::string::String>, fn() -> core[a373ad73a504971]::result::Result<(), alloc[2e1b2a31b91974c5]::string::String>>
[INFO] [stdout]   14:     0x5792372c5fd5 - test[aada8e7e76ba119b]::run_test::{closure#0}
[INFO] [stdout]   15:     0x5792372bf8c4 - std[617be2ca0a6fd877]::sys::backtrace::__rust_begin_short_backtrace::<test[aada8e7e76ba119b]::run_test::{closure#1}, ()>
[INFO] [stdout]   16:     0x5792372c9062 - <std[617be2ca0a6fd877]::thread::lifecycle::spawn_unchecked<test[aada8e7e76ba119b]::run_test::{closure#1}, ()>::{closure#1} as core[a373ad73a504971]::ops::function::FnOnce<()>>::call_once::{shim:vtable#0}
[INFO] [stdout]   17:     0x5792373313bf - <std[617be2ca0a6fd877]::sys::thread::unix::Thread>::new::thread_start
[INFO] [stdout]   18:     0x7f3c40cd7dfa - <unknown>
[INFO] [stdout]   19:     0x7f3c40d6b3d4 - clone
[INFO] [stdout]   20:                0x0 - <unknown>
[INFO] [stdout] 
[INFO] [stdout] ---- tests::test_garland_tools::test_garland_tools_fishing stdout ----
[INFO] [stdout] Err("reqwest::Error { kind: Request, url: Url { scheme: \"https\", cannot_be_a_base: false, username: \"\", password: None, host: Some(Domain(\"www.garlandtools.org\")), port: None, path: \"/db/doc/browse/en/2/fishing.json\", query: None, fragment: None }, source: hyper::Error(Connect, ConnectError(\"dns error\", Custom { kind: Uncategorized, error: \"failed to lookup address information: Temporary failure in name resolution\" })) }")
[INFO] [stdout] 
[INFO] [stdout] thread 'tests::test_garland_tools::test_garland_tools_fishing' (1092) panicked at src/tests/test_garland_tools.rs:94:1:
[INFO] [stdout] assertion failed: result.is_ok()
[INFO] [stdout] stack backtrace:
[INFO] [stdout]    0:     0x579237331f11 - <<std[617be2ca0a6fd877]::sys::backtrace::BacktraceLock>::print::DisplayBacktrace as core[a373ad73a504971]::fmt::Display>::fmt
[INFO] [stdout]    1:     0x579237347f1a - core[a373ad73a504971]::fmt::write
[INFO] [stdout]    2:     0x57923733678c - <alloc[2e1b2a31b91974c5]::vec::Vec<u8> as core[a373ad73a504971]::io::write::Write>::write_fmt
[INFO] [stdout]    3:     0x57923730d256 - std[617be2ca0a6fd877]::panicking::default_hook::{closure#0}
[INFO] [stdout]    4:     0x579237329f09 - std[617be2ca0a6fd877]::panicking::default_hook
[INFO] [stdout]    5:     0x5792372c59b0 - test[aada8e7e76ba119b]::test_main_inner::{closure#0}
[INFO] [stdout]    6:     0x57923732a232 - std[617be2ca0a6fd877]::panicking::panic_with_hook
[INFO] [stdout]    7:     0x57923730d334 - std[617be2ca0a6fd877]::panicking::panic_handler::{closure#0}
[INFO] [stdout]    8:     0x579237305f39 - std[617be2ca0a6fd877]::sys::backtrace::__rust_end_short_backtrace::<std[617be2ca0a6fd877]::panicking::panic_handler::{closure#0}, !>
[INFO] [stdout]    9:     0x57923730e0fd - __rustc[ea4f61d10b84890b]::rust_begin_unwind
[INFO] [stdout]   10:     0x57923734867c - core[a373ad73a504971]::panicking::panic_fmt
[INFO] [stdout]   11:     0x579237348642 - core[a373ad73a504971]::panicking::panic
[INFO] [stdout]   12:     0x57923717fc5c - <garlandtools[7581fdef43dc4fdd]::tests::test_garland_tools::test_garland_tools_fishing::{closure#0} as core[a373ad73a504971]::ops::function::FnOnce<()>>::call_once
[INFO] [stdout]   13:     0x5792372b8dfb - test[aada8e7e76ba119b]::__rust_begin_short_backtrace::<core[a373ad73a504971]::result::Result<(), alloc[2e1b2a31b91974c5]::string::String>, fn() -> core[a373ad73a504971]::result::Result<(), alloc[2e1b2a31b91974c5]::string::String>>
[INFO] [stdout]   14:     0x5792372c5fd5 - test[aada8e7e76ba119b]::run_test::{closure#0}
[INFO] [stdout]   15:     0x5792372bf8c4 - std[617be2ca0a6fd877]::sys::backtrace::__rust_begin_short_backtrace::<test[aada8e7e76ba119b]::run_test::{closure#1}, ()>
[INFO] [stdout]   16:     0x5792372c9062 - <std[617be2ca0a6fd877]::thread::lifecycle::spawn_unchecked<test[aada8e7e76ba119b]::run_test::{closure#1}, ()>::{closure#1} as core[a373ad73a504971]::ops::function::FnOnce<()>>::call_once::{shim:vtable#0}
[INFO] [stdout]   17:     0x5792373313bf - <std[617be2ca0a6fd877]::sys::thread::unix::Thread>::new::thread_start
[INFO] [stdout]   18:     0x7f3c40cd7dfa - <unknown>
[INFO] [stdout]   19:     0x7f3c40d6b3d4 - clone
[INFO] [stdout]   20:                0x0 - <unknown>
[INFO] [stdout] 
[INFO] [stdout] ---- tests::test_garland_tools::test_garland_tools_achievement stdout ----
[INFO] [stdout] 
[INFO] [stdout] thread 'tests::test_garland_tools::test_garland_tools_achievement' (1086) panicked at src/tests/test_garland_tools.rs:83:1:
[INFO] [stdout] assertion failed: result.is_ok()
[INFO] [stdout] stack backtrace:
[INFO] [stdout]    0:     0x579237331f11 - <<std[617be2ca0a6fd877]::sys::backtrace::BacktraceLock>::print::DisplayBacktrace as core[a373ad73a504971]::fmt::Display>::fmt
[INFO] [stdout]    1:     0x579237347f1a - core[a373ad73a504971]::fmt::write
[INFO] [stdout]    2:     0x57923733678c - <alloc[2e1b2a31b91974c5]::vec::Vec<u8> as core[a373ad73a504971]::io::write::Write>::write_fmt
[INFO] [stdout]    3:     0x57923730d256 - std[617be2ca0a6fd877]::panicking::default_hook::{closure#0}
[INFO] [stdout]    4:     0x579237329f09 - std[617be2ca0a6fd877]::panicking::default_hook
[INFO] [stdout]    5:     0x5792372c59b0 - test[aada8e7e76ba119b]::test_main_inner::{closure#0}
[INFO] [stdout]    6:     0x57923732a232 - std[617be2ca0a6fd877]::panicking::panic_with_hook
[INFO] [stdout]    7:     0x57923730d334 - std[617be2ca0a6fd877]::panicking::panic_handler::{closure#0}
[INFO] [stdout]    8:     0x579237305f39 - std[617be2ca0a6fd877]::sys::backtrace::__rust_end_short_backtrace::<std[617be2ca0a6fd877]::panicking::panic_handler::{closure#0}, !>
[INFO] [stdout]    9:     0x57923730e0fd - __rustc[ea4f61d10b84890b]::rust_begin_unwind
[INFO] [stdout]   10:     0x57923734867c - core[a373ad73a504971]::panicking::panic_fmt
[INFO] [stdout]   11:     0x579237348642 - core[a373ad73a504971]::panicking::panic
[INFO] [stdout]   12:     0x579237180204 - <garlandtools[7581fdef43dc4fdd]::tests::test_garland_tools::test_garland_tools_achievement::{closure#0} as core[a373ad73a504971]::ops::function::FnOnce<()>>::call_once
[INFO] [stdout]   13:     0x5792372b8dfb - test[aada8e7e76ba119b]::__rust_begin_short_backtrace::<core[a373ad73a504971]::result::Result<(), alloc[2e1b2a31b91974c5]::string::String>, fn() -> core[a373ad73a504971]::result::Result<(), alloc[2e1b2a31b91974c5]::string::String>>
[INFO] [stdout]   14:     0x5792372c5fd5 - test[aada8e7e76ba119b]::run_test::{closure#0}
[INFO] [stdout]   15:     0x5792372bf8c4 - std[617be2ca0a6fd877]::sys::backtrace::__rust_begin_short_backtrace::<test[aada8e7e76ba119b]::run_test::{closure#1}, ()>
[INFO] [stdout]   16:     0x5792372c9062 - <std[617be2ca0a6fd877]::thread::lifecycle::spawn_unchecked<test[aada8e7e76ba119b]::run_test::{closure#1}, ()>::{closure#1} as core[a373ad73a504971]::ops::function::FnOnce<()>>::call_once::{shim:vtable#0}
[INFO] [stdout]   17:     0x5792373313bf - <std[617be2ca0a6fd877]::sys::thread::unix::Thread>::new::thread_start
[INFO] [stdout]   18:     0x7f3c40cd7dfa - <unknown>
[INFO] [stdout]   19:     0x7f3c40d6b3d4 - clone
[INFO] [stdout]   20:                0x0 - <unknown>
[INFO] [stdout] 
[INFO] [stdout] ---- tests::test_garland_tools::test_garland_tools_fate stdout ----
[INFO] [stdout] 
[INFO] [stdout] thread 'tests::test_garland_tools::test_garland_tools_fate' (1090) panicked at src/tests/test_garland_tools.rs:90:1:
[INFO] [stdout] assertion failed: result.is_ok()
[INFO] [stdout] stack backtrace:
[INFO] [stdout]    0:     0x579237331f11 - <<std[617be2ca0a6fd877]::sys::backtrace::BacktraceLock>::print::DisplayBacktrace as core[a373ad73a504971]::fmt::Display>::fmt
[INFO] [stdout]    1:     0x579237347f1a - core[a373ad73a504971]::fmt::write
[INFO] [stdout]    2:     0x57923733678c - <alloc[2e1b2a31b91974c5]::vec::Vec<u8> as core[a373ad73a504971]::io::write::Write>::write_fmt
[INFO] [stdout]    3:     0x57923730d256 - std[617be2ca0a6fd877]::panicking::default_hook::{closure#0}
[INFO] [stdout]    4:     0x579237329f09 - std[617be2ca0a6fd877]::panicking::default_hook
[INFO] [stdout]    5:     0x5792372c59b0 - test[aada8e7e76ba119b]::test_main_inner::{closure#0}
[INFO] [stdout]    6:     0x57923732a232 - std[617be2ca0a6fd877]::panicking::panic_with_hook
[INFO] [stdout]    7:     0x57923730d334 - std[617be2ca0a6fd877]::panicking::panic_handler::{closure#0}
[INFO] [stdout]    8:     0x579237305f39 - std[617be2ca0a6fd877]::sys::backtrace::__rust_end_short_backtrace::<std[617be2ca0a6fd877]::panicking::panic_handler::{closure#0}, !>
[INFO] [stdout]    9:     0x57923730e0fd - __rustc[ea4f61d10b84890b]::rust_begin_unwind
[INFO] [stdout]   10:     0x57923734867c - core[a373ad73a504971]::panicking::panic_fmt
[INFO] [stdout]   11:     0x579237348642 - core[a373ad73a504971]::panicking::panic
[INFO] [stdout]   12:     0x57923717ed94 - <garlandtools[7581fdef43dc4fdd]::tests::test_garland_tools::test_garland_tools_fate::{closure#0} as core[a373ad73a504971]::ops::function::FnOnce<()>>::call_once
[INFO] [stdout]   13:     0x5792372b8dfb - test[aada8e7e76ba119b]::__rust_begin_short_backtrace::<core[a373ad73a504971]::result::Result<(), alloc[2e1b2a31b91974c5]::string::String>, fn() -> core[a373ad73a504971]::result::Result<(), alloc[2e1b2a31b91974c5]::string::String>>
[INFO] [stdout]   14:     0x5792372c5fd5 - test[aada8e7e76ba119b]::run_test::{closure#0}
[INFO] [stdout]   15:     0x5792372bf8c4 - std[617be2ca0a6fd877]::sys::backtrace::__rust_begin_short_backtrace::<test[aada8e7e76ba119b]::run_test::{closure#1}, ()>
[INFO] [stdout]   16:     0x5792372c9062 - <std[617be2ca0a6fd877]::thread::lifecycle::spawn_unchecked<test[aada8e7e76ba119b]::run_test::{closure#1}, ()>::{closure#1} as core[a373ad73a504971]::ops::function::FnOnce<()>>::call_once::{shim:vtable#0}
[INFO] [stdout]   17:     0x5792373313bf - <std[617be2ca0a6fd877]::sys::thread::unix::Thread>::new::thread_start
[INFO] [stdout]   18:     0x7f3c40cd7dfa - <unknown>
[INFO] [stdout]   19:     0x7f3c40d6b3d4 - clone
[INFO] [stdout]   20:                0x0 - <unknown>
[INFO] [stdout] 
[INFO] [stdout] ---- tests::test_garland_tools::test_garland_tools_endgame_gear stdout ----
[INFO] [stdout] 
[INFO] [stdout] thread 'tests::test_garland_tools::test_garland_tools_endgame_gear' (1089) panicked at src/tests/test_garland_tools.rs:133:1:
[INFO] [stdout] assertion failed: result.is_ok()
[INFO] [stdout] stack backtrace:
[INFO] [stdout]    0:     0x579237331f11 - <<std[617be2ca0a6fd877]::sys::backtrace::BacktraceLock>::print::DisplayBacktrace as core[a373ad73a504971]::fmt::Display>::fmt
[INFO] [stdout]    1:     0x579237347f1a - core[a373ad73a504971]::fmt::write
[INFO] [stdout]    2:     0x57923733678c - <alloc[2e1b2a31b91974c5]::vec::Vec<u8> as core[a373ad73a504971]::io::write::Write>::write_fmt
[INFO] [stdout]    3:     0x57923730d256 - std[617be2ca0a6fd877]::panicking::default_hook::{closure#0}
[INFO] [stdout]    4:     0x579237329f09 - std[617be2ca0a6fd877]::panicking::default_hook
[INFO] [stdout]    5:     0x5792372c59b0 - test[aada8e7e76ba119b]::test_main_inner::{closure#0}
[INFO] [stdout]    6:     0x57923732a232 - std[617be2ca0a6fd877]::panicking::panic_with_hook
[INFO] [stdout]    7:     0x57923730d334 - std[617be2ca0a6fd877]::panicking::panic_handler::{closure#0}
[INFO] [stdout]    8:     0x579237305f39 - std[617be2ca0a6fd877]::sys::backtrace::__rust_end_short_backtrace::<std[617be2ca0a6fd877]::panicking::panic_handler::{closure#0}, !>
[INFO] [stdout]    9:     0x57923730e0fd - __rustc[ea4f61d10b84890b]::rust_begin_unwind
[INFO] [stdout]   10:     0x57923734867c - core[a373ad73a504971]::panicking::panic_fmt
[INFO] [stdout]   11:     0x579237348642 - core[a373ad73a504971]::panicking::panic
[INFO] [stdout]   12:     0x57923718040d - <garlandtools[7581fdef43dc4fdd]::tests::test_garland_tools::test_garland_tools_endgame_gear::{closure#0} as core[a373ad73a504971]::ops::function::FnOnce<()>>::call_once
[INFO] [stdout]   13:     0x5792372b8dfb - test[aada8e7e76ba119b]::__rust_begin_short_backtrace::<core[a373ad73a504971]::result::Result<(), alloc[2e1b2a31b91974c5]::string::String>, fn() -> core[a373ad73a504971]::result::Result<(), alloc[2e1b2a31b91974c5]::string::String>>
[INFO] [stdout]   14:     0x5792372c5fd5 - test[aada8e7e76ba119b]::run_test::{closure#0}
[INFO] [stdout]   15:     0x5792372bf8c4 - std[617be2ca0a6fd877]::sys::backtrace::__rust_begin_short_backtrace::<test[aada8e7e76ba119b]::run_test::{closure#1}, ()>
[INFO] [stdout]   16:     0x5792372c9062 - <std[617be2ca0a6fd877]::thread::lifecycle::spawn_unchecked<test[aada8e7e76ba119b]::run_test::{closure#1}, ()>::{closure#1} as core[a373ad73a504971]::ops::function::FnOnce<()>>::call_once::{shim:vtable#0}
[INFO] [stdout]   17:     0x5792373313bf - <std[617be2ca0a6fd877]::sys::thread::unix::Thread>::new::thread_start
[INFO] [stdout]   18:     0x7f3c40cd7dfa - <unknown>
[INFO] [stdout]   19:     0x7f3c40d6b3d4 - clone
[INFO] [stdout]   20:                0x0 - <unknown>
[INFO] [stdout] 
[INFO] [stdout] ---- tests::test_garland_tools::test_garland_tools_icon stdout ----
[INFO] [stdout] 
[INFO] [stdout] thread 'tests::test_garland_tools::test_garland_tools_icon' (1093) panicked at src/tests/test_garland_tools.rs:144:1:
[INFO] [stdout] assertion failed: result.is_ok()
[INFO] [stdout] stack backtrace:
[INFO] [stdout]    0:     0x579237331f11 - <<std[617be2ca0a6fd877]::sys::backtrace::BacktraceLock>::print::DisplayBacktrace as core[a373ad73a504971]::fmt::Display>::fmt
[INFO] [stdout]    1:     0x579237347f1a - core[a373ad73a504971]::fmt::write
[INFO] [stdout]    2:     0x57923733678c - <alloc[2e1b2a31b91974c5]::vec::Vec<u8> as core[a373ad73a504971]::io::write::Write>::write_fmt
[INFO] [stdout]    3:     0x57923730d256 - std[617be2ca0a6fd877]::panicking::default_hook::{closure#0}
[INFO] [stdout]    4:     0x579237329f09 - std[617be2ca0a6fd877]::panicking::default_hook
[INFO] [stdout]    5:     0x5792372c59b0 - test[aada8e7e76ba119b]::test_main_inner::{closure#0}
[INFO] [stdout]    6:     0x57923732a232 - std[617be2ca0a6fd877]::panicking::panic_with_hook
[INFO] [stdout]    7:     0x57923730d334 - std[617be2ca0a6fd877]::panicking::panic_handler::{closure#0}
[INFO] [stdout]    8:     0x579237305f39 - std[617be2ca0a6fd877]::sys::backtrace::__rust_end_short_backtrace::<std[617be2ca0a6fd877]::panicking::panic_handler::{closure#0}, !>
[INFO] [stdout]    9:     0x57923730e0fd - __rustc[ea4f61d10b84890b]::rust_begin_unwind
[INFO] [stdout]   10:     0x57923734867c - core[a373ad73a504971]::panicking::panic_fmt
[INFO] [stdout]   11:     0x579237348642 - core[a373ad73a504971]::panicking::panic
[INFO] [stdout]   12:     0x57923717ee9e - <garlandtools[7581fdef43dc4fdd]::tests::test_garland_tools::test_garland_tools_icon::{closure#0} as core[a373ad73a504971]::ops::function::FnOnce<()>>::call_once
[INFO] [stdout]   13:     0x5792372b8dfb - test[aada8e7e76ba119b]::__rust_begin_short_backtrace::<core[a373ad73a504971]::result::Result<(), alloc[2e1b2a31b91974c5]::string::String>, fn() -> core[a373ad73a504971]::result::Result<(), alloc[2e1b2a31b91974c5]::string::String>>
[INFO] [stdout]   14:     0x5792372c5fd5 - test[aada8e7e76ba119b]::run_test::{closure#0}
[INFO] [stdout]   15:     0x5792372bf8c4 - std[617be2ca0a6fd877]::sys::backtrace::__rust_begin_short_backtrace::<test[aada8e7e76ba119b]::run_test::{closure#1}, ()>
[INFO] [stdout]   16:     0x5792372c9062 - <std[617be2ca0a6fd877]::thread::lifecycle::spawn_unchecked<test[aada8e7e76ba119b]::run_test::{closure#1}, ()>::{closure#1} as core[a373ad73a504971]::ops::function::FnOnce<()>>::call_once::{shim:vtable#0}
[INFO] [stdout]   17:     0x5792373313bf - <std[617be2ca0a6fd877]::sys::thread::unix::Thread>::new::thread_start
[INFO] [stdout]   18:     0x7f3c40cd7dfa - <unknown>
[INFO] [stdout]   19:     0x7f3c40d6b3d4 - clone
[INFO] [stdout]   20:                0x0 - <unknown>
[INFO] [stdout] 
[INFO] [stdout] ---- tests::test_garland_tools::test_garland_tools_instances stdout ----
[INFO] [stdout] Err("reqwest::Error { kind: Request, url: Url { scheme: \"https\", cannot_be_a_base: false, username: \"\", password: None, host: Some(Domain(\"www.garlandtools.org\")), port: None, path: \"/db/doc/browse/en/2/instance.json\", query: None, fragment: None }, source: hyper::Error(Connect, ConnectError(\"dns error\", Custom { kind: Uncategorized, error: \"failed to lookup address information: Temporary failure in name resolution\" })) }")
[INFO] [stdout] 
[INFO] [stdout] thread 'tests::test_garland_tools::test_garland_tools_instances' (1098) panicked at src/tests/test_garland_tools.rs:98:1:
[INFO] [stdout] assertion failed: result.is_ok()
[INFO] [stdout] stack backtrace:
[INFO] [stdout]    0:     0x579237331f11 - <<std[617be2ca0a6fd877]::sys::backtrace::BacktraceLock>::print::DisplayBacktrace as core[a373ad73a504971]::fmt::Display>::fmt
[INFO] [stdout]    1:     0x579237347f1a - core[a373ad73a504971]::fmt::write
[INFO] [stdout]    2:     0x57923733678c - <alloc[2e1b2a31b91974c5]::vec::Vec<u8> as core[a373ad73a504971]::io::write::Write>::write_fmt
[INFO] [stdout]    3:     0x57923730d256 - std[617be2ca0a6fd877]::panicking::default_hook::{closure#0}
[INFO] [stdout]    4:     0x579237329f09 - std[617be2ca0a6fd877]::panicking::default_hook
[INFO] [stdout]    5:     0x5792372c59b0 - test[aada8e7e76ba119b]::test_main_inner::{closure#0}
[INFO] [stdout]    6:     0x57923732a232 - std[617be2ca0a6fd877]::panicking::panic_with_hook
[INFO] [stdout]    7:     0x57923730d334 - std[617be2ca0a6fd877]::panicking::panic_handler::{closure#0}
[INFO] [stdout]    8:     0x579237305f39 - std[617be2ca0a6fd877]::sys::backtrace::__rust_end_short_backtrace::<std[617be2ca0a6fd877]::panicking::panic_handler::{closure#0}, !>
[INFO] [stdout]    9:     0x57923730e0fd - __rustc[ea4f61d10b84890b]::rust_begin_unwind
[INFO] [stdout]   10:     0x57923734867c - core[a373ad73a504971]::panicking::panic_fmt
[INFO] [stdout]   11:     0x579237348642 - core[a373ad73a504971]::panicking::panic
[INFO] [stdout]   12:     0x57923718011c - <garlandtools[7581fdef43dc4fdd]::tests::test_garland_tools::test_garland_tools_instances::{closure#0} as core[a373ad73a504971]::ops::function::FnOnce<()>>::call_once
[INFO] [stdout]   13:     0x5792372b8dfb - test[aada8e7e76ba119b]::__rust_begin_short_backtrace::<core[a373ad73a504971]::result::Result<(), alloc[2e1b2a31b91974c5]::string::String>, fn() -> core[a373ad73a504971]::result::Result<(), alloc[2e1b2a31b91974c5]::string::String>>
[INFO] [stdout]   14:     0x5792372c5fd5 - test[aada8e7e76ba119b]::run_test::{closure#0}
[INFO] [stdout]   15:     0x5792372bf8c4 - std[617be2ca0a6fd877]::sys::backtrace::__rust_begin_short_backtrace::<test[aada8e7e76ba119b]::run_test::{closure#1}, ()>
[INFO] [stdout]   16:     0x5792372c9062 - <std[617be2ca0a6fd877]::thread::lifecycle::spawn_unchecked<test[aada8e7e76ba119b]::run_test::{closure#1}, ()>::{closure#1} as core[a373ad73a504971]::ops::function::FnOnce<()>>::call_once::{shim:vtable#0}
[INFO] [stdout]   17:     0x5792373313bf - <std[617be2ca0a6fd877]::sys::thread::unix::Thread>::new::thread_start
[INFO] [stdout]   18:     0x7f3c40cd7dfa - <unknown>
[INFO] [stdout]   19:     0x7f3c40d6b3d4 - clone
[INFO] [stdout]   20:                0x0 - <unknown>
[INFO] [stdout] 
[INFO] [stdout] ---- tests::test_garland_tools::test_garland_tools_item stdout ----
[INFO] [stdout] 
[INFO] [stdout] thread 'tests::test_garland_tools::test_garland_tools_item' (1099) panicked at src/tests/test_garland_tools.rs:101:1:
[INFO] [stdout] assertion failed: result.is_ok()
[INFO] [stdout] stack backtrace:
[INFO] [stdout]    0:     0x579237331f11 - <<std[617be2ca0a6fd877]::sys::backtrace::BacktraceLock>::print::DisplayBacktrace as core[a373ad73a504971]::fmt::Display>::fmt
[INFO] [stdout]    1:     0x579237347f1a - core[a373ad73a504971]::fmt::write
[INFO] [stdout]    2:     0x57923733678c - <alloc[2e1b2a31b91974c5]::vec::Vec<u8> as core[a373ad73a504971]::io::write::Write>::write_fmt
[INFO] [stdout]    3:     0x57923730d256 - std[617be2ca0a6fd877]::panicking::default_hook::{closure#0}
[INFO] [stdout]    4:     0x579237329f09 - std[617be2ca0a6fd877]::panicking::default_hook
[INFO] [stdout]    5:     0x5792372c59b0 - test[aada8e7e76ba119b]::test_main_inner::{closure#0}
[INFO] [stdout]    6:     0x57923732a232 - std[617be2ca0a6fd877]::panicking::panic_with_hook
[INFO] [stdout]    7:     0x57923730d334 - std[617be2ca0a6fd877]::panicking::panic_handler::{closure#0}
[INFO] [stdout]    8:     0x579237305f39 - std[617be2ca0a6fd877]::sys::backtrace::__rust_end_short_backtrace::<std[617be2ca0a6fd877]::panicking::panic_handler::{closure#0}, !>
[INFO] [stdout]    9:     0x57923730e0fd - __rustc[ea4f61d10b84890b]::rust_begin_unwind
[INFO] [stdout]   10:     0x57923734867c - core[a373ad73a504971]::panicking::panic_fmt
[INFO] [stdout]   11:     0x579237348642 - core[a373ad73a504971]::panicking::panic
[INFO] [stdout]   12:     0x57923717ef64 - <garlandtools[7581fdef43dc4fdd]::tests::test_garland_tools::test_garland_tools_item::{closure#0} as core[a373ad73a504971]::ops::function::FnOnce<()>>::call_once
[INFO] [stdout]   13:     0x5792372b8dfb - test[aada8e7e76ba119b]::__rust_begin_short_backtrace::<core[a373ad73a504971]::result::Result<(), alloc[2e1b2a31b91974c5]::string::String>, fn() -> core[a373ad73a504971]::result::Result<(), alloc[2e1b2a31b91974c5]::string::String>>
[INFO] [stdout]   14:     0x5792372c5fd5 - test[aada8e7e76ba119b]::run_test::{closure#0}
[INFO] [stdout]   15:     0x5792372bf8c4 - std[617be2ca0a6fd877]::sys::backtrace::__rust_begin_short_backtrace::<test[aada8e7e76ba119b]::run_test::{closure#1}, ()>
[INFO] [stdout]   16:     0x5792372c9062 - <std[617be2ca0a6fd877]::thread::lifecycle::spawn_unchecked<test[aada8e7e76ba119b]::run_test::{closure#1}, ()>::{closure#1} as core[a373ad73a504971]::ops::function::FnOnce<()>>::call_once::{shim:vtable#0}
[INFO] [stdout]   17:     0x5792373313bf - <std[617be2ca0a6fd877]::sys::thread::unix::Thread>::new::thread_start
[INFO] [stdout]   18:     0x7f3c40cd7dfa - <unknown>
[INFO] [stdout]   19:     0x7f3c40d6b3d4 - clone
[INFO] [stdout]   20:                0x0 - <unknown>
[INFO] [stdout] 
[INFO] [stdout] ---- tests::test_garland_tools::test_garland_tools_instance stdout ----
[INFO] [stdout] 
[INFO] [stdout] thread 'tests::test_garland_tools::test_garland_tools_instance' (1096) panicked at src/tests/test_garland_tools.rs:97:1:
[INFO] [stdout] assertion failed: result.is_ok()
[INFO] [stdout] stack backtrace:
[INFO] [stdout]    0:     0x579237331f11 - <<std[617be2ca0a6fd877]::sys::backtrace::BacktraceLock>::print::DisplayBacktrace as core[a373ad73a504971]::fmt::Display>::fmt
[INFO] [stdout]    1:     0x579237347f1a - core[a373ad73a504971]::fmt::write
[INFO] [stdout]    2:     0x57923733678c - <alloc[2e1b2a31b91974c5]::vec::Vec<u8> as core[a373ad73a504971]::io::write::Write>::write_fmt
[INFO] [stdout]    3:     0x57923730d256 - std[617be2ca0a6fd877]::panicking::default_hook::{closure#0}
[INFO] [stdout]    4:     0x579237329f09 - std[617be2ca0a6fd877]::panicking::default_hook
[INFO] [stdout]    5:     0x5792372c59b0 - test[aada8e7e76ba119b]::test_main_inner::{closure#0}
[INFO] [stdout]    6:     0x57923732a232 - std[617be2ca0a6fd877]::panicking::panic_with_hook
[INFO] [stdout]    7:     0x57923730d334 - std[617be2ca0a6fd877]::panicking::panic_handler::{closure#0}
[INFO] [stdout]    8:     0x579237305f39 - std[617be2ca0a6fd877]::sys::backtrace::__rust_end_short_backtrace::<std[617be2ca0a6fd877]::panicking::panic_handler::{closure#0}, !>
[INFO] [stdout]    9:     0x57923730e0fd - __rustc[ea4f61d10b84890b]::rust_begin_unwind
[INFO] [stdout]   10:     0x57923734867c - core[a373ad73a504971]::panicking::panic_fmt
[INFO] [stdout]   11:     0x579237348642 - core[a373ad73a504971]::panicking::panic
[INFO] [stdout]   12:     0x57923717fd44 - <garlandtools[7581fdef43dc4fdd]::tests::test_garland_tools::test_garland_tools_instance::{closure#0} as core[a373ad73a504971]::ops::function::FnOnce<()>>::call_once
[INFO] [stdout]   13:     0x5792372b8dfb - test[aada8e7e76ba119b]::__rust_begin_short_backtrace::<core[a373ad73a504971]::result::Result<(), alloc[2e1b2a31b91974c5]::string::String>, fn() -> core[a373ad73a504971]::result::Result<(), alloc[2e1b2a31b91974c5]::string::String>>
[INFO] [stdout]   14:     0x5792372c5fd5 - test[aada8e7e76ba119b]::run_test::{closure#0}
[INFO] [stdout]   15:     0x5792372bf8c4 - std[617be2ca0a6fd877]::sys::backtrace::__rust_begin_short_backtrace::<test[aada8e7e76ba119b]::run_test::{closure#1}, ()>
[INFO] [stdout]   16:     0x5792372c9062 - <std[617be2ca0a6fd877]::thread::lifecycle::spawn_unchecked<test[aada8e7e76ba119b]::run_test::{closure#1}, ()>::{closure#1} as core[a373ad73a504971]::ops::function::FnOnce<()>>::call_once::{shim:vtable#0}
[INFO] [stdout]   17:     0x5792373313bf - <std[617be2ca0a6fd877]::sys::thread::unix::Thread>::new::thread_start
[INFO] [stdout]   18:     0x7f3c40cd7dfa - <unknown>
[INFO] [stdout]   19:     0x7f3c40d6b3d4 - clone
[INFO] [stdout]   20:                0x0 - <unknown>
[INFO] [stdout] 
[INFO] [stdout] ---- tests::test_garland_tools::test_garland_tools_leve stdout ----
[INFO] [stdout] 
[INFO] [stdout] thread 'tests::test_garland_tools::test_garland_tools_leve' (1105) panicked at src/tests/test_garland_tools.rs:104:1:
[INFO] [stdout] assertion failed: result.is_ok()
[INFO] [stdout] stack backtrace:
[INFO] [stdout]    0:     0x579237331f11 - <<std[617be2ca0a6fd877]::sys::backtrace::BacktraceLock>::print::DisplayBacktrace as core[a373ad73a504971]::fmt::Display>::fmt
[INFO] [stdout]    1:     0x579237347f1a - core[a373ad73a504971]::fmt::write
[INFO] [stdout]    2:     0x57923733678c - <alloc[2e1b2a31b91974c5]::vec::Vec<u8> as core[a373ad73a504971]::io::write::Write>::write_fmt
[INFO] [stdout]    3:     0x57923730d256 - std[617be2ca0a6fd877]::panicking::default_hook::{closure#0}
[INFO] [stdout]    4:     0x579237329f09 - std[617be2ca0a6fd877]::panicking::default_hook
[INFO] [stdout]    5:     0x5792372c59b0 - test[aada8e7e76ba119b]::test_main_inner::{closure#0}
[INFO] [stdout]    6:     0x57923732a232 - std[617be2ca0a6fd877]::panicking::panic_with_hook
[INFO] [stdout]    7:     0x57923730d334 - std[617be2ca0a6fd877]::panicking::panic_handler::{closure#0}
[INFO] [stdout]    8:     0x579237305f39 - std[617be2ca0a6fd877]::sys::backtrace::__rust_end_short_backtrace::<std[617be2ca0a6fd877]::panicking::panic_handler::{closure#0}, !>
[INFO] [stdout]    9:     0x57923730e0fd - __rustc[ea4f61d10b84890b]::rust_begin_unwind
[INFO] [stdout]   10:     0x57923734867c - core[a373ad73a504971]::panicking::panic_fmt
[INFO] [stdout]   11:     0x579237348642 - core[a373ad73a504971]::panicking::panic
[INFO] [stdout]   12:     0x57923717f044 - <garlandtools[7581fdef43dc4fdd]::tests::test_garland_tools::test_garland_tools_leve::{closure#0} as core[a373ad73a504971]::ops::function::FnOnce<()>>::call_once
[INFO] [stdout]   13:     0x5792372b8dfb - test[aada8e7e76ba119b]::__rust_begin_short_backtrace::<core[a373ad73a504971]::result::Result<(), alloc[2e1b2a31b91974c5]::string::String>, fn() -> core[a373ad73a504971]::result::Result<(), alloc[2e1b2a31b91974c5]::string::String>>
[INFO] [stdout]   14:     0x5792372c5fd5 - test[aada8e7e76ba119b]::run_test::{closure#0}
[INFO] [stdout]   15:     0x5792372bf8c4 - std[617be2ca0a6fd877]::sys::backtrace::__rust_begin_short_backtrace::<test[aada8e7e76ba119b]::run_test::{closure#1}, ()>
[INFO] [stdout]   16:     0x5792372c9062 - <std[617be2ca0a6fd877]::thread::lifecycle::spawn_unchecked<test[aada8e7e76ba119b]::run_test::{closure#1}, ()>::{closure#1} as core[a373ad73a504971]::ops::function::FnOnce<()>>::call_once::{shim:vtable#0}
[INFO] [stdout]   17:     0x5792373313bf - <std[617be2ca0a6fd877]::sys::thread::unix::Thread>::new::thread_start
[INFO] [stdout]   18:     0x7f3c40cd7dfa - <unknown>
[INFO] [stdout]   19:     0x7f3c40d6b3d4 - clone
[INFO] [stdout]   20:                0x0 - <unknown>
[INFO] [stdout] 
[INFO] [stdout] ---- tests::test_garland_tools::test_garland_tools_mob stdout ----
[INFO] [stdout] 
[INFO] [stdout] thread 'tests::test_garland_tools::test_garland_tools_mob' (1109) panicked at src/tests/test_garland_tools.rs:108:1:
[INFO] [stdout] assertion failed: result.is_ok()
[INFO] [stdout] stack backtrace:
[INFO] [stdout]    0:     0x579237331f11 - <<std[617be2ca0a6fd877]::sys::backtrace::BacktraceLock>::print::DisplayBacktrace as core[a373ad73a504971]::fmt::Display>::fmt
[INFO] [stdout]    1:     0x579237347f1a - core[a373ad73a504971]::fmt::write
[INFO] [stdout]    2:     0x57923733678c - <alloc[2e1b2a31b91974c5]::vec::Vec<u8> as core[a373ad73a504971]::io::write::Write>::write_fmt
[INFO] [stdout]    3:     0x57923730d256 - std[617be2ca0a6fd877]::panicking::default_hook::{closure#0}
[INFO] [stdout]    4:     0x579237329f09 - std[617be2ca0a6fd877]::panicking::default_hook
[INFO] [stdout]    5:     0x5792372c59b0 - test[aada8e7e76ba119b]::test_main_inner::{closure#0}
[INFO] [stdout]    6:     0x57923732a232 - std[617be2ca0a6fd877]::panicking::panic_with_hook
[INFO] [stdout]    7:     0x57923730d334 - std[617be2ca0a6fd877]::panicking::panic_handler::{closure#0}
[INFO] [stdout]    8:     0x579237305f39 - std[617be2ca0a6fd877]::sys::backtrace::__rust_end_short_backtrace::<std[617be2ca0a6fd877]::panicking::panic_handler::{closure#0}, !>
[INFO] [stdout]    9:     0x57923730e0fd - __rustc[ea4f61d10b84890b]::rust_begin_unwind
[INFO] [stdout]   10:     0x57923734867c - core[a373ad73a504971]::panicking::panic_fmt
[INFO] [stdout]   11:     0x579237348642 - core[a373ad73a504971]::panicking::panic
[INFO] [stdout]   12:     0x57923717ea9a - <garlandtools[7581fdef43dc4fdd]::tests::test_garland_tools::test_garland_tools_mob::{closure#0} as core[a373ad73a504971]::ops::function::FnOnce<()>>::call_once
[INFO] [stdout]   13:     0x5792372b8dfb - test[aada8e7e76ba119b]::__rust_begin_short_backtrace::<core[a373ad73a504971]::result::Result<(), alloc[2e1b2a31b91974c5]::string::String>, fn() -> core[a373ad73a504971]::result::Result<(), alloc[2e1b2a31b91974c5]::string::String>>
[INFO] [stdout]   14:     0x5792372c5fd5 - test[aada8e7e76ba119b]::run_test::{closure#0}
[INFO] [stdout]   15:     0x5792372bf8c4 - std[617be2ca0a6fd877]::sys::backtrace::__rust_begin_short_backtrace::<test[aada8e7e76ba119b]::run_test::{closure#1}, ()>
[INFO] [stdout]   16:     0x5792372c9062 - <std[617be2ca0a6fd877]::thread::lifecycle::spawn_unchecked<test[aada8e7e76ba119b]::run_test::{closure#1}, ()>::{closure#1} as core[a373ad73a504971]::ops::function::FnOnce<()>>::call_once::{shim:vtable#0}
[INFO] [stdout]   17:     0x5792373313bf - <std[617be2ca0a6fd877]::sys::thread::unix::Thread>::new::thread_start
[INFO] [stdout]   18:     0x7f3c40cd7dfa - <unknown>
[INFO] [stdout]   19:     0x7f3c40d6b3d4 - clone
[INFO] [stdout]   20:                0x0 - <unknown>
[INFO] [stdout] 
[INFO] [stdout] ---- tests::test_garland_tools::test_garland_tools_leves stdout ----
[INFO] [stdout] Err("reqwest::Error { kind: Request, url: Url { scheme: \"https\", cannot_be_a_base: false, username: \"\", password: None, host: Some(Domain(\"www.garlandtools.org\")), port: None, path: \"/db/doc/browse/en/2/leve.json\", query: None, fragment: None }, source: hyper::Error(Connect, ConnectError(\"dns error\", Custom { kind: Uncategorized, error: \"failed to lookup address information: Temporary failure in name resolution\" })) }")
[INFO] [stdout] 
[INFO] [stdout] thread 'tests::test_garland_tools::test_garland_tools_leves' (1107) panicked at src/tests/test_garland_tools.rs:105:1:
[INFO] [stdout] assertion failed: result.is_ok()
[INFO] [stdout] stack backtrace:
[INFO] [stdout]    0:     0x579237331f11 - <<std[617be2ca0a6fd877]::sys::backtrace::BacktraceLock>::print::DisplayBacktrace as core[a373ad73a504971]::fmt::Display>::fmt
[INFO] [stdout]    1:     0x579237347f1a - core[a373ad73a504971]::fmt::write
[INFO] [stdout]    2:     0x57923733678c - <alloc[2e1b2a31b91974c5]::vec::Vec<u8> as core[a373ad73a504971]::io::write::Write>::write_fmt
[INFO] [stdout]    3:     0x57923730d256 - std[617be2ca0a6fd877]::panicking::default_hook::{closure#0}
[INFO] [stdout]    4:     0x579237329f09 - std[617be2ca0a6fd877]::panicking::default_hook
[INFO] [stdout]    5:     0x5792372c59b0 - test[aada8e7e76ba119b]::test_main_inner::{closure#0}
[INFO] [stdout]    6:     0x57923732a232 - std[617be2ca0a6fd877]::panicking::panic_with_hook
[INFO] [stdout]    7:     0x57923730d334 - std[617be2ca0a6fd877]::panicking::panic_handler::{closure#0}
[INFO] [stdout]    8:     0x579237305f39 - std[617be2ca0a6fd877]::sys::backtrace::__rust_end_short_backtrace::<std[617be2ca0a6fd877]::panicking::panic_handler::{closure#0}, !>
[INFO] [stdout]    9:     0x57923730e0fd - __rustc[ea4f61d10b84890b]::rust_begin_unwind
[INFO] [stdout]   10:     0x57923734867c - core[a373ad73a504971]::panicking::panic_fmt
[INFO] [stdout]   11:     0x579237348642 - core[a373ad73a504971]::panicking::panic
[INFO] [stdout]   12:     0x57923717f5dc - <garlandtools[7581fdef43dc4fdd]::tests::test_garland_tools::test_garland_tools_leves::{closure#0} as core[a373ad73a504971]::ops::function::FnOnce<()>>::call_once
[INFO] [stdout]   13:     0x5792372b8dfb - test[aada8e7e76ba119b]::__rust_begin_short_backtrace::<core[a373ad73a504971]::result::Result<(), alloc[2e1b2a31b91974c5]::string::String>, fn() -> core[a373ad73a504971]::result::Result<(), alloc[2e1b2a31b91974c5]::string::String>>
[INFO] [stdout]   14:     0x5792372c5fd5 - test[aada8e7e76ba119b]::run_test::{closure#0}
[INFO] [stdout]   15:     0x5792372bf8c4 - std[617be2ca0a6fd877]::sys::backtrace::__rust_begin_short_backtrace::<test[aada8e7e76ba119b]::run_test::{closure#1}, ()>
[INFO] [stdout]   16:     0x5792372c9062 - <std[617be2ca0a6fd877]::thread::lifecycle::spawn_unchecked<test[aada8e7e76ba119b]::run_test::{closure#1}, ()>::{closure#1} as core[a373ad73a504971]::ops::function::FnOnce<()>>::call_once::{shim:vtable#0}
[INFO] [stdout]   17:     0x5792373313bf - <std[617be2ca0a6fd877]::sys::thread::unix::Thread>::new::thread_start
[INFO] [stdout]   18:     0x7f3c40cd7dfa - <unknown>
[INFO] [stdout]   19:     0x7f3c40d6b3d4 - clone
[INFO] [stdout]   20:                0x0 - <unknown>
[INFO] [stdout] 
[INFO] [stdout] ---- tests::test_garland_tools::test_garland_tools_map_zone stdout ----
[INFO] [stdout] 
[INFO] [stdout] thread 'tests::test_garland_tools::test_garland_tools_map_zone' (1108) panicked at src/tests/test_garland_tools.rs:136:1:
[INFO] [stdout] assertion failed: result.is_ok()
[INFO] [stdout] stack backtrace:
[INFO] [stdout]    0:     0x579237331f11 - <<std[617be2ca0a6fd877]::sys::backtrace::BacktraceLock>::print::DisplayBacktrace as core[a373ad73a504971]::fmt::Display>::fmt
[INFO] [stdout]    1:     0x579237347f1a - core[a373ad73a504971]::fmt::write
[INFO] [stdout]    2:     0x57923733678c - <alloc[2e1b2a31b91974c5]::vec::Vec<u8> as core[a373ad73a504971]::io::write::Write>::write_fmt
[INFO] [stdout]    3:     0x57923730d256 - std[617be2ca0a6fd877]::panicking::default_hook::{closure#0}
[INFO] [stdout]    4:     0x579237329f09 - std[617be2ca0a6fd877]::panicking::default_hook
[INFO] [stdout]    5:     0x5792372c59b0 - test[aada8e7e76ba119b]::test_main_inner::{closure#0}
[INFO] [stdout]    6:     0x57923732a232 - std[617be2ca0a6fd877]::panicking::panic_with_hook
[INFO] [stdout]    7:     0x57923730d334 - std[617be2ca0a6fd877]::panicking::panic_handler::{closure#0}
[INFO] [stdout]    8:     0x579237305f39 - std[617be2ca0a6fd877]::sys::backtrace::__rust_end_short_backtrace::<std[617be2ca0a6fd877]::panicking::panic_handler::{closure#0}, !>
[INFO] [stdout]    9:     0x57923730e0fd - __rustc[ea4f61d10b84890b]::rust_begin_unwind
[INFO] [stdout]   10:     0x57923734867c - core[a373ad73a504971]::panicking::panic_fmt
[INFO] [stdout]   11:     0x579237348642 - core[a373ad73a504971]::panicking::panic
[INFO] [stdout]   12:     0x57923717fea9 - <garlandtools[7581fdef43dc4fdd]::tests::test_garland_tools::test_garland_tools_map_zone::{closure#0} as core[a373ad73a504971]::ops::function::FnOnce<()>>::call_once
[INFO] [stdout]   13:     0x5792372b8dfb - test[aada8e7e76ba119b]::__rust_begin_short_backtrace::<core[a373ad73a504971]::result::Result<(), alloc[2e1b2a31b91974c5]::string::String>, fn() -> core[a373ad73a504971]::result::Result<(), alloc[2e1b2a31b91974c5]::string::String>>
[INFO] [stdout]   14:     0x5792372c5fd5 - test[aada8e7e76ba119b]::run_test::{closure#0}
[INFO] [stdout]   15:     0x5792372bf8c4 - std[617be2ca0a6fd877]::sys::backtrace::__rust_begin_short_backtrace::<test[aada8e7e76ba119b]::run_test::{closure#1}, ()>
[INFO] [stdout]   16:     0x5792372c9062 - <std[617be2ca0a6fd877]::thread::lifecycle::spawn_unchecked<test[aada8e7e76ba119b]::run_test::{closure#1}, ()>::{closure#1} as core[a373ad73a504971]::ops::function::FnOnce<()>>::call_once::{shim:vtable#0}
[INFO] [stdout]   17:     0x5792373313bf - <std[617be2ca0a6fd877]::sys::thread::unix::Thread>::new::thread_start
[INFO] [stdout]   18:     0x7f3c40cd7dfa - <unknown>
[INFO] [stdout]   19:     0x7f3c40d6b3d4 - clone
[INFO] [stdout]   20:                0x0 - <unknown>
[INFO] [stdout] 
[INFO] [stdout] ---- tests::test_garland_tools::test_garland_tools_leveling_gear stdout ----
[INFO] [stdout] 
[INFO] [stdout] thread 'tests::test_garland_tools::test_garland_tools_leveling_gear' (1106) panicked at src/tests/test_garland_tools.rs:128:1:
[INFO] [stdout] assertion failed: result.is_ok()
[INFO] [stdout] stack backtrace:
[INFO] [stdout]    0:     0x579237331f11 - <<std[617be2ca0a6fd877]::sys::backtrace::BacktraceLock>::print::DisplayBacktrace as core[a373ad73a504971]::fmt::Display>::fmt
[INFO] [stdout]    1:     0x579237347f1a - core[a373ad73a504971]::fmt::write
[INFO] [stdout]    2:     0x57923733678c - <alloc[2e1b2a31b91974c5]::vec::Vec<u8> as core[a373ad73a504971]::io::write::Write>::write_fmt
[INFO] [stdout]    3:     0x57923730d256 - std[617be2ca0a6fd877]::panicking::default_hook::{closure#0}
[INFO] [stdout]    4:     0x579237329f09 - std[617be2ca0a6fd877]::panicking::default_hook
[INFO] [stdout]    5:     0x5792372c59b0 - test[aada8e7e76ba119b]::test_main_inner::{closure#0}
[INFO] [stdout]    6:     0x57923732a232 - std[617be2ca0a6fd877]::panicking::panic_with_hook
[INFO] [stdout]    7:     0x57923730d334 - std[617be2ca0a6fd877]::panicking::panic_handler::{closure#0}
[INFO] [stdout]    8:     0x579237305f39 - std[617be2ca0a6fd877]::sys::backtrace::__rust_end_short_backtrace::<std[617be2ca0a6fd877]::panicking::panic_handler::{closure#0}, !>
[INFO] [stdout]    9:     0x57923730e0fd - __rustc[ea4f61d10b84890b]::rust_begin_unwind
[INFO] [stdout]   10:     0x57923734867c - core[a373ad73a504971]::panicking::panic_fmt
[INFO] [stdout]   11:     0x579237348642 - core[a373ad73a504971]::panicking::panic
[INFO] [stdout]   12:     0x5792371804ed - <garlandtools[7581fdef43dc4fdd]::tests::test_garland_tools::test_garland_tools_leveling_gear::{closure#0} as core[a373ad73a504971]::ops::function::FnOnce<()>>::call_once
[INFO] [stdout]   13:     0x5792372b8dfb - test[aada8e7e76ba119b]::__rust_begin_short_backtrace::<core[a373ad73a504971]::result::Result<(), alloc[2e1b2a31b91974c5]::string::String>, fn() -> core[a373ad73a504971]::result::Result<(), alloc[2e1b2a31b91974c5]::string::String>>
[INFO] [stdout]   14:     0x5792372c5fd5 - test[aada8e7e76ba119b]::run_test::{closure#0}
[INFO] [stdout]   15:     0x5792372bf8c4 - std[617be2ca0a6fd877]::sys::backtrace::__rust_begin_short_backtrace::<test[aada8e7e76ba119b]::run_test::{closure#1}, ()>
[INFO] [stdout]   16:     0x5792372c9062 - <std[617be2ca0a6fd877]::thread::lifecycle::spawn_unchecked<test[aada8e7e76ba119b]::run_test::{closure#1}, ()>::{closure#1} as core[a373ad73a504971]::ops::function::FnOnce<()>>::call_once::{shim:vtable#0}
[INFO] [stdout]   17:     0x5792373313bf - <std[617be2ca0a6fd877]::sys::thread::unix::Thread>::new::thread_start
[INFO] [stdout]   18:     0x7f3c40cd7dfa - <unknown>
[INFO] [stdout]   19:     0x7f3c40d6b3d4 - clone
[INFO] [stdout]   20:                0x0 - <unknown>
[INFO] [stdout] 
[INFO] [stdout] ---- tests::test_garland_tools::test_garland_tools_mobs stdout ----
[INFO] [stdout] Err("reqwest::Error { kind: Request, url: Url { scheme: \"https\", cannot_be_a_base: false, username: \"\", password: None, host: Some(Domain(\"www.garlandtools.org\")), port: None, path: \"/db/doc/browse/en/2/mob.json\", query: None, fragment: None }, source: hyper::Error(Connect, ConnectError(\"dns error\", Custom { kind: Uncategorized, error: \"failed to lookup address information: Temporary failure in name resolution\" })) }")
[INFO] [stdout] 
[INFO] [stdout] thread 'tests::test_garland_tools::test_garland_tools_mobs' (1112) panicked at src/tests/test_garland_tools.rs:109:1:
[INFO] [stdout] assertion failed: result.is_ok()
[INFO] [stdout] stack backtrace:
[INFO] [stdout]    0:     0x579237331f11 - <<std[617be2ca0a6fd877]::sys::backtrace::BacktraceLock>::print::DisplayBacktrace as core[a373ad73a504971]::fmt::Display>::fmt
[INFO] [stdout]    1:     0x579237347f1a - core[a373ad73a504971]::fmt::write
[INFO] [stdout]    2:     0x57923733678c - <alloc[2e1b2a31b91974c5]::vec::Vec<u8> as core[a373ad73a504971]::io::write::Write>::write_fmt
[INFO] [stdout]    3:     0x57923730d256 - std[617be2ca0a6fd877]::panicking::default_hook::{closure#0}
[INFO] [stdout]    4:     0x579237329f09 - std[617be2ca0a6fd877]::panicking::default_hook
[INFO] [stdout]    5:     0x5792372c59b0 - test[aada8e7e76ba119b]::test_main_inner::{closure#0}
[INFO] [stdout]    6:     0x57923732a232 - std[617be2ca0a6fd877]::panicking::panic_with_hook
[INFO] [stdout]    7:     0x57923730d334 - std[617be2ca0a6fd877]::panicking::panic_handler::{closure#0}
[INFO] [stdout]    8:     0x579237305f39 - std[617be2ca0a6fd877]::sys::backtrace::__rust_end_short_backtrace::<std[617be2ca0a6fd877]::panicking::panic_handler::{closure#0}, !>
[INFO] [stdout]    9:     0x57923730e0fd - __rustc[ea4f61d10b84890b]::rust_begin_unwind
[INFO] [stdout]   10:     0x57923734867c - core[a373ad73a504971]::panicking::panic_fmt
[INFO] [stdout]   11:     0x579237348642 - core[a373ad73a504971]::panicking::panic
[INFO] [stdout]   12:     0x57923717f16c - <garlandtools[7581fdef43dc4fdd]::tests::test_garland_tools::test_garland_tools_mobs::{closure#0} as core[a373ad73a504971]::ops::function::FnOnce<()>>::call_once
[INFO] [stdout]   13:     0x5792372b8dfb - test[aada8e7e76ba119b]::__rust_begin_short_backtrace::<core[a373ad73a504971]::result::Result<(), alloc[2e1b2a31b91974c5]::string::String>, fn() -> core[a373ad73a504971]::result::Result<(), alloc[2e1b2a31b91974c5]::string::String>>
[INFO] [stdout]   14:     0x5792372c5fd5 - test[aada8e7e76ba119b]::run_test::{closure#0}
[INFO] [stdout]   15:     0x5792372bf8c4 - std[617be2ca0a6fd877]::sys::backtrace::__rust_begin_short_backtrace::<test[aada8e7e76ba119b]::run_test::{closure#1}, ()>
[INFO] [stdout]   16:     0x5792372c9062 - <std[617be2ca0a6fd877]::thread::lifecycle::spawn_unchecked<test[aada8e7e76ba119b]::run_test::{closure#1}, ()>::{closure#1} as core[a373ad73a504971]::ops::function::FnOnce<()>>::call_once::{shim:vtable#0}
[INFO] [stdout]   17:     0x5792373313bf - <std[617be2ca0a6fd877]::sys::thread::unix::Thread>::new::thread_start
[INFO] [stdout]   18:     0x7f3c40cd7dfa - <unknown>
[INFO] [stdout]   19:     0x7f3c40d6b3d4 - clone
[INFO] [stdout]   20:                0x0 - <unknown>
[INFO] [stdout] 
[INFO] [stdout] ---- tests::test_garland_tools::test_garland_tools_node stdout ----
[INFO] [stdout] 
[INFO] [stdout] thread 'tests::test_garland_tools::test_garland_tools_node' (1118) panicked at src/tests/test_garland_tools.rs:112:1:
[INFO] [stdout] assertion failed: result.is_ok()
[INFO] [stdout] stack backtrace:
[INFO] [stdout]    0:     0x579237331f11 - <<std[617be2ca0a6fd877]::sys::backtrace::BacktraceLock>::print::DisplayBacktrace as core[a373ad73a504971]::fmt::Display>::fmt
[INFO] [stdout]    1:     0x579237347f1a - core[a373ad73a504971]::fmt::write
[INFO] [stdout]    2:     0x57923733678c - <alloc[2e1b2a31b91974c5]::vec::Vec<u8> as core[a373ad73a504971]::io::write::Write>::write_fmt
[INFO] [stdout]    3:     0x57923730d256 - std[617be2ca0a6fd877]::panicking::default_hook::{closure#0}
[INFO] [stdout]    4:     0x579237329f09 - std[617be2ca0a6fd877]::panicking::default_hook
[INFO] [stdout]    5:     0x5792372c59b0 - test[aada8e7e76ba119b]::test_main_inner::{closure#0}
[INFO] [stdout]    6:     0x57923732a232 - std[617be2ca0a6fd877]::panicking::panic_with_hook
[INFO] [stdout]    7:     0x57923730d334 - std[617be2ca0a6fd877]::panicking::panic_handler::{closure#0}
[INFO] [stdout]    8:     0x579237305f39 - std[617be2ca0a6fd877]::sys::backtrace::__rust_end_short_backtrace::<std[617be2ca0a6fd877]::panicking::panic_handler::{closure#0}, !>
[INFO] [stdout]    9:     0x57923730e0fd - __rustc[ea4f61d10b84890b]::rust_begin_unwind
[INFO] [stdout]   10:     0x57923734867c - core[a373ad73a504971]::panicking::panic_fmt
[INFO] [stdout]   11:     0x579237348642 - core[a373ad73a504971]::panicking::panic
[INFO] [stdout]   12:     0x57923717f254 - <garlandtools[7581fdef43dc4fdd]::tests::test_garland_tools::test_garland_tools_node::{closure#0} as core[a373ad73a504971]::ops::function::FnOnce<()>>::call_once
[INFO] [stdout]   13:     0x5792372b8dfb - test[aada8e7e76ba119b]::__rust_begin_short_backtrace::<core[a373ad73a504971]::result::Result<(), alloc[2e1b2a31b91974c5]::string::String>, fn() -> core[a373ad73a504971]::result::Result<(), alloc[2e1b2a31b91974c5]::string::String>>
[INFO] [stdout]   14:     0x5792372c5fd5 - test[aada8e7e76ba119b]::run_test::{closure#0}
[INFO] [stdout]   15:     0x5792372bf8c4 - std[617be2ca0a6fd877]::sys::backtrace::__rust_begin_short_backtrace::<test[aada8e7e76ba119b]::run_test::{closure#1}, ()>
[INFO] [stdout]   16:     0x5792372c9062 - <std[617be2ca0a6fd877]::thread::lifecycle::spawn_unchecked<test[aada8e7e76ba119b]::run_test::{closure#1}, ()>::{closure#1} as core[a373ad73a504971]::ops::function::FnOnce<()>>::call_once::{shim:vtable#0}
[INFO] [stdout]   17:     0x5792373313bf - <std[617be2ca0a6fd877]::sys::thread::unix::Thread>::new::thread_start
[INFO] [stdout]   18:     0x7f3c40cd7dfa - <unknown>
[INFO] [stdout]   19:     0x7f3c40d6b3d4 - clone
[INFO] [stdout]   20:                0x0 - <unknown>
[INFO] [stdout] 
[INFO] [stdout] ---- tests::test_garland_tools::test_garland_tools_npcs stdout ----
[INFO] [stdout] Err("reqwest::Error { kind: Request, url: Url { scheme: \"https\", cannot_be_a_base: false, username: \"\", password: None, host: Some(Domain(\"www.garlandtools.org\")), port: None, path: \"/db/doc/browse/en/2/npc.json\", query: None, fragment: None }, source: hyper::Error(Connect, ConnectError(\"dns error\", Custom { kind: Uncategorized, error: \"failed to lookup address information: Temporary failure in name resolution\" })) }")
[INFO] [stdout] 
[INFO] [stdout] thread 'tests::test_garland_tools::test_garland_tools_npcs' (1127) panicked at src/tests/test_garland_tools.rs:117:1:
[INFO] [stdout] assertion failed: result.is_ok()
[INFO] [stdout] stack backtrace:
[INFO] [stdout]    0:     0x579237331f11 - <<std[617be2ca0a6fd877]::sys::backtrace::BacktraceLock>::print::DisplayBacktrace as core[a373ad73a504971]::fmt::Display>::fmt
[INFO] [stdout]    1:     0x579237347f1a - core[a373ad73a504971]::fmt::write
[INFO] [stdout]    2:     0x57923733678c - <alloc[2e1b2a31b91974c5]::vec::Vec<u8> as core[a373ad73a504971]::io::write::Write>::write_fmt
[INFO] [stdout]    3:     0x57923730d256 - std[617be2ca0a6fd877]::panicking::default_hook::{closure#0}
[INFO] [stdout]    4:     0x579237329f09 - std[617be2ca0a6fd877]::panicking::default_hook
[INFO] [stdout]    5:     0x5792372c59b0 - test[aada8e7e76ba119b]::test_main_inner::{closure#0}
[INFO] [stdout]    6:     0x57923732a232 - std[617be2ca0a6fd877]::panicking::panic_with_hook
[INFO] [stdout]    7:     0x57923730d334 - std[617be2ca0a6fd877]::panicking::panic_handler::{closure#0}
[INFO] [stdout]    8:     0x579237305f39 - std[617be2ca0a6fd877]::sys::backtrace::__rust_end_short_backtrace::<std[617be2ca0a6fd877]::panicking::panic_handler::{closure#0}, !>
[INFO] [stdout]    9:     0x57923730e0fd - __rustc[ea4f61d10b84890b]::rust_begin_unwind
[INFO] [stdout]   10:     0x57923734867c - core[a373ad73a504971]::panicking::panic_fmt
[INFO] [stdout]   11:     0x579237348642 - core[a373ad73a504971]::panicking::panic
[INFO] [stdout]   12:     0x57923717f37c - <garlandtools[7581fdef43dc4fdd]::tests::test_garland_tools::test_garland_tools_npcs::{closure#0} as core[a373ad73a504971]::ops::function::FnOnce<()>>::call_once
[INFO] [stdout]   13:     0x5792372b8dfb - test[aada8e7e76ba119b]::__rust_begin_short_backtrace::<core[a373ad73a504971]::result::Result<(), alloc[2e1b2a31b91974c5]::string::String>, fn() -> core[a373ad73a504971]::result::Result<(), alloc[2e1b2a31b91974c5]::string::String>>
[INFO] [stdout]   14:     0x5792372c5fd5 - test[aada8e7e76ba119b]::run_test::{closure#0}
[INFO] [stdout]   15:     0x5792372bf8c4 - std[617be2ca0a6fd877]::sys::backtrace::__rust_begin_short_backtrace::<test[aada8e7e76ba119b]::run_test::{closure#1}, ()>
[INFO] [stdout]   16:     0x5792372c9062 - <std[617be2ca0a6fd877]::thread::lifecycle::spawn_unchecked<test[aada8e7e76ba119b]::run_test::{closure#1}, ()>::{closure#1} as core[a373ad73a504971]::ops::function::FnOnce<()>>::call_once::{shim:vtable#0}
[INFO] [stdout]   17:     0x5792373313bf - <std[617be2ca0a6fd877]::sys::thread::unix::Thread>::new::thread_start
[INFO] [stdout]   18:     0x7f3c40cd7dfa - <unknown>
[INFO] [stdout]   19:     0x7f3c40d6b3d4 - clone
[INFO] [stdout]   20:                0x0 - <unknown>
[INFO] [stdout] 
[INFO] [stdout] ---- tests::test_garland_tools::test_garland_tools_npc stdout ----
[INFO] [stdout] 
[INFO] [stdout] thread 'tests::test_garland_tools::test_garland_tools_npc' (1125) panicked at src/tests/test_garland_tools.rs:116:1:
[INFO] [stdout] assertion failed: result.is_ok()
[INFO] [stdout] stack backtrace:
[INFO] [stdout]    0:     0x579237331f11 - <<std[617be2ca0a6fd877]::sys::backtrace::BacktraceLock>::print::DisplayBacktrace as core[a373ad73a504971]::fmt::Display>::fmt
[INFO] [stdout]    1:     0x579237347f1a - core[a373ad73a504971]::fmt::write
[INFO] [stdout]    2:     0x57923733678c - <alloc[2e1b2a31b91974c5]::vec::Vec<u8> as core[a373ad73a504971]::io::write::Write>::write_fmt
[INFO] [stdout]    3:     0x57923730d256 - std[617be2ca0a6fd877]::panicking::default_hook::{closure#0}
[INFO] [stdout]    4:     0x579237329f09 - std[617be2ca0a6fd877]::panicking::default_hook
[INFO] [stdout]    5:     0x5792372c59b0 - test[aada8e7e76ba119b]::test_main_inner::{closure#0}
[INFO] [stdout]    6:     0x57923732a232 - std[617be2ca0a6fd877]::panicking::panic_with_hook
[INFO] [stdout]    7:     0x57923730d334 - std[617be2ca0a6fd877]::panicking::panic_handler::{closure#0}
[INFO] [stdout]    8:     0x579237305f39 - std[617be2ca0a6fd877]::sys::backtrace::__rust_end_short_backtrace::<std[617be2ca0a6fd877]::panicking::panic_handler::{closure#0}, !>
[INFO] [stdout]    9:     0x57923730e0fd - __rustc[ea4f61d10b84890b]::rust_begin_unwind
[INFO] [stdout]   10:     0x57923734867c - core[a373ad73a504971]::panicking::panic_fmt
[INFO] [stdout]   11:     0x579237348642 - core[a373ad73a504971]::panicking::panic
[INFO] [stdout]   12:     0x57923717eb84 - <garlandtools[7581fdef43dc4fdd]::tests::test_garland_tools::test_garland_tools_npc::{closure#0} as core[a373ad73a504971]::ops::function::FnOnce<()>>::call_once
[INFO] [stdout]   13:     0x5792372b8dfb - test[aada8e7e76ba119b]::__rust_begin_short_backtrace::<core[a373ad73a504971]::result::Result<(), alloc[2e1b2a31b91974c5]::string::String>, fn() -> core[a373ad73a504971]::result::Result<(), alloc[2e1b2a31b91974c5]::string::String>>
[INFO] [stdout]   14:     0x5792372c5fd5 - test[aada8e7e76ba119b]::run_test::{closure#0}
[INFO] [stdout]   15:     0x5792372bf8c4 - std[617be2ca0a6fd877]::sys::backtrace::__rust_begin_short_backtrace::<test[aada8e7e76ba119b]::run_test::{closure#1}, ()>
[INFO] [stdout]   16:     0x5792372c9062 - <std[617be2ca0a6fd877]::thread::lifecycle::spawn_unchecked<test[aada8e7e76ba119b]::run_test::{closure#1}, ()>::{closure#1} as core[a373ad73a504971]::ops::function::FnOnce<()>>::call_once::{shim:vtable#0}
[INFO] [stdout]   17:     0x5792373313bf - <std[617be2ca0a6fd877]::sys::thread::unix::Thread>::new::thread_start
[INFO] [stdout]   18:     0x7f3c40cd7dfa - <unknown>
[INFO] [stdout]   19:     0x7f3c40d6b3d4 - clone
[INFO] [stdout]   20:                0x0 - <unknown>
[INFO] [stdout] 
[INFO] [stdout] ---- tests::test_garland_tools::test_garland_tools_search stdout ----
[INFO] [stdout] 
[INFO] [stdout] thread 'tests::test_garland_tools::test_garland_tools_search' (1130) panicked at src/tests/test_garland_tools.rs:147:1:
[INFO] [stdout] assertion failed: result.is_ok()
[INFO] [stdout] stack backtrace:
[INFO] [stdout]    0:     0x579237331f11 - <<std[617be2ca0a6fd877]::sys::backtrace::BacktraceLock>::print::DisplayBacktrace as core[a373ad73a504971]::fmt::Display>::fmt
[INFO] [stdout]    1:     0x579237347f1a - core[a373ad73a504971]::fmt::write
[INFO] [stdout]    2:     0x57923733678c - <alloc[2e1b2a31b91974c5]::vec::Vec<u8> as core[a373ad73a504971]::io::write::Write>::write_fmt
[INFO] [stdout]    3:     0x57923730d256 - std[617be2ca0a6fd877]::panicking::default_hook::{closure#0}
[INFO] [stdout]    4:     0x579237329f09 - std[617be2ca0a6fd877]::panicking::default_hook
[INFO] [stdout]    5:     0x5792372c59b0 - test[aada8e7e76ba119b]::test_main_inner::{closure#0}
[INFO] [stdout]    6:     0x57923732a232 - std[617be2ca0a6fd877]::panicking::panic_with_hook
[INFO] [stdout]    7:     0x57923730d334 - std[617be2ca0a6fd877]::panicking::panic_handler::{closure#0}
[INFO] [stdout]    8:     0x579237305f39 - std[617be2ca0a6fd877]::sys::backtrace::__rust_end_short_backtrace::<std[617be2ca0a6fd877]::panicking::panic_handler::{closure#0}, !>
[INFO] [stdout]    9:     0x57923730e0fd - __rustc[ea4f61d10b84890b]::rust_begin_unwind
[INFO] [stdout]   10:     0x57923734867c - core[a373ad73a504971]::panicking::panic_fmt
[INFO] [stdout]   11:     0x579237348642 - core[a373ad73a504971]::panicking::panic
[INFO] [stdout]   12:     0x57923717fa3e - <garlandtools[7581fdef43dc4fdd]::tests::test_garland_tools::test_garland_tools_search::{closure#0} as core[a373ad73a504971]::ops::function::FnOnce<()>>::call_once
[INFO] [stdout]   13:     0x5792372b8dfb - test[aada8e7e76ba119b]::__rust_begin_short_backtrace::<core[a373ad73a504971]::result::Result<(), alloc[2e1b2a31b91974c5]::string::String>, fn() -> core[a373ad73a504971]::result::Result<(), alloc[2e1b2a31b91974c5]::string::String>>
[INFO] [stdout]   14:     0x5792372c5fd5 - test[aada8e7e76ba119b]::run_test::{closure#0}
[INFO] [stdout]   15:     0x5792372bf8c4 - std[617be2ca0a6fd877]::sys::backtrace::__rust_begin_short_backtrace::<test[aada8e7e76ba119b]::run_test::{closure#1}, ()>
[INFO] [stdout]   16:     0x5792372c9062 - <std[617be2ca0a6fd877]::thread::lifecycle::spawn_unchecked<test[aada8e7e76ba119b]::run_test::{closure#1}, ()>::{closure#1} as core[a373ad73a504971]::ops::function::FnOnce<()>>::call_once::{shim:vtable#0}
[INFO] [stdout]   17:     0x5792373313bf - <std[617be2ca0a6fd877]::sys::thread::unix::Thread>::new::thread_start
[INFO] [stdout]   18:     0x7f3c40cd7dfa - <unknown>
[INFO] [stdout]   19:     0x7f3c40d6b3d4 - clone
[INFO] [stdout]   20:                0x0 - <unknown>
[INFO] [stdout] 
[INFO] [stdout] ---- tests::test_garland_tools::test_garland_tools_nodes stdout ----
[INFO] [stdout] Err("reqwest::Error { kind: Request, url: Url { scheme: \"https\", cannot_be_a_base: false, username: \"\", password: None, host: Some(Domain(\"www.garlandtools.org\")), port: None, path: \"/db/doc/browse/en/2/node.json\", query: None, fragment: None }, source: hyper::Error(Connect, ConnectError(\"dns error\", Custom { kind: Uncategorized, error: \"failed to lookup address information: Temporary failure in name resolution\" })) }")
[INFO] [stdout] 
[INFO] [stdout] thread 'tests::test_garland_tools::test_garland_tools_nodes' (1120) panicked at src/tests/test_garland_tools.rs:113:1:
[INFO] [stdout] assertion failed: result.is_ok()
[INFO] [stdout] stack backtrace:
[INFO] [stdout]    0:     0x579237331f11 - <<std[617be2ca0a6fd877]::sys::backtrace::BacktraceLock>::print::DisplayBacktrace as core[a373ad73a504971]::fmt::Display>::fmt
[INFO] [stdout]    1:     0x579237347f1a - core[a373ad73a504971]::fmt::write
[INFO] [stdout]    2:     0x57923733678c - <alloc[2e1b2a31b91974c5]::vec::Vec<u8> as core[a373ad73a504971]::io::write::Write>::write_fmt
[INFO] [stdout]    3:     0x57923730d256 - std[617be2ca0a6fd877]::panicking::default_hook::{closure#0}
[INFO] [stdout]    4:     0x579237329f09 - std[617be2ca0a6fd877]::panicking::default_hook
[INFO] [stdout]    5:     0x5792372c59b0 - test[aada8e7e76ba119b]::test_main_inner::{closure#0}
[INFO] [stdout]    6:     0x57923732a232 - std[617be2ca0a6fd877]::panicking::panic_with_hook
[INFO] [stdout]    7:     0x57923730d334 - std[617be2ca0a6fd877]::panicking::panic_handler::{closure#0}
[INFO] [stdout]    8:     0x579237305f39 - std[617be2ca0a6fd877]::sys::backtrace::__rust_end_short_backtrace::<std[617be2ca0a6fd877]::panicking::panic_handler::{closure#0}, !>
[INFO] [stdout]    9:     0x57923730e0fd - __rustc[ea4f61d10b84890b]::rust_begin_unwind
[INFO] [stdout]   10:     0x57923734867c - core[a373ad73a504971]::panicking::panic_fmt
[INFO] [stdout]   11:     0x579237348642 - core[a373ad73a504971]::panicking::panic
[INFO] [stdout]   12:     0x57923717f70c - <garlandtools[7581fdef43dc4fdd]::tests::test_garland_tools::test_garland_tools_nodes::{closure#0} as core[a373ad73a504971]::ops::function::FnOnce<()>>::call_once
[INFO] [stdout]   13:     0x5792372b8dfb - test[aada8e7e76ba119b]::__rust_begin_short_backtrace::<core[a373ad73a504971]::result::Result<(), alloc[2e1b2a31b91974c5]::string::String>, fn() -> core[a373ad73a504971]::result::Result<(), alloc[2e1b2a31b91974c5]::string::String>>
[INFO] [stdout]   14:     0x5792372c5fd5 - test[aada8e7e76ba119b]::run_test::{closure#0}
[INFO] [stdout]   15:     0x5792372bf8c4 - std[617be2ca0a6fd877]::sys::backtrace::__rust_begin_short_backtrace::<test[aada8e7e76ba119b]::run_test::{closure#1}, ()>
[INFO] [stdout]   16:     0x5792372c9062 - <std[617be2ca0a6fd877]::thread::lifecycle::spawn_unchecked<test[aada8e7e76ba119b]::run_test::{closure#1}, ()>::{closure#1} as core[a373ad73a504971]::ops::function::FnOnce<()>>::call_once::{shim:vtable#0}
[INFO] [stdout]   17:     0x5792373313bf - <std[617be2ca0a6fd877]::sys::thread::unix::Thread>::new::thread_start
[INFO] [stdout]   18:     0x7f3c40cd7dfa - <unknown>
[INFO] [stdout]   19:     0x7f3c40d6b3d4 - clone
[INFO] [stdout]   20:                0x0 - <unknown>
[INFO] [stdout] 
[INFO] [stdout] ---- tests::test_garland_tools::test_garland_tools_status stdout ----
[INFO] [stdout] 
[INFO] [stdout] thread 'tests::test_garland_tools::test_garland_tools_status' (1133) panicked at src/tests/test_garland_tools.rs:124:1:
[INFO] [stdout] assertion failed: result.is_ok()
[INFO] [stdout] stack backtrace:
[INFO] [stdout]    0:     0x579237331f11 - <<std[617be2ca0a6fd877]::sys::backtrace::BacktraceLock>::print::DisplayBacktrace as core[a373ad73a504971]::fmt::Display>::fmt
[INFO] [stdout]    1:     0x579237347f1a - core[a373ad73a504971]::fmt::write
[INFO] [stdout]    2:     0x57923733678c - <alloc[2e1b2a31b91974c5]::vec::Vec<u8> as core[a373ad73a504971]::io::write::Write>::write_fmt
[INFO] [stdout]    3:     0x57923730d256 - std[617be2ca0a6fd877]::panicking::default_hook::{closure#0}
[INFO] [stdout]    4:     0x579237329f09 - std[617be2ca0a6fd877]::panicking::default_hook
[INFO] [stdout]    5:     0x5792372c59b0 - test[aada8e7e76ba119b]::test_main_inner::{closure#0}
[INFO] [stdout]    6:     0x57923732a232 - std[617be2ca0a6fd877]::panicking::panic_with_hook
[INFO] [stdout]    7:     0x57923730d334 - std[617be2ca0a6fd877]::panicking::panic_handler::{closure#0}
[INFO] [stdout]    8:     0x579237305f39 - std[617be2ca0a6fd877]::sys::backtrace::__rust_end_short_backtrace::<std[617be2ca0a6fd877]::panicking::panic_handler::{closure#0}, !>
[INFO] [stdout]    9:     0x57923730e0fd - __rustc[ea4f61d10b84890b]::rust_begin_unwind
[INFO] [stdout]   10:     0x57923734867c - core[a373ad73a504971]::panicking::panic_fmt
[INFO] [stdout]   11:     0x579237348642 - core[a373ad73a504971]::panicking::panic
[INFO] [stdout]   12:     0x57923717fb34 - <garlandtools[7581fdef43dc4fdd]::tests::test_garland_tools::test_garland_tools_status::{closure#0} as core[a373ad73a504971]::ops::function::FnOnce<()>>::call_once
[INFO] [stdout]   13:     0x5792372b8dfb - test[aada8e7e76ba119b]::__rust_begin_short_backtrace::<core[a373ad73a504971]::result::Result<(), alloc[2e1b2a31b91974c5]::string::String>, fn() -> core[a373ad73a504971]::result::Result<(), alloc[2e1b2a31b91974c5]::string::String>>
[INFO] [stdout]   14:     0x5792372c5fd5 - test[aada8e7e76ba119b]::run_test::{closure#0}
[INFO] [stdout]   15:     0x5792372bf8c4 - std[617be2ca0a6fd877]::sys::backtrace::__rust_begin_short_backtrace::<test[aada8e7e76ba119b]::run_test::{closure#1}, ()>
[INFO] [stdout]   16:     0x5792372c9062 - <std[617be2ca0a6fd877]::thread::lifecycle::spawn_unchecked<test[aada8e7e76ba119b]::run_test::{closure#1}, ()>::{closure#1} as core[a373ad73a504971]::ops::function::FnOnce<()>>::call_once::{shim:vtable#0}
[INFO] [stdout]   17:     0x5792373313bf - <std[617be2ca0a6fd877]::sys::thread::unix::Thread>::new::thread_start
[INFO] [stdout]   18:     0x7f3c40cd7dfa - <unknown>
[INFO] [stdout]   19:     0x7f3c40d6b3d4 - clone
[INFO] [stdout]   20:                0x0 - <unknown>
[INFO] [stdout] 
[INFO] [stdout] ---- tests::test_garland_tools::test_garland_tools_quests stdout ----
[INFO] [stdout] Err("reqwest::Error { kind: Request, url: Url { scheme: \"https\", cannot_be_a_base: false, username: \"\", password: None, host: Some(Domain(\"www.garlandtools.org\")), port: None, path: \"/db/doc/browse/en/2/quest.json\", query: None, fragment: None }, source: hyper::Error(Connect, ConnectError(\"dns error\", Custom { kind: Uncategorized, error: \"failed to lookup address information: Temporary failure in name resolution\" })) }")
[INFO] [stdout] 
[INFO] [stdout] thread 'tests::test_garland_tools::test_garland_tools_quests' (1129) panicked at src/tests/test_garland_tools.rs:121:1:
[INFO] [stdout] assertion failed: result.is_ok()
[INFO] [stdout] stack backtrace:
[INFO] [stdout]    0:     0x579237331f11 - <<std[617be2ca0a6fd877]::sys::backtrace::BacktraceLock>::print::DisplayBacktrace as core[a373ad73a504971]::fmt::Display>::fmt
[INFO] [stdout]    1:     0x579237347f1a - core[a373ad73a504971]::fmt::write
[INFO] [stdout]    2:     0x57923733678c - <alloc[2e1b2a31b91974c5]::vec::Vec<u8> as core[a373ad73a504971]::io::write::Write>::write_fmt
[INFO] [stdout]    3:     0x57923730d256 - std[617be2ca0a6fd877]::panicking::default_hook::{closure#0}
[INFO] [stdout]    4:     0x579237329f09 - std[617be2ca0a6fd877]::panicking::default_hook
[INFO] [stdout]    5:     0x5792372c59b0 - test[aada8e7e76ba119b]::test_main_inner::{closure#0}
[INFO] [stdout]    6:     0x57923732a232 - std[617be2ca0a6fd877]::panicking::panic_with_hook
[INFO] [stdout]    7:     0x57923730d334 - std[617be2ca0a6fd877]::panicking::panic_handler::{closure#0}
[INFO] [stdout]    8:     0x579237305f39 - std[617be2ca0a6fd877]::sys::backtrace::__rust_end_short_backtrace::<std[617be2ca0a6fd877]::panicking::panic_handler::{closure#0}, !>
[INFO] [stdout]    9:     0x57923730e0fd - __rustc[ea4f61d10b84890b]::rust_begin_unwind
[INFO] [stdout]   10:     0x57923734867c - core[a373ad73a504971]::panicking::panic_fmt
[INFO] [stdout]   11:     0x579237348642 - core[a373ad73a504971]::panicking::panic
[INFO] [stdout]   12:     0x57923717f91c - <garlandtools[7581fdef43dc4fdd]::tests::test_garland_tools::test_garland_tools_quests::{closure#0} as core[a373ad73a504971]::ops::function::FnOnce<()>>::call_once
[INFO] [stdout]   13:     0x5792372b8dfb - test[aada8e7e76ba119b]::__rust_begin_short_backtrace::<core[a373ad73a504971]::result::Result<(), alloc[2e1b2a31b91974c5]::string::String>, fn() -> core[a373ad73a504971]::result::Result<(), alloc[2e1b2a31b91974c5]::string::String>>
[INFO] [stdout]   14:     0x5792372c5fd5 - test[aada8e7e76ba119b]::run_test::{closure#0}
[INFO] [stdout]   15:     0x5792372bf8c4 - std[617be2ca0a6fd877]::sys::backtrace::__rust_begin_short_backtrace::<test[aada8e7e76ba119b]::run_test::{closure#1}, ()>
[INFO] [stdout]   16:     0x5792372c9062 - <std[617be2ca0a6fd877]::thread::lifecycle::spawn_unchecked<test[aada8e7e76ba119b]::run_test::{closure#1}, ()>::{closure#1} as core[a373ad73a504971]::ops::function::FnOnce<()>>::call_once::{shim:vtable#0}
[INFO] [stdout]   17:     0x5792373313bf - <std[617be2ca0a6fd877]::sys::thread::unix::Thread>::new::thread_start
[INFO] [stdout]   18:     0x7f3c40cd7dfa - <unknown>
[INFO] [stdout]   19:     0x7f3c40d6b3d4 - clone
[INFO] [stdout]   20:                0x0 - <unknown>
[INFO] [stdout] 
[INFO] [stdout] ---- tests::test_garland_tools::test_garland_tools_quest stdout ----
[INFO] [stdout] 
[INFO] [stdout] thread 'tests::test_garland_tools::test_garland_tools_quest' (1128) panicked at src/tests/test_garland_tools.rs:120:1:
[INFO] [stdout] assertion failed: result.is_ok()
[INFO] [stdout] stack backtrace:
[INFO] [stdout]    0:     0x579237331f11 - <<std[617be2ca0a6fd877]::sys::backtrace::BacktraceLock>::print::DisplayBacktrace as core[a373ad73a504971]::fmt::Display>::fmt
[INFO] [stdout]    1:     0x579237347f1a - core[a373ad73a504971]::fmt::write
[INFO] [stdout]    2:     0x57923733678c - <alloc[2e1b2a31b91974c5]::vec::Vec<u8> as core[a373ad73a504971]::io::write::Write>::write_fmt
[INFO] [stdout]    3:     0x57923730d256 - std[617be2ca0a6fd877]::panicking::default_hook::{closure#0}
[INFO] [stdout]    4:     0x579237329f09 - std[617be2ca0a6fd877]::panicking::default_hook
[INFO] [stdout]    5:     0x5792372c59b0 - test[aada8e7e76ba119b]::test_main_inner::{closure#0}
[INFO] [stdout]    6:     0x57923732a232 - std[617be2ca0a6fd877]::panicking::panic_with_hook
[INFO] [stdout]    7:     0x57923730d334 - std[617be2ca0a6fd877]::panicking::panic_handler::{closure#0}
[INFO] [stdout]    8:     0x579237305f39 - std[617be2ca0a6fd877]::sys::backtrace::__rust_end_short_backtrace::<std[617be2ca0a6fd877]::panicking::panic_handler::{closure#0}, !>
[INFO] [stdout]    9:     0x57923730e0fd - __rustc[ea4f61d10b84890b]::rust_begin_unwind
[INFO] [stdout]   10:     0x57923734867c - core[a373ad73a504971]::panicking::panic_fmt
[INFO] [stdout]   11:     0x579237348642 - core[a373ad73a504971]::panicking::panic
[INFO] [stdout]   12:     0x57923717f7f4 - <garlandtools[7581fdef43dc4fdd]::tests::test_garland_tools::test_garland_tools_quest::{closure#0} as core[a373ad73a504971]::ops::function::FnOnce<()>>::call_once
[INFO] [stdout]   13:     0x5792372b8dfb - test[aada8e7e76ba119b]::__rust_begin_short_backtrace::<core[a373ad73a504971]::result::Result<(), alloc[2e1b2a31b91974c5]::string::String>, fn() -> core[a373ad73a504971]::result::Result<(), alloc[2e1b2a31b91974c5]::string::String>>
[INFO] [stdout]   14:     0x5792372c5fd5 - test[aada8e7e76ba119b]::run_test::{closure#0}
[INFO] [stdout]   15:     0x5792372bf8c4 - std[617be2ca0a6fd877]::sys::backtrace::__rust_begin_short_backtrace::<test[aada8e7e76ba119b]::run_test::{closure#1}, ()>
[INFO] [stdout]   16:     0x5792372c9062 - <std[617be2ca0a6fd877]::thread::lifecycle::spawn_unchecked<test[aada8e7e76ba119b]::run_test::{closure#1}, ()>::{closure#1} as core[a373ad73a504971]::ops::function::FnOnce<()>>::call_once::{shim:vtable#0}
[INFO] [stdout]   17:     0x5792373313bf - <std[617be2ca0a6fd877]::sys::thread::unix::Thread>::new::thread_start
[INFO] [stdout]   18:     0x7f3c40cd7dfa - <unknown>
[INFO] [stdout]   19:     0x7f3c40d6b3d4 - clone
[INFO] [stdout]   20:                0x0 - <unknown>
[INFO] [stdout] 
[INFO] [stdout] ---- tests::test_garland_tools::test_garland_tools_statuses stdout ----
[INFO] [stdout] Err("reqwest::Error { kind: Request, url: Url { scheme: \"https\", cannot_be_a_base: false, username: \"\", password: None, host: Some(Domain(\"www.garlandtools.org\")), port: None, path: \"/db/doc/browse/en/2/status.json\", query: None, fragment: None }, source: hyper::Error(Connect, ConnectError(\"dns error\", Custom { kind: Uncategorized, error: \"failed to lookup address information: Temporary failure in name resolution\" })) }")
[INFO] [stdout] 
[INFO] [stdout] thread 'tests::test_garland_tools::test_garland_tools_statuses' (1135) panicked at src/tests/test_garland_tools.rs:125:1:
[INFO] [stdout] assertion failed: result.is_ok()
[INFO] [stdout] stack backtrace:
[INFO] [stdout]    0:     0x579237331f11 - <<std[617be2ca0a6fd877]::sys::backtrace::BacktraceLock>::print::DisplayBacktrace as core[a373ad73a504971]::fmt::Display>::fmt
[INFO] [stdout]    1:     0x579237347f1a - core[a373ad73a504971]::fmt::write
[INFO] [stdout]    2:     0x57923733678c - <alloc[2e1b2a31b91974c5]::vec::Vec<u8> as core[a373ad73a504971]::io::write::Write>::write_fmt
[INFO] [stdout]    3:     0x57923730d256 - std[617be2ca0a6fd877]::panicking::default_hook::{closure#0}
[INFO] [stdout]    4:     0x579237329f09 - std[617be2ca0a6fd877]::panicking::default_hook
[INFO] [stdout]    5:     0x5792372c59b0 - test[aada8e7e76ba119b]::test_main_inner::{closure#0}
[INFO] [stdout]    6:     0x57923732a232 - std[617be2ca0a6fd877]::panicking::panic_with_hook
[INFO] [stdout]    7:     0x57923730d334 - std[617be2ca0a6fd877]::panicking::panic_handler::{closure#0}
[INFO] [stdout]    8:     0x579237305f39 - std[617be2ca0a6fd877]::sys::backtrace::__rust_end_short_backtrace::<std[617be2ca0a6fd877]::panicking::panic_handler::{closure#0}, !>
[INFO] [stdout]    9:     0x57923730e0fd - __rustc[ea4f61d10b84890b]::rust_begin_unwind
[INFO] [stdout]   10:     0x57923734867c - core[a373ad73a504971]::panicking::panic_fmt
[INFO] [stdout]   11:     0x579237348642 - core[a373ad73a504971]::panicking::panic
[INFO] [stdout]   12:     0x57923717ffec - <garlandtools[7581fdef43dc4fdd]::tests::test_garland_tools::test_garland_tools_statuses::{closure#0} as core[a373ad73a504971]::ops::function::FnOnce<()>>::call_once
[INFO] [stdout]   13:     0x5792372b8dfb - test[aada8e7e76ba119b]::__rust_begin_short_backtrace::<core[a373ad73a504971]::result::Result<(), alloc[2e1b2a31b91974c5]::string::String>, fn() -> core[a373ad73a504971]::result::Result<(), alloc[2e1b2a31b91974c5]::string::String>>
[INFO] [stdout]   14:     0x5792372c5fd5 - test[aada8e7e76ba119b]::run_test::{closure#0}
[INFO] [stdout]   15:     0x5792372bf8c4 - std[617be2ca0a6fd877]::sys::backtrace::__rust_begin_short_backtrace::<test[aada8e7e76ba119b]::run_test::{closure#1}, ()>
[INFO] [stdout]   16:     0x5792372c9062 - <std[617be2ca0a6fd877]::thread::lifecycle::spawn_unchecked<test[aada8e7e76ba119b]::run_test::{closure#1}, ()>::{closure#1} as core[a373ad73a504971]::ops::function::FnOnce<()>>::call_once::{shim:vtable#0}
[INFO] [stdout]   17:     0x5792373313bf - <std[617be2ca0a6fd877]::sys::thread::unix::Thread>::new::thread_start
[INFO] [stdout]   18:     0x7f3c40cd7dfa - <unknown>
[INFO] [stdout]   19:     0x7f3c40d6b3d4 - clone
[INFO] [stdout]   20:                0x0 - <unknown>
[INFO] [stdout] 
[INFO] [stdout] 
[INFO] [stdout] failures:
[INFO] [stdout]     tests::test_garland_tools::test_garland_tools_achievement
[INFO] [stdout]     tests::test_garland_tools::test_garland_tools_achievements
[INFO] [stdout]     tests::test_garland_tools::test_garland_tools_data
[INFO] [stdout]     tests::test_garland_tools::test_garland_tools_endgame_gear
[INFO] [stdout]     tests::test_garland_tools::test_garland_tools_fate
[INFO] [stdout]     tests::test_garland_tools::test_garland_tools_fates
[INFO] [stdout]     tests::test_garland_tools::test_garland_tools_fishing
[INFO] [stdout]     tests::test_garland_tools::test_garland_tools_icon
[INFO] [stdout]     tests::test_garland_tools::test_garland_tools_instance
[INFO] [stdout]     tests::test_garland_tools::test_garland_tools_instances
[INFO] [stdout]     tests::test_garland_tools::test_garland_tools_item
[INFO] [stdout]     tests::test_garland_tools::test_garland_tools_leve
[INFO] [stdout]     tests::test_garland_tools::test_garland_tools_leveling_gear
[INFO] [stdout]     tests::test_garland_tools::test_garland_tools_leves
[INFO] [stdout]     tests::test_garland_tools::test_garland_tools_map_zone
[INFO] [stdout]     tests::test_garland_tools::test_garland_tools_mob
[INFO] [stdout]     tests::test_garland_tools::test_garland_tools_mobs
[INFO] [stdout]     tests::test_garland_tools::test_garland_tools_node
[INFO] [stdout]     tests::test_garland_tools::test_garland_tools_nodes
[INFO] [stdout]     tests::test_garland_tools::test_garland_tools_npc
[INFO] [stdout]     tests::test_garland_tools::test_garland_tools_npcs
[INFO] [stdout]     tests::test_garland_tools::test_garland_tools_quest
[INFO] [stdout]     tests::test_garland_tools::test_garland_tools_quests
[INFO] [stdout]     tests::test_garland_tools::test_garland_tools_search
[INFO] [stdout]     tests::test_garland_tools::test_garland_tools_status
[INFO] [stdout]     tests::test_garland_tools::test_garland_tools_statuses
[INFO] [stdout] 
[INFO] [stdout] test result: FAILED. 118 passed; 26 failed; 0 ignored; 0 measured; 0 filtered out; finished in 0.69s
[INFO] [stdout] 
[INFO] [stderr] error: test failed, to rerun pass `--lib`
[INFO] running `Command { std: "docker" "inspect" "e890d07942d8baa738bc732f8dcda94f93c73f9e6213de7bb9ea100abe5c5407", kill_on_drop: false }`
[INFO] running `Command { std: "docker" "rm" "-f" "e890d07942d8baa738bc732f8dcda94f93c73f9e6213de7bb9ea100abe5c5407", kill_on_drop: false }`
[INFO] [stdout] e890d07942d8baa738bc732f8dcda94f93c73f9e6213de7bb9ea100abe5c5407
