[INFO] fetching crate gantry-core 0.5.2...
[INFO] testing gantry-core-0.5.2 against 1.100.0-beta.1+cargoflags=--release for beta-release-1.100-2
[INFO] extracting crate gantry-core 0.5.2 into /workspace/builds/worker-1-tc2/source
[INFO] started tweaking crates.io crate gantry-core 0.5.2
[INFO] finished tweaking crates.io crate gantry-core 0.5.2
[INFO] tweaked toml for crates.io crate gantry-core 0.5.2 written to /workspace/builds/worker-1-tc2/source/Cargo.toml
[INFO] validating manifest of crates.io crate gantry-core 0.5.2 on toolchain 1.100.0-beta.1
[INFO] running `Command { std: CARGO_HOME="/workspace/cargo-home" RUSTUP_HOME="/workspace/rustup-home" "/workspace/cargo-home/bin/cargo" "+1.100.0-beta.1" "metadata" "--manifest-path" "Cargo.toml" "--no-deps", kill_on_drop: false }`
[INFO] crate crates.io crate gantry-core 0.5.2 already has a lockfile, it will not be regenerated
[INFO] running `Command { std: CARGO_HOME="/workspace/cargo-home" RUSTUP_HOME="/workspace/rustup-home" "/workspace/cargo-home/bin/cargo" "+1.100.0-beta.1" "fetch" "--manifest-path" "Cargo.toml", kill_on_drop: false }`
[INFO] [stderr]     Blocking waiting for file lock on package cache
[INFO] running `Command { std: "docker" "create" "-v" "/var/lib/crater-agent-workspace/builds/worker-1-tc2/source:/opt/rustwide/workdir:ro,Z" "-v" "/var/lib/crater-agent-workspace/builds/worker-1-tc2/target:/opt/rustwide/target:rw,Z" "-v" "/var/lib/crater-agent-workspace/cargo-home:/opt/rustwide/cargo-home:ro,Z" "-v" "/var/lib/crater-agent-workspace/rustup-home:/opt/rustwide/rustup-home:ro,Z" "-m" "1610612736" "--network" "none" "ghcr.io/rust-lang/crates-build-env/linux@sha256:77db811e55d90add9212f6832c23229e3de5f1c1f9905e8cb07319ea15df73ac" "sleep" "infinity", kill_on_drop: false }`
[INFO] [stdout] f9e91dc77835fccf44513a625cad8397b7184e76d44ee53806070c5c7e19c148
[INFO] running `Command { std: "docker" "start" "f9e91dc77835fccf44513a625cad8397b7184e76d44ee53806070c5c7e19c148", kill_on_drop: false }`
[INFO] running `Command { std: "docker" "inspect" "f9e91dc77835fccf44513a625cad8397b7184e76d44ee53806070c5c7e19c148", kill_on_drop: false }`
[INFO] running `Command { std: "docker" "exec" "-e" "SOURCE_DIR=/opt/rustwide/workdir" "-e" "CARGO_HOME=/opt/rustwide/cargo-home" "-e" "RUSTUP_HOME=/opt/rustwide/rustup-home" "-e" "CARGO_TARGET_DIR=/opt/rustwide/target" "-w" "/opt/rustwide/workdir" "--user" "0:0" "f9e91dc77835fccf44513a625cad8397b7184e76d44ee53806070c5c7e19c148" "/opt/rustwide/cargo-home/bin/cargo" "+1.100.0-beta.1" "metadata" "--no-deps" "--format-version=1", kill_on_drop: false }`
[INFO] running `Command { std: "docker" "inspect" "f9e91dc77835fccf44513a625cad8397b7184e76d44ee53806070c5c7e19c148", kill_on_drop: false }`
[INFO] running `Command { std: "docker" "exec" "-e" "SOURCE_DIR=/opt/rustwide/workdir" "-e" "CARGO_HOME=/opt/rustwide/cargo-home" "-e" "RUSTUP_HOME=/opt/rustwide/rustup-home" "-e" "CARGO_TARGET_DIR=/opt/rustwide/target" "-e" "CARGO_INCREMENTAL=0" "-e" "RUST_BACKTRACE=full" "-e" "RUSTFLAGS=--cap-lints=warn" "-e" "RUSTDOCFLAGS=--cap-lints=warn" "-w" "/opt/rustwide/workdir" "--user" "0:0" "f9e91dc77835fccf44513a625cad8397b7184e76d44ee53806070c5c7e19c148" "/opt/rustwide/cargo-home/bin/cargo" "+1.100.0-beta.1" "build" "--frozen" "--message-format=json" "--release", kill_on_drop: false }`
[INFO] [stderr]    Compiling futures-sink v0.3.32
[INFO] [stderr]    Compiling bytes v1.11.1
[INFO] [stderr]    Compiling futures-io v0.3.32
[INFO] [stderr]    Compiling syn v2.0.117
[INFO] [stderr]    Compiling serde_json v1.0.150
[INFO] [stderr]    Compiling ref-cast v1.0.25
[INFO] [stderr]    Compiling tokio v1.52.3
[INFO] [stderr]    Compiling num-bigint v0.4.6
[INFO] [stderr]    Compiling log v0.4.32
[INFO] [stderr]    Compiling ahash v0.8.12
[INFO] [stderr]    Compiling num-iter v0.1.45
[INFO] [stderr]    Compiling num-complex v0.4.6
[INFO] [stderr]    Compiling aho-corasick v1.1.4
[INFO] [stderr]    Compiling borrow-or-share v0.2.4
[INFO] [stderr]    Compiling bit-vec v0.8.0
[INFO] [stderr]    Compiling bumpalo v3.20.3
[INFO] [stderr]    Compiling outref v0.5.2
[INFO] [stderr]    Compiling futures-channel v0.3.32
[INFO] [stderr]    Compiling futures-util v0.3.32
[INFO] [stderr]    Compiling uuid v1.23.3
[INFO] [stderr]    Compiling simd-adler32 v0.3.9
[INFO] [stderr]    Compiling vsimd v0.8.0
[INFO] [stderr]    Compiling bit-set v0.8.0
[INFO] [stderr]    Compiling zlib-rs v0.6.3
[INFO] [stderr]    Compiling time v0.3.49
[INFO] [stderr]    Compiling quick-xml v0.41.0
[INFO] [stderr]    Compiling num-cmp v0.1.0
[INFO] [stderr]    Compiling zopfli v0.8.3
[INFO] [stderr]    Compiling uuid-simd v0.8.0
[INFO] [stderr]    Compiling libyaml-rs v0.3.0
[INFO] [stderr]    Compiling bytecount v0.6.9
[INFO] [stderr]    Compiling http v1.4.2
[INFO] [stderr]    Compiling regex-automata v0.4.14
[INFO] [stderr]    Compiling http-body v1.0.1
[INFO] [stderr]    Compiling num-rational v0.4.2
[INFO] [stderr]    Compiling http-body-util v0.1.3
[INFO] [stderr]    Compiling flate2 v1.1.9
[INFO] [stderr]    Compiling num v0.4.3
[INFO] [stderr]    Compiling synstructure v0.13.2
[INFO] [stderr]    Compiling fraction v0.15.4
[INFO] [stderr]    Compiling zip v4.6.1
[INFO] [stderr]    Compiling zerofrom-derive v0.1.7
[INFO] [stderr]    Compiling yoke-derive v0.8.2
[INFO] [stderr]    Compiling zerovec-derive v0.11.3
[INFO] [stderr]    Compiling displaydoc v0.2.6
[INFO] [stderr]    Compiling serde_derive v1.0.228
[INFO] [stderr]    Compiling ref-cast-impl v1.0.25
[INFO] [stderr]    Compiling zerofrom v0.1.8
[INFO] [stderr]    Compiling yoke v0.8.3
[INFO] [stderr]    Compiling zerotrie v0.2.4
[INFO] [stderr]    Compiling zerovec v0.11.6
[INFO] [stderr]    Compiling tower v0.5.3
[INFO] [stderr]    Compiling hyper v1.10.1
[INFO] [stderr]    Compiling tinystr v0.8.3
[INFO] [stderr]    Compiling potential_utf v0.1.5
[INFO] [stderr]    Compiling icu_locale_core v2.2.0
[INFO] [stderr]    Compiling icu_collections v2.2.0
[INFO] [stderr]    Compiling hyper-util v0.1.20
[INFO] [stderr]    Compiling fancy-regex v0.14.0
[INFO] [stderr]    Compiling icu_provider v2.2.0
[INFO] [stderr]    Compiling serde v1.0.228
[INFO] [stderr]    Compiling icu_normalizer v2.2.0
[INFO] [stderr]    Compiling icu_properties v2.2.0
[INFO] [stderr]    Compiling serde_urlencoded v0.7.1
[INFO] [stderr]    Compiling fluent-uri v0.3.2
[INFO] [stderr]    Compiling email_address v0.2.9
[INFO] [stderr]    Compiling chrono v0.4.45
[INFO] [stderr]    Compiling yaml_serde v0.10.4
[INFO] [stderr]    Compiling plist v1.10.0
[INFO] [stderr]    Compiling referencing v0.26.2
[INFO] [stderr]    Compiling idna_adapter v1.2.2
[INFO] [stderr]    Compiling idna v1.1.0
[INFO] [stderr]    Compiling url v2.5.8
[INFO] [stderr]    Compiling tower-http v0.6.11
[INFO] [stderr]    Compiling reqwest v0.12.28
[INFO] [stderr]    Compiling jsonschema v0.26.2
[INFO] [stderr]    Compiling gantry-core v0.5.2 (/opt/rustwide/workdir)
[INFO] [stderr]     Finished `release` profile [optimized] target(s) in 1m 57s
[INFO] running `Command { std: "docker" "inspect" "f9e91dc77835fccf44513a625cad8397b7184e76d44ee53806070c5c7e19c148", kill_on_drop: false }`
[INFO] running `Command { std: "docker" "exec" "-e" "SOURCE_DIR=/opt/rustwide/workdir" "-e" "CARGO_HOME=/opt/rustwide/cargo-home" "-e" "RUSTUP_HOME=/opt/rustwide/rustup-home" "-e" "CARGO_TARGET_DIR=/opt/rustwide/target" "-e" "CARGO_INCREMENTAL=0" "-e" "RUST_BACKTRACE=full" "-e" "RUSTFLAGS=--cap-lints=warn" "-e" "RUSTDOCFLAGS=--cap-lints=warn" "-w" "/opt/rustwide/workdir" "--user" "0:0" "f9e91dc77835fccf44513a625cad8397b7184e76d44ee53806070c5c7e19c148" "/opt/rustwide/cargo-home/bin/cargo" "+1.100.0-beta.1" "test" "--frozen" "--no-run" "--message-format=json" "--release", kill_on_drop: false }`
[INFO] [stderr]    Compiling gantry-core v0.5.2 (/opt/rustwide/workdir)
[INFO] [stderr]     Finished `release` profile [optimized] target(s) in 29.54s
[INFO] running `Command { std: "docker" "inspect" "f9e91dc77835fccf44513a625cad8397b7184e76d44ee53806070c5c7e19c148", kill_on_drop: false }`
[INFO] running `Command { std: "docker" "exec" "-e" "SOURCE_DIR=/opt/rustwide/workdir" "-e" "CARGO_HOME=/opt/rustwide/cargo-home" "-e" "RUSTUP_HOME=/opt/rustwide/rustup-home" "-e" "CARGO_TARGET_DIR=/opt/rustwide/target" "-e" "CARGO_INCREMENTAL=0" "-e" "RUST_BACKTRACE=full" "-e" "RUSTFLAGS=--cap-lints=warn" "-e" "RUSTDOCFLAGS=--cap-lints=warn" "-w" "/opt/rustwide/workdir" "--user" "0:0" "f9e91dc77835fccf44513a625cad8397b7184e76d44ee53806070c5c7e19c148" "/opt/rustwide/cargo-home/bin/cargo" "+1.100.0-beta.1" "test" "--frozen" "--release", kill_on_drop: false }`
[INFO] [stderr]     Finished `release` profile [optimized] target(s) in 0.15s
[INFO] [stderr]      Running unittests src/lib.rs (/opt/rustwide/target/release/build/gantry-core/86cbecdb49f51308/out/gantry_core-86cbecdb49f51308)
[INFO] [stdout] 
[INFO] [stdout] running 76 tests
[INFO] [stdout] test mobile::tests::bounded_reader_rejects_oversized_inputs ... ok
[INFO] [stdout] test mobile::tests::corrupt_archives_return_errors_without_panicking ... ok
[INFO] [stdout] test mobile::tests::cancelled_audit_stops_before_publishing_a_report ... ok
[INFO] [stdout] test mobile::tests::policy_validation_rejects_unsafe_or_ambiguous_values ... ok
[INFO] [stdout] test mobile::tests::unreadable_source_directory_is_reported_as_incomplete_coverage ... ok
[INFO] [stdout] test release::tests::approved_at_risk_candidate_remains_in_the_review_queue ... ok
[INFO] [stdout] test mobile::tests::placeholder_comments_and_reasoned_scoped_ignores_do_not_block ... ok
[INFO] [stdout] test mobile::tests::detects_first_party_flutter_targets ... ok
[INFO] [stdout] test mobile::tests::verifies_a_genuinely_signed_jar_artifact_when_jdk_tools_are_available ... ok
[INFO] [stdout] test mobile::tests::inspects_ipa_identity_hash_and_signature_material ... ok
[INFO] [stdout] test release::tests::mixed_platform_decisions_keep_rejection_until_every_candidate_is_approved ... ok
[INFO] [stdout] test mobile::tests::inspects_plain_xml_apk_manifest ... ok
[INFO] [stdout] test mobile::tests::outdated_android_target_is_no_go ... ok
[INFO] [stdout] test mobile::tests::invalid_evidence_timestamp_is_reported_and_cannot_match ... ok
[INFO] [stdout] test mobile::tests::report_fingerprint_excludes_generation_time ... ok
[INFO] [stdout] test mobile::tests::duplicate_rules_have_distinct_finding_instances ... ok
[INFO] [stdout] test release::tests::detects_modified_event_history ... ok
[INFO] [stdout] test release::tests::creates_and_loads_release_with_verified_event ... ok
[INFO] [stdout] test release::tests::incomplete_transaction_does_not_publish_partial_state ... ok
[INFO] [stdout] test release::tests::transaction_targets_cannot_escape_the_vault ... ok
[INFO] [stdout] test tests::test_cli_clean_vault_returns_go ... ok
[INFO] [stdout] test tests::test_cli_malformed_config_returns_error ... ok
[INFO] [stdout] test tests::test_cli_p0_blocker_returns_nogo ... ok
[INFO] [stdout] test tests::test_compile_trends_empty_snapshots_dir ... ok
[INFO] [stdout] test tests::test_compute_impact_summary ... ok
[INFO] [stdout] test tests::test_compute_impact_summary_gantry_dir_excluded ... ok
[INFO] [stdout] test tests::test_compute_impact_summary_uncovered_changes ... ok
[INFO] [stdout] test tests::test_compile_trends_multiple_snapshots ... ok
[INFO] [stdout] test tests::test_expired_waivers_evaluation ... ok
[INFO] [stdout] test tests::test_find_wiki_links ... ok
[INFO] [stdout] test tests::test_generate_markdown_report_no_emojis ... ok
[INFO] [stdout] test tests::test_git_commit_date_preserves_recorded_timezone ... ok
[INFO] [stdout] test release::tests::rejects_duplicate_release_version ... ok
[INFO] [stdout] test release::tests::read_only_transaction_directory_returns_an_actionable_error ... ok
[INFO] [stdout] test tests::test_parse_flutter_jsonl_failures ... ok
[INFO] [stdout] test tests::test_parse_frontmatter_empty ... ok
[INFO] [stdout] test tests::test_parse_frontmatter_valid ... ok
[INFO] [stdout] test tests::test_parse_gates_and_signoffs ... ok
[INFO] [stdout] test tests::test_parse_jest_json_failures ... ok
[INFO] [stdout] test tests::test_parse_junit_xml_failures ... ok
[INFO] [stdout] test release::tests::vault_migration_is_a_verified_no_op_for_current_records ... ok
[INFO] [stdout] test tests::test_parse_playwright_json_failures ... ok
[INFO] [stdout] test tests::test_readiness_score_no_go_capping ... ok
[INFO] [stdout] test mobile::tests::exports_json_markdown_and_html ... ok
[INFO] [stdout] test tests::test_safe_resolve_project_path_guards ... ok
[INFO] [stdout] test tests::test_safe_resolve_vault_path_guards ... ok
[INFO] [stdout] test release::tests::interrupted_transaction_is_detected_and_rolled_forward ... ok
[INFO] [stdout] test tests::test_slack_digest_event_filtering ... ok
[INFO] [stdout] test tests::test_slack_digest_payload_generation ... ok
[INFO] [stdout] test tests::test_readiness_score_calculation ... ok
[INFO] [stdout] test tests::test_snapshot_diffing ... ok
[INFO] [stdout] test tests::test_task_metadata_comment_parsing ... ok
[INFO] [stdout] test tests::test_telemetry_crash_free_rate_normalization ... ok
[INFO] [stdout] test tests::test_environment_qa_thresholds ... ok
[INFO] [stdout] test tests::test_legacy_config_fallback ... ok
[INFO] [stdout] test tests::test_telemetry_missing_metric_required_severity ... ok
[INFO] [stdout] test tests::test_telemetry_rules_evaluation ... ok
[INFO] [stdout] test tests::test_load_snapshot_by_commit_prefix_matching ... ok
[INFO] [stdout] test tests::test_vault_resolvers ... ok
[INFO] [stdout] test tests::test_unknown_explicit_env ... ok
[INFO] [stdout] test release::tests::binds_candidate_by_artifact_hash_and_platform ... ok
[INFO] [stdout] test tests::test_waiver_matching_and_suppression ... ok
[INFO] [stdout] test release::tests::published_schemas_accept_release_candidate_and_events ... FAILED
[INFO] [stdout] test tests::test_shared_facts_snapshot ... ok
[INFO] [stdout] test tests::test_telemetry_gating_under_threshold ... ok
[INFO] [stdout] test tests::test_staging_missing_telemetry_at_risk ... ok
[INFO] [stdout] test mobile::tests::derived_audit_cache_is_identity_bound_and_bypasses_dirty_source ... ok
[INFO] [stdout] test release::tests::schedules_release_and_projects_verified_urgency ... FAILED
[INFO] [stdout] test mobile::tests::derived_audit_cache_normalizes_monorepo_workspace_paths ... ok
[INFO] [stdout] test release::tests::stale_event_head_cannot_overwrite_a_newer_release ... ok
[INFO] [stdout] test tests::test_telemetry_missing_and_stale ... ok
[INFO] [stdout] test tests::test_require_signoffs_bypass ... ok
[INFO] [stdout] test tests::test_waiver_evidence_scorecard_survive_indexing ... ok
[INFO] [stdout] test release::tests::persists_candidate_audit_and_invalidates_it_for_a_new_candidate ... FAILED
[INFO] [stdout] test release::tests::portfolio_projects_verified_release_work_into_review_queues ... FAILED
[INFO] [stdout] test mobile::tests::representative_artifact_inspection_meets_local_budget ... ok
[INFO] [stdout] 
[INFO] [stdout] failures:
[INFO] [stdout] 
[INFO] [stdout] ---- release::tests::published_schemas_accept_release_candidate_and_events stdout ----
[INFO] [stdout] 
[INFO] [stdout] thread 'release::tests::published_schemas_accept_release_candidate_and_events' (1565) panicked at src/release.rs:5577:41:
[INFO] [stdout] failed to read /opt/rustwide/workdir/../../schemas/mobile-release.schema.json: No such file or directory (os error 2)
[INFO] [stdout] stack backtrace:
[INFO] [stdout]    0:     0x5fed77bc0831 - <<std[617be2ca0a6fd877]::sys::backtrace::BacktraceLock>::print::DisplayBacktrace as core[a373ad73a504971]::fmt::Display>::fmt
[INFO] [stdout]    1:     0x5fed77bda7da - core[a373ad73a504971]::fmt::write
[INFO] [stdout]    2:     0x5fed77bc582c - <alloc[2e1b2a31b91974c5]::vec::Vec<u8> as core[a373ad73a504971]::io::write::Write>::write_fmt
[INFO] [stdout]    3:     0x5fed77b97e76 - std[617be2ca0a6fd877]::panicking::default_hook::{closure#0}
[INFO] [stdout]    4:     0x5fed77bb6bb9 - std[617be2ca0a6fd877]::panicking::default_hook
[INFO] [stdout]    5:     0x5fed77850800 - test[aada8e7e76ba119b]::test_main_inner::{closure#0}
[INFO] [stdout]    6:     0x5fed77bb6ee2 - std[617be2ca0a6fd877]::panicking::panic_with_hook
[INFO] [stdout]    7:     0x5fed77b97f22 - std[617be2ca0a6fd877]::panicking::panic_handler::{closure#0}
[INFO] [stdout]    8:     0x5fed77b90719 - std[617be2ca0a6fd877]::sys::backtrace::__rust_end_short_backtrace::<std[617be2ca0a6fd877]::panicking::panic_handler::{closure#0}, !>
[INFO] [stdout]    9:     0x5fed77b98ecd - __rustc[ea4f61d10b84890b]::rust_begin_unwind
[INFO] [stdout]   10:     0x5fed77bdafbc - core[a373ad73a504971]::panicking::panic_fmt
[INFO] [stdout]   11:     0x5fed777e7e79 - gantry_core[f5ff9930db0025bb]::release::tests::assert_schema_accepts::{closure#0}
[INFO] [stdout]   12:     0x5fed777e8c5a - gantry_core[f5ff9930db0025bb]::release::tests::assert_schema_accepts
[INFO] [stdout]   13:     0x5fed777fd321 - <gantry_core[f5ff9930db0025bb]::release::tests::published_schemas_accept_release_candidate_and_events::{closure#0} as core[a373ad73a504971]::ops::function::FnOnce<()>>::call_once
[INFO] [stdout]   14:     0x5fed77843c4b - test[aada8e7e76ba119b]::__rust_begin_short_backtrace::<core[a373ad73a504971]::result::Result<(), alloc[2e1b2a31b91974c5]::string::String>, fn() -> core[a373ad73a504971]::result::Result<(), alloc[2e1b2a31b91974c5]::string::String>>
[INFO] [stdout]   15:     0x5fed77850e25 - test[aada8e7e76ba119b]::run_test::{closure#0}
[INFO] [stdout]   16:     0x5fed7784a714 - std[617be2ca0a6fd877]::sys::backtrace::__rust_begin_short_backtrace::<test[aada8e7e76ba119b]::run_test::{closure#1}, ()>
[INFO] [stdout]   17:     0x5fed77853eb2 - <std[617be2ca0a6fd877]::thread::lifecycle::spawn_unchecked<test[aada8e7e76ba119b]::run_test::{closure#1}, ()>::{closure#1} as core[a373ad73a504971]::ops::function::FnOnce<()>>::call_once::{shim:vtable#0}
[INFO] [stdout]   18:     0x5fed77bbf48f - <std[617be2ca0a6fd877]::sys::thread::unix::Thread>::new::thread_start
[INFO] [stdout]   19:     0x753d6fa41dfa - <unknown>
[INFO] [stdout]   20:     0x753d6fad53d4 - clone
[INFO] [stdout]   21:                0x0 - <unknown>
[INFO] [stdout] 
[INFO] [stdout] ---- release::tests::schedules_release_and_projects_verified_urgency stdout ----
[INFO] [stdout] 
[INFO] [stdout] thread 'release::tests::schedules_release_and_projects_verified_urgency' (1578) panicked at src/release.rs:5577:41:
[INFO] [stdout] failed to read /opt/rustwide/workdir/../../schemas/mobile-release.schema.json: No such file or directory (os error 2)
[INFO] [stdout] stack backtrace:
[INFO] [stdout]    0:     0x5fed77bc0831 - <<std[617be2ca0a6fd877]::sys::backtrace::BacktraceLock>::print::DisplayBacktrace as core[a373ad73a504971]::fmt::Display>::fmt
[INFO] [stdout]    1:     0x5fed77bda7da - core[a373ad73a504971]::fmt::write
[INFO] [stdout]    2:     0x5fed77bc582c - <alloc[2e1b2a31b91974c5]::vec::Vec<u8> as core[a373ad73a504971]::io::write::Write>::write_fmt
[INFO] [stdout]    3:     0x5fed77b97e76 - std[617be2ca0a6fd877]::panicking::default_hook::{closure#0}
[INFO] [stdout]    4:     0x5fed77bb6bb9 - std[617be2ca0a6fd877]::panicking::default_hook
[INFO] [stdout]    5:     0x5fed77850800 - test[aada8e7e76ba119b]::test_main_inner::{closure#0}
[INFO] [stdout]    6:     0x5fed77bb6ee2 - std[617be2ca0a6fd877]::panicking::panic_with_hook
[INFO] [stdout]    7:     0x5fed77b97f22 - std[617be2ca0a6fd877]::panicking::panic_handler::{closure#0}
[INFO] [stdout]    8:     0x5fed77b90719 - std[617be2ca0a6fd877]::sys::backtrace::__rust_end_short_backtrace::<std[617be2ca0a6fd877]::panicking::panic_handler::{closure#0}, !>
[INFO] [stdout]    9:     0x5fed77b98ecd - __rustc[ea4f61d10b84890b]::rust_begin_unwind
[INFO] [stdout]   10:     0x5fed77bdafbc - core[a373ad73a504971]::panicking::panic_fmt
[INFO] [stdout]   11:     0x5fed777e7e79 - gantry_core[f5ff9930db0025bb]::release::tests::assert_schema_accepts::{closure#0}
[INFO] [stdout]   12:     0x5fed777e8c5a - gantry_core[f5ff9930db0025bb]::release::tests::assert_schema_accepts
[INFO] [stdout]   13:     0x5fed777fa832 - <gantry_core[f5ff9930db0025bb]::release::tests::schedules_release_and_projects_verified_urgency::{closure#0} as core[a373ad73a504971]::ops::function::FnOnce<()>>::call_once
[INFO] [stdout]   14:     0x5fed77843c4b - test[aada8e7e76ba119b]::__rust_begin_short_backtrace::<core[a373ad73a504971]::result::Result<(), alloc[2e1b2a31b91974c5]::string::String>, fn() -> core[a373ad73a504971]::result::Result<(), alloc[2e1b2a31b91974c5]::string::String>>
[INFO] [stdout]   15:     0x5fed77850e25 - test[aada8e7e76ba119b]::run_test::{closure#0}
[INFO] [stdout]   16:     0x5fed7784a714 - std[617be2ca0a6fd877]::sys::backtrace::__rust_begin_short_backtrace::<test[aada8e7e76ba119b]::run_test::{closure#1}, ()>
[INFO] [stdout]   17:     0x5fed77853eb2 - <std[617be2ca0a6fd877]::thread::lifecycle::spawn_unchecked<test[aada8e7e76ba119b]::run_test::{closure#1}, ()>::{closure#1} as core[a373ad73a504971]::ops::function::FnOnce<()>>::call_once::{shim:vtable#0}
[INFO] [stdout]   18:     0x5fed77bbf48f - <std[617be2ca0a6fd877]::sys::thread::unix::Thread>::new::thread_start
[INFO] [stdout]   19:     0x753d6fa41dfa - <unknown>
[INFO] [stdout]   20:     0x753d6fad53d4 - clone
[INFO] [stdout]   21:                0x0 - <unknown>
[INFO] [stdout] 
[INFO] [stdout] ---- release::tests::persists_candidate_audit_and_invalidates_it_for_a_new_candidate stdout ----
[INFO] [stdout] 
[INFO] [stdout] thread 'release::tests::persists_candidate_audit_and_invalidates_it_for_a_new_candidate' (1563) panicked at src/release.rs:5577:41:
[INFO] [stdout] failed to read /opt/rustwide/workdir/../../schemas/release-audit.schema.json: No such file or directory (os error 2)
[INFO] [stdout] stack backtrace:
[INFO] [stdout]    0:     0x5fed77bc0831 - <<std[617be2ca0a6fd877]::sys::backtrace::BacktraceLock>::print::DisplayBacktrace as core[a373ad73a504971]::fmt::Display>::fmt
[INFO] [stdout]    1:     0x5fed77bda7da - core[a373ad73a504971]::fmt::write
[INFO] [stdout]    2:     0x5fed77bc582c - <alloc[2e1b2a31b91974c5]::vec::Vec<u8> as core[a373ad73a504971]::io::write::Write>::write_fmt
[INFO] [stdout]    3:     0x5fed77b97e76 - std[617be2ca0a6fd877]::panicking::default_hook::{closure#0}
[INFO] [stdout]    4:     0x5fed77bb6bb9 - std[617be2ca0a6fd877]::panicking::default_hook
[INFO] [stdout]    5:     0x5fed77850800 - test[aada8e7e76ba119b]::test_main_inner::{closure#0}
[INFO] [stdout]    6:     0x5fed77bb6ee2 - std[617be2ca0a6fd877]::panicking::panic_with_hook
[INFO] [stdout]    7:     0x5fed77b97f22 - std[617be2ca0a6fd877]::panicking::panic_handler::{closure#0}
[INFO] [stdout]    8:     0x5fed77b90719 - std[617be2ca0a6fd877]::sys::backtrace::__rust_end_short_backtrace::<std[617be2ca0a6fd877]::panicking::panic_handler::{closure#0}, !>
[INFO] [stdout]    9:     0x5fed77b98ecd - __rustc[ea4f61d10b84890b]::rust_begin_unwind
[INFO] [stdout]   10:     0x5fed77bdafbc - core[a373ad73a504971]::panicking::panic_fmt
[INFO] [stdout]   11:     0x5fed777e7e79 - gantry_core[f5ff9930db0025bb]::release::tests::assert_schema_accepts::{closure#0}
[INFO] [stdout]   12:     0x5fed777e8c5a - gantry_core[f5ff9930db0025bb]::release::tests::assert_schema_accepts
[INFO] [stdout]   13:     0x5fed777ea39f - gantry_core[f5ff9930db0025bb]::release::tests::persists_candidate_audit_and_invalidates_it_for_a_new_candidate
[INFO] [stdout]   14:     0x5fed77805029 - <gantry_core[f5ff9930db0025bb]::release::tests::persists_candidate_audit_and_invalidates_it_for_a_new_candidate::{closure#0} as core[a373ad73a504971]::ops::function::FnOnce<()>>::call_once
[INFO] [stdout]   15:     0x5fed77843c4b - test[aada8e7e76ba119b]::__rust_begin_short_backtrace::<core[a373ad73a504971]::result::Result<(), alloc[2e1b2a31b91974c5]::string::String>, fn() -> core[a373ad73a504971]::result::Result<(), alloc[2e1b2a31b91974c5]::string::String>>
[INFO] [stdout]   16:     0x5fed77850e25 - test[aada8e7e76ba119b]::run_test::{closure#0}
[INFO] [stdout]   17:     0x5fed7784a714 - std[617be2ca0a6fd877]::sys::backtrace::__rust_begin_short_backtrace::<test[aada8e7e76ba119b]::run_test::{closure#1}, ()>
[INFO] [stdout]   18:     0x5fed77853eb2 - <std[617be2ca0a6fd877]::thread::lifecycle::spawn_unchecked<test[aada8e7e76ba119b]::run_test::{closure#1}, ()>::{closure#1} as core[a373ad73a504971]::ops::function::FnOnce<()>>::call_once::{shim:vtable#0}
[INFO] [stdout]   19:     0x5fed77bbf48f - <std[617be2ca0a6fd877]::sys::thread::unix::Thread>::new::thread_start
[INFO] [stdout]   20:     0x753d6fa41dfa - <unknown>
[INFO] [stdout]   21:     0x753d6fad53d4 - clone
[INFO] [stdout]   22:                0x0 - <unknown>
[INFO] [stdout] 
[INFO] [stdout] ---- release::tests::portfolio_projects_verified_release_work_into_review_queues stdout ----
[INFO] [stdout] 
[INFO] [stdout] thread 'release::tests::portfolio_projects_verified_release_work_into_review_queues' (1564) panicked at src/release.rs:4559:9:
[INFO] [stdout] assertion failed: portfolio.releases[0].counts.blockers > 0
[INFO] [stdout] stack backtrace:
[INFO] [stdout]    0:     0x5fed77bc0831 - <<std[617be2ca0a6fd877]::sys::backtrace::BacktraceLock>::print::DisplayBacktrace as core[a373ad73a504971]::fmt::Display>::fmt
[INFO] [stdout]    1:     0x5fed77bda7da - core[a373ad73a504971]::fmt::write
[INFO] [stdout]    2:     0x5fed77bc582c - <alloc[2e1b2a31b91974c5]::vec::Vec<u8> as core[a373ad73a504971]::io::write::Write>::write_fmt
[INFO] [stdout]    3:     0x5fed77b97e76 - std[617be2ca0a6fd877]::panicking::default_hook::{closure#0}
[INFO] [stdout]    4:     0x5fed77bb6bb9 - std[617be2ca0a6fd877]::panicking::default_hook
[INFO] [stdout]    5:     0x5fed77850800 - test[aada8e7e76ba119b]::test_main_inner::{closure#0}
[INFO] [stdout]    6:     0x5fed77bb6ee2 - std[617be2ca0a6fd877]::panicking::panic_with_hook
[INFO] [stdout]    7:     0x5fed77b97f54 - std[617be2ca0a6fd877]::panicking::panic_handler::{closure#0}
[INFO] [stdout]    8:     0x5fed77b90719 - std[617be2ca0a6fd877]::sys::backtrace::__rust_end_short_backtrace::<std[617be2ca0a6fd877]::panicking::panic_handler::{closure#0}, !>
[INFO] [stdout]    9:     0x5fed77b98ecd - __rustc[ea4f61d10b84890b]::rust_begin_unwind
[INFO] [stdout]   10:     0x5fed77bdafbc - core[a373ad73a504971]::panicking::panic_fmt
[INFO] [stdout]   11:     0x5fed77bdaf82 - core[a373ad73a504971]::panicking::panic
[INFO] [stdout]   12:     0x5fed778035ad - <gantry_core[f5ff9930db0025bb]::release::tests::portfolio_projects_verified_release_work_into_review_queues::{closure#0} as core[a373ad73a504971]::ops::function::FnOnce<()>>::call_once
[INFO] [stdout]   13:     0x5fed77843c4b - test[aada8e7e76ba119b]::__rust_begin_short_backtrace::<core[a373ad73a504971]::result::Result<(), alloc[2e1b2a31b91974c5]::string::String>, fn() -> core[a373ad73a504971]::result::Result<(), alloc[2e1b2a31b91974c5]::string::String>>
[INFO] [stdout]   14:     0x5fed77850e25 - test[aada8e7e76ba119b]::run_test::{closure#0}
[INFO] [stdout]   15:     0x5fed7784a714 - std[617be2ca0a6fd877]::sys::backtrace::__rust_begin_short_backtrace::<test[aada8e7e76ba119b]::run_test::{closure#1}, ()>
[INFO] [stdout]   16:     0x5fed77853eb2 - <std[617be2ca0a6fd877]::thread::lifecycle::spawn_unchecked<test[aada8e7e76ba119b]::run_test::{closure#1}, ()>::{closure#1} as core[a373ad73a504971]::ops::function::FnOnce<()>>::call_once::{shim:vtable#0}
[INFO] [stdout]   17:     0x5fed77bbf48f - <std[617be2ca0a6fd877]::sys::thread::unix::Thread>::new::thread_start
[INFO] [stdout]   18:     0x753d6fa41dfa - <unknown>
[INFO] [stdout]   19:     0x753d6fad53d4 - clone
[INFO] [stdout]   20:                0x0 - <unknown>
[INFO] [stdout] 
[INFO] [stdout] 
[INFO] [stdout] failures:
[INFO] [stdout]     release::tests::persists_candidate_audit_and_invalidates_it_for_a_new_candidate
[INFO] [stdout]     release::tests::portfolio_projects_verified_release_work_into_review_queues
[INFO] [stdout]     release::tests::published_schemas_accept_release_candidate_and_events
[INFO] [stdout]     release::tests::schedules_release_and_projects_verified_urgency
[INFO] [stdout] 
[INFO] [stdout] test result: FAILED. 72 passed; 4 failed; 0 ignored; 0 measured; 0 filtered out; finished in 0.78s
[INFO] [stdout] 
[INFO] [stderr] error: test failed, to rerun pass `--lib`
[INFO] running `Command { std: "docker" "inspect" "f9e91dc77835fccf44513a625cad8397b7184e76d44ee53806070c5c7e19c148", kill_on_drop: false }`
[INFO] running `Command { std: "docker" "rm" "-f" "f9e91dc77835fccf44513a625cad8397b7184e76d44ee53806070c5c7e19c148", kill_on_drop: false }`
[INFO] [stdout] f9e91dc77835fccf44513a625cad8397b7184e76d44ee53806070c5c7e19c148
