[INFO] fetching crate gaia_access 0.2.0...
[INFO] testing gaia_access-0.2.0 against 1.99.0-beta.8+cargoflags=--release for beta-release-1.100-2
[INFO] extracting crate gaia_access 0.2.0 into /workspace/builds/worker-6-tc1/source
[INFO] started tweaking crates.io crate gaia_access 0.2.0
[INFO] finished tweaking crates.io crate gaia_access 0.2.0
[INFO] tweaked toml for crates.io crate gaia_access 0.2.0 written to /workspace/builds/worker-6-tc1/source/Cargo.toml
[INFO] validating manifest of crates.io crate gaia_access 0.2.0 on toolchain 1.99.0-beta.8
[INFO] running `Command { std: CARGO_HOME="/workspace/cargo-home" RUSTUP_HOME="/workspace/rustup-home" "/workspace/cargo-home/bin/cargo" "+1.99.0-beta.8" "metadata" "--manifest-path" "Cargo.toml" "--no-deps", kill_on_drop: false }`
[INFO] crate crates.io crate gaia_access 0.2.0 already has a lockfile, it will not be regenerated
[INFO] running `Command { std: CARGO_HOME="/workspace/cargo-home" RUSTUP_HOME="/workspace/rustup-home" "/workspace/cargo-home/bin/cargo" "+1.99.0-beta.8" "fetch" "--manifest-path" "Cargo.toml", kill_on_drop: false }`
[INFO] [stderr]     Blocking waiting for file lock on package cache
[INFO] [stderr]     Updating crates.io index
[INFO] [stderr]  Downloading crates ...
[INFO] [stderr]   Downloaded rustls-pki-types v1.13.3
[INFO] [stderr]   Downloaded zmij v1.0.14
[INFO] [stderr]   Downloaded xmltree v0.12.0
[INFO] [stderr]   Downloaded ureq v3.1.4
[INFO] [stderr]   Downloaded xml v1.2.1
[INFO] running `Command { std: "docker" "create" "-v" "/var/lib/crater-agent-workspace/builds/worker-6-tc1/source:/opt/rustwide/workdir:ro,Z" "-v" "/var/lib/crater-agent-workspace/builds/worker-6-tc1/target:/opt/rustwide/target:rw,Z" "-v" "/var/lib/crater-agent-workspace/cargo-home:/opt/rustwide/cargo-home:ro,Z" "-v" "/var/lib/crater-agent-workspace/rustup-home:/opt/rustwide/rustup-home:ro,Z" "-m" "1610612736" "--network" "none" "ghcr.io/rust-lang/crates-build-env/linux@sha256:77db811e55d90add9212f6832c23229e3de5f1c1f9905e8cb07319ea15df73ac" "sleep" "infinity", kill_on_drop: false }`
[INFO] [stdout] 1030a7b76deca95a8ea2cc5f4037a5067049274b4cba66171c7287c0cac0fde0
[INFO] running `Command { std: "docker" "start" "1030a7b76deca95a8ea2cc5f4037a5067049274b4cba66171c7287c0cac0fde0", kill_on_drop: false }`
[INFO] running `Command { std: "docker" "inspect" "1030a7b76deca95a8ea2cc5f4037a5067049274b4cba66171c7287c0cac0fde0", kill_on_drop: false }`
[INFO] running `Command { std: "docker" "exec" "-e" "SOURCE_DIR=/opt/rustwide/workdir" "-e" "CARGO_HOME=/opt/rustwide/cargo-home" "-e" "RUSTUP_HOME=/opt/rustwide/rustup-home" "-e" "CARGO_TARGET_DIR=/opt/rustwide/target" "-w" "/opt/rustwide/workdir" "--user" "0:0" "1030a7b76deca95a8ea2cc5f4037a5067049274b4cba66171c7287c0cac0fde0" "/opt/rustwide/cargo-home/bin/cargo" "+1.99.0-beta.8" "metadata" "--no-deps" "--format-version=1", kill_on_drop: false }`
[INFO] running `Command { std: "docker" "inspect" "1030a7b76deca95a8ea2cc5f4037a5067049274b4cba66171c7287c0cac0fde0", kill_on_drop: false }`
[INFO] running `Command { std: "docker" "exec" "-e" "SOURCE_DIR=/opt/rustwide/workdir" "-e" "CARGO_HOME=/opt/rustwide/cargo-home" "-e" "RUSTUP_HOME=/opt/rustwide/rustup-home" "-e" "CARGO_TARGET_DIR=/opt/rustwide/target" "-e" "CARGO_INCREMENTAL=0" "-e" "RUST_BACKTRACE=full" "-e" "RUSTFLAGS=--cap-lints=warn" "-e" "RUSTDOCFLAGS=--cap-lints=warn" "-w" "/opt/rustwide/workdir" "--user" "0:0" "1030a7b76deca95a8ea2cc5f4037a5067049274b4cba66171c7287c0cac0fde0" "/opt/rustwide/cargo-home/bin/cargo" "+1.99.0-beta.8" "build" "--frozen" "--message-format=json" "--release", kill_on_drop: false }`
[INFO] [stderr]    Compiling proc-macro2 v1.0.105
[INFO] [stderr]    Compiling find-msvc-tools v0.1.7
[INFO] [stderr]    Compiling quote v1.0.43
[INFO] [stderr]    Compiling libc v0.2.180
[INFO] [stderr]    Compiling unicode-ident v1.0.22
[INFO] [stderr]    Compiling zeroize v1.8.2
[INFO] [stderr]    Compiling itoa v1.0.17
[INFO] [stderr]    Compiling httparse v1.10.1
[INFO] [stderr]    Compiling rustls v0.23.36
[INFO] [stderr]    Compiling cc v1.2.52
[INFO] [stderr]    Compiling rustls-pki-types v1.13.3
[INFO] [stderr]    Compiling bytes v1.11.0
[INFO] [stderr]    Compiling simd-adler32 v0.3.8
[INFO] [stderr]    Compiling zmij v1.0.14
[INFO] [stderr]    Compiling miniz_oxide v0.8.9
[INFO] [stderr]    Compiling once_cell v1.21.3
[INFO] [stderr]    Compiling syn v2.0.114
[INFO] [stderr]    Compiling http v1.4.0
[INFO] [stderr]    Compiling serde v1.0.228
[INFO] [stderr]    Compiling serde_json v1.0.149
[INFO] [stderr]    Compiling flate2 v1.1.8
[INFO] [stderr]    Compiling webpki-roots v1.0.5
[INFO] [stderr]    Compiling memchr v2.7.6
[INFO] [stderr]    Compiling getrandom v0.2.17
[INFO] [stderr]    Compiling utf-8 v0.7.6
[INFO] [stderr]    Compiling ring v0.17.14
[INFO] [stderr]    Compiling ureq-proto v0.5.3
[INFO] [stderr]    Compiling strum_macros v0.27.2
[INFO] [stderr]    Compiling serde_derive v1.0.228
[INFO] [stderr]    Compiling strum v0.27.2
[INFO] [stderr]    Compiling rustls-webpki v0.103.8
[INFO] [stderr]    Compiling ureq v3.1.4
[INFO] [stderr]    Compiling gaia_access v0.2.0 (/opt/rustwide/workdir)
[INFO] [stderr]     Finished `release` profile [optimized] target(s) in 1m 21s
[INFO] running `Command { std: "docker" "inspect" "1030a7b76deca95a8ea2cc5f4037a5067049274b4cba66171c7287c0cac0fde0", kill_on_drop: false }`
[INFO] running `Command { std: "docker" "exec" "-e" "SOURCE_DIR=/opt/rustwide/workdir" "-e" "CARGO_HOME=/opt/rustwide/cargo-home" "-e" "RUSTUP_HOME=/opt/rustwide/rustup-home" "-e" "CARGO_TARGET_DIR=/opt/rustwide/target" "-e" "CARGO_INCREMENTAL=0" "-e" "RUST_BACKTRACE=full" "-e" "RUSTFLAGS=--cap-lints=warn" "-e" "RUSTDOCFLAGS=--cap-lints=warn" "-w" "/opt/rustwide/workdir" "--user" "0:0" "1030a7b76deca95a8ea2cc5f4037a5067049274b4cba66171c7287c0cac0fde0" "/opt/rustwide/cargo-home/bin/cargo" "+1.99.0-beta.8" "test" "--frozen" "--no-run" "--message-format=json" "--release", kill_on_drop: false }`
[INFO] [stderr]    Compiling xml v1.2.1
[INFO] [stderr]    Compiling xmltree v0.12.0
[INFO] [stderr]    Compiling gaia_access v0.2.0 (/opt/rustwide/workdir)
[INFO] [stderr]     Finished `release` profile [optimized] target(s) in 32.77s
[INFO] running `Command { std: "docker" "inspect" "1030a7b76deca95a8ea2cc5f4037a5067049274b4cba66171c7287c0cac0fde0", kill_on_drop: false }`
[INFO] running `Command { std: "docker" "exec" "-e" "SOURCE_DIR=/opt/rustwide/workdir" "-e" "CARGO_HOME=/opt/rustwide/cargo-home" "-e" "RUSTUP_HOME=/opt/rustwide/rustup-home" "-e" "CARGO_TARGET_DIR=/opt/rustwide/target" "-e" "CARGO_INCREMENTAL=0" "-e" "RUST_BACKTRACE=full" "-e" "RUSTFLAGS=--cap-lints=warn" "-e" "RUSTDOCFLAGS=--cap-lints=warn" "-w" "/opt/rustwide/workdir" "--user" "0:0" "1030a7b76deca95a8ea2cc5f4037a5067049274b4cba66171c7287c0cac0fde0" "/opt/rustwide/cargo-home/bin/cargo" "+1.99.0-beta.8" "test" "--frozen" "--release", kill_on_drop: false }`
[INFO] [stderr]     Finished `release` profile [optimized] target(s) in 0.12s
[INFO] [stderr]      Running unittests src/lib.rs (/opt/rustwide/target/release/deps/gaia_access-74e61a6b45d3a9a7)
[INFO] [stdout] 
[INFO] [stdout] running 7 tests
[INFO] [stdout] test test_completeness::tests::all_rust_data_is_in_xml ... ignored
[INFO] [stdout] test test_completeness::tests::all_xml_data_is_in_rust ... ignored
[INFO] [stdout] test condition::tests::request_between_condition ... FAILED
[INFO] [stdout] test condition::tests::request_less_than_or_equal_condition ... FAILED
[INFO] [stdout] test condition::tests::request_greater_than_condition ... FAILED
[INFO] [stdout] test condition::tests::request_greater_than_or_equal_condition ... FAILED
[INFO] [stdout] test condition::tests::request_less_than_condition ... FAILED
[INFO] [stdout] 
[INFO] [stdout] failures:
[INFO] [stdout] 
[INFO] [stdout] ---- condition::tests::request_between_condition stdout ----
[INFO] [stdout] 
[INFO] [stdout] thread 'condition::tests::request_between_condition' (1006) panicked at src/condition.rs:62:14:
[INFO] [stdout] called `Result::unwrap()` on an `Err` value: Query(Io(Custom { kind: Uncategorized, error: "failed to lookup address information: Temporary failure in name resolution" }))
[INFO] [stdout] stack backtrace:
[INFO] [stdout]    0:     0x573bcb29f051 - <<std[70759c8f55707aa4]::sys::backtrace::BacktraceLock>::print::DisplayBacktrace as core[df12db4294e9bfd3]::fmt::Display>::fmt
[INFO] [stdout]    1:     0x573bcb2b51ea - core[df12db4294e9bfd3]::fmt::write
[INFO] [stdout]    2:     0x573bcb2a38dc - <alloc[2182bb758b4b3781]::vec::Vec<u8> as core[df12db4294e9bfd3]::io::write::Write>::write_fmt
[INFO] [stdout]    3:     0x573bcb279af6 - std[70759c8f55707aa4]::panicking::default_hook::{closure#0}
[INFO] [stdout]    4:     0x573bcb297299 - std[70759c8f55707aa4]::panicking::default_hook
[INFO] [stdout]    5:     0x573bcb21e320 - test[9d35eded1c95d3be]::test_main_inner::<test[9d35eded1c95d3be]::test_main_static::{closure#0}>::{closure#0}
[INFO] [stdout]    6:     0x573bcb297452 - std[70759c8f55707aa4]::panicking::panic_with_hook
[INFO] [stdout]    7:     0x573bcb279ba2 - std[70759c8f55707aa4]::panicking::panic_handler::{closure#0}
[INFO] [stdout]    8:     0x573bcb272729 - std[70759c8f55707aa4]::sys::backtrace::__rust_end_short_backtrace::<std[70759c8f55707aa4]::panicking::panic_handler::{closure#0}, !>
[INFO] [stdout]    9:     0x573bcb27a98d - __rustc[8fa7c3cbc660c2b3]::rust_begin_unwind
[INFO] [stdout]   10:     0x573bcb2b591c - core[df12db4294e9bfd3]::panicking::panic_fmt
[INFO] [stdout]   11:     0x573bcb2b56f2 - core[df12db4294e9bfd3]::result::unwrap_failed
[INFO] [stdout]   12:     0x573bcb059c4d - <gaia_access[a79567b16b8f7d70]::condition::tests::request_between_condition::{closure#0} as core[df12db4294e9bfd3]::ops::function::FnOnce<()>>::call_once
[INFO] [stdout]   13:     0x573bcb21160b - test[9d35eded1c95d3be]::__rust_begin_short_backtrace::<core[df12db4294e9bfd3]::result::Result<(), alloc[2182bb758b4b3781]::string::String>, fn() -> core[df12db4294e9bfd3]::result::Result<(), alloc[2182bb758b4b3781]::string::String>>
[INFO] [stdout]   14:     0x573bcb21ec75 - test[9d35eded1c95d3be]::run_test::{closure#0}
[INFO] [stdout]   15:     0x573bcb218534 - std[70759c8f55707aa4]::sys::backtrace::__rust_begin_short_backtrace::<test[9d35eded1c95d3be]::run_test::{closure#1}, ()>
[INFO] [stdout]   16:     0x573bcb221dd2 - <std[70759c8f55707aa4]::thread::lifecycle::spawn_unchecked<test[9d35eded1c95d3be]::run_test::{closure#1}, ()>::{closure#1} as core[df12db4294e9bfd3]::ops::function::FnOnce<()>>::call_once::{shim:vtable#0}
[INFO] [stdout]   17:     0x573bcb29e409 - <std[70759c8f55707aa4]::sys::thread::unix::Thread>::new::thread_start
[INFO] [stdout]   18:     0x7e1aa8965dfa - <unknown>
[INFO] [stdout]   19:     0x7e1aa89f93d4 - clone
[INFO] [stdout]   20:                0x0 - <unknown>
[INFO] [stdout] 
[INFO] [stdout] ---- condition::tests::request_less_than_or_equal_condition stdout ----
[INFO] [stdout] 
[INFO] [stdout] thread 'condition::tests::request_less_than_or_equal_condition' (1010) panicked at src/condition.rs:122:14:
[INFO] [stdout] called `Result::unwrap()` on an `Err` value: Query(Io(Custom { kind: Uncategorized, error: "failed to lookup address information: Temporary failure in name resolution" }))
[INFO] [stdout] stack backtrace:
[INFO] [stdout]    0:     0x573bcb29f051 - <<std[70759c8f55707aa4]::sys::backtrace::BacktraceLock>::print::DisplayBacktrace as core[df12db4294e9bfd3]::fmt::Display>::fmt
[INFO] [stdout]    1:     0x573bcb2b51ea - core[df12db4294e9bfd3]::fmt::write
[INFO] [stdout]    2:     0x573bcb2a38dc - <alloc[2182bb758b4b3781]::vec::Vec<u8> as core[df12db4294e9bfd3]::io::write::Write>::write_fmt
[INFO] [stdout]    3:     0x573bcb279af6 - std[70759c8f55707aa4]::panicking::default_hook::{closure#0}
[INFO] [stdout]    4:     0x573bcb297299 - std[70759c8f55707aa4]::panicking::default_hook
[INFO] [stdout]    5:     0x573bcb21e320 - test[9d35eded1c95d3be]::test_main_inner::<test[9d35eded1c95d3be]::test_main_static::{closure#0}>::{closure#0}
[INFO] [stdout]    6:     0x573bcb297452 - std[70759c8f55707aa4]::panicking::panic_with_hook
[INFO] [stdout]    7:     0x573bcb279ba2 - std[70759c8f55707aa4]::panicking::panic_handler::{closure#0}
[INFO] [stdout]    8:     0x573bcb272729 - std[70759c8f55707aa4]::sys::backtrace::__rust_end_short_backtrace::<std[70759c8f55707aa4]::panicking::panic_handler::{closure#0}, !>
[INFO] [stdout]    9:     0x573bcb27a98d - __rustc[8fa7c3cbc660c2b3]::rust_begin_unwind
[INFO] [stdout]   10:     0x573bcb2b591c - core[df12db4294e9bfd3]::panicking::panic_fmt
[INFO] [stdout]   11:     0x573bcb2b56f2 - core[df12db4294e9bfd3]::result::unwrap_failed
[INFO] [stdout]   12:     0x573bcb05a9b5 - <gaia_access[a79567b16b8f7d70]::condition::tests::request_less_than_or_equal_condition::{closure#0} as core[df12db4294e9bfd3]::ops::function::FnOnce<()>>::call_once
[INFO] [stdout]   13:     0x573bcb21160b - test[9d35eded1c95d3be]::__rust_begin_short_backtrace::<core[df12db4294e9bfd3]::result::Result<(), alloc[2182bb758b4b3781]::string::String>, fn() -> core[df12db4294e9bfd3]::result::Result<(), alloc[2182bb758b4b3781]::string::String>>
[INFO] [stdout]   14:     0x573bcb21ec75 - test[9d35eded1c95d3be]::run_test::{closure#0}
[INFO] [stdout]   15:     0x573bcb218534 - std[70759c8f55707aa4]::sys::backtrace::__rust_begin_short_backtrace::<test[9d35eded1c95d3be]::run_test::{closure#1}, ()>
[INFO] [stdout]   16:     0x573bcb221dd2 - <std[70759c8f55707aa4]::thread::lifecycle::spawn_unchecked<test[9d35eded1c95d3be]::run_test::{closure#1}, ()>::{closure#1} as core[df12db4294e9bfd3]::ops::function::FnOnce<()>>::call_once::{shim:vtable#0}
[INFO] [stdout]   17:     0x573bcb29e409 - <std[70759c8f55707aa4]::sys::thread::unix::Thread>::new::thread_start
[INFO] [stdout]   18:     0x7e1aa8965dfa - <unknown>
[INFO] [stdout]   19:     0x7e1aa89f93d4 - clone
[INFO] [stdout]   20:                0x0 - <unknown>
[INFO] [stdout] 
[INFO] [stdout] ---- condition::tests::request_greater_than_condition stdout ----
[INFO] [stdout] 
[INFO] [stdout] thread 'condition::tests::request_greater_than_condition' (1007) panicked at src/condition.rs:77:14:
[INFO] [stdout] called `Result::unwrap()` on an `Err` value: Query(Io(Custom { kind: Uncategorized, error: "failed to lookup address information: Temporary failure in name resolution" }))
[INFO] [stdout] stack backtrace:
[INFO] [stdout]    0:     0x573bcb29f051 - <<std[70759c8f55707aa4]::sys::backtrace::BacktraceLock>::print::DisplayBacktrace as core[df12db4294e9bfd3]::fmt::Display>::fmt
[INFO] [stdout]    1:     0x573bcb2b51ea - core[df12db4294e9bfd3]::fmt::write
[INFO] [stdout]    2:     0x573bcb2a38dc - <alloc[2182bb758b4b3781]::vec::Vec<u8> as core[df12db4294e9bfd3]::io::write::Write>::write_fmt
[INFO] [stdout]    3:     0x573bcb279af6 - std[70759c8f55707aa4]::panicking::default_hook::{closure#0}
[INFO] [stdout]    4:     0x573bcb297299 - std[70759c8f55707aa4]::panicking::default_hook
[INFO] [stdout]    5:     0x573bcb21e320 - test[9d35eded1c95d3be]::test_main_inner::<test[9d35eded1c95d3be]::test_main_static::{closure#0}>::{closure#0}
[INFO] [stdout]    6:     0x573bcb297452 - std[70759c8f55707aa4]::panicking::panic_with_hook
[INFO] [stdout]    7:     0x573bcb279ba2 - std[70759c8f55707aa4]::panicking::panic_handler::{closure#0}
[INFO] [stdout]    8:     0x573bcb272729 - std[70759c8f55707aa4]::sys::backtrace::__rust_end_short_backtrace::<std[70759c8f55707aa4]::panicking::panic_handler::{closure#0}, !>
[INFO] [stdout]    9:     0x573bcb27a98d - __rustc[8fa7c3cbc660c2b3]::rust_begin_unwind
[INFO] [stdout]   10:     0x573bcb2b591c - core[df12db4294e9bfd3]::panicking::panic_fmt
[INFO] [stdout]   11:     0x573bcb2b56f2 - core[df12db4294e9bfd3]::result::unwrap_failed
[INFO] [stdout]   12:     0x573bcb05a535 - <gaia_access[a79567b16b8f7d70]::condition::tests::request_greater_than_condition::{closure#0} as core[df12db4294e9bfd3]::ops::function::FnOnce<()>>::call_once
[INFO] [stdout]   13:     0x573bcb21160b - test[9d35eded1c95d3be]::__rust_begin_short_backtrace::<core[df12db4294e9bfd3]::result::Result<(), alloc[2182bb758b4b3781]::string::String>, fn() -> core[df12db4294e9bfd3]::result::Result<(), alloc[2182bb758b4b3781]::string::String>>
[INFO] [stdout]   14:     0x573bcb21ec75 - test[9d35eded1c95d3be]::run_test::{closure#0}
[INFO] [stdout]   15:     0x573bcb218534 - std[70759c8f55707aa4]::sys::backtrace::__rust_begin_short_backtrace::<test[9d35eded1c95d3be]::run_test::{closure#1}, ()>
[INFO] [stdout]   16:     0x573bcb221dd2 - <std[70759c8f55707aa4]::thread::lifecycle::spawn_unchecked<test[9d35eded1c95d3be]::run_test::{closure#1}, ()>::{closure#1} as core[df12db4294e9bfd3]::ops::function::FnOnce<()>>::call_once::{shim:vtable#0}
[INFO] [stdout]   17:     0x573bcb29e409 - <std[70759c8f55707aa4]::sys::thread::unix::Thread>::new::thread_start
[INFO] [stdout]   18:     0x7e1aa8965dfa - <unknown>
[INFO] [stdout]   19:     0x7e1aa89f93d4 - clone
[INFO] [stdout]   20:                0x0 - <unknown>
[INFO] [stdout] 
[INFO] [stdout] ---- condition::tests::request_greater_than_or_equal_condition stdout ----
[INFO] [stdout] 
[INFO] [stdout] thread 'condition::tests::request_greater_than_or_equal_condition' (1008) panicked at src/condition.rs:92:14:
[INFO] [stdout] called `Result::unwrap()` on an `Err` value: Query(Io(Custom { kind: Uncategorized, error: "failed to lookup address information: Temporary failure in name resolution" }))
[INFO] [stdout] stack backtrace:
[INFO] [stdout]    0:     0x573bcb29f051 - <<std[70759c8f55707aa4]::sys::backtrace::BacktraceLock>::print::DisplayBacktrace as core[df12db4294e9bfd3]::fmt::Display>::fmt
[INFO] [stdout]    1:     0x573bcb2b51ea - core[df12db4294e9bfd3]::fmt::write
[INFO] [stdout]    2:     0x573bcb2a38dc - <alloc[2182bb758b4b3781]::vec::Vec<u8> as core[df12db4294e9bfd3]::io::write::Write>::write_fmt
[INFO] [stdout]    3:     0x573bcb279af6 - std[70759c8f55707aa4]::panicking::default_hook::{closure#0}
[INFO] [stdout]    4:     0x573bcb297299 - std[70759c8f55707aa4]::panicking::default_hook
[INFO] [stdout]    5:     0x573bcb21e320 - test[9d35eded1c95d3be]::test_main_inner::<test[9d35eded1c95d3be]::test_main_static::{closure#0}>::{closure#0}
[INFO] [stdout]    6:     0x573bcb297452 - std[70759c8f55707aa4]::panicking::panic_with_hook
[INFO] [stdout]    7:     0x573bcb279ba2 - std[70759c8f55707aa4]::panicking::panic_handler::{closure#0}
[INFO] [stdout]    8:     0x573bcb272729 - std[70759c8f55707aa4]::sys::backtrace::__rust_end_short_backtrace::<std[70759c8f55707aa4]::panicking::panic_handler::{closure#0}, !>
[INFO] [stdout]    9:     0x573bcb27a98d - __rustc[8fa7c3cbc660c2b3]::rust_begin_unwind
[INFO] [stdout]   10:     0x573bcb2b591c - core[df12db4294e9bfd3]::panicking::panic_fmt
[INFO] [stdout]   11:     0x573bcb2b56f2 - core[df12db4294e9bfd3]::result::unwrap_failed
[INFO] [stdout]   12:     0x573bcb05ae35 - <gaia_access[a79567b16b8f7d70]::condition::tests::request_greater_than_or_equal_condition::{closure#0} as core[df12db4294e9bfd3]::ops::function::FnOnce<()>>::call_once
[INFO] [stdout]   13:     0x573bcb21160b - test[9d35eded1c95d3be]::__rust_begin_short_backtrace::<core[df12db4294e9bfd3]::result::Result<(), alloc[2182bb758b4b3781]::string::String>, fn() -> core[df12db4294e9bfd3]::result::Result<(), alloc[2182bb758b4b3781]::string::String>>
[INFO] [stdout]   14:     0x573bcb21ec75 - test[9d35eded1c95d3be]::run_test::{closure#0}
[INFO] [stdout]   15:     0x573bcb218534 - std[70759c8f55707aa4]::sys::backtrace::__rust_begin_short_backtrace::<test[9d35eded1c95d3be]::run_test::{closure#1}, ()>
[INFO] [stdout]   16:     0x573bcb221dd2 - <std[70759c8f55707aa4]::thread::lifecycle::spawn_unchecked<test[9d35eded1c95d3be]::run_test::{closure#1}, ()>::{closure#1} as core[df12db4294e9bfd3]::ops::function::FnOnce<()>>::call_once::{shim:vtable#0}
[INFO] [stdout]   17:     0x573bcb29e409 - <std[70759c8f55707aa4]::sys::thread::unix::Thread>::new::thread_start
[INFO] [stdout]   18:     0x7e1aa8965dfa - <unknown>
[INFO] [stdout]   19:     0x7e1aa89f93d4 - clone
[INFO] [stdout]   20:                0x0 - <unknown>
[INFO] [stdout] 
[INFO] [stdout] ---- condition::tests::request_less_than_condition stdout ----
[INFO] [stdout] 
[INFO] [stdout] thread 'condition::tests::request_less_than_condition' (1009) panicked at src/condition.rs:107:14:
[INFO] [stdout] called `Result::unwrap()` on an `Err` value: Query(Io(Custom { kind: Uncategorized, error: "failed to lookup address information: Temporary failure in name resolution" }))
[INFO] [stdout] stack backtrace:
[INFO] [stdout]    0:     0x573bcb29f051 - <<std[70759c8f55707aa4]::sys::backtrace::BacktraceLock>::print::DisplayBacktrace as core[df12db4294e9bfd3]::fmt::Display>::fmt
[INFO] [stdout]    1:     0x573bcb2b51ea - core[df12db4294e9bfd3]::fmt::write
[INFO] [stdout]    2:     0x573bcb2a38dc - <alloc[2182bb758b4b3781]::vec::Vec<u8> as core[df12db4294e9bfd3]::io::write::Write>::write_fmt
[INFO] [stdout]    3:     0x573bcb279af6 - std[70759c8f55707aa4]::panicking::default_hook::{closure#0}
[INFO] [stdout]    4:     0x573bcb297299 - std[70759c8f55707aa4]::panicking::default_hook
[INFO] [stdout]    5:     0x573bcb21e320 - test[9d35eded1c95d3be]::test_main_inner::<test[9d35eded1c95d3be]::test_main_static::{closure#0}>::{closure#0}
[INFO] [stdout]    6:     0x573bcb297452 - std[70759c8f55707aa4]::panicking::panic_with_hook
[INFO] [stdout]    7:     0x573bcb279ba2 - std[70759c8f55707aa4]::panicking::panic_handler::{closure#0}
[INFO] [stdout]    8:     0x573bcb272729 - std[70759c8f55707aa4]::sys::backtrace::__rust_end_short_backtrace::<std[70759c8f55707aa4]::panicking::panic_handler::{closure#0}, !>
[INFO] [stdout]    9:     0x573bcb27a98d - __rustc[8fa7c3cbc660c2b3]::rust_begin_unwind
[INFO] [stdout]   10:     0x573bcb2b591c - core[df12db4294e9bfd3]::panicking::panic_fmt
[INFO] [stdout]   11:     0x573bcb2b56f2 - core[df12db4294e9bfd3]::result::unwrap_failed
[INFO] [stdout]   12:     0x573bcb05a0b5 - <gaia_access[a79567b16b8f7d70]::condition::tests::request_less_than_condition::{closure#0} as core[df12db4294e9bfd3]::ops::function::FnOnce<()>>::call_once
[INFO] [stdout]   13:     0x573bcb21160b - test[9d35eded1c95d3be]::__rust_begin_short_backtrace::<core[df12db4294e9bfd3]::result::Result<(), alloc[2182bb758b4b3781]::string::String>, fn() -> core[df12db4294e9bfd3]::result::Result<(), alloc[2182bb758b4b3781]::string::String>>
[INFO] [stdout]   14:     0x573bcb21ec75 - test[9d35eded1c95d3be]::run_test::{closure#0}
[INFO] [stdout]   15:     0x573bcb218534 - std[70759c8f55707aa4]::sys::backtrace::__rust_begin_short_backtrace::<test[9d35eded1c95d3be]::run_test::{closure#1}, ()>
[INFO] [stdout]   16:     0x573bcb221dd2 - <std[70759c8f55707aa4]::thread::lifecycle::spawn_unchecked<test[9d35eded1c95d3be]::run_test::{closure#1}, ()>::{closure#1} as core[df12db4294e9bfd3]::ops::function::FnOnce<()>>::call_once::{shim:vtable#0}
[INFO] [stdout]   17:     0x573bcb29e409 - <std[70759c8f55707aa4]::sys::thread::unix::Thread>::new::thread_start
[INFO] [stdout]   18:     0x7e1aa8965dfa - <unknown>
[INFO] [stdout]   19:     0x7e1aa89f93d4 - clone
[INFO] [stdout]   20:                0x0 - <unknown>
[INFO] [stdout] 
[INFO] [stdout] 
[INFO] [stdout] failures:
[INFO] [stdout]     condition::tests::request_between_condition
[INFO] [stdout]     condition::tests::request_greater_than_condition
[INFO] [stdout]     condition::tests::request_greater_than_or_equal_condition
[INFO] [stdout]     condition::tests::request_less_than_condition
[INFO] [stdout]     condition::tests::request_less_than_or_equal_condition
[INFO] [stdout] 
[INFO] [stdout] test result: FAILED. 0 passed; 5 failed; 2 ignored; 0 measured; 0 filtered out; finished in 0.01s
[INFO] [stdout] 
[INFO] [stderr] error: test failed, to rerun pass `--lib`
[INFO] running `Command { std: "docker" "inspect" "1030a7b76deca95a8ea2cc5f4037a5067049274b4cba66171c7287c0cac0fde0", kill_on_drop: false }`
[INFO] running `Command { std: "docker" "rm" "-f" "1030a7b76deca95a8ea2cc5f4037a5067049274b4cba66171c7287c0cac0fde0", kill_on_drop: false }`
[INFO] [stdout] 1030a7b76deca95a8ea2cc5f4037a5067049274b4cba66171c7287c0cac0fde0
