[INFO] fetching crate gabagool-wasip1 0.1.1...
[INFO] testing gabagool-wasip1-0.1.1 against 1.99.0-beta.8+cargoflags=--release for beta-release-1.100-2
[INFO] extracting crate gabagool-wasip1 0.1.1 into /workspace/builds/worker-0-tc1/source
[INFO] started tweaking crates.io crate gabagool-wasip1 0.1.1
[INFO] finished tweaking crates.io crate gabagool-wasip1 0.1.1
[INFO] tweaked toml for crates.io crate gabagool-wasip1 0.1.1 written to /workspace/builds/worker-0-tc1/source/Cargo.toml
[INFO] validating manifest of crates.io crate gabagool-wasip1 0.1.1 on toolchain 1.99.0-beta.8
[INFO] running `Command { std: CARGO_HOME="/workspace/cargo-home" RUSTUP_HOME="/workspace/rustup-home" "/workspace/cargo-home/bin/cargo" "+1.99.0-beta.8" "metadata" "--manifest-path" "Cargo.toml" "--no-deps", kill_on_drop: false }`
[INFO] crate crates.io crate gabagool-wasip1 0.1.1 already has a lockfile, it will not be regenerated
[INFO] running `Command { std: CARGO_HOME="/workspace/cargo-home" RUSTUP_HOME="/workspace/rustup-home" "/workspace/cargo-home/bin/cargo" "+1.99.0-beta.8" "fetch" "--manifest-path" "Cargo.toml", kill_on_drop: false }`
[INFO] [stderr]     Updating crates.io index
[INFO] [stderr]  Downloading crates ...
[INFO] [stderr]   Downloaded gabagool v0.1.1
[INFO] running `Command { std: "docker" "create" "-v" "/var/lib/crater-agent-workspace/builds/worker-0-tc1/source:/opt/rustwide/workdir:ro,Z" "-v" "/var/lib/crater-agent-workspace/builds/worker-0-tc1/target:/opt/rustwide/target:rw,Z" "-v" "/var/lib/crater-agent-workspace/cargo-home:/opt/rustwide/cargo-home:ro,Z" "-v" "/var/lib/crater-agent-workspace/rustup-home:/opt/rustwide/rustup-home:ro,Z" "-m" "1610612736" "--network" "none" "ghcr.io/rust-lang/crates-build-env/linux@sha256:77db811e55d90add9212f6832c23229e3de5f1c1f9905e8cb07319ea15df73ac" "sleep" "infinity", kill_on_drop: false }`
[INFO] [stdout] ec3daa8aaebd79a0ea451df476d1ba3ec28530ca94c7ac32bd25317155417929
[INFO] running `Command { std: "docker" "start" "ec3daa8aaebd79a0ea451df476d1ba3ec28530ca94c7ac32bd25317155417929", kill_on_drop: false }`
[INFO] running `Command { std: "docker" "inspect" "ec3daa8aaebd79a0ea451df476d1ba3ec28530ca94c7ac32bd25317155417929", kill_on_drop: false }`
[INFO] running `Command { std: "docker" "exec" "-e" "SOURCE_DIR=/opt/rustwide/workdir" "-e" "CARGO_HOME=/opt/rustwide/cargo-home" "-e" "RUSTUP_HOME=/opt/rustwide/rustup-home" "-e" "CARGO_TARGET_DIR=/opt/rustwide/target" "-w" "/opt/rustwide/workdir" "--user" "0:0" "ec3daa8aaebd79a0ea451df476d1ba3ec28530ca94c7ac32bd25317155417929" "/opt/rustwide/cargo-home/bin/cargo" "+1.99.0-beta.8" "metadata" "--no-deps" "--format-version=1", kill_on_drop: false }`
[INFO] running `Command { std: "docker" "inspect" "ec3daa8aaebd79a0ea451df476d1ba3ec28530ca94c7ac32bd25317155417929", kill_on_drop: false }`
[INFO] running `Command { std: "docker" "exec" "-e" "SOURCE_DIR=/opt/rustwide/workdir" "-e" "CARGO_HOME=/opt/rustwide/cargo-home" "-e" "RUSTUP_HOME=/opt/rustwide/rustup-home" "-e" "CARGO_TARGET_DIR=/opt/rustwide/target" "-e" "CARGO_INCREMENTAL=0" "-e" "RUST_BACKTRACE=full" "-e" "RUSTFLAGS=--cap-lints=warn" "-e" "RUSTDOCFLAGS=--cap-lints=warn" "-w" "/opt/rustwide/workdir" "--user" "0:0" "ec3daa8aaebd79a0ea451df476d1ba3ec28530ca94c7ac32bd25317155417929" "/opt/rustwide/cargo-home/bin/cargo" "+1.99.0-beta.8" "build" "--frozen" "--message-format=json" "--release", kill_on_drop: false }`
[INFO] [stderr]    Compiling gabagool v0.1.1
[INFO] [stderr]    Compiling gabagool-wasip1 v0.1.1 (/opt/rustwide/workdir)
[INFO] [stderr]     Finished `release` profile [optimized] target(s) in 9.81s
[INFO] running `Command { std: "docker" "inspect" "ec3daa8aaebd79a0ea451df476d1ba3ec28530ca94c7ac32bd25317155417929", kill_on_drop: false }`
[INFO] running `Command { std: "docker" "exec" "-e" "SOURCE_DIR=/opt/rustwide/workdir" "-e" "CARGO_HOME=/opt/rustwide/cargo-home" "-e" "RUSTUP_HOME=/opt/rustwide/rustup-home" "-e" "CARGO_TARGET_DIR=/opt/rustwide/target" "-e" "CARGO_INCREMENTAL=0" "-e" "RUST_BACKTRACE=full" "-e" "RUSTFLAGS=--cap-lints=warn" "-e" "RUSTDOCFLAGS=--cap-lints=warn" "-w" "/opt/rustwide/workdir" "--user" "0:0" "ec3daa8aaebd79a0ea451df476d1ba3ec28530ca94c7ac32bd25317155417929" "/opt/rustwide/cargo-home/bin/cargo" "+1.99.0-beta.8" "test" "--frozen" "--no-run" "--message-format=json" "--release", kill_on_drop: false }`
[INFO] [stderr]    Compiling libc v0.2.183
[INFO] [stderr]    Compiling rustix v1.1.4
[INFO] [stderr]    Compiling getrandom v0.4.2
[INFO] [stderr]    Compiling tempfile v3.27.0
[INFO] [stderr]    Compiling gabagool-wasip1 v0.1.1 (/opt/rustwide/workdir)
[INFO] [stderr]     Finished `release` profile [optimized] target(s) in 5.15s
[INFO] running `Command { std: "docker" "inspect" "ec3daa8aaebd79a0ea451df476d1ba3ec28530ca94c7ac32bd25317155417929", kill_on_drop: false }`
[INFO] running `Command { std: "docker" "exec" "-e" "SOURCE_DIR=/opt/rustwide/workdir" "-e" "CARGO_HOME=/opt/rustwide/cargo-home" "-e" "RUSTUP_HOME=/opt/rustwide/rustup-home" "-e" "CARGO_TARGET_DIR=/opt/rustwide/target" "-e" "CARGO_INCREMENTAL=0" "-e" "RUST_BACKTRACE=full" "-e" "RUSTFLAGS=--cap-lints=warn" "-e" "RUSTDOCFLAGS=--cap-lints=warn" "-w" "/opt/rustwide/workdir" "--user" "0:0" "ec3daa8aaebd79a0ea451df476d1ba3ec28530ca94c7ac32bd25317155417929" "/opt/rustwide/cargo-home/bin/cargo" "+1.99.0-beta.8" "test" "--frozen" "--release", kill_on_drop: false }`
[INFO] [stderr]     Finished `release` profile [optimized] target(s) in 0.04s
[INFO] [stderr]      Running unittests src/lib.rs (/opt/rustwide/target/release/deps/gabagool_wasip1-d5bd3e872eb99626)
[INFO] [stdout] 
[INFO] [stdout] running 5 tests
[INFO] [stdout] test ctx::tests::howdy ... FAILED
[INFO] [stdout] test ctx::tests::snapshot_howdy ... FAILED
[INFO] [stderr] error: test failed, to rerun pass `--lib`
[INFO] [stdout] test ctx::tests::snapshot_file_io ... FAILED
[INFO] [stdout] test ctx::tests::sleep ... FAILED
[INFO] [stdout] test ctx::tests::file_io ... FAILED
[INFO] [stdout] 
[INFO] [stdout] failures:
[INFO] [stdout] 
[INFO] [stdout] ---- ctx::tests::howdy stdout ----
[INFO] [stdout] 
[INFO] [stdout] thread 'ctx::tests::howdy' (300) panicked at src/ctx.rs:1419:72:
[INFO] [stdout] called `Result::unwrap()` on an `Err` value: Os { code: 2, kind: NotFound, message: "No such file or directory" }
[INFO] [stdout] stack backtrace:
[INFO] [stdout]    0:     0x63b484e4d971 - <<std[70759c8f55707aa4]::sys::backtrace::BacktraceLock>::print::DisplayBacktrace as core[df12db4294e9bfd3]::fmt::Display>::fmt
[INFO] [stdout]    1:     0x63b484e63c4a - core[df12db4294e9bfd3]::fmt::write
[INFO] [stdout]    2:     0x63b484e522ac - <alloc[2182bb758b4b3781]::vec::Vec<u8> as core[df12db4294e9bfd3]::io::write::Write>::write_fmt
[INFO] [stdout]    3:     0x63b484e273a6 - std[70759c8f55707aa4]::panicking::default_hook::{closure#0}
[INFO] [stdout]    4:     0x63b484e44919 - std[70759c8f55707aa4]::panicking::default_hook
[INFO] [stdout]    5:     0x63b484d928e0 - test[9d35eded1c95d3be]::test_main_inner::<test[9d35eded1c95d3be]::test_main_static::{closure#0}>::{closure#0}
[INFO] [stdout]    6:     0x63b484e44ad2 - std[70759c8f55707aa4]::panicking::panic_with_hook
[INFO] [stdout]    7:     0x63b484e27452 - std[70759c8f55707aa4]::panicking::panic_handler::{closure#0}
[INFO] [stdout]    8:     0x63b484e1fd59 - std[70759c8f55707aa4]::sys::backtrace::__rust_end_short_backtrace::<std[70759c8f55707aa4]::panicking::panic_handler::{closure#0}, !>
[INFO] [stdout]    9:     0x63b484e2831d - __rustc[8fa7c3cbc660c2b3]::rust_begin_unwind
[INFO] [stdout]   10:     0x63b484e6437c - core[df12db4294e9bfd3]::panicking::panic_fmt
[INFO] [stdout]   11:     0x63b484e64152 - core[df12db4294e9bfd3]::result::unwrap_failed
[INFO] [stdout]   12:     0x63b484d7fc93 - gabagool_wasip1[36ac5ad03872a94f]::ctx::tests::howdy
[INFO] [stdout]   13:     0x63b484d81e39 - <gabagool_wasip1[36ac5ad03872a94f]::ctx::tests::howdy::{closure#0} as core[df12db4294e9bfd3]::ops::function::FnOnce<()>>::call_once
[INFO] [stdout]   14:     0x63b484d85bcb - test[9d35eded1c95d3be]::__rust_begin_short_backtrace::<core[df12db4294e9bfd3]::result::Result<(), alloc[2182bb758b4b3781]::string::String>, fn() -> core[df12db4294e9bfd3]::result::Result<(), alloc[2182bb758b4b3781]::string::String>>
[INFO] [stdout]   15:     0x63b484d93235 - test[9d35eded1c95d3be]::run_test::{closure#0}
[INFO] [stdout]   16:     0x63b484d8caf4 - std[70759c8f55707aa4]::sys::backtrace::__rust_begin_short_backtrace::<test[9d35eded1c95d3be]::run_test::{closure#1}, ()>
[INFO] [stdout]   17:     0x63b484d96392 - <std[70759c8f55707aa4]::thread::lifecycle::spawn_unchecked<test[9d35eded1c95d3be]::run_test::{closure#1}, ()>::{closure#1} as core[df12db4294e9bfd3]::ops::function::FnOnce<()>>::call_once::{shim:vtable#0}
[INFO] [stdout]   18:     0x63b484e4cbb9 - <std[70759c8f55707aa4]::sys::thread::unix::Thread>::new::thread_start
[INFO] [stdout]   19:     0x71624e701dfa - <unknown>
[INFO] [stdout]   20:     0x71624e7953d4 - clone
[INFO] [stdout]   21:                0x0 - <unknown>
[INFO] [stdout] 
[INFO] [stdout] ---- ctx::tests::snapshot_howdy stdout ----
[INFO] [stdout] 
[INFO] [stdout] thread 'ctx::tests::snapshot_howdy' (303) panicked at src/ctx.rs:1475:72:
[INFO] [stdout] called `Result::unwrap()` on an `Err` value: Os { code: 2, kind: NotFound, message: "No such file or directory" }
[INFO] [stdout] stack backtrace:
[INFO] [stdout]    0:     0x63b484e4d971 - <<std[70759c8f55707aa4]::sys::backtrace::BacktraceLock>::print::DisplayBacktrace as core[df12db4294e9bfd3]::fmt::Display>::fmt
[INFO] [stdout]    1:     0x63b484e63c4a - core[df12db4294e9bfd3]::fmt::write
[INFO] [stdout]    2:     0x63b484e522ac - <alloc[2182bb758b4b3781]::vec::Vec<u8> as core[df12db4294e9bfd3]::io::write::Write>::write_fmt
[INFO] [stdout]    3:     0x63b484e273a6 - std[70759c8f55707aa4]::panicking::default_hook::{closure#0}
[INFO] [stdout]    4:     0x63b484e44919 - std[70759c8f55707aa4]::panicking::default_hook
[INFO] [stdout]    5:     0x63b484d928e0 - test[9d35eded1c95d3be]::test_main_inner::<test[9d35eded1c95d3be]::test_main_static::{closure#0}>::{closure#0}
[INFO] [stdout]    6:     0x63b484e44ad2 - std[70759c8f55707aa4]::panicking::panic_with_hook
[INFO] [stdout]    7:     0x63b484e27452 - std[70759c8f55707aa4]::panicking::panic_handler::{closure#0}
[INFO] [stdout]    8:     0x63b484e1fd59 - std[70759c8f55707aa4]::sys::backtrace::__rust_end_short_backtrace::<std[70759c8f55707aa4]::panicking::panic_handler::{closure#0}, !>
[INFO] [stdout]    9:     0x63b484e2831d - __rustc[8fa7c3cbc660c2b3]::rust_begin_unwind
[INFO] [stdout]   10:     0x63b484e6437c - core[df12db4294e9bfd3]::panicking::panic_fmt
[INFO] [stdout]   11:     0x63b484e64152 - core[df12db4294e9bfd3]::result::unwrap_failed
[INFO] [stdout]   12:     0x63b484d7e470 - gabagool_wasip1[36ac5ad03872a94f]::ctx::tests::snapshot_howdy
[INFO] [stdout]   13:     0x63b484d81df9 - <gabagool_wasip1[36ac5ad03872a94f]::ctx::tests::snapshot_howdy::{closure#0} as core[df12db4294e9bfd3]::ops::function::FnOnce<()>>::call_once
[INFO] [stdout]   14:     0x63b484d85bcb - test[9d35eded1c95d3be]::__rust_begin_short_backtrace::<core[df12db4294e9bfd3]::result::Result<(), alloc[2182bb758b4b3781]::string::String>, fn() -> core[df12db4294e9bfd3]::result::Result<(), alloc[2182bb758b4b3781]::string::String>>
[INFO] [stdout]   15:     0x63b484d93235 - test[9d35eded1c95d3be]::run_test::{closure#0}
[INFO] [stdout]   16:     0x63b484d8caf4 - std[70759c8f55707aa4]::sys::backtrace::__rust_begin_short_backtrace::<test[9d35eded1c95d3be]::run_test::{closure#1}, ()>
[INFO] [stdout]   17:     0x63b484d96392 - <std[70759c8f55707aa4]::thread::lifecycle::spawn_unchecked<test[9d35eded1c95d3be]::run_test::{closure#1}, ()>::{closure#1} as core[df12db4294e9bfd3]::ops::function::FnOnce<()>>::call_once::{shim:vtable#0}
[INFO] [stdout]   18:     0x63b484e4cbb9 - <std[70759c8f55707aa4]::sys::thread::unix::Thread>::new::thread_start
[INFO] [stdout]   19:     0x71624e701dfa - <unknown>
[INFO] [stdout]   20:     0x71624e7953d4 - clone
[INFO] [stdout]   21:                0x0 - <unknown>
[INFO] [stdout] 
[INFO] [stdout] ---- ctx::tests::snapshot_file_io stdout ----
[INFO] [stdout] 
[INFO] [stdout] thread 'ctx::tests::snapshot_file_io' (302) panicked at src/ctx.rs:1540:74:
[INFO] [stdout] called `Result::unwrap()` on an `Err` value: Os { code: 2, kind: NotFound, message: "No such file or directory" }
[INFO] [stdout] stack backtrace:
[INFO] [stdout]    0:     0x63b484e4d971 - <<std[70759c8f55707aa4]::sys::backtrace::BacktraceLock>::print::DisplayBacktrace as core[df12db4294e9bfd3]::fmt::Display>::fmt
[INFO] [stdout]    1:     0x63b484e63c4a - core[df12db4294e9bfd3]::fmt::write
[INFO] [stdout]    2:     0x63b484e522ac - <alloc[2182bb758b4b3781]::vec::Vec<u8> as core[df12db4294e9bfd3]::io::write::Write>::write_fmt
[INFO] [stdout]    3:     0x63b484e273a6 - std[70759c8f55707aa4]::panicking::default_hook::{closure#0}
[INFO] [stdout]    4:     0x63b484e44919 - std[70759c8f55707aa4]::panicking::default_hook
[INFO] [stdout]    5:     0x63b484d928e0 - test[9d35eded1c95d3be]::test_main_inner::<test[9d35eded1c95d3be]::test_main_static::{closure#0}>::{closure#0}
[INFO] [stdout]    6:     0x63b484e44ad2 - std[70759c8f55707aa4]::panicking::panic_with_hook
[INFO] [stdout]    7:     0x63b484e27452 - std[70759c8f55707aa4]::panicking::panic_handler::{closure#0}
[INFO] [stdout]    8:     0x63b484e1fd59 - std[70759c8f55707aa4]::sys::backtrace::__rust_end_short_backtrace::<std[70759c8f55707aa4]::panicking::panic_handler::{closure#0}, !>
[INFO] [stdout]    9:     0x63b484e2831d - __rustc[8fa7c3cbc660c2b3]::rust_begin_unwind
[INFO] [stdout]   10:     0x63b484e6437c - core[df12db4294e9bfd3]::panicking::panic_fmt
[INFO] [stdout]   11:     0x63b484e64152 - core[df12db4294e9bfd3]::result::unwrap_failed
[INFO] [stdout]   12:     0x63b484d7f54d - gabagool_wasip1[36ac5ad03872a94f]::ctx::tests::snapshot_file_io
[INFO] [stdout]   13:     0x63b484d81e19 - <gabagool_wasip1[36ac5ad03872a94f]::ctx::tests::snapshot_file_io::{closure#0} as core[df12db4294e9bfd3]::ops::function::FnOnce<()>>::call_once
[INFO] [stdout]   14:     0x63b484d85bcb - test[9d35eded1c95d3be]::__rust_begin_short_backtrace::<core[df12db4294e9bfd3]::result::Result<(), alloc[2182bb758b4b3781]::string::String>, fn() -> core[df12db4294e9bfd3]::result::Result<(), alloc[2182bb758b4b3781]::string::String>>
[INFO] [stdout]   15:     0x63b484d93235 - test[9d35eded1c95d3be]::run_test::{closure#0}
[INFO] [stdout]   16:     0x63b484d8caf4 - std[70759c8f55707aa4]::sys::backtrace::__rust_begin_short_backtrace::<test[9d35eded1c95d3be]::run_test::{closure#1}, ()>
[INFO] [stdout]   17:     0x63b484d96392 - <std[70759c8f55707aa4]::thread::lifecycle::spawn_unchecked<test[9d35eded1c95d3be]::run_test::{closure#1}, ()>::{closure#1} as core[df12db4294e9bfd3]::ops::function::FnOnce<()>>::call_once::{shim:vtable#0}
[INFO] [stdout]   18:     0x63b484e4cbb9 - <std[70759c8f55707aa4]::sys::thread::unix::Thread>::new::thread_start
[INFO] [stdout]   19:     0x71624e701dfa - <unknown>
[INFO] [stdout]   20:     0x71624e7953d4 - clone
[INFO] [stdout]   21:                0x0 - <unknown>
[INFO] [stdout] 
[INFO] [stdout] ---- ctx::tests::sleep stdout ----
[INFO] [stdout] 
[INFO] [stdout] thread 'ctx::tests::sleep' (301) panicked at src/ctx.rs:1456:72:
[INFO] [stdout] called `Result::unwrap()` on an `Err` value: Os { code: 2, kind: NotFound, message: "No such file or directory" }
[INFO] [stdout] stack backtrace:
[INFO] [stdout]    0:     0x63b484e4d971 - <<std[70759c8f55707aa4]::sys::backtrace::BacktraceLock>::print::DisplayBacktrace as core[df12db4294e9bfd3]::fmt::Display>::fmt
[INFO] [stdout]    1:     0x63b484e63c4a - core[df12db4294e9bfd3]::fmt::write
[INFO] [stdout]    2:     0x63b484e522ac - <alloc[2182bb758b4b3781]::vec::Vec<u8> as core[df12db4294e9bfd3]::io::write::Write>::write_fmt
[INFO] [stdout]    3:     0x63b484e273a6 - std[70759c8f55707aa4]::panicking::default_hook::{closure#0}
[INFO] [stdout]    4:     0x63b484e44919 - std[70759c8f55707aa4]::panicking::default_hook
[INFO] [stdout]    5:     0x63b484d928e0 - test[9d35eded1c95d3be]::test_main_inner::<test[9d35eded1c95d3be]::test_main_static::{closure#0}>::{closure#0}
[INFO] [stdout]    6:     0x63b484e44ad2 - std[70759c8f55707aa4]::panicking::panic_with_hook
[INFO] [stdout]    7:     0x63b484e27452 - std[70759c8f55707aa4]::panicking::panic_handler::{closure#0}
[INFO] [stdout]    8:     0x63b484e1fd59 - std[70759c8f55707aa4]::sys::backtrace::__rust_end_short_backtrace::<std[70759c8f55707aa4]::panicking::panic_handler::{closure#0}, !>
[INFO] [stdout]    9:     0x63b484e2831d - __rustc[8fa7c3cbc660c2b3]::rust_begin_unwind
[INFO] [stdout]   10:     0x63b484e6437c - core[df12db4294e9bfd3]::panicking::panic_fmt
[INFO] [stdout]   11:     0x63b484e64152 - core[df12db4294e9bfd3]::result::unwrap_failed
[INFO] [stdout]   12:     0x63b484d80025 - gabagool_wasip1[36ac5ad03872a94f]::ctx::tests::sleep
[INFO] [stdout]   13:     0x63b484d81e59 - <gabagool_wasip1[36ac5ad03872a94f]::ctx::tests::sleep::{closure#0} as core[df12db4294e9bfd3]::ops::function::FnOnce<()>>::call_once
[INFO] [stdout]   14:     0x63b484d85bcb - test[9d35eded1c95d3be]::__rust_begin_short_backtrace::<core[df12db4294e9bfd3]::result::Result<(), alloc[2182bb758b4b3781]::string::String>, fn() -> core[df12db4294e9bfd3]::result::Result<(), alloc[2182bb758b4b3781]::string::String>>
[INFO] [stdout]   15:     0x63b484d93235 - test[9d35eded1c95d3be]::run_test::{closure#0}
[INFO] [stdout]   16:     0x63b484d8caf4 - std[70759c8f55707aa4]::sys::backtrace::__rust_begin_short_backtrace::<test[9d35eded1c95d3be]::run_test::{closure#1}, ()>
[INFO] [stdout]   17:     0x63b484d96392 - <std[70759c8f55707aa4]::thread::lifecycle::spawn_unchecked<test[9d35eded1c95d3be]::run_test::{closure#1}, ()>::{closure#1} as core[df12db4294e9bfd3]::ops::function::FnOnce<()>>::call_once::{shim:vtable#0}
[INFO] [stdout]   18:     0x63b484e4cbb9 - <std[70759c8f55707aa4]::sys::thread::unix::Thread>::new::thread_start
[INFO] [stdout]   19:     0x71624e701dfa - <unknown>
[INFO] [stdout]   20:     0x71624e7953d4 - clone
[INFO] [stdout]   21:                0x0 - <unknown>
[INFO] [stdout] 
[INFO] [stdout] ---- ctx::tests::file_io stdout ----
[INFO] [stdout] 
[INFO] [stdout] thread 'ctx::tests::file_io' (299) panicked at src/ctx.rs:1438:74:
[INFO] [stdout] called `Result::unwrap()` on an `Err` value: Os { code: 2, kind: NotFound, message: "No such file or directory" }
[INFO] [stdout] stack backtrace:
[INFO] [stdout]    0:     0x63b484e4d971 - <<std[70759c8f55707aa4]::sys::backtrace::BacktraceLock>::print::DisplayBacktrace as core[df12db4294e9bfd3]::fmt::Display>::fmt
[INFO] [stdout]    1:     0x63b484e63c4a - core[df12db4294e9bfd3]::fmt::write
[INFO] [stdout]    2:     0x63b484e522ac - <alloc[2182bb758b4b3781]::vec::Vec<u8> as core[df12db4294e9bfd3]::io::write::Write>::write_fmt
[INFO] [stdout]    3:     0x63b484e273a6 - std[70759c8f55707aa4]::panicking::default_hook::{closure#0}
[INFO] [stdout]    4:     0x63b484e44919 - std[70759c8f55707aa4]::panicking::default_hook
[INFO] [stdout]    5:     0x63b484d928e0 - test[9d35eded1c95d3be]::test_main_inner::<test[9d35eded1c95d3be]::test_main_static::{closure#0}>::{closure#0}
[INFO] [stdout]    6:     0x63b484e44ad2 - std[70759c8f55707aa4]::panicking::panic_with_hook
[INFO] [stdout]    7:     0x63b484e27452 - std[70759c8f55707aa4]::panicking::panic_handler::{closure#0}
[INFO] [stdout]    8:     0x63b484e1fd59 - std[70759c8f55707aa4]::sys::backtrace::__rust_end_short_backtrace::<std[70759c8f55707aa4]::panicking::panic_handler::{closure#0}, !>
[INFO] [stdout]    9:     0x63b484e2831d - __rustc[8fa7c3cbc660c2b3]::rust_begin_unwind
[INFO] [stdout]   10:     0x63b484e6437c - core[df12db4294e9bfd3]::panicking::panic_fmt
[INFO] [stdout]   11:     0x63b484e64152 - core[df12db4294e9bfd3]::result::unwrap_failed
[INFO] [stdout]   12:     0x63b484d805bd - gabagool_wasip1[36ac5ad03872a94f]::ctx::tests::file_io
[INFO] [stdout]   13:     0x63b484d81e79 - <gabagool_wasip1[36ac5ad03872a94f]::ctx::tests::file_io::{closure#0} as core[df12db4294e9bfd3]::ops::function::FnOnce<()>>::call_once
[INFO] [stdout]   14:     0x63b484d85bcb - test[9d35eded1c95d3be]::__rust_begin_short_backtrace::<core[df12db4294e9bfd3]::result::Result<(), alloc[2182bb758b4b3781]::string::String>, fn() -> core[df12db4294e9bfd3]::result::Result<(), alloc[2182bb758b4b3781]::string::String>>
[INFO] [stdout]   15:     0x63b484d93235 - test[9d35eded1c95d3be]::run_test::{closure#0}
[INFO] [stdout]   16:     0x63b484d8caf4 - std[70759c8f55707aa4]::sys::backtrace::__rust_begin_short_backtrace::<test[9d35eded1c95d3be]::run_test::{closure#1}, ()>
[INFO] [stdout]   17:     0x63b484d96392 - <std[70759c8f55707aa4]::thread::lifecycle::spawn_unchecked<test[9d35eded1c95d3be]::run_test::{closure#1}, ()>::{closure#1} as core[df12db4294e9bfd3]::ops::function::FnOnce<()>>::call_once::{shim:vtable#0}
[INFO] [stdout]   18:     0x63b484e4cbb9 - <std[70759c8f55707aa4]::sys::thread::unix::Thread>::new::thread_start
[INFO] [stdout]   19:     0x71624e701dfa - <unknown>
[INFO] [stdout]   20:     0x71624e7953d4 - clone
[INFO] [stdout]   21:                0x0 - <unknown>
[INFO] [stdout] 
[INFO] [stdout] 
[INFO] [stdout] failures:
[INFO] [stdout]     ctx::tests::file_io
[INFO] [stdout]     ctx::tests::howdy
[INFO] [stdout]     ctx::tests::sleep
[INFO] [stdout]     ctx::tests::snapshot_file_io
[INFO] [stdout]     ctx::tests::snapshot_howdy
[INFO] [stdout] 
[INFO] [stdout] test result: FAILED. 0 passed; 5 failed; 0 ignored; 0 measured; 0 filtered out; finished in 0.00s
[INFO] [stdout] 
[INFO] running `Command { std: "docker" "inspect" "ec3daa8aaebd79a0ea451df476d1ba3ec28530ca94c7ac32bd25317155417929", kill_on_drop: false }`
[INFO] running `Command { std: "docker" "rm" "-f" "ec3daa8aaebd79a0ea451df476d1ba3ec28530ca94c7ac32bd25317155417929", kill_on_drop: false }`
[INFO] [stdout] ec3daa8aaebd79a0ea451df476d1ba3ec28530ca94c7ac32bd25317155417929
