[INFO] fetching crate ga-v4-flattener 0.4.0...
[INFO] testing ga-v4-flattener-0.4.0 against 1.100.0-beta.1+cargoflags=--release for beta-release-1.100-2
[INFO] extracting crate ga-v4-flattener 0.4.0 into /workspace/builds/worker-6-tc2/source
[INFO] started tweaking crates.io crate ga-v4-flattener 0.4.0
[INFO] finished tweaking crates.io crate ga-v4-flattener 0.4.0
[INFO] tweaked toml for crates.io crate ga-v4-flattener 0.4.0 written to /workspace/builds/worker-6-tc2/source/Cargo.toml
[INFO] validating manifest of crates.io crate ga-v4-flattener 0.4.0 on toolchain 1.100.0-beta.1
[INFO] running `Command { std: CARGO_HOME="/workspace/cargo-home" RUSTUP_HOME="/workspace/rustup-home" "/workspace/cargo-home/bin/cargo" "+1.100.0-beta.1" "metadata" "--manifest-path" "Cargo.toml" "--no-deps", kill_on_drop: false }`
[INFO] running `Command { std: CARGO_HOME="/workspace/cargo-home" RUSTUP_HOME="/workspace/rustup-home" "/workspace/cargo-home/bin/cargo" "+1.100.0-beta.1" "generate-lockfile" "--manifest-path" "Cargo.toml", kill_on_drop: false }`
[INFO] [stderr]     Updating crates.io index
[INFO] [stderr]      Locking 63 packages to highest compatible versions
[INFO] [stderr]       Adding criterion v0.2.11 (available: v0.8.2)
[INFO] [stderr]       Adding indoc v0.2.8 (available: v2.0.8)
[INFO] [stderr]       Adding itertools v0.7.11 (available: v0.15.0)
[INFO] running `Command { std: CARGO_HOME="/workspace/cargo-home" RUSTUP_HOME="/workspace/rustup-home" "/workspace/cargo-home/bin/cargo" "+1.100.0-beta.1" "fetch" "--manifest-path" "Cargo.toml", kill_on_drop: false }`
[INFO] running `Command { std: "docker" "create" "-v" "/var/lib/crater-agent-workspace/builds/worker-6-tc2/source:/opt/rustwide/workdir:ro,Z" "-v" "/var/lib/crater-agent-workspace/builds/worker-6-tc2/target:/opt/rustwide/target:rw,Z" "-v" "/var/lib/crater-agent-workspace/cargo-home:/opt/rustwide/cargo-home:ro,Z" "-v" "/var/lib/crater-agent-workspace/rustup-home:/opt/rustwide/rustup-home:ro,Z" "-m" "1610612736" "--network" "none" "ghcr.io/rust-lang/crates-build-env/linux@sha256:77db811e55d90add9212f6832c23229e3de5f1c1f9905e8cb07319ea15df73ac" "sleep" "infinity", kill_on_drop: false }`
[INFO] [stdout] 2a12f32180d67a7b18bca4a6af6f4105b32770d2f535bd129297625c29422d6a
[INFO] running `Command { std: "docker" "start" "2a12f32180d67a7b18bca4a6af6f4105b32770d2f535bd129297625c29422d6a", kill_on_drop: false }`
[INFO] running `Command { std: "docker" "inspect" "2a12f32180d67a7b18bca4a6af6f4105b32770d2f535bd129297625c29422d6a", kill_on_drop: false }`
[INFO] running `Command { std: "docker" "exec" "-e" "SOURCE_DIR=/opt/rustwide/workdir" "-e" "CARGO_HOME=/opt/rustwide/cargo-home" "-e" "RUSTUP_HOME=/opt/rustwide/rustup-home" "-e" "CARGO_TARGET_DIR=/opt/rustwide/target" "-w" "/opt/rustwide/workdir" "--user" "0:0" "2a12f32180d67a7b18bca4a6af6f4105b32770d2f535bd129297625c29422d6a" "/opt/rustwide/cargo-home/bin/cargo" "+1.100.0-beta.1" "metadata" "--no-deps" "--format-version=1", kill_on_drop: false }`
[INFO] running `Command { std: "docker" "inspect" "2a12f32180d67a7b18bca4a6af6f4105b32770d2f535bd129297625c29422d6a", kill_on_drop: false }`
[INFO] running `Command { std: "docker" "exec" "-e" "SOURCE_DIR=/opt/rustwide/workdir" "-e" "CARGO_HOME=/opt/rustwide/cargo-home" "-e" "RUSTUP_HOME=/opt/rustwide/rustup-home" "-e" "CARGO_TARGET_DIR=/opt/rustwide/target" "-e" "CARGO_INCREMENTAL=0" "-e" "RUST_BACKTRACE=full" "-e" "RUSTFLAGS=--cap-lints=warn" "-e" "RUSTDOCFLAGS=--cap-lints=warn" "-w" "/opt/rustwide/workdir" "--user" "0:0" "2a12f32180d67a7b18bca4a6af6f4105b32770d2f535bd129297625c29422d6a" "/opt/rustwide/cargo-home/bin/cargo" "+1.100.0-beta.1" "build" "--frozen" "--message-format=json" "--release", kill_on_drop: false }`
[INFO] [stderr]    Compiling serde_core v1.0.229
[INFO] [stderr]    Compiling either v1.19.0
[INFO] [stderr]    Compiling itertools v0.7.11
[INFO] [stderr]    Compiling serde v1.0.229
[INFO] [stderr]    Compiling serde_json v1.0.154
[INFO] [stderr]    Compiling ga-v4-flattener v0.4.0 (/opt/rustwide/workdir)
[INFO] [stdout] warning: eliding a lifetime that's named elsewhere is confusing
[INFO] [stdout]    --> src/types.rs:104:70
[INFO] [stdout]     |
[INFO] [stdout] 104 |     pub fn flat_value_iterator<'a>(&'a self) -> impl Iterator<Item = &String> {
[INFO] [stdout]     |                                     -- the lifetime is named here    ^^^^^^^ the same lifetime is elided here
[INFO] [stdout]     |
[INFO] [stdout]     = help: the same lifetime is referred to in inconsistent ways, making the signature confusing
[INFO] [stdout]     = note: `#[warn(mismatched_lifetime_syntaxes)]` on by default
[INFO] [stdout] help: consistently use `'a`
[INFO] [stdout]     |
[INFO] [stdout] 104 |     pub fn flat_value_iterator<'a>(&'a self) -> impl Iterator<Item = &'a String> {
[INFO] [stdout]     |                                                                       ++
[INFO] [stdout] 
[INFO] [stdout] 
[INFO] [stderr]     Finished `release` profile [optimized] target(s) in 7.22s
[INFO] running `Command { std: "docker" "inspect" "2a12f32180d67a7b18bca4a6af6f4105b32770d2f535bd129297625c29422d6a", kill_on_drop: false }`
[INFO] running `Command { std: "docker" "exec" "-e" "SOURCE_DIR=/opt/rustwide/workdir" "-e" "CARGO_HOME=/opt/rustwide/cargo-home" "-e" "RUSTUP_HOME=/opt/rustwide/rustup-home" "-e" "CARGO_TARGET_DIR=/opt/rustwide/target" "-e" "CARGO_INCREMENTAL=0" "-e" "RUST_BACKTRACE=full" "-e" "RUSTFLAGS=--cap-lints=warn" "-e" "RUSTDOCFLAGS=--cap-lints=warn" "-w" "/opt/rustwide/workdir" "--user" "0:0" "2a12f32180d67a7b18bca4a6af6f4105b32770d2f535bd129297625c29422d6a" "/opt/rustwide/cargo-home/bin/cargo" "+1.100.0-beta.1" "test" "--frozen" "--no-run" "--message-format=json" "--release", kill_on_drop: false }`
[INFO] [stderr]    Compiling proc-macro2 v0.4.30
[INFO] [stderr]    Compiling syn v0.15.44
[INFO] [stderr]    Compiling proc-macro-hack-impl v0.4.3
[INFO] [stderr]    Compiling cast v0.2.7
[INFO] [stderr]    Compiling csv-core v0.1.13
[INFO] [stderr]    Compiling itertools v0.8.2
[INFO] [stderr]    Compiling textwrap v0.11.0
[INFO] [stderr]    Compiling unindent v0.1.11
[INFO] [stderr]    Compiling tinytemplate v1.2.1
[INFO] [stderr]    Compiling atty v0.2.14
[INFO] [stderr]    Compiling rand_xoshiro v0.1.0
[INFO] [stderr]    Compiling rayon v1.12.0
[INFO] [stderr]    Compiling lazy_static v1.5.1
[INFO] [stdout] warning: eliding a lifetime that's named elsewhere is confusing
[INFO] [stdout]    --> src/types.rs:104:70
[INFO] [stdout]     |
[INFO] [stdout] 104 |     pub fn flat_value_iterator<'a>(&'a self) -> impl Iterator<Item = &String> {
[INFO] [stdout]     |                                     -- the lifetime is named here    ^^^^^^^ the same lifetime is elided here
[INFO] [stdout]     |
[INFO] [stdout]     = help: the same lifetime is referred to in inconsistent ways, making the signature confusing
[INFO] [stdout]     = note: `#[warn(mismatched_lifetime_syntaxes)]` on by default
[INFO] [stdout] help: consistently use `'a`
[INFO] [stdout]     |
[INFO] [stdout] 104 |     pub fn flat_value_iterator<'a>(&'a self) -> impl Iterator<Item = &'a String> {
[INFO] [stdout]     |                                                                       ++
[INFO] [stdout] 
[INFO] [stdout] 
[INFO] [stderr]    Compiling clap v2.34.0
[INFO] [stderr]    Compiling csv v1.4.0
[INFO] [stderr]    Compiling proc-macro-hack v0.4.3
[INFO] [stderr]    Compiling quote v0.6.13
[INFO] [stderr]    Compiling criterion-plot v0.3.1
[INFO] [stderr]    Compiling indoc-impl v0.2.8
[INFO] [stderr]    Compiling indoc v0.2.8
[INFO] [stderr]    Compiling criterion v0.2.11
[INFO] [stderr]    Compiling ga-v4-flattener v0.4.0 (/opt/rustwide/workdir)
[INFO] [stdout] warning: eliding a lifetime that's named elsewhere is confusing
[INFO] [stdout]    --> src/types.rs:104:70
[INFO] [stdout]     |
[INFO] [stdout] 104 |     pub fn flat_value_iterator<'a>(&'a self) -> impl Iterator<Item = &String> {
[INFO] [stdout]     |                                     -- the lifetime is named here    ^^^^^^^ the same lifetime is elided here
[INFO] [stdout]     |
[INFO] [stdout]     = help: the same lifetime is referred to in inconsistent ways, making the signature confusing
[INFO] [stdout]     = note: `#[warn(mismatched_lifetime_syntaxes)]` on by default
[INFO] [stdout] help: consistently use `'a`
[INFO] [stdout]     |
[INFO] [stdout] 104 |     pub fn flat_value_iterator<'a>(&'a self) -> impl Iterator<Item = &'a String> {
[INFO] [stdout]     |                                                                       ++
[INFO] [stdout] 
[INFO] [stdout] 
[INFO] [stderr]     Finished `release` profile [optimized] target(s) in 17.76s
[INFO] [stderr] warning: the following packages contain code that will be rejected by a future version of Rust: criterion v0.2.11
[INFO] [stderr] note: to see what the problems were, use the option `--future-incompat-report`, or run `cargo report future-incompatibilities --id 4`
[INFO] running `Command { std: "docker" "inspect" "2a12f32180d67a7b18bca4a6af6f4105b32770d2f535bd129297625c29422d6a", kill_on_drop: false }`
[INFO] running `Command { std: "docker" "exec" "-e" "SOURCE_DIR=/opt/rustwide/workdir" "-e" "CARGO_HOME=/opt/rustwide/cargo-home" "-e" "RUSTUP_HOME=/opt/rustwide/rustup-home" "-e" "CARGO_TARGET_DIR=/opt/rustwide/target" "-e" "CARGO_INCREMENTAL=0" "-e" "RUST_BACKTRACE=full" "-e" "RUSTFLAGS=--cap-lints=warn" "-e" "RUSTDOCFLAGS=--cap-lints=warn" "-w" "/opt/rustwide/workdir" "--user" "0:0" "2a12f32180d67a7b18bca4a6af6f4105b32770d2f535bd129297625c29422d6a" "/opt/rustwide/cargo-home/bin/cargo" "+1.100.0-beta.1" "test" "--frozen" "--release", kill_on_drop: false }`
[INFO] [stderr] warning: eliding a lifetime that's named elsewhere is confusing
[INFO] [stderr]    --> src/types.rs:104:70
[INFO] [stderr]     |
[INFO] [stderr] 104 |     pub fn flat_value_iterator<'a>(&'a self) -> impl Iterator<Item = &String> {
[INFO] [stderr]     |                                     -- the lifetime is named here    ^^^^^^^ the same lifetime is elided here
[INFO] [stderr]     |
[INFO] [stderr]     = help: the same lifetime is referred to in inconsistent ways, making the signature confusing
[INFO] [stderr]     = note: `#[warn(mismatched_lifetime_syntaxes)]` on by default
[INFO] [stderr] help: consistently use `'a`
[INFO] [stderr]     |
[INFO] [stderr] 104 |     pub fn flat_value_iterator<'a>(&'a self) -> impl Iterator<Item = &'a String> {
[INFO] [stderr]     |                                                                       ++
[INFO] [stderr] 
[INFO] [stderr] warning: `ga-v4-flattener` (lib) generated 1 warning (run `cargo fix --lib -p ga-v4-flattener` to apply 1 suggestion)
[INFO] [stderr] warning: `ga-v4-flattener` (lib test) generated 1 warning (1 duplicate)
[INFO] [stderr]     Finished `release` profile [optimized] target(s) in 0.07s
[INFO] [stderr] warning: the following packages contain code that will be rejected by a future version of Rust: criterion v0.2.11
[INFO] [stderr] note: to see what the problems were, use the option `--future-incompat-report`, or run `cargo report future-incompatibilities --id 4`
[INFO] [stderr]      Running unittests src/lib.rs (/opt/rustwide/target/release/build/ga-v4-flattener/2b141c66aa2a8521/out/ga_v4_flattener-2b141c66aa2a8521)
[INFO] [stdout] 
[INFO] [stdout] running 17 tests
[INFO] [stdout] test tests::rejects_reports_containing_unsupported_features ... FAILED
[INFO] [stdout] test to_row_array::tests::multiple_reports ... FAILED
[INFO] [stdout] test to_delimited::tests::includes_segment_as_a_dimension ... FAILED
[INFO] [stdout] test to_row_array::tests::single_dimension_and_metric ... FAILED
[INFO] [stdout] test to_row_array::tests::no_dimensions ... FAILED
[INFO] [stdout] test to_row_array::tests::large_report ... FAILED
[INFO] [stdout] test to_delimited::tests::no_rows ... FAILED
[INFO] [stdout] test to_row_array::tests::multiple_date_ranges ... FAILED
[INFO] [stdout] test to_row_array::tests::no_rows ... FAILED
[INFO] [stdout] test to_delimited::tests::single_dimension_and_metric ... FAILED
[INFO] [stdout] test to_row_array::tests::includes_segment_as_a_dimension ... FAILED
[INFO] [stdout] test to_delimited::tests::multiple_dimensions_and_metrics ... FAILED
[INFO] [stdout] test to_delimited::tests::multiple_date_ranges ... FAILED
[INFO] [stdout] test to_delimited::tests::no_dimensions ... FAILED
[INFO] [stdout] test to_delimited::tests::multiple_reports ... FAILED
[INFO] [stdout] test to_row_array::tests::multiple_dimensions_and_metrics ... FAILED
[INFO] [stdout] test to_delimited::tests::large_report ... FAILED
[INFO] [stdout] 
[INFO] [stdout] failures:
[INFO] [stdout] 
[INFO] [stdout] ---- tests::rejects_reports_containing_unsupported_features stdout ----
[INFO] [stdout] 
[INFO] [stdout] thread 'tests::rejects_reports_containing_unsupported_features' (653) panicked at src/lib.rs:58:10:
[INFO] [stdout] called `Result::unwrap()` on an `Err` value: Os { code: 2, kind: NotFound, message: "No such file or directory" }
[INFO] [stdout] stack backtrace:
[INFO] [stdout]    0:     0x609d726cd0b1 - <<std[617be2ca0a6fd877]::sys::backtrace::BacktraceLock>::print::DisplayBacktrace as core[a373ad73a504971]::fmt::Display>::fmt
[INFO] [stdout]    1:     0x609d726e19ea - core[a373ad73a504971]::fmt::write
[INFO] [stdout]    2:     0x609d726d12cc - <alloc[2e1b2a31b91974c5]::vec::Vec<u8> as core[a373ad73a504971]::io::write::Write>::write_fmt
[INFO] [stdout]    3:     0x609d726a9026 - std[617be2ca0a6fd877]::panicking::default_hook::{closure#0}
[INFO] [stdout]    4:     0x609d726c53e9 - std[617be2ca0a6fd877]::panicking::default_hook
[INFO] [stdout]    5:     0x609d7265a600 - test[aada8e7e76ba119b]::test_main_inner::{closure#0}
[INFO] [stdout]    6:     0x609d726c55a2 - std[617be2ca0a6fd877]::panicking::panic_with_hook
[INFO] [stdout]    7:     0x609d726a90d2 - std[617be2ca0a6fd877]::panicking::panic_handler::{closure#0}
[INFO] [stdout]    8:     0x609d726a1c59 - std[617be2ca0a6fd877]::sys::backtrace::__rust_end_short_backtrace::<std[617be2ca0a6fd877]::panicking::panic_handler::{closure#0}, !>
[INFO] [stdout]    9:     0x609d726a9cdd - __rustc[ea4f61d10b84890b]::rust_begin_unwind
[INFO] [stdout]   10:     0x609d726e211c - core[a373ad73a504971]::panicking::panic_fmt
[INFO] [stdout]   11:     0x609d726e1ef2 - core[a373ad73a504971]::result::unwrap_failed
[INFO] [stdout]   12:     0x609d7264a63a - <ga_v4_flattener[aa9ae3d61131ecb1]::tests::rejects_reports_containing_unsupported_features::{closure#0} as core[a373ad73a504971]::ops::function::FnOnce<()>>::call_once
[INFO] [stdout]   13:     0x609d7264da4b - test[aada8e7e76ba119b]::__rust_begin_short_backtrace::<core[a373ad73a504971]::result::Result<(), alloc[2e1b2a31b91974c5]::string::String>, fn() -> core[a373ad73a504971]::result::Result<(), alloc[2e1b2a31b91974c5]::string::String>>
[INFO] [stdout]   14:     0x609d7265ac25 - test[aada8e7e76ba119b]::run_test::{closure#0}
[INFO] [stdout]   15:     0x609d72654514 - std[617be2ca0a6fd877]::sys::backtrace::__rust_begin_short_backtrace::<test[aada8e7e76ba119b]::run_test::{closure#1}, ()>
[INFO] [stdout]   16:     0x609d7265dcb2 - <std[617be2ca0a6fd877]::thread::lifecycle::spawn_unchecked<test[aada8e7e76ba119b]::run_test::{closure#1}, ()>::{closure#1} as core[a373ad73a504971]::ops::function::FnOnce<()>>::call_once::{shim:vtable#0}
[INFO] [stdout]   17:     0x609d726cc5af - <std[617be2ca0a6fd877]::sys::thread::unix::Thread>::new::thread_start
[INFO] [stdout]   18:     0x79b89024ddfa - <unknown>
[INFO] [stdout]   19:     0x79b8902e13d4 - clone
[INFO] [stdout]   20:                0x0 - <unknown>
[INFO] [stdout] 
[INFO] [stdout] ---- to_row_array::tests::multiple_reports stdout ----
[INFO] [stdout] 
[INFO] [stdout] thread 'to_row_array::tests::multiple_reports' (666) panicked at src/to_row_array.rs:182:10:
[INFO] [stdout] called `Result::unwrap()` on an `Err` value: Os { code: 2, kind: NotFound, message: "No such file or directory" }
[INFO] [stdout] stack backtrace:
[INFO] [stdout]    0:     0x609d726cd0b1 - <<std[617be2ca0a6fd877]::sys::backtrace::BacktraceLock>::print::DisplayBacktrace as core[a373ad73a504971]::fmt::Display>::fmt
[INFO] [stdout]    1:     0x609d726e19ea - core[a373ad73a504971]::fmt::write
[INFO] [stdout]    2:     0x609d726d12cc - <alloc[2e1b2a31b91974c5]::vec::Vec<u8> as core[a373ad73a504971]::io::write::Write>::write_fmt
[INFO] [stdout]    3:     0x609d726a9026 - std[617be2ca0a6fd877]::panicking::default_hook::{closure#0}
[INFO] [stdout]    4:     0x609d726c53e9 - std[617be2ca0a6fd877]::panicking::default_hook
[INFO] [stdout]    5:     0x609d7265a600 - test[aada8e7e76ba119b]::test_main_inner::{closure#0}
[INFO] [stdout]    6:     0x609d726c55a2 - std[617be2ca0a6fd877]::panicking::panic_with_hook
[INFO] [stdout]    7:     0x609d726a90d2 - std[617be2ca0a6fd877]::panicking::panic_handler::{closure#0}
[INFO] [stdout]    8:     0x609d726a1c59 - std[617be2ca0a6fd877]::sys::backtrace::__rust_end_short_backtrace::<std[617be2ca0a6fd877]::panicking::panic_handler::{closure#0}, !>
[INFO] [stdout]    9:     0x609d726a9cdd - __rustc[ea4f61d10b84890b]::rust_begin_unwind
[INFO] [stdout]   10:     0x609d726e211c - core[a373ad73a504971]::panicking::panic_fmt
[INFO] [stdout]   11:     0x609d726e1ef2 - core[a373ad73a504971]::result::unwrap_failed
[INFO] [stdout]   12:     0x609d7263e142 - <ga_v4_flattener[aa9ae3d61131ecb1]::to_row_array::tests::multiple_reports::{closure#0} as core[a373ad73a504971]::ops::function::FnOnce<()>>::call_once
[INFO] [stdout]   13:     0x609d7264da4b - test[aada8e7e76ba119b]::__rust_begin_short_backtrace::<core[a373ad73a504971]::result::Result<(), alloc[2e1b2a31b91974c5]::string::String>, fn() -> core[a373ad73a504971]::result::Result<(), alloc[2e1b2a31b91974c5]::string::String>>
[INFO] [stdout]   14:     0x609d7265ac25 - test[aada8e7e76ba119b]::run_test::{closure#0}
[INFO] [stdout]   15:     0x609d72654514 - std[617be2ca0a6fd877]::sys::backtrace::__rust_begin_short_backtrace::<test[aada8e7e76ba119b]::run_test::{closure#1}, ()>
[INFO] [stdout]   16:     0x609d7265dcb2 - <std[617be2ca0a6fd877]::thread::lifecycle::spawn_unchecked<test[aada8e7e76ba119b]::run_test::{closure#1}, ()>::{closure#1} as core[a373ad73a504971]::ops::function::FnOnce<()>>::call_once::{shim:vtable#0}
[INFO] [stdout]   17:     0x609d726cc5af - <std[617be2ca0a6fd877]::sys::thread::unix::Thread>::new::thread_start
[INFO] [stdout]   18:     0x79b89024ddfa - <unknown>
[INFO] [stdout]   19:     0x79b8902e13d4 - clone
[INFO] [stdout]   20:                0x0 - <unknown>
[INFO] [stdout] 
[INFO] [stdout] ---- to_delimited::tests::includes_segment_as_a_dimension stdout ----
[INFO] [stdout] 
[INFO] [stdout] thread 'to_delimited::tests::includes_segment_as_a_dimension' (654) panicked at src/to_delimited.rs:212:10:
[INFO] [stdout] called `Result::unwrap()` on an `Err` value: Os { code: 2, kind: NotFound, message: "No such file or directory" }
[INFO] [stdout] stack backtrace:
[INFO] [stdout]    0:     0x609d726cd0b1 - <<std[617be2ca0a6fd877]::sys::backtrace::BacktraceLock>::print::DisplayBacktrace as core[a373ad73a504971]::fmt::Display>::fmt
[INFO] [stdout]    1:     0x609d726e19ea - core[a373ad73a504971]::fmt::write
[INFO] [stdout]    2:     0x609d726d12cc - <alloc[2e1b2a31b91974c5]::vec::Vec<u8> as core[a373ad73a504971]::io::write::Write>::write_fmt
[INFO] [stdout]    3:     0x609d726a9026 - std[617be2ca0a6fd877]::panicking::default_hook::{closure#0}
[INFO] [stdout]    4:     0x609d726c53e9 - std[617be2ca0a6fd877]::panicking::default_hook
[INFO] [stdout]    5:     0x609d7265a600 - test[aada8e7e76ba119b]::test_main_inner::{closure#0}
[INFO] [stdout]    6:     0x609d726c55a2 - std[617be2ca0a6fd877]::panicking::panic_with_hook
[INFO] [stdout]    7:     0x609d726a90d2 - std[617be2ca0a6fd877]::panicking::panic_handler::{closure#0}
[INFO] [stdout]    8:     0x609d726a1c59 - std[617be2ca0a6fd877]::sys::backtrace::__rust_end_short_backtrace::<std[617be2ca0a6fd877]::panicking::panic_handler::{closure#0}, !>
[INFO] [stdout]    9:     0x609d726a9cdd - __rustc[ea4f61d10b84890b]::rust_begin_unwind
[INFO] [stdout]   10:     0x609d726e211c - core[a373ad73a504971]::panicking::panic_fmt
[INFO] [stdout]   11:     0x609d726e1ef2 - core[a373ad73a504971]::result::unwrap_failed
[INFO] [stdout]   12:     0x609d7264d0d0 - <ga_v4_flattener[aa9ae3d61131ecb1]::to_delimited::tests::includes_segment_as_a_dimension::{closure#0} as core[a373ad73a504971]::ops::function::FnOnce<()>>::call_once
[INFO] [stdout]   13:     0x609d7264da4b - test[aada8e7e76ba119b]::__rust_begin_short_backtrace::<core[a373ad73a504971]::result::Result<(), alloc[2e1b2a31b91974c5]::string::String>, fn() -> core[a373ad73a504971]::result::Result<(), alloc[2e1b2a31b91974c5]::string::String>>
[INFO] [stdout]   14:     0x609d7265ac25 - test[aada8e7e76ba119b]::run_test::{closure#0}
[INFO] [stdout]   15:     0x609d72654514 - std[617be2ca0a6fd877]::sys::backtrace::__rust_begin_short_backtrace::<test[aada8e7e76ba119b]::run_test::{closure#1}, ()>
[INFO] [stdout]   16:     0x609d7265dcb2 - <std[617be2ca0a6fd877]::thread::lifecycle::spawn_unchecked<test[aada8e7e76ba119b]::run_test::{closure#1}, ()>::{closure#1} as core[a373ad73a504971]::ops::function::FnOnce<()>>::call_once::{shim:vtable#0}
[INFO] [stdout]   17:     0x609d726cc5af - <std[617be2ca0a6fd877]::sys::thread::unix::Thread>::new::thread_start
[INFO] [stdout]   18:     0x79b89024ddfa - <unknown>
[INFO] [stdout]   19:     0x79b8902e13d4 - clone
[INFO] [stdout]   20:                0x0 - <unknown>
[INFO] [stdout] 
[INFO] [stdout] ---- to_row_array::tests::single_dimension_and_metric stdout ----
[INFO] [stdout] 
[INFO] [stdout] thread 'to_row_array::tests::single_dimension_and_metric' (669) panicked at src/to_row_array.rs:108:10:
[INFO] [stdout] called `Result::unwrap()` on an `Err` value: Os { code: 2, kind: NotFound, message: "No such file or directory" }
[INFO] [stdout] stack backtrace:
[INFO] [stdout]    0:     0x609d726cd0b1 - <<std[617be2ca0a6fd877]::sys::backtrace::BacktraceLock>::print::DisplayBacktrace as core[a373ad73a504971]::fmt::Display>::fmt
[INFO] [stdout]    1:     0x609d726e19ea - core[a373ad73a504971]::fmt::write
[INFO] [stdout]    2:     0x609d726d12cc - <alloc[2e1b2a31b91974c5]::vec::Vec<u8> as core[a373ad73a504971]::io::write::Write>::write_fmt
[INFO] [stdout]    3:     0x609d726a9026 - std[617be2ca0a6fd877]::panicking::default_hook::{closure#0}
[INFO] [stdout]    4:     0x609d726c53e9 - std[617be2ca0a6fd877]::panicking::default_hook
[INFO] [stdout]    5:     0x609d7265a600 - test[aada8e7e76ba119b]::test_main_inner::{closure#0}
[INFO] [stdout]    6:     0x609d726c55a2 - std[617be2ca0a6fd877]::panicking::panic_with_hook
[INFO] [stdout]    7:     0x609d726a90d2 - std[617be2ca0a6fd877]::panicking::panic_handler::{closure#0}
[INFO] [stdout]    8:     0x609d726a1c59 - std[617be2ca0a6fd877]::sys::backtrace::__rust_end_short_backtrace::<std[617be2ca0a6fd877]::panicking::panic_handler::{closure#0}, !>
[INFO] [stdout]    9:     0x609d726a9cdd - __rustc[ea4f61d10b84890b]::rust_begin_unwind
[INFO] [stdout]   10:     0x609d726e211c - core[a373ad73a504971]::panicking::panic_fmt
[INFO] [stdout]   11:     0x609d726e1ef2 - core[a373ad73a504971]::result::unwrap_failed
[INFO] [stdout]   12:     0x609d726400f8 - <ga_v4_flattener[aa9ae3d61131ecb1]::to_row_array::tests::single_dimension_and_metric::{closure#0} as core[a373ad73a504971]::ops::function::FnOnce<()>>::call_once
[INFO] [stdout]   13:     0x609d7264da4b - test[aada8e7e76ba119b]::__rust_begin_short_backtrace::<core[a373ad73a504971]::result::Result<(), alloc[2e1b2a31b91974c5]::string::String>, fn() -> core[a373ad73a504971]::result::Result<(), alloc[2e1b2a31b91974c5]::string::String>>
[INFO] [stdout]   14:     0x609d7265ac25 - test[aada8e7e76ba119b]::run_test::{closure#0}
[INFO] [stdout]   15:     0x609d72654514 - std[617be2ca0a6fd877]::sys::backtrace::__rust_begin_short_backtrace::<test[aada8e7e76ba119b]::run_test::{closure#1}, ()>
[INFO] [stdout]   16:     0x609d7265dcb2 - <std[617be2ca0a6fd877]::thread::lifecycle::spawn_unchecked<test[aada8e7e76ba119b]::run_test::{closure#1}, ()>::{closure#1} as core[a373ad73a504971]::ops::function::FnOnce<()>>::call_once::{shim:vtable#0}
[INFO] [stdout]   17:     0x609d726cc5af - <std[617be2ca0a6fd877]::sys::thread::unix::Thread>::new::thread_start
[INFO] [stdout]   18:     0x79b89024ddfa - <unknown>
[INFO] [stdout]   19:     0x79b8902e13d4 - clone
[INFO] [stdout]   20:                0x0 - <unknown>
[INFO] [stdout] 
[INFO] [stdout] ---- to_row_array::tests::no_dimensions stdout ----
[INFO] [stdout] 
[INFO] [stdout] thread 'to_row_array::tests::no_dimensions' (667) panicked at src/to_row_array.rs:92:10:
[INFO] [stdout] called `Result::unwrap()` on an `Err` value: Os { code: 2, kind: NotFound, message: "No such file or directory" }
[INFO] [stdout] stack backtrace:
[INFO] [stdout]    0:     0x609d726cd0b1 - <<std[617be2ca0a6fd877]::sys::backtrace::BacktraceLock>::print::DisplayBacktrace as core[a373ad73a504971]::fmt::Display>::fmt
[INFO] [stdout]    1:     0x609d726e19ea - core[a373ad73a504971]::fmt::write
[INFO] [stdout]    2:     0x609d726d12cc - <alloc[2e1b2a31b91974c5]::vec::Vec<u8> as core[a373ad73a504971]::io::write::Write>::write_fmt
[INFO] [stdout]    3:     0x609d726a9026 - std[617be2ca0a6fd877]::panicking::default_hook::{closure#0}
[INFO] [stdout]    4:     0x609d726c53e9 - std[617be2ca0a6fd877]::panicking::default_hook
[INFO] [stdout]    5:     0x609d7265a600 - test[aada8e7e76ba119b]::test_main_inner::{closure#0}
[INFO] [stdout]    6:     0x609d726c55a2 - std[617be2ca0a6fd877]::panicking::panic_with_hook
[INFO] [stdout]    7:     0x609d726a90d2 - std[617be2ca0a6fd877]::panicking::panic_handler::{closure#0}
[INFO] [stdout]    8:     0x609d726a1c59 - std[617be2ca0a6fd877]::sys::backtrace::__rust_end_short_backtrace::<std[617be2ca0a6fd877]::panicking::panic_handler::{closure#0}, !>
[INFO] [stdout]    9:     0x609d726a9cdd - __rustc[ea4f61d10b84890b]::rust_begin_unwind
[INFO] [stdout]   10:     0x609d726e211c - core[a373ad73a504971]::panicking::panic_fmt
[INFO] [stdout]   11:     0x609d726e1ef2 - core[a373ad73a504971]::result::unwrap_failed
[INFO] [stdout]   12:     0x609d7263cdaa - <ga_v4_flattener[aa9ae3d61131ecb1]::to_row_array::tests::no_dimensions::{closure#0} as core[a373ad73a504971]::ops::function::FnOnce<()>>::call_once
[INFO] [stdout]   13:     0x609d7264da4b - test[aada8e7e76ba119b]::__rust_begin_short_backtrace::<core[a373ad73a504971]::result::Result<(), alloc[2e1b2a31b91974c5]::string::String>, fn() -> core[a373ad73a504971]::result::Result<(), alloc[2e1b2a31b91974c5]::string::String>>
[INFO] [stdout]   14:     0x609d7265ac25 - test[aada8e7e76ba119b]::run_test::{closure#0}
[INFO] [stdout]   15:     0x609d72654514 - std[617be2ca0a6fd877]::sys::backtrace::__rust_begin_short_backtrace::<test[aada8e7e76ba119b]::run_test::{closure#1}, ()>
[INFO] [stdout]   16:     0x609d7265dcb2 - <std[617be2ca0a6fd877]::thread::lifecycle::spawn_unchecked<test[aada8e7e76ba119b]::run_test::{closure#1}, ()>::{closure#1} as core[a373ad73a504971]::ops::function::FnOnce<()>>::call_once::{shim:vtable#0}
[INFO] [stdout]   17:     0x609d726cc5af - <std[617be2ca0a6fd877]::sys::thread::unix::Thread>::new::thread_start
[INFO] [stdout]   18:     0x79b89024ddfa - <unknown>
[INFO] [stdout]   19:     0x79b8902e13d4 - clone
[INFO] [stdout]   20:                0x0 - <unknown>
[INFO] [stdout] 
[INFO] [stdout] ---- to_row_array::tests::large_report stdout ----
[INFO] [stdout] 
[INFO] [stdout] thread 'to_row_array::tests::large_report' (663) panicked at src/to_row_array.rs:170:10:
[INFO] [stdout] called `Result::unwrap()` on an `Err` value: Os { code: 2, kind: NotFound, message: "No such file or directory" }
[INFO] [stdout] stack backtrace:
[INFO] [stdout]    0:     0x609d726cd0b1 - <<std[617be2ca0a6fd877]::sys::backtrace::BacktraceLock>::print::DisplayBacktrace as core[a373ad73a504971]::fmt::Display>::fmt
[INFO] [stdout]    1:     0x609d726e19ea - core[a373ad73a504971]::fmt::write
[INFO] [stdout]    2:     0x609d726d12cc - <alloc[2e1b2a31b91974c5]::vec::Vec<u8> as core[a373ad73a504971]::io::write::Write>::write_fmt
[INFO] [stdout]    3:     0x609d726a9026 - std[617be2ca0a6fd877]::panicking::default_hook::{closure#0}
[INFO] [stdout]    4:     0x609d726c53e9 - std[617be2ca0a6fd877]::panicking::default_hook
[INFO] [stdout]    5:     0x609d7265a600 - test[aada8e7e76ba119b]::test_main_inner::{closure#0}
[INFO] [stdout]    6:     0x609d726c55a2 - std[617be2ca0a6fd877]::panicking::panic_with_hook
[INFO] [stdout]    7:     0x609d726a90d2 - std[617be2ca0a6fd877]::panicking::panic_handler::{closure#0}
[INFO] [stdout]    8:     0x609d726a1c59 - std[617be2ca0a6fd877]::sys::backtrace::__rust_end_short_backtrace::<std[617be2ca0a6fd877]::panicking::panic_handler::{closure#0}, !>
[INFO] [stdout]    9:     0x609d726a9cdd - __rustc[ea4f61d10b84890b]::rust_begin_unwind
[INFO] [stdout]   10:     0x609d726e211c - core[a373ad73a504971]::panicking::panic_fmt
[INFO] [stdout]   11:     0x609d726e1ef2 - core[a373ad73a504971]::result::unwrap_failed
[INFO] [stdout]   12:     0x609d7263c965 - <ga_v4_flattener[aa9ae3d61131ecb1]::to_row_array::tests::large_report::{closure#0} as core[a373ad73a504971]::ops::function::FnOnce<()>>::call_once
[INFO] [stdout]   13:     0x609d7264da4b - test[aada8e7e76ba119b]::__rust_begin_short_backtrace::<core[a373ad73a504971]::result::Result<(), alloc[2e1b2a31b91974c5]::string::String>, fn() -> core[a373ad73a504971]::result::Result<(), alloc[2e1b2a31b91974c5]::string::String>>
[INFO] [stdout]   14:     0x609d7265ac25 - test[aada8e7e76ba119b]::run_test::{closure#0}
[INFO] [stdout]   15:     0x609d72654514 - std[617be2ca0a6fd877]::sys::backtrace::__rust_begin_short_backtrace::<test[aada8e7e76ba119b]::run_test::{closure#1}, ()>
[INFO] [stdout]   16:     0x609d7265dcb2 - <std[617be2ca0a6fd877]::thread::lifecycle::spawn_unchecked<test[aada8e7e76ba119b]::run_test::{closure#1}, ()>::{closure#1} as core[a373ad73a504971]::ops::function::FnOnce<()>>::call_once::{shim:vtable#0}
[INFO] [stdout]   17:     0x609d726cc5af - <std[617be2ca0a6fd877]::sys::thread::unix::Thread>::new::thread_start
[INFO] [stdout]   18:     0x79b89024ddfa - <unknown>
[INFO] [stdout]   19:     0x79b8902e13d4 - clone
[INFO] [stdout]   20:                0x0 - <unknown>
[INFO] [stdout] 
[INFO] [stdout] ---- to_delimited::tests::no_rows stdout ----
[INFO] [stdout] 
[INFO] [stdout] thread 'to_delimited::tests::no_rows' (660) panicked at src/to_delimited.rs:68:10:
[INFO] [stdout] called `Result::unwrap()` on an `Err` value: Os { code: 2, kind: NotFound, message: "No such file or directory" }
[INFO] [stdout] stack backtrace:
[INFO] [stdout]    0:     0x609d726cd0b1 - <<std[617be2ca0a6fd877]::sys::backtrace::BacktraceLock>::print::DisplayBacktrace as core[a373ad73a504971]::fmt::Display>::fmt
[INFO] [stdout]    1:     0x609d726e19ea - core[a373ad73a504971]::fmt::write
[INFO] [stdout]    2:     0x609d726d12cc - <alloc[2e1b2a31b91974c5]::vec::Vec<u8> as core[a373ad73a504971]::io::write::Write>::write_fmt
[INFO] [stdout]    3:     0x609d726a9026 - std[617be2ca0a6fd877]::panicking::default_hook::{closure#0}
[INFO] [stdout]    4:     0x609d726c53e9 - std[617be2ca0a6fd877]::panicking::default_hook
[INFO] [stdout]    5:     0x609d7265a600 - test[aada8e7e76ba119b]::test_main_inner::{closure#0}
[INFO] [stdout]    6:     0x609d726c55a2 - std[617be2ca0a6fd877]::panicking::panic_with_hook
[INFO] [stdout]    7:     0x609d726a90d2 - std[617be2ca0a6fd877]::panicking::panic_handler::{closure#0}
[INFO] [stdout]    8:     0x609d726a1c59 - std[617be2ca0a6fd877]::sys::backtrace::__rust_end_short_backtrace::<std[617be2ca0a6fd877]::panicking::panic_handler::{closure#0}, !>
[INFO] [stdout]    9:     0x609d726a9cdd - __rustc[ea4f61d10b84890b]::rust_begin_unwind
[INFO] [stdout]   10:     0x609d726e211c - core[a373ad73a504971]::panicking::panic_fmt
[INFO] [stdout]   11:     0x609d726e1ef2 - core[a373ad73a504971]::result::unwrap_failed
[INFO] [stdout]   12:     0x609d7264d8d3 - <ga_v4_flattener[aa9ae3d61131ecb1]::to_delimited::tests::no_rows::{closure#0} as core[a373ad73a504971]::ops::function::FnOnce<()>>::call_once
[INFO] [stdout]   13:     0x609d7264da4b - test[aada8e7e76ba119b]::__rust_begin_short_backtrace::<core[a373ad73a504971]::result::Result<(), alloc[2e1b2a31b91974c5]::string::String>, fn() -> core[a373ad73a504971]::result::Result<(), alloc[2e1b2a31b91974c5]::string::String>>
[INFO] [stdout]   14:     0x609d7265ac25 - test[aada8e7e76ba119b]::run_test::{closure#0}
[INFO] [stdout]   15:     0x609d72654514 - std[617be2ca0a6fd877]::sys::backtrace::__rust_begin_short_backtrace::<test[aada8e7e76ba119b]::run_test::{closure#1}, ()>
[INFO] [stdout]   16:     0x609d7265dcb2 - <std[617be2ca0a6fd877]::thread::lifecycle::spawn_unchecked<test[aada8e7e76ba119b]::run_test::{closure#1}, ()>::{closure#1} as core[a373ad73a504971]::ops::function::FnOnce<()>>::call_once::{shim:vtable#0}
[INFO] [stdout]   17:     0x609d726cc5af - <std[617be2ca0a6fd877]::sys::thread::unix::Thread>::new::thread_start
[INFO] [stdout]   18:     0x79b89024ddfa - <unknown>
[INFO] [stdout]   19:     0x79b8902e13d4 - clone
[INFO] [stdout]   20:                0x0 - <unknown>
[INFO] [stdout] 
[INFO] [stdout] ---- to_row_array::tests::multiple_date_ranges stdout ----
[INFO] [stdout] 
[INFO] [stdout] thread 'to_row_array::tests::multiple_date_ranges' (664) panicked at src/to_row_array.rs:228:10:
[INFO] [stdout] called `Result::unwrap()` on an `Err` value: Os { code: 2, kind: NotFound, message: "No such file or directory" }
[INFO] [stdout] stack backtrace:
[INFO] [stdout]    0:     0x609d726cd0b1 - <<std[617be2ca0a6fd877]::sys::backtrace::BacktraceLock>::print::DisplayBacktrace as core[a373ad73a504971]::fmt::Display>::fmt
[INFO] [stdout]    1:     0x609d726e19ea - core[a373ad73a504971]::fmt::write
[INFO] [stdout]    2:     0x609d726d12cc - <alloc[2e1b2a31b91974c5]::vec::Vec<u8> as core[a373ad73a504971]::io::write::Write>::write_fmt
[INFO] [stdout]    3:     0x609d726a9026 - std[617be2ca0a6fd877]::panicking::default_hook::{closure#0}
[INFO] [stdout]    4:     0x609d726c53e9 - std[617be2ca0a6fd877]::panicking::default_hook
[INFO] [stdout]    5:     0x609d7265a600 - test[aada8e7e76ba119b]::test_main_inner::{closure#0}
[INFO] [stdout]    6:     0x609d726c55a2 - std[617be2ca0a6fd877]::panicking::panic_with_hook
[INFO] [stdout]    7:     0x609d726a90d2 - std[617be2ca0a6fd877]::panicking::panic_handler::{closure#0}
[INFO] [stdout]    8:     0x609d726a1c59 - std[617be2ca0a6fd877]::sys::backtrace::__rust_end_short_backtrace::<std[617be2ca0a6fd877]::panicking::panic_handler::{closure#0}, !>
[INFO] [stdout]    9:     0x609d726a9cdd - __rustc[ea4f61d10b84890b]::rust_begin_unwind
[INFO] [stdout]   10:     0x609d726e211c - core[a373ad73a504971]::panicking::panic_fmt
[INFO] [stdout]   11:     0x609d726e1ef2 - core[a373ad73a504971]::result::unwrap_failed
[INFO] [stdout]   12:     0x609d7263f43a - <ga_v4_flattener[aa9ae3d61131ecb1]::to_row_array::tests::multiple_date_ranges::{closure#0} as core[a373ad73a504971]::ops::function::FnOnce<()>>::call_once
[INFO] [stdout]   13:     0x609d7264da4b - test[aada8e7e76ba119b]::__rust_begin_short_backtrace::<core[a373ad73a504971]::result::Result<(), alloc[2e1b2a31b91974c5]::string::String>, fn() -> core[a373ad73a504971]::result::Result<(), alloc[2e1b2a31b91974c5]::string::String>>
[INFO] [stdout]   14:     0x609d7265ac25 - test[aada8e7e76ba119b]::run_test::{closure#0}
[INFO] [stdout]   15:     0x609d72654514 - std[617be2ca0a6fd877]::sys::backtrace::__rust_begin_short_backtrace::<test[aada8e7e76ba119b]::run_test::{closure#1}, ()>
[INFO] [stdout]   16:     0x609d7265dcb2 - <std[617be2ca0a6fd877]::thread::lifecycle::spawn_unchecked<test[aada8e7e76ba119b]::run_test::{closure#1}, ()>::{closure#1} as core[a373ad73a504971]::ops::function::FnOnce<()>>::call_once::{shim:vtable#0}
[INFO] [stdout]   17:     0x609d726cc5af - <std[617be2ca0a6fd877]::sys::thread::unix::Thread>::new::thread_start
[INFO] [stdout]   18:     0x79b89024ddfa - <unknown>
[INFO] [stdout]   19:     0x79b8902e13d4 - clone
[INFO] [stdout]   20:                0x0 - <unknown>
[INFO] [stdout] 
[INFO] [stdout] ---- to_row_array::tests::no_rows stdout ----
[INFO] [stdout] 
[INFO] [stdout] thread 'to_row_array::tests::no_rows' (668) panicked at src/to_row_array.rs:80:10:
[INFO] [stdout] called `Result::unwrap()` on an `Err` value: Os { code: 2, kind: NotFound, message: "No such file or directory" }
[INFO] [stdout] stack backtrace:
[INFO] [stdout]    0:     0x609d726cd0b1 - <<std[617be2ca0a6fd877]::sys::backtrace::BacktraceLock>::print::DisplayBacktrace as core[a373ad73a504971]::fmt::Display>::fmt
[INFO] [stdout]    1:     0x609d726e19ea - core[a373ad73a504971]::fmt::write
[INFO] [stdout]    2:     0x609d726d12cc - <alloc[2e1b2a31b91974c5]::vec::Vec<u8> as core[a373ad73a504971]::io::write::Write>::write_fmt
[INFO] [stdout]    3:     0x609d726a9026 - std[617be2ca0a6fd877]::panicking::default_hook::{closure#0}
[INFO] [stdout]    4:     0x609d726c53e9 - std[617be2ca0a6fd877]::panicking::default_hook
[INFO] [stdout]    5:     0x609d7265a600 - test[aada8e7e76ba119b]::test_main_inner::{closure#0}
[INFO] [stdout]    6:     0x609d726c55a2 - std[617be2ca0a6fd877]::panicking::panic_with_hook
[INFO] [stdout]    7:     0x609d726a90d2 - std[617be2ca0a6fd877]::panicking::panic_handler::{closure#0}
[INFO] [stdout]    8:     0x609d726a1c59 - std[617be2ca0a6fd877]::sys::backtrace::__rust_end_short_backtrace::<std[617be2ca0a6fd877]::panicking::panic_handler::{closure#0}, !>
[INFO] [stdout]    9:     0x609d726a9cdd - __rustc[ea4f61d10b84890b]::rust_begin_unwind
[INFO] [stdout]   10:     0x609d726e211c - core[a373ad73a504971]::panicking::panic_fmt
[INFO] [stdout]   11:     0x609d726e1ef2 - core[a373ad73a504971]::result::unwrap_failed
[INFO] [stdout]   12:     0x609d72642d92 - <ga_v4_flattener[aa9ae3d61131ecb1]::to_row_array::tests::no_rows::{closure#0} as core[a373ad73a504971]::ops::function::FnOnce<()>>::call_once
[INFO] [stdout]   13:     0x609d7264da4b - test[aada8e7e76ba119b]::__rust_begin_short_backtrace::<core[a373ad73a504971]::result::Result<(), alloc[2e1b2a31b91974c5]::string::String>, fn() -> core[a373ad73a504971]::result::Result<(), alloc[2e1b2a31b91974c5]::string::String>>
[INFO] [stdout]   14:     0x609d7265ac25 - test[aada8e7e76ba119b]::run_test::{closure#0}
[INFO] [stdout]   15:     0x609d72654514 - std[617be2ca0a6fd877]::sys::backtrace::__rust_begin_short_backtrace::<test[aada8e7e76ba119b]::run_test::{closure#1}, ()>
[INFO] [stdout]   16:     0x609d7265dcb2 - <std[617be2ca0a6fd877]::thread::lifecycle::spawn_unchecked<test[aada8e7e76ba119b]::run_test::{closure#1}, ()>::{closure#1} as core[a373ad73a504971]::ops::function::FnOnce<()>>::call_once::{shim:vtable#0}
[INFO] [stdout]   17:     0x609d726cc5af - <std[617be2ca0a6fd877]::sys::thread::unix::Thread>::new::thread_start
[INFO] [stdout]   18:     0x79b89024ddfa - <unknown>
[INFO] [stdout]   19:     0x79b8902e13d4 - clone
[INFO] [stdout]   20:                0x0 - <unknown>
[INFO] [stdout] 
[INFO] [stdout] ---- to_delimited::tests::single_dimension_and_metric stdout ----
[INFO] [stdout] 
[INFO] [stdout] thread 'to_delimited::tests::single_dimension_and_metric' (661) panicked at src/to_delimited.rs:99:10:
[INFO] [stdout] called `Result::unwrap()` on an `Err` value: Os { code: 2, kind: NotFound, message: "No such file or directory" }
[INFO] [stdout] stack backtrace:
[INFO] [stdout]    0:     0x609d726cd0b1 - <<std[617be2ca0a6fd877]::sys::backtrace::BacktraceLock>::print::DisplayBacktrace as core[a373ad73a504971]::fmt::Display>::fmt
[INFO] [stdout]    1:     0x609d726e19ea - core[a373ad73a504971]::fmt::write
[INFO] [stdout]    2:     0x609d726d12cc - <alloc[2e1b2a31b91974c5]::vec::Vec<u8> as core[a373ad73a504971]::io::write::Write>::write_fmt
[INFO] [stdout]    3:     0x609d726a9026 - std[617be2ca0a6fd877]::panicking::default_hook::{closure#0}
[INFO] [stdout]    4:     0x609d726c53e9 - std[617be2ca0a6fd877]::panicking::default_hook
[INFO] [stdout]    5:     0x609d7265a600 - test[aada8e7e76ba119b]::test_main_inner::{closure#0}
[INFO] [stdout]    6:     0x609d726c55a2 - std[617be2ca0a6fd877]::panicking::panic_with_hook
[INFO] [stdout]    7:     0x609d726a90d2 - std[617be2ca0a6fd877]::panicking::panic_handler::{closure#0}
[INFO] [stdout]    8:     0x609d726a1c59 - std[617be2ca0a6fd877]::sys::backtrace::__rust_end_short_backtrace::<std[617be2ca0a6fd877]::panicking::panic_handler::{closure#0}, !>
[INFO] [stdout]    9:     0x609d726a9cdd - __rustc[ea4f61d10b84890b]::rust_begin_unwind
[INFO] [stdout]   10:     0x609d726e211c - core[a373ad73a504971]::panicking::panic_fmt
[INFO] [stdout]   11:     0x609d726e1ef2 - core[a373ad73a504971]::result::unwrap_failed
[INFO] [stdout]   12:     0x609d7264cc57 - <ga_v4_flattener[aa9ae3d61131ecb1]::to_delimited::tests::single_dimension_and_metric::{closure#0} as core[a373ad73a504971]::ops::function::FnOnce<()>>::call_once
[INFO] [stdout]   13:     0x609d7264da4b - test[aada8e7e76ba119b]::__rust_begin_short_backtrace::<core[a373ad73a504971]::result::Result<(), alloc[2e1b2a31b91974c5]::string::String>, fn() -> core[a373ad73a504971]::result::Result<(), alloc[2e1b2a31b91974c5]::string::String>>
[INFO] [stdout]   14:     0x609d7265ac25 - test[aada8e7e76ba119b]::run_test::{closure#0}
[INFO] [stdout]   15:     0x609d72654514 - std[617be2ca0a6fd877]::sys::backtrace::__rust_begin_short_backtrace::<test[aada8e7e76ba119b]::run_test::{closure#1}, ()>
[INFO] [stdout]   16:     0x609d7265dcb2 - <std[617be2ca0a6fd877]::thread::lifecycle::spawn_unchecked<test[aada8e7e76ba119b]::run_test::{closure#1}, ()>::{closure#1} as core[a373ad73a504971]::ops::function::FnOnce<()>>::call_once::{shim:vtable#0}
[INFO] [stdout]   17:     0x609d726cc5af - <std[617be2ca0a6fd877]::sys::thread::unix::Thread>::new::thread_start
[INFO] [stdout]   18:     0x79b89024ddfa - <unknown>
[INFO] [stdout]   19:     0x79b8902e13d4 - clone
[INFO] [stdout]   20:                0x0 - <unknown>
[INFO] [stdout] 
[INFO] [stdout] ---- to_row_array::tests::includes_segment_as_a_dimension stdout ----
[INFO] [stdout] 
[INFO] [stdout] thread 'to_row_array::tests::includes_segment_as_a_dimension' (662) panicked at src/to_row_array.rs:263:10:
[INFO] [stdout] called `Result::unwrap()` on an `Err` value: Os { code: 2, kind: NotFound, message: "No such file or directory" }
[INFO] [stdout] stack backtrace:
[INFO] [stdout]    0:     0x609d726cd0b1 - <<std[617be2ca0a6fd877]::sys::backtrace::BacktraceLock>::print::DisplayBacktrace as core[a373ad73a504971]::fmt::Display>::fmt
[INFO] [stdout]    1:     0x609d726e19ea - core[a373ad73a504971]::fmt::write
[INFO] [stdout]    2:     0x609d726d12cc - <alloc[2e1b2a31b91974c5]::vec::Vec<u8> as core[a373ad73a504971]::io::write::Write>::write_fmt
[INFO] [stdout]    3:     0x609d726a9026 - std[617be2ca0a6fd877]::panicking::default_hook::{closure#0}
[INFO] [stdout]    4:     0x609d726c53e9 - std[617be2ca0a6fd877]::panicking::default_hook
[INFO] [stdout]    5:     0x609d7265a600 - test[aada8e7e76ba119b]::test_main_inner::{closure#0}
[INFO] [stdout]    6:     0x609d726c55a2 - std[617be2ca0a6fd877]::panicking::panic_with_hook
[INFO] [stdout]    7:     0x609d726a90d2 - std[617be2ca0a6fd877]::panicking::panic_handler::{closure#0}
[INFO] [stdout]    8:     0x609d726a1c59 - std[617be2ca0a6fd877]::sys::backtrace::__rust_end_short_backtrace::<std[617be2ca0a6fd877]::panicking::panic_handler::{closure#0}, !>
[INFO] [stdout]    9:     0x609d726a9cdd - __rustc[ea4f61d10b84890b]::rust_begin_unwind
[INFO] [stdout]   10:     0x609d726e211c - core[a373ad73a504971]::panicking::panic_fmt
[INFO] [stdout]   11:     0x609d726e1ef2 - core[a373ad73a504971]::result::unwrap_failed
[INFO] [stdout]   12:     0x609d726414d5 - <ga_v4_flattener[aa9ae3d61131ecb1]::to_row_array::tests::includes_segment_as_a_dimension::{closure#0} as core[a373ad73a504971]::ops::function::FnOnce<()>>::call_once
[INFO] [stdout]   13:     0x609d7264da4b - test[aada8e7e76ba119b]::__rust_begin_short_backtrace::<core[a373ad73a504971]::result::Result<(), alloc[2e1b2a31b91974c5]::string::String>, fn() -> core[a373ad73a504971]::result::Result<(), alloc[2e1b2a31b91974c5]::string::String>>
[INFO] [stdout]   14:     0x609d7265ac25 - test[aada8e7e76ba119b]::run_test::{closure#0}
[INFO] [stdout]   15:     0x609d72654514 - std[617be2ca0a6fd877]::sys::backtrace::__rust_begin_short_backtrace::<test[aada8e7e76ba119b]::run_test::{closure#1}, ()>
[INFO] [stdout]   16:     0x609d7265dcb2 - <std[617be2ca0a6fd877]::thread::lifecycle::spawn_unchecked<test[aada8e7e76ba119b]::run_test::{closure#1}, ()>::{closure#1} as core[a373ad73a504971]::ops::function::FnOnce<()>>::call_once::{shim:vtable#0}
[INFO] [stdout]   17:     0x609d726cc5af - <std[617be2ca0a6fd877]::sys::thread::unix::Thread>::new::thread_start
[INFO] [stdout]   18:     0x79b89024ddfa - <unknown>
[INFO] [stdout]   19:     0x79b8902e13d4 - clone
[INFO] [stdout]   20:                0x0 - <unknown>
[INFO] [stdout] 
[INFO] [stdout] ---- to_delimited::tests::multiple_dimensions_and_metrics stdout ----
[INFO] [stdout] 
[INFO] [stdout] thread 'to_delimited::tests::multiple_dimensions_and_metrics' (657) panicked at src/to_delimited.rs:121:10:
[INFO] [stdout] called `Result::unwrap()` on an `Err` value: Os { code: 2, kind: NotFound, message: "No such file or directory" }
[INFO] [stdout] stack backtrace:
[INFO] [stdout]    0:     0x609d726cd0b1 - <<std[617be2ca0a6fd877]::sys::backtrace::BacktraceLock>::print::DisplayBacktrace as core[a373ad73a504971]::fmt::Display>::fmt
[INFO] [stdout]    1:     0x609d726e19ea - core[a373ad73a504971]::fmt::write
[INFO] [stdout]    2:     0x609d726d12cc - <alloc[2e1b2a31b91974c5]::vec::Vec<u8> as core[a373ad73a504971]::io::write::Write>::write_fmt
[INFO] [stdout]    3:     0x609d726a9026 - std[617be2ca0a6fd877]::panicking::default_hook::{closure#0}
[INFO] [stdout]    4:     0x609d726c53e9 - std[617be2ca0a6fd877]::panicking::default_hook
[INFO] [stdout]    5:     0x609d7265a600 - test[aada8e7e76ba119b]::test_main_inner::{closure#0}
[INFO] [stdout]    6:     0x609d726c55a2 - std[617be2ca0a6fd877]::panicking::panic_with_hook
[INFO] [stdout]    7:     0x609d726a90d2 - std[617be2ca0a6fd877]::panicking::panic_handler::{closure#0}
[INFO] [stdout]    8:     0x609d726a1c59 - std[617be2ca0a6fd877]::sys::backtrace::__rust_end_short_backtrace::<std[617be2ca0a6fd877]::panicking::panic_handler::{closure#0}, !>
[INFO] [stdout]    9:     0x609d726a9cdd - __rustc[ea4f61d10b84890b]::rust_begin_unwind
[INFO] [stdout]   10:     0x609d726e211c - core[a373ad73a504971]::panicking::panic_fmt
[INFO] [stdout]   11:     0x609d726e1ef2 - core[a373ad73a504971]::result::unwrap_failed
[INFO] [stdout]   12:     0x609d7264d4a7 - <ga_v4_flattener[aa9ae3d61131ecb1]::to_delimited::tests::multiple_dimensions_and_metrics::{closure#0} as core[a373ad73a504971]::ops::function::FnOnce<()>>::call_once
[INFO] [stdout]   13:     0x609d7264da4b - test[aada8e7e76ba119b]::__rust_begin_short_backtrace::<core[a373ad73a504971]::result::Result<(), alloc[2e1b2a31b91974c5]::string::String>, fn() -> core[a373ad73a504971]::result::Result<(), alloc[2e1b2a31b91974c5]::string::String>>
[INFO] [stdout]   14:     0x609d7265ac25 - test[aada8e7e76ba119b]::run_test::{closure#0}
[INFO] [stdout]   15:     0x609d72654514 - std[617be2ca0a6fd877]::sys::backtrace::__rust_begin_short_backtrace::<test[aada8e7e76ba119b]::run_test::{closure#1}, ()>
[INFO] [stdout]   16:     0x609d7265dcb2 - <std[617be2ca0a6fd877]::thread::lifecycle::spawn_unchecked<test[aada8e7e76ba119b]::run_test::{closure#1}, ()>::{closure#1} as core[a373ad73a504971]::ops::function::FnOnce<()>>::call_once::{shim:vtable#0}
[INFO] [stdout]   17:     0x609d726cc5af - <std[617be2ca0a6fd877]::sys::thread::unix::Thread>::new::thread_start
[INFO] [stdout]   18:     0x79b89024ddfa - <unknown>
[INFO] [stdout]   19:     0x79b8902e13d4 - clone
[INFO] [stdout]   20:                0x0 - <unknown>
[INFO] [stdout] 
[INFO] [stdout] ---- to_delimited::tests::multiple_date_ranges stdout ----
[INFO] [stdout] 
[INFO] [stdout] thread 'to_delimited::tests::multiple_date_ranges' (656) panicked at src/to_delimited.rs:189:10:
[INFO] [stdout] called `Result::unwrap()` on an `Err` value: Os { code: 2, kind: NotFound, message: "No such file or directory" }
[INFO] [stdout] stack backtrace:
[INFO] [stdout]    0:     0x609d726cd0b1 - <<std[617be2ca0a6fd877]::sys::backtrace::BacktraceLock>::print::DisplayBacktrace as core[a373ad73a504971]::fmt::Display>::fmt
[INFO] [stdout]    1:     0x609d726e19ea - core[a373ad73a504971]::fmt::write
[INFO] [stdout]    2:     0x609d726d12cc - <alloc[2e1b2a31b91974c5]::vec::Vec<u8> as core[a373ad73a504971]::io::write::Write>::write_fmt
[INFO] [stdout]    3:     0x609d726a9026 - std[617be2ca0a6fd877]::panicking::default_hook::{closure#0}
[INFO] [stdout]    4:     0x609d726c53e9 - std[617be2ca0a6fd877]::panicking::default_hook
[INFO] [stdout]    5:     0x609d7265a600 - test[aada8e7e76ba119b]::test_main_inner::{closure#0}
[INFO] [stdout]    6:     0x609d726c55a2 - std[617be2ca0a6fd877]::panicking::panic_with_hook
[INFO] [stdout]    7:     0x609d726a90d2 - std[617be2ca0a6fd877]::panicking::panic_handler::{closure#0}
[INFO] [stdout]    8:     0x609d726a1c59 - std[617be2ca0a6fd877]::sys::backtrace::__rust_end_short_backtrace::<std[617be2ca0a6fd877]::panicking::panic_handler::{closure#0}, !>
[INFO] [stdout]    9:     0x609d726a9cdd - __rustc[ea4f61d10b84890b]::rust_begin_unwind
[INFO] [stdout]   10:     0x609d726e211c - core[a373ad73a504971]::panicking::panic_fmt
[INFO] [stdout]   11:     0x609d726e1ef2 - core[a373ad73a504971]::result::unwrap_failed
[INFO] [stdout]   12:     0x609d7264c860 - <ga_v4_flattener[aa9ae3d61131ecb1]::to_delimited::tests::multiple_date_ranges::{closure#0} as core[a373ad73a504971]::ops::function::FnOnce<()>>::call_once
[INFO] [stdout]   13:     0x609d7264da4b - test[aada8e7e76ba119b]::__rust_begin_short_backtrace::<core[a373ad73a504971]::result::Result<(), alloc[2e1b2a31b91974c5]::string::String>, fn() -> core[a373ad73a504971]::result::Result<(), alloc[2e1b2a31b91974c5]::string::String>>
[INFO] [stdout]   14:     0x609d7265ac25 - test[aada8e7e76ba119b]::run_test::{closure#0}
[INFO] [stdout]   15:     0x609d72654514 - std[617be2ca0a6fd877]::sys::backtrace::__rust_begin_short_backtrace::<test[aada8e7e76ba119b]::run_test::{closure#1}, ()>
[INFO] [stdout]   16:     0x609d7265dcb2 - <std[617be2ca0a6fd877]::thread::lifecycle::spawn_unchecked<test[aada8e7e76ba119b]::run_test::{closure#1}, ()>::{closure#1} as core[a373ad73a504971]::ops::function::FnOnce<()>>::call_once::{shim:vtable#0}
[INFO] [stdout]   17:     0x609d726cc5af - <std[617be2ca0a6fd877]::sys::thread::unix::Thread>::new::thread_start
[INFO] [stdout]   18:     0x79b89024ddfa - <unknown>
[INFO] [stdout]   19:     0x79b8902e13d4 - clone
[INFO] [stdout]   20:                0x0 - <unknown>
[INFO] [stdout] 
[INFO] [stdout] ---- to_delimited::tests::no_dimensions stdout ----
[INFO] [stdout] 
[INFO] [stdout] thread 'to_delimited::tests::no_dimensions' (659) panicked at src/to_delimited.rs:83:10:
[INFO] [stdout] called `Result::unwrap()` on an `Err` value: Os { code: 2, kind: NotFound, message: "No such file or directory" }
[INFO] [stdout] stack backtrace:
[INFO] [stdout]    0:     0x609d726cd0b1 - <<std[617be2ca0a6fd877]::sys::backtrace::BacktraceLock>::print::DisplayBacktrace as core[a373ad73a504971]::fmt::Display>::fmt
[INFO] [stdout]    1:     0x609d726e19ea - core[a373ad73a504971]::fmt::write
[INFO] [stdout]    2:     0x609d726d12cc - <alloc[2e1b2a31b91974c5]::vec::Vec<u8> as core[a373ad73a504971]::io::write::Write>::write_fmt
[INFO] [stdout]    3:     0x609d726a9026 - std[617be2ca0a6fd877]::panicking::default_hook::{closure#0}
[INFO] [stdout]    4:     0x609d726c53e9 - std[617be2ca0a6fd877]::panicking::default_hook
[INFO] [stdout]    5:     0x609d7265a600 - test[aada8e7e76ba119b]::test_main_inner::{closure#0}
[INFO] [stdout]    6:     0x609d726c55a2 - std[617be2ca0a6fd877]::panicking::panic_with_hook
[INFO] [stdout]    7:     0x609d726a90d2 - std[617be2ca0a6fd877]::panicking::panic_handler::{closure#0}
[INFO] [stdout]    8:     0x609d726a1c59 - std[617be2ca0a6fd877]::sys::backtrace::__rust_end_short_backtrace::<std[617be2ca0a6fd877]::panicking::panic_handler::{closure#0}, !>
[INFO] [stdout]    9:     0x609d726a9cdd - __rustc[ea4f61d10b84890b]::rust_begin_unwind
[INFO] [stdout]   10:     0x609d726e211c - core[a373ad73a504971]::panicking::panic_fmt
[INFO] [stdout]   11:     0x609d726e1ef2 - core[a373ad73a504971]::result::unwrap_failed
[INFO] [stdout]   12:     0x609d7264be37 - <ga_v4_flattener[aa9ae3d61131ecb1]::to_delimited::tests::no_dimensions::{closure#0} as core[a373ad73a504971]::ops::function::FnOnce<()>>::call_once
[INFO] [stdout]   13:     0x609d7264da4b - test[aada8e7e76ba119b]::__rust_begin_short_backtrace::<core[a373ad73a504971]::result::Result<(), alloc[2e1b2a31b91974c5]::string::String>, fn() -> core[a373ad73a504971]::result::Result<(), alloc[2e1b2a31b91974c5]::string::String>>
[INFO] [stdout]   14:     0x609d7265ac25 - test[aada8e7e76ba119b]::run_test::{closure#0}
[INFO] [stdout]   15:     0x609d72654514 - std[617be2ca0a6fd877]::sys::backtrace::__rust_begin_short_backtrace::<test[aada8e7e76ba119b]::run_test::{closure#1}, ()>
[INFO] [stdout]   16:     0x609d7265dcb2 - <std[617be2ca0a6fd877]::thread::lifecycle::spawn_unchecked<test[aada8e7e76ba119b]::run_test::{closure#1}, ()>::{closure#1} as core[a373ad73a504971]::ops::function::FnOnce<()>>::call_once::{shim:vtable#0}
[INFO] [stdout]   17:     0x609d726cc5af - <std[617be2ca0a6fd877]::sys::thread::unix::Thread>::new::thread_start
[INFO] [stdout]   18:     0x79b89024ddfa - <unknown>
[INFO] [stdout]   19:     0x79b8902e13d4 - clone
[INFO] [stdout]   20:                0x0 - <unknown>
[INFO] [stdout] 
[INFO] [stdout] ---- to_delimited::tests::multiple_reports stdout ----
[INFO] [stdout] 
[INFO] [stdout] thread 'to_delimited::tests::multiple_reports' (658) panicked at src/to_delimited.rs:156:10:
[INFO] [stdout] called `Result::unwrap()` on an `Err` value: Os { code: 2, kind: NotFound, message: "No such file or directory" }
[INFO] [stdout] stack backtrace:
[INFO] [stdout]    0:     0x609d726cd0b1 - <<std[617be2ca0a6fd877]::sys::backtrace::BacktraceLock>::print::DisplayBacktrace as core[a373ad73a504971]::fmt::Display>::fmt
[INFO] [stdout]    1:     0x609d726e19ea - core[a373ad73a504971]::fmt::write
[INFO] [stdout]    2:     0x609d726d12cc - <alloc[2e1b2a31b91974c5]::vec::Vec<u8> as core[a373ad73a504971]::io::write::Write>::write_fmt
[INFO] [stdout]    3:     0x609d726a9026 - std[617be2ca0a6fd877]::panicking::default_hook::{closure#0}
[INFO] [stdout]    4:     0x609d726c53e9 - std[617be2ca0a6fd877]::panicking::default_hook
[INFO] [stdout]    5:     0x609d7265a600 - test[aada8e7e76ba119b]::test_main_inner::{closure#0}
[INFO] [stdout]    6:     0x609d726c55a2 - std[617be2ca0a6fd877]::panicking::panic_with_hook
[INFO] [stdout]    7:     0x609d726a90d2 - std[617be2ca0a6fd877]::panicking::panic_handler::{closure#0}
[INFO] [stdout]    8:     0x609d726a1c59 - std[617be2ca0a6fd877]::sys::backtrace::__rust_end_short_backtrace::<std[617be2ca0a6fd877]::panicking::panic_handler::{closure#0}, !>
[INFO] [stdout]    9:     0x609d726a9cdd - __rustc[ea4f61d10b84890b]::rust_begin_unwind
[INFO] [stdout]   10:     0x609d726e211c - core[a373ad73a504971]::panicking::panic_fmt
[INFO] [stdout]   11:     0x609d726e1ef2 - core[a373ad73a504971]::result::unwrap_failed
[INFO] [stdout]   12:     0x609d7264c3c8 - <ga_v4_flattener[aa9ae3d61131ecb1]::to_delimited::tests::multiple_reports::{closure#0} as core[a373ad73a504971]::ops::function::FnOnce<()>>::call_once
[INFO] [stdout]   13:     0x609d7264da4b - test[aada8e7e76ba119b]::__rust_begin_short_backtrace::<core[a373ad73a504971]::result::Result<(), alloc[2e1b2a31b91974c5]::string::String>, fn() -> core[a373ad73a504971]::result::Result<(), alloc[2e1b2a31b91974c5]::string::String>>
[INFO] [stdout]   14:     0x609d7265ac25 - test[aada8e7e76ba119b]::run_test::{closure#0}
[INFO] [stdout]   15:     0x609d72654514 - std[617be2ca0a6fd877]::sys::backtrace::__rust_begin_short_backtrace::<test[aada8e7e76ba119b]::run_test::{closure#1}, ()>
[INFO] [stdout]   16:     0x609d7265dcb2 - <std[617be2ca0a6fd877]::thread::lifecycle::spawn_unchecked<test[aada8e7e76ba119b]::run_test::{closure#1}, ()>::{closure#1} as core[a373ad73a504971]::ops::function::FnOnce<()>>::call_once::{shim:vtable#0}
[INFO] [stdout]   17:     0x609d726cc5af - <std[617be2ca0a6fd877]::sys::thread::unix::Thread>::new::thread_start
[INFO] [stdout]   18:     0x79b89024ddfa - <unknown>
[INFO] [stdout]   19:     0x79b8902e13d4 - clone
[INFO] [stdout]   20:                0x0 - <unknown>
[INFO] [stdout] 
[INFO] [stdout] ---- to_row_array::tests::multiple_dimensions_and_metrics stdout ----
[INFO] [stdout] 
[INFO] [stdout] thread 'to_row_array::tests::multiple_dimensions_and_metrics' (665) panicked at src/to_row_array.rs:133:10:
[INFO] [stdout] called `Result::unwrap()` on an `Err` value: Os { code: 2, kind: NotFound, message: "No such file or directory" }
[INFO] [stdout] stack backtrace:
[INFO] [stdout]    0:     0x609d726cd0b1 - <<std[617be2ca0a6fd877]::sys::backtrace::BacktraceLock>::print::DisplayBacktrace as core[a373ad73a504971]::fmt::Display>::fmt
[INFO] [stdout]    1:     0x609d726e19ea - core[a373ad73a504971]::fmt::write
[INFO] [stdout]    2:     0x609d726d12cc - <alloc[2e1b2a31b91974c5]::vec::Vec<u8> as core[a373ad73a504971]::io::write::Write>::write_fmt
[INFO] [stdout]    3:     0x609d726a9026 - std[617be2ca0a6fd877]::panicking::default_hook::{closure#0}
[INFO] [stdout]    4:     0x609d726c53e9 - std[617be2ca0a6fd877]::panicking::default_hook
[INFO] [stdout]    5:     0x609d7265a600 - test[aada8e7e76ba119b]::test_main_inner::{closure#0}
[INFO] [stdout]    6:     0x609d726c55a2 - std[617be2ca0a6fd877]::panicking::panic_with_hook
[INFO] [stdout]    7:     0x609d726a90d2 - std[617be2ca0a6fd877]::panicking::panic_handler::{closure#0}
[INFO] [stdout]    8:     0x609d726a1c59 - std[617be2ca0a6fd877]::sys::backtrace::__rust_end_short_backtrace::<std[617be2ca0a6fd877]::panicking::panic_handler::{closure#0}, !>
[INFO] [stdout]    9:     0x609d726a9cdd - __rustc[ea4f61d10b84890b]::rust_begin_unwind
[INFO] [stdout]   10:     0x609d726e211c - core[a373ad73a504971]::panicking::panic_fmt
[INFO] [stdout]   11:     0x609d726e1ef2 - core[a373ad73a504971]::result::unwrap_failed
[INFO] [stdout]   12:     0x609d726427b2 - <ga_v4_flattener[aa9ae3d61131ecb1]::to_row_array::tests::multiple_dimensions_and_metrics::{closure#0} as core[a373ad73a504971]::ops::function::FnOnce<()>>::call_once
[INFO] [stdout]   13:     0x609d7264da4b - test[aada8e7e76ba119b]::__rust_begin_short_backtrace::<core[a373ad73a504971]::result::Result<(), alloc[2e1b2a31b91974c5]::string::String>, fn() -> core[a373ad73a504971]::result::Result<(), alloc[2e1b2a31b91974c5]::string::String>>
[INFO] [stdout]   14:     0x609d7265ac25 - test[aada8e7e76ba119b]::run_test::{closure#0}
[INFO] [stdout]   15:     0x609d72654514 - std[617be2ca0a6fd877]::sys::backtrace::__rust_begin_short_backtrace::<test[aada8e7e76ba119b]::run_test::{closure#1}, ()>
[INFO] [stdout]   16:     0x609d7265dcb2 - <std[617be2ca0a6fd877]::thread::lifecycle::spawn_unchecked<test[aada8e7e76ba119b]::run_test::{closure#1}, ()>::{closure#1} as core[a373ad73a504971]::ops::function::FnOnce<()>>::call_once::{shim:vtable#0}
[INFO] [stdout]   17:     0x609d726cc5af - <std[617be2ca0a6fd877]::sys::thread::unix::Thread>::new::thread_start
[INFO] [stdout]   18:     0x79b89024ddfa - <unknown>
[INFO] [stdout]   19:     0x79b8902e13d4 - clone
[INFO] [stdout]   20:                0x0 - <unknown>
[INFO] [stdout] 
[INFO] [stdout] ---- to_delimited::tests::large_report stdout ----
[INFO] [stdout] 
[INFO] [stdout] thread 'to_delimited::tests::large_report' (655) panicked at src/to_delimited.rs:144:10:
[INFO] [stdout] called `Result::unwrap()` on an `Err` value: Os { code: 2, kind: NotFound, message: "No such file or directory" }
[INFO] [stdout] stack backtrace:
[INFO] [stdout]    0:     0x609d726cd0b1 - <<std[617be2ca0a6fd877]::sys::backtrace::BacktraceLock>::print::DisplayBacktrace as core[a373ad73a504971]::fmt::Display>::fmt
[INFO] [stdout]    1:     0x609d726e19ea - core[a373ad73a504971]::fmt::write
[INFO] [stdout]    2:     0x609d726d12cc - <alloc[2e1b2a31b91974c5]::vec::Vec<u8> as core[a373ad73a504971]::io::write::Write>::write_fmt
[INFO] [stdout]    3:     0x609d726a9026 - std[617be2ca0a6fd877]::panicking::default_hook::{closure#0}
[INFO] [stdout]    4:     0x609d726c53e9 - std[617be2ca0a6fd877]::panicking::default_hook
[INFO] [stdout]    5:     0x609d7265a600 - test[aada8e7e76ba119b]::test_main_inner::{closure#0}
[INFO] [stdout]    6:     0x609d726c55a2 - std[617be2ca0a6fd877]::panicking::panic_with_hook
[INFO] [stdout]    7:     0x609d726a90d2 - std[617be2ca0a6fd877]::panicking::panic_handler::{closure#0}
[INFO] [stdout]    8:     0x609d726a1c59 - std[617be2ca0a6fd877]::sys::backtrace::__rust_end_short_backtrace::<std[617be2ca0a6fd877]::panicking::panic_handler::{closure#0}, !>
[INFO] [stdout]    9:     0x609d726a9cdd - __rustc[ea4f61d10b84890b]::rust_begin_unwind
[INFO] [stdout]   10:     0x609d726e211c - core[a373ad73a504971]::panicking::panic_fmt
[INFO] [stdout]   11:     0x609d726e1ef2 - core[a373ad73a504971]::result::unwrap_failed
[INFO] [stdout]   12:     0x609d7264ba62 - <ga_v4_flattener[aa9ae3d61131ecb1]::to_delimited::tests::large_report::{closure#0} as core[a373ad73a504971]::ops::function::FnOnce<()>>::call_once
[INFO] [stdout]   13:     0x609d7264da4b - test[aada8e7e76ba119b]::__rust_begin_short_backtrace::<core[a373ad73a504971]::result::Result<(), alloc[2e1b2a31b91974c5]::string::String>, fn() -> core[a373ad73a504971]::result::Result<(), alloc[2e1b2a31b91974c5]::string::String>>
[INFO] [stdout]   14:     0x609d7265ac25 - test[aada8e7e76ba119b]::run_test::{closure#0}
[INFO] [stdout]   15:     0x609d72654514 - std[617be2ca0a6fd877]::sys::backtrace::__rust_begin_short_backtrace::<test[aada8e7e76ba119b]::run_test::{closure#1}, ()>
[INFO] [stdout]   16:     0x609d7265dcb2 - <std[617be2ca0a6fd877]::thread::lifecycle::spawn_unchecked<test[aada8e7e76ba119b]::run_test::{closure#1}, ()>::{closure#1} as core[a373ad73a504971]::ops::function::FnOnce<()>>::call_once::{shim:vtable#0}
[INFO] [stdout]   17:     0x609d726cc5af - <std[617be2ca0a6fd877]::sys::thread::unix::Thread>::new::thread_start
[INFO] [stdout]   18:     0x79b89024ddfa - <unknown>
[INFO] [stdout]   19:     0x79b8902e13d4 - clone
[INFO] [stdout]   20:                0x0 - <unknown>
[INFO] [stdout] 
[INFO] [stdout] 
[INFO] [stdout] failures:
[INFO] [stdout]     tests::rejects_reports_containing_unsupported_features
[INFO] [stdout]     to_delimited::tests::includes_segment_as_a_dimension
[INFO] [stdout]     to_delimited::tests::large_report
[INFO] [stdout]     to_delimited::tests::multiple_date_ranges
[INFO] [stdout]     to_delimited::tests::multiple_dimensions_and_metrics
[INFO] [stdout]     to_delimited::tests::multiple_reports
[INFO] [stdout]     to_delimited::tests::no_dimensions
[INFO] [stdout]     to_delimited::tests::no_rows
[INFO] [stdout]     to_delimited::tests::single_dimension_and_metric
[INFO] [stdout]     to_row_array::tests::includes_segment_as_a_dimension
[INFO] [stdout]     to_row_array::tests::large_report
[INFO] [stdout]     to_row_array::tests::multiple_date_ranges
[INFO] [stdout]     to_row_array::tests::multiple_dimensions_and_metrics
[INFO] [stdout]     to_row_array::tests::multiple_reports
[INFO] [stdout]     to_row_array::tests::no_dimensions
[INFO] [stdout]     to_row_array::tests::no_rows
[INFO] [stdout]     to_row_array::tests::single_dimension_and_metric
[INFO] [stdout] 
[INFO] [stdout] test result: FAILED. 0 passed; 17 failed; 0 ignored; 0 measured; 0 filtered out; finished in 0.12s
[INFO] [stdout] 
[INFO] [stderr] error: test failed, to rerun pass `--lib`
[INFO] running `Command { std: "docker" "inspect" "2a12f32180d67a7b18bca4a6af6f4105b32770d2f535bd129297625c29422d6a", kill_on_drop: false }`
[INFO] running `Command { std: "docker" "rm" "-f" "2a12f32180d67a7b18bca4a6af6f4105b32770d2f535bd129297625c29422d6a", kill_on_drop: false }`
[INFO] [stdout] 2a12f32180d67a7b18bca4a6af6f4105b32770d2f535bd129297625c29422d6a
