[INFO] fetching crate fzf-make 0.75.0...
[INFO] testing fzf-make-0.75.0 against 1.99.0-beta.8+cargoflags=--release for beta-release-1.100-2
[INFO] extracting crate fzf-make 0.75.0 into /workspace/builds/worker-3-tc1/source
[INFO] started tweaking crates.io crate fzf-make 0.75.0
[INFO] finished tweaking crates.io crate fzf-make 0.75.0
[INFO] tweaked toml for crates.io crate fzf-make 0.75.0 written to /workspace/builds/worker-3-tc1/source/Cargo.toml
[INFO] validating manifest of crates.io crate fzf-make 0.75.0 on toolchain 1.99.0-beta.8
[INFO] running `Command { std: CARGO_HOME="/workspace/cargo-home" RUSTUP_HOME="/workspace/rustup-home" "/workspace/cargo-home/bin/cargo" "+1.99.0-beta.8" "metadata" "--manifest-path" "Cargo.toml" "--no-deps", kill_on_drop: false }`
[INFO] crate crates.io crate fzf-make 0.75.0 already has a lockfile, it will not be regenerated
[INFO] running `Command { std: CARGO_HOME="/workspace/cargo-home" RUSTUP_HOME="/workspace/rustup-home" "/workspace/cargo-home/bin/cargo" "+1.99.0-beta.8" "fetch" "--manifest-path" "Cargo.toml", kill_on_drop: false }`
[INFO] [stderr]     Updating crates.io index
[INFO] [stderr]  Downloading crates ...
[INFO] [stderr]   Downloaded wasm-bindgen-futures v0.4.50
[INFO] [stderr]   Downloaded home v0.5.11
[INFO] [stderr]   Downloaded signal-hook-mio v0.2.4
[INFO] [stderr]   Downloaded errno v0.3.12
[INFO] [stderr]   Downloaded castaway v0.2.3
[INFO] [stderr]   Downloaded tree-sitter-language v0.1.5
[INFO] [stderr]   Downloaded serde_spanned v1.0.3
[INFO] [stderr]   Downloaded syntect-tui v3.0.6
[INFO] [stderr]   Downloaded custom_error v1.9.2
[INFO] [stderr]   Downloaded rust-embed-utils v8.7.2
[INFO] [stderr]   Downloaded rust-embed-impl v8.7.2
[INFO] [stderr]   Downloaded rustversion v1.0.21
[INFO] [stderr]   Downloaded quinn-udp v0.5.12
[INFO] [stderr]   Downloaded update-informer v1.2.0
[INFO] [stderr]   Downloaded semver v1.0.26
[INFO] [stderr]   Downloaded tokio-rustls v0.26.2
[INFO] [stderr]   Downloaded instability v0.3.7
[INFO] [stderr]   Downloaded indoc v2.0.6
[INFO] [stderr]   Downloaded codespan v0.12.0
[INFO] [stderr]   Downloaded toml_writer v1.0.4
[INFO] [stderr]   Downloaded toml_datetime v0.7.3
[INFO] [stderr]   Downloaded r-efi v5.2.0
[INFO] [stderr]   Downloaded hyper-rustls v0.27.6
[INFO] [stderr]   Downloaded time-macros v0.2.30
[INFO] [stderr]   Downloaded toml_parser v1.0.4
[INFO] [stderr]   Downloaded tinyvec v1.9.0
[INFO] [stderr]   Downloaded webpki-roots v1.0.0
[INFO] [stderr]   Downloaded tracing-core v0.1.33
[INFO] [stderr]   Downloaded colored v3.0.0
[INFO] [stderr]   Downloaded toml v0.9.8
[INFO] [stderr]   Downloaded json-spanned-value v0.2.2
[INFO] [stderr]   Downloaded tui-textarea v0.7.0
[INFO] [stderr]   Downloaded codespan-reporting v0.12.0
[INFO] [stderr]   Downloaded dispatch2 v0.3.0
[INFO] [stderr]   Downloaded flate2 v1.1.1
[INFO] [stderr]   Downloaded tree-sitter-just v0.1.0
[INFO] [stderr]   Downloaded rand v0.9.1
[INFO] [stderr]   Downloaded rustls-webpki v0.103.3
[INFO] [stderr]   Downloaded hyper-util v0.1.13
[INFO] [stderr]   Downloaded cc v1.2.25
[INFO] [stderr]   Downloaded tower-http v0.6.4
[INFO] [stderr]   Downloaded plist v1.7.1
[INFO] [stderr]   Downloaded hyper v1.6.0
[INFO] [stderr]   Downloaded png v0.18.0
[INFO] [stderr]   Downloaded tree-sitter v0.24.4
[INFO] [stderr]   Downloaded reqwest v0.12.18
[INFO] [stderr]   Downloaded quick-xml v0.32.0
[INFO] [stderr]   Downloaded moxcms v0.7.10
[INFO] [stderr]   Downloaded quinn-proto v0.11.12
[INFO] [stderr]   Downloaded time v0.3.51
[INFO] [stderr]   Downloaded objc2 v0.6.3
[INFO] [stderr]   Downloaded rustls v0.23.27
[INFO] [stderr]   Downloaded web-sys v0.3.77
[INFO] [stderr]   Downloaded syntect v5.2.0
[INFO] [stderr]   Downloaded pxfm v0.1.27
[INFO] [stderr]   Downloaded rust-embed v8.7.2
[INFO] [stderr]   Downloaded tiff v0.10.3
[INFO] running `Command { std: "docker" "create" "-v" "/var/lib/crater-agent-workspace/builds/worker-3-tc1/source:/opt/rustwide/workdir:ro,Z" "-v" "/var/lib/crater-agent-workspace/builds/worker-3-tc1/target:/opt/rustwide/target:rw,Z" "-v" "/var/lib/crater-agent-workspace/cargo-home:/opt/rustwide/cargo-home:ro,Z" "-v" "/var/lib/crater-agent-workspace/rustup-home:/opt/rustwide/rustup-home:ro,Z" "-m" "1610612736" "--network" "none" "ghcr.io/rust-lang/crates-build-env/linux@sha256:77db811e55d90add9212f6832c23229e3de5f1c1f9905e8cb07319ea15df73ac" "sleep" "infinity", kill_on_drop: false }`
[INFO] [stdout] 07cbf8ba93816537d1f19c5d4907c88e2c36a0746d205620be8ed08380600cf7
[INFO] running `Command { std: "docker" "start" "07cbf8ba93816537d1f19c5d4907c88e2c36a0746d205620be8ed08380600cf7", kill_on_drop: false }`
[INFO] running `Command { std: "docker" "inspect" "07cbf8ba93816537d1f19c5d4907c88e2c36a0746d205620be8ed08380600cf7", kill_on_drop: false }`
[INFO] running `Command { std: "docker" "exec" "-e" "SOURCE_DIR=/opt/rustwide/workdir" "-e" "CARGO_HOME=/opt/rustwide/cargo-home" "-e" "RUSTUP_HOME=/opt/rustwide/rustup-home" "-e" "CARGO_TARGET_DIR=/opt/rustwide/target" "-w" "/opt/rustwide/workdir" "--user" "0:0" "07cbf8ba93816537d1f19c5d4907c88e2c36a0746d205620be8ed08380600cf7" "/opt/rustwide/cargo-home/bin/cargo" "+1.99.0-beta.8" "metadata" "--no-deps" "--format-version=1", kill_on_drop: false }`
[INFO] running `Command { std: "docker" "inspect" "07cbf8ba93816537d1f19c5d4907c88e2c36a0746d205620be8ed08380600cf7", kill_on_drop: false }`
[INFO] running `Command { std: "docker" "exec" "-e" "SOURCE_DIR=/opt/rustwide/workdir" "-e" "CARGO_HOME=/opt/rustwide/cargo-home" "-e" "RUSTUP_HOME=/opt/rustwide/rustup-home" "-e" "CARGO_TARGET_DIR=/opt/rustwide/target" "-e" "CARGO_INCREMENTAL=0" "-e" "RUST_BACKTRACE=full" "-e" "RUSTFLAGS=--cap-lints=warn" "-e" "RUSTDOCFLAGS=--cap-lints=warn" "-w" "/opt/rustwide/workdir" "--user" "0:0" "07cbf8ba93816537d1f19c5d4907c88e2c36a0746d205620be8ed08380600cf7" "/opt/rustwide/cargo-home/bin/cargo" "+1.99.0-beta.8" "build" "--frozen" "--message-format=json" "--release", kill_on_drop: false }`
[INFO] [stderr]    Compiling proc-macro2 v1.0.95
[INFO] [stderr]    Compiling unicode-ident v1.0.18
[INFO] [stderr]    Compiling libc v0.2.172
[INFO] [stderr]    Compiling autocfg v1.4.0
[INFO] [stderr]    Compiling typenum v1.18.0
[INFO] [stderr]    Compiling cc v1.2.25
[INFO] [stderr]    Compiling stable_deref_trait v1.2.0
[INFO] [stderr]    Compiling smallvec v1.15.0
[INFO] [stderr]    Compiling bitflags v2.9.1
[INFO] [stderr]    Compiling simd-adler32 v0.3.8
[INFO] [stderr]    Compiling log v0.4.27
[INFO] [stderr]    Compiling litemap v0.8.0
[INFO] [stderr]    Compiling adler2 v2.0.0
[INFO] [stderr]    Compiling rustversion v1.0.21
[INFO] [stderr]    Compiling ryu v1.0.20
[INFO] [stderr]    Compiling writeable v0.6.1
[INFO] [stderr]    Compiling miniz_oxide v0.8.8
[INFO] [stderr]    Compiling lock_api v0.4.13
[INFO] [stderr]    Compiling quote v1.0.40
[INFO] [stderr]    Compiling icu_properties_data v2.0.1
[INFO] [stderr]    Compiling parking_lot_core v0.9.11
[INFO] [stderr]    Compiling icu_normalizer_data v2.0.0
[INFO] [stderr]    Compiling syn v2.0.101
[INFO] [stderr]    Compiling hashbrown v0.15.3
[INFO] [stderr]    Compiling serde_json v1.0.143
[INFO] [stderr]    Compiling flate2 v1.1.1
[INFO] [stderr]    Compiling rustls-pki-types v1.12.0
[INFO] [stderr]    Compiling ring v0.17.14
[INFO] [stderr]    Compiling generic-array v0.14.7
[INFO] [stderr]    Compiling signal-hook-registry v1.4.5
[INFO] [stderr]    Compiling num-traits v0.2.19
[INFO] [stderr]    Compiling rustix v0.38.44
[INFO] [stderr]    Compiling num_threads v0.1.7
[INFO] [stderr]    Compiling regex-syntax v0.8.5
[INFO] [stderr]    Compiling time v0.3.51
[INFO] [stderr]    Compiling onig_sys v69.9.1
[INFO] [stderr]    Compiling crypto-common v0.1.6
[INFO] [stderr]    Compiling block-buffer v0.10.4
[INFO] [stderr]    Compiling signal-hook v0.3.18
[INFO] [stderr]    Compiling parking_lot v0.12.4
[INFO] [stderr]    Compiling mio v1.0.4
[INFO] [stderr]    Compiling getrandom v0.2.16
[INFO] [stderr]    Compiling slab v0.4.9
[INFO] [stderr]    Compiling either v1.15.0
[INFO] [stderr]    Compiling linux-raw-sys v0.4.15
[INFO] [stderr]    Compiling rustix v1.1.2
[INFO] [stderr]    Compiling itertools v0.13.0
[INFO] [stderr]    Compiling signal-hook-mio v0.2.4
[INFO] [stderr]    Compiling digest v0.10.7
[INFO] [stderr]    Compiling tree-sitter v0.24.4
[INFO] [stderr]    Compiling castaway v0.2.3
[INFO] [stderr]    Compiling linux-raw-sys v0.11.0
[INFO] [stderr]    Compiling futures-sink v0.3.31
[INFO] [stderr]    Compiling rustls v0.23.27
[INFO] [stderr]    Compiling unicode-segmentation v1.12.0
[INFO] [stderr]    Compiling synstructure v0.13.2
[INFO] [stderr]    Compiling darling_core v0.20.11
[INFO] [stderr]    Compiling futures-core v0.3.31
[INFO] [stderr]    Compiling indoc v2.0.6
[INFO] [stderr]    Compiling unicode-truncate v1.1.0
[INFO] [stderr]    Compiling futures-channel v0.3.31
[INFO] [stderr]    Compiling sha2 v0.10.9
[INFO] [stderr]    Compiling compact_str v0.8.1
[INFO] [stderr]    Compiling regex-automata v0.4.9
[INFO] [stderr]    Compiling zerofrom-derive v0.1.6
[INFO] [stderr]    Compiling yoke-derive v0.8.0
[INFO] [stderr]    Compiling zerofrom v0.1.6
[INFO] [stderr]    Compiling zerovec-derive v0.11.1
[INFO] [stderr]    Compiling displaydoc v0.2.5
[INFO] [stderr]    Compiling yoke v0.8.0
[INFO] [stderr]    Compiling serde_derive v1.0.228
[INFO] [stderr]    Compiling zerotrie v0.2.2
[INFO] [stderr]    Compiling zerovec v0.11.2
[INFO] [stderr]    Compiling darling_macro v0.20.11
[INFO] [stderr]    Compiling darling v0.20.11
[INFO] [stderr]    Compiling strum_macros v0.26.4
[INFO] [stderr]    Compiling tinystr v0.8.1
[INFO] [stderr]    Compiling icu_locale_core v2.0.0
[INFO] [stderr]    Compiling potential_utf v0.1.2
[INFO] [stderr]    Compiling icu_collections v2.0.0
[INFO] [stderr]    Compiling icu_provider v2.0.0
[INFO] [stderr]    Compiling icu_normalizer v2.0.0
[INFO] [stderr]    Compiling icu_properties v2.0.1
[INFO] [stderr]    Compiling serde v1.0.228
[INFO] [stderr]    Compiling strum v0.26.3
[INFO] [stderr]    Compiling instability v0.3.7
[INFO] [stderr]    Compiling futures-macro v0.3.31
[INFO] [stderr]    Compiling thiserror-impl v1.0.69
[INFO] [stderr]    Compiling idna_adapter v1.2.1
[INFO] [stderr]    Compiling idna v1.0.3
[INFO] [stderr]    Compiling rustls-webpki v0.103.3
[INFO] [stderr]    Compiling pxfm v0.1.27
[INFO] [stderr]    Compiling crossterm v0.28.1
[INFO] [stderr]    Compiling form_urlencoded v1.2.1
[INFO] [stderr]    Compiling indexmap v2.11.4
[INFO] [stderr]    Compiling lru v0.12.5
[INFO] [stderr]    Compiling webpki-roots v1.0.0
[INFO] [stderr]    Compiling fdeflate v0.3.7
[INFO] [stderr]    Compiling quick-xml v0.32.0
[INFO] [stderr]    Compiling semver v1.0.26
[INFO] [stderr]    Compiling cassowary v0.3.0
[INFO] [stderr]    Compiling futures-task v0.3.31
[INFO] [stderr]    Compiling futures-io v0.3.31
[INFO] [stderr]    Compiling futures-util v0.3.31
[INFO] [stderr]    Compiling plist v1.7.1
[INFO] [stderr]    Compiling ratatui v0.29.0
[INFO] [stderr]    Compiling yaml-rust v0.4.5
[INFO] [stderr]    Compiling png v0.18.0
[INFO] [stderr]    Compiling moxcms v0.7.10
[INFO] [stderr]    Compiling webpki-roots v0.26.11
[INFO] [stderr]    Compiling onig v6.5.1
[INFO] [stderr]    Compiling url v2.5.4
[INFO] [stderr]    Compiling thiserror v1.0.69
[INFO] [stderr]    Compiling bincode v1.3.3
[INFO] [stderr]    Compiling gethostname v1.1.0
[INFO] [stderr]    Compiling regex v1.11.1
[INFO] [stderr]    Compiling rust-embed-utils v8.7.2
[INFO] [stderr]    Compiling tree-sitter-just v0.1.0
[INFO] [stderr]    Compiling home v0.5.11
[INFO] [stderr]    Compiling anyhow v1.0.98
[INFO] [stderr]    Compiling x11rb-protocol v0.13.2
[INFO] [stderr]    Compiling tree-sitter-language v0.1.5
[INFO] [stderr]    Compiling winnow v0.7.13
[INFO] [stderr]    Compiling streaming-iterator v0.1.9
[INFO] [stderr]    Compiling bytemuck v1.24.0
[INFO] [stderr]    Compiling syntect v5.2.0
[INFO] [stderr]    Compiling toml_parser v1.0.4
[INFO] [stderr]    Compiling ureq v2.12.1
[INFO] [stderr]    Compiling image v0.25.9
[INFO] [stderr]    Compiling x11rb v0.13.2
[INFO] [stderr]    Compiling etcetera v0.8.0
[INFO] [stderr]    Compiling rust-embed-impl v8.7.2
[INFO] [stderr]    Compiling codespan-reporting v0.12.0
[INFO] [stderr]    Compiling futures-executor v0.3.31
[INFO] [stderr]    Compiling tokio-macros v2.5.0
[INFO] [stderr]    Compiling thread_local v1.1.8
[INFO] [stderr]    Compiling toml_datetime v0.7.3
[INFO] [stderr]    Compiling serde_spanned v1.0.3
[INFO] [stderr]    Compiling toml_writer v1.0.4
[INFO] [stderr]    Compiling custom_error v1.9.2
[INFO] [stderr]    Compiling syntect-tui v3.0.6
[INFO] [stderr]    Compiling fuzzy-matcher v0.3.7
[INFO] [stderr]    Compiling tokio v1.47.1
[INFO] [stderr]    Compiling toml v0.9.8
[INFO] [stderr]    Compiling update-informer v1.2.0
[INFO] [stderr]    Compiling futures v0.3.31
[INFO] [stderr]    Compiling rust-embed v8.7.2
[INFO] [stderr]    Compiling codespan v0.12.0
[INFO] [stderr]    Compiling arboard v3.6.1
[INFO] [stderr]    Compiling tui-textarea v0.7.0
[INFO] [stderr]    Compiling json-spanned-value v0.2.2
[INFO] [stderr]    Compiling colored v3.0.0
[INFO] [stderr]    Compiling fzf-make v0.75.0 (/opt/rustwide/workdir)
[INFO] [stderr]     Finished `release` profile [optimized] target(s) in 6m 12s
[INFO] running `Command { std: "docker" "inspect" "07cbf8ba93816537d1f19c5d4907c88e2c36a0746d205620be8ed08380600cf7", kill_on_drop: false }`
[INFO] running `Command { std: "docker" "exec" "-e" "SOURCE_DIR=/opt/rustwide/workdir" "-e" "CARGO_HOME=/opt/rustwide/cargo-home" "-e" "RUSTUP_HOME=/opt/rustwide/rustup-home" "-e" "CARGO_TARGET_DIR=/opt/rustwide/target" "-e" "CARGO_INCREMENTAL=0" "-e" "RUST_BACKTRACE=full" "-e" "RUSTFLAGS=--cap-lints=warn" "-e" "RUSTDOCFLAGS=--cap-lints=warn" "-w" "/opt/rustwide/workdir" "--user" "0:0" "07cbf8ba93816537d1f19c5d4907c88e2c36a0746d205620be8ed08380600cf7" "/opt/rustwide/cargo-home/bin/cargo" "+1.99.0-beta.8" "test" "--frozen" "--no-run" "--message-format=json" "--release", kill_on_drop: false }`
[INFO] [stderr]    Compiling getrandom v0.3.3
[INFO] [stderr]    Compiling diff v0.1.13
[INFO] [stderr]    Compiling yansi v1.0.1
[INFO] [stderr]    Compiling uuid v1.17.0
[INFO] [stderr]    Compiling pretty_assertions v1.4.1
[INFO] [stderr]    Compiling fzf-make v0.75.0 (/opt/rustwide/workdir)
[INFO] [stderr]     Finished `release` profile [optimized] target(s) in 22.60s
[INFO] running `Command { std: "docker" "inspect" "07cbf8ba93816537d1f19c5d4907c88e2c36a0746d205620be8ed08380600cf7", kill_on_drop: false }`
[INFO] running `Command { std: "docker" "exec" "-e" "SOURCE_DIR=/opt/rustwide/workdir" "-e" "CARGO_HOME=/opt/rustwide/cargo-home" "-e" "RUSTUP_HOME=/opt/rustwide/rustup-home" "-e" "CARGO_TARGET_DIR=/opt/rustwide/target" "-e" "CARGO_INCREMENTAL=0" "-e" "RUST_BACKTRACE=full" "-e" "RUSTFLAGS=--cap-lints=warn" "-e" "RUSTDOCFLAGS=--cap-lints=warn" "-w" "/opt/rustwide/workdir" "--user" "0:0" "07cbf8ba93816537d1f19c5d4907c88e2c36a0746d205620be8ed08380600cf7" "/opt/rustwide/cargo-home/bin/cargo" "+1.99.0-beta.8" "test" "--frozen" "--release", kill_on_drop: false }`
[INFO] [stderr]     Finished `release` profile [optimized] target(s) in 0.28s
[INFO] [stderr]      Running unittests src/main.rs (/opt/rustwide/target/release/deps/fzf_make-eb25ab9c938932f2)
[INFO] [stdout] 
[INFO] [stdout] running 43 tests
[INFO] [stdout] test file::toml::test::parse_history_in_considering_history_file_format_version_test ... ok
[INFO] [stdout] test model::histories::test::histories_append_test ... ok
[INFO] [stdout] test file::toml::test::serialize_test ... ok
[INFO] [stdout] test model::file_util::test::find_file_in_ancestors_skips_unreadable_ancestor ... ok
[INFO] [stdout] test model::histories::test::history_append_test ... ok
[INFO] [stdout] test model::js_package_manager::js_package_manager_main::test::test_parse_package_json ... ok
[INFO] [stdout] test model::js_package_manager::npm::test::test_command_format ... ok
[INFO] [stdout] test file::toml_old::test::into_histories_test ... ok
[INFO] [stdout] test model::js_package_manager::npm::test::test_npm_detection ... FAILED
[INFO] [stdout] test model::file_util::test::find_file_in_ancestors_finds_file_in_ancestor ... ok
[INFO] [stdout] test file::toml_old::test::parse_history_test ... ok
[INFO] [stdout] test file::toml::test::parse_history_test ... ok
[INFO] [stdout] test model::just::just_main::test::test_parse_justfile_retrieve_mod_recursively ... ok
[INFO] [stdout] test model::js_package_manager::npm::test::test_workspace_command_format ... ok
[INFO] [stdout] test model::js_package_manager::pnpm::test::test_is_filtering ... ok
[INFO] [stdout] test model::js_package_manager::pnpm::test::test_is_pnpm_version_11_or_higher ... ok
[INFO] [stdout] test model::just::just_main::test::test_calc_justfile_path_from_mod_info ... ok
[INFO] [stdout] test model::just::just_main::test::test_parse_justfile ... ok
[INFO] [stdout] test model::just::just_main::test::test_to_commands ... ok
[INFO] [stdout] test model::make::make_main::test::makefile_to_commands_test ... ok
[INFO] [stdout] test model::make::target::test::get_line_type_test ... ok
[INFO] [stdout] test model::just::just_main::test::test_find_justfile ... ok
[INFO] [stdout] test model::make::make_main::test::specify_makefile_name_test ... ok
[INFO] [stdout] test model::make::make_main::test::line_to_including_file_paths_test ... ok
[INFO] [stdout] test model::task::task_main::test::parse_task_json_test ... ok
[INFO] [stdout] test model::make::make_main::test::extract_including_file_paths_test ... ok
[INFO] [stdout] test usecase::tui::app::test::narrow_down_commands_test ... ok
[INFO] [stdout] test usecase::tui::app::test::should_quit_test ... ok
[INFO] [stdout] test usecase::tui::app::test::update_test ... ok
[INFO] [stdout] test usecase::tui::highlight::test::dropping_the_cache_cancels_the_background_work ... ok
[INFO] [stdout] test usecase::tui::app::test::app_state_partial_eq_test ... ok
[INFO] [stdout] test model::make::target::test::line_to_target_test ... ok
[INFO] [stdout] test model::make::target::test::content_to_targets_test ... ok
[INFO] [stdout] test usecase::tui::highlight::test::styled_lines_clamps_the_end_index_to_the_file_length ... FAILED
[INFO] [stdout] test usecase::tui::highlight::test::highlight_lines_stops_as_soon_as_it_is_cancelled ... ok
[INFO] [stdout] test usecase::tui::highlight::test::styled_lines_returns_empty_for_an_unknown_file ... ok
[INFO] [stdout] test usecase::tui::highlight::test::the_embedded_theme_is_parsable ... ok
[INFO] [stdout] test usecase::tui::ui::test::test_determine_rendering_position ... ok
[INFO] [stdout] test usecase::tui::highlight::test::highlight_lines_actually_applies_more_than_one_style ... ok
[INFO] [stdout] test usecase::tui::highlight::test::highlight_lines_returns_one_entry_per_source_line ... ok
[INFO] [stdout] test usecase::tui::highlight::test::highlight_lines_concatenates_back_to_the_source_line ... ok
[INFO] [stdout] test model::just::just_main::test::test_get_mod_file_path ... ok
[INFO] [stderr] error: test failed, to rerun pass `--bin fzf-make`
[INFO] [stdout] test usecase::tui::highlight::test::highlight_lines_stays_within_the_time_budget ... ok
[INFO] [stdout] 
[INFO] [stdout] failures:
[INFO] [stdout] 
[INFO] [stdout] ---- model::js_package_manager::npm::test::test_npm_detection stdout ----
[INFO] [stdout] 
[INFO] [stdout] thread 'model::js_package_manager::npm::test::test_npm_detection' (3375) panicked at src/model/js_package_manager/npm.rs:173:9:
[INFO] [stdout] Should detect npm workspace root
[INFO] [stdout] stack backtrace:
[INFO] [stdout]    0:     0x614a908ee691 - <<std[70759c8f55707aa4]::sys::backtrace::BacktraceLock>::print::DisplayBacktrace as core[df12db4294e9bfd3]::fmt::Display>::fmt
[INFO] [stdout]    1:     0x614a90906d5a - core[df12db4294e9bfd3]::fmt::write
[INFO] [stdout]    2:     0x614a908f35dc - <alloc[2182bb758b4b3781]::vec::Vec<u8> as core[df12db4294e9bfd3]::io::write::Write>::write_fmt
[INFO] [stdout]    3:     0x614a908c72b6 - std[70759c8f55707aa4]::panicking::default_hook::{closure#0}
[INFO] [stdout]    4:     0x614a908e5619 - std[70759c8f55707aa4]::panicking::default_hook
[INFO] [stdout]    5:     0x614a90710130 - test[9d35eded1c95d3be]::test_main_inner::<test[9d35eded1c95d3be]::test_main_static::{closure#0}>::{closure#0}
[INFO] [stdout]    6:     0x614a908e57d2 - std[70759c8f55707aa4]::panicking::panic_with_hook
[INFO] [stdout]    7:     0x614a908c7394 - std[70759c8f55707aa4]::panicking::panic_handler::{closure#0}
[INFO] [stdout]    8:     0x614a908bf5c9 - std[70759c8f55707aa4]::sys::backtrace::__rust_end_short_backtrace::<std[70759c8f55707aa4]::panicking::panic_handler::{closure#0}, !>
[INFO] [stdout]    9:     0x614a908c83bd - __rustc[8fa7c3cbc660c2b3]::rust_begin_unwind
[INFO] [stdout]   10:     0x614a9090757c - core[df12db4294e9bfd3]::panicking::panic_fmt
[INFO] [stdout]   11:     0x614a9069a48b - fzf_make[c7613d17c490b020]::model::js_package_manager::npm::test::test_npm_detection
[INFO] [stdout]   12:     0x614a906e2fc9 - <fzf_make[c7613d17c490b020]::model::js_package_manager::npm::test::test_npm_detection::{closure#0} as core[df12db4294e9bfd3]::ops::function::FnOnce<()>>::call_once
[INFO] [stdout]   13:     0x614a9070341b - test[9d35eded1c95d3be]::__rust_begin_short_backtrace::<core[df12db4294e9bfd3]::result::Result<(), alloc[2182bb758b4b3781]::string::String>, fn() -> core[df12db4294e9bfd3]::result::Result<(), alloc[2182bb758b4b3781]::string::String>>
[INFO] [stdout]   14:     0x614a90710a85 - test[9d35eded1c95d3be]::run_test::{closure#0}
[INFO] [stdout]   15:     0x614a9070a344 - std[70759c8f55707aa4]::sys::backtrace::__rust_begin_short_backtrace::<test[9d35eded1c95d3be]::run_test::{closure#1}, ()>
[INFO] [stdout]   16:     0x614a90713be2 - <std[70759c8f55707aa4]::thread::lifecycle::spawn_unchecked<test[9d35eded1c95d3be]::run_test::{closure#1}, ()>::{closure#1} as core[df12db4294e9bfd3]::ops::function::FnOnce<()>>::call_once::{shim:vtable#0}
[INFO] [stdout]   17:     0x614a908ed6a9 - <std[70759c8f55707aa4]::sys::thread::unix::Thread>::new::thread_start
[INFO] [stdout]   18:     0x75bfb680bdfa - <unknown>
[INFO] [stdout]   19:     0x75bfb689f3d4 - clone
[INFO] [stdout]   20:                0x0 - <unknown>
[INFO] [stdout] 
[INFO] [stdout] ---- usecase::tui::highlight::test::styled_lines_clamps_the_end_index_to_the_file_length stdout ----
[INFO] [stdout] 
[INFO] [stdout] thread 'usecase::tui::highlight::test::styled_lines_clamps_the_end_index_to_the_file_length' (3403) panicked at src/usecase/tui/highlight.rs:394:52:
[INFO] [stdout] called `Result::unwrap()` on an `Err` value: Os { code: 2, kind: NotFound, message: "No such file or directory" }
[INFO] [stdout] stack backtrace:
[INFO] [stdout]    0:     0x614a908ee691 - <<std[70759c8f55707aa4]::sys::backtrace::BacktraceLock>::print::DisplayBacktrace as core[df12db4294e9bfd3]::fmt::Display>::fmt
[INFO] [stdout]    1:     0x614a90906d5a - core[df12db4294e9bfd3]::fmt::write
[INFO] [stdout]    2:     0x614a908f35dc - <alloc[2182bb758b4b3781]::vec::Vec<u8> as core[df12db4294e9bfd3]::io::write::Write>::write_fmt
[INFO] [stdout]    3:     0x614a908c72b6 - std[70759c8f55707aa4]::panicking::default_hook::{closure#0}
[INFO] [stdout]    4:     0x614a908e5619 - std[70759c8f55707aa4]::panicking::default_hook
[INFO] [stdout]    5:     0x614a90710130 - test[9d35eded1c95d3be]::test_main_inner::<test[9d35eded1c95d3be]::test_main_static::{closure#0}>::{closure#0}
[INFO] [stdout]    6:     0x614a908e57d2 - std[70759c8f55707aa4]::panicking::panic_with_hook
[INFO] [stdout]    7:     0x614a908c7362 - std[70759c8f55707aa4]::panicking::panic_handler::{closure#0}
[INFO] [stdout]    8:     0x614a908bf5c9 - std[70759c8f55707aa4]::sys::backtrace::__rust_end_short_backtrace::<std[70759c8f55707aa4]::panicking::panic_handler::{closure#0}, !>
[INFO] [stdout]    9:     0x614a908c83bd - __rustc[8fa7c3cbc660c2b3]::rust_begin_unwind
[INFO] [stdout]   10:     0x614a9090757c - core[df12db4294e9bfd3]::panicking::panic_fmt
[INFO] [stdout]   11:     0x614a90907352 - core[df12db4294e9bfd3]::result::unwrap_failed
[INFO] [stdout]   12:     0x614a906e5299 - <fzf_make[c7613d17c490b020]::usecase::tui::highlight::test::styled_lines_clamps_the_end_index_to_the_file_length::{closure#0} as core[df12db4294e9bfd3]::ops::function::FnOnce<()>>::call_once
[INFO] [stdout]   13:     0x614a9070341b - test[9d35eded1c95d3be]::__rust_begin_short_backtrace::<core[df12db4294e9bfd3]::result::Result<(), alloc[2182bb758b4b3781]::string::String>, fn() -> core[df12db4294e9bfd3]::result::Result<(), alloc[2182bb758b4b3781]::string::String>>
[INFO] [stdout]   14:     0x614a90710a85 - test[9d35eded1c95d3be]::run_test::{closure#0}
[INFO] [stdout]   15:     0x614a9070a344 - std[70759c8f55707aa4]::sys::backtrace::__rust_begin_short_backtrace::<test[9d35eded1c95d3be]::run_test::{closure#1}, ()>
[INFO] [stdout]   16:     0x614a90713be2 - <std[70759c8f55707aa4]::thread::lifecycle::spawn_unchecked<test[9d35eded1c95d3be]::run_test::{closure#1}, ()>::{closure#1} as core[df12db4294e9bfd3]::ops::function::FnOnce<()>>::call_once::{shim:vtable#0}
[INFO] [stdout]   17:     0x614a908ed6a9 - <std[70759c8f55707aa4]::sys::thread::unix::Thread>::new::thread_start
[INFO] [stdout]   18:     0x75bfb680bdfa - <unknown>
[INFO] [stdout]   19:     0x75bfb689f3d4 - clone
[INFO] [stdout]   20:                0x0 - <unknown>
[INFO] [stdout] 
[INFO] [stdout] 
[INFO] [stdout] failures:
[INFO] [stdout]     model::js_package_manager::npm::test::test_npm_detection
[INFO] [stdout]     usecase::tui::highlight::test::styled_lines_clamps_the_end_index_to_the_file_length
[INFO] [stdout] 
[INFO] [stdout] test result: FAILED. 41 passed; 2 failed; 0 ignored; 0 measured; 0 filtered out; finished in 2.00s
[INFO] [stdout] 
[INFO] running `Command { std: "docker" "inspect" "07cbf8ba93816537d1f19c5d4907c88e2c36a0746d205620be8ed08380600cf7", kill_on_drop: false }`
[INFO] running `Command { std: "docker" "rm" "-f" "07cbf8ba93816537d1f19c5d4907c88e2c36a0746d205620be8ed08380600cf7", kill_on_drop: false }`
[INFO] [stdout] 07cbf8ba93816537d1f19c5d4907c88e2c36a0746d205620be8ed08380600cf7
