[INFO] fetching crate fyr 1.2.0...
[INFO] testing fyr-1.2.0 against 1.100.0-beta.1+cargoflags=--release for beta-release-1.100-2
[INFO] extracting crate fyr 1.2.0 into /workspace/builds/worker-5-tc2/source
[INFO] started tweaking crates.io crate fyr 1.2.0
[INFO] removed 0 missing tests
[INFO] finished tweaking crates.io crate fyr 1.2.0
[INFO] tweaked toml for crates.io crate fyr 1.2.0 written to /workspace/builds/worker-5-tc2/source/Cargo.toml
[INFO] validating manifest of crates.io crate fyr 1.2.0 on toolchain 1.100.0-beta.1
[INFO] running `Command { std: CARGO_HOME="/workspace/cargo-home" RUSTUP_HOME="/workspace/rustup-home" "/workspace/cargo-home/bin/cargo" "+1.100.0-beta.1" "metadata" "--manifest-path" "Cargo.toml" "--no-deps", kill_on_drop: false }`
[INFO] crate crates.io crate fyr 1.2.0 already has a lockfile, it will not be regenerated
[INFO] running `Command { std: CARGO_HOME="/workspace/cargo-home" RUSTUP_HOME="/workspace/rustup-home" "/workspace/cargo-home/bin/cargo" "+1.100.0-beta.1" "fetch" "--manifest-path" "Cargo.toml", kill_on_drop: false }`
[INFO] running `Command { std: "docker" "create" "-v" "/var/lib/crater-agent-workspace/builds/worker-5-tc2/source:/opt/rustwide/workdir:ro,Z" "-v" "/var/lib/crater-agent-workspace/builds/worker-5-tc2/target:/opt/rustwide/target:rw,Z" "-v" "/var/lib/crater-agent-workspace/cargo-home:/opt/rustwide/cargo-home:ro,Z" "-v" "/var/lib/crater-agent-workspace/rustup-home:/opt/rustwide/rustup-home:ro,Z" "-m" "1610612736" "--network" "none" "ghcr.io/rust-lang/crates-build-env/linux@sha256:77db811e55d90add9212f6832c23229e3de5f1c1f9905e8cb07319ea15df73ac" "sleep" "infinity", kill_on_drop: false }`
[INFO] [stdout] 44d547c4d4f7503fdcb7ef4067e48590ff2251adeacb88f102df470fc936687b
[INFO] running `Command { std: "docker" "start" "44d547c4d4f7503fdcb7ef4067e48590ff2251adeacb88f102df470fc936687b", kill_on_drop: false }`
[INFO] running `Command { std: "docker" "inspect" "44d547c4d4f7503fdcb7ef4067e48590ff2251adeacb88f102df470fc936687b", kill_on_drop: false }`
[INFO] running `Command { std: "docker" "exec" "-e" "SOURCE_DIR=/opt/rustwide/workdir" "-e" "CARGO_HOME=/opt/rustwide/cargo-home" "-e" "RUSTUP_HOME=/opt/rustwide/rustup-home" "-e" "CARGO_TARGET_DIR=/opt/rustwide/target" "-w" "/opt/rustwide/workdir" "--user" "0:0" "44d547c4d4f7503fdcb7ef4067e48590ff2251adeacb88f102df470fc936687b" "/opt/rustwide/cargo-home/bin/cargo" "+1.100.0-beta.1" "metadata" "--no-deps" "--format-version=1", kill_on_drop: false }`
[INFO] running `Command { std: "docker" "inspect" "44d547c4d4f7503fdcb7ef4067e48590ff2251adeacb88f102df470fc936687b", kill_on_drop: false }`
[INFO] running `Command { std: "docker" "exec" "-e" "SOURCE_DIR=/opt/rustwide/workdir" "-e" "CARGO_HOME=/opt/rustwide/cargo-home" "-e" "RUSTUP_HOME=/opt/rustwide/rustup-home" "-e" "CARGO_TARGET_DIR=/opt/rustwide/target" "-e" "CARGO_INCREMENTAL=0" "-e" "RUST_BACKTRACE=full" "-e" "RUSTFLAGS=--cap-lints=warn" "-e" "RUSTDOCFLAGS=--cap-lints=warn" "-w" "/opt/rustwide/workdir" "--user" "0:0" "44d547c4d4f7503fdcb7ef4067e48590ff2251adeacb88f102df470fc936687b" "/opt/rustwide/cargo-home/bin/cargo" "+1.100.0-beta.1" "build" "--frozen" "--message-format=json" "--release", kill_on_drop: false }`
[INFO] [stderr]    Compiling libc v0.2.182
[INFO] [stderr]    Compiling rustix v1.1.3
[INFO] [stderr]    Compiling syn v2.0.116
[INFO] [stderr]    Compiling siphasher v1.0.2
[INFO] [stderr]    Compiling rand v0.8.5
[INFO] [stderr]    Compiling linux-raw-sys v0.11.0
[INFO] [stderr]    Compiling winnow v0.7.14
[INFO] [stderr]    Compiling getrandom v0.4.1
[INFO] [stderr]    Compiling phf_shared v0.11.3
[INFO] [stderr]    Compiling nix v0.30.1
[INFO] [stderr]    Compiling aho-corasick v1.1.4
[INFO] [stderr]    Compiling futures-core v0.3.32
[INFO] [stderr]    Compiling futures-util v0.3.32
[INFO] [stderr]    Compiling indexmap v2.13.0
[INFO] [stderr]    Compiling phf_generator v0.11.3
[INFO] [stderr]    Compiling phf_codegen v0.11.3
[INFO] [stderr]    Compiling terminfo v0.9.0
[INFO] [stderr]    Compiling nom v7.1.3
[INFO] [stderr]    Compiling crossbeam-epoch v0.9.18
[INFO] [stderr]    Compiling regex-automata v0.4.14
[INFO] [stderr]    Compiling inotify-sys v0.1.5
[INFO] [stderr]    Compiling parking_lot_core v0.9.12
[INFO] [stderr]    Compiling toml_parser v1.0.9+spec-1.1.0
[INFO] [stderr]    Compiling phf v0.11.3
[INFO] [stderr]    Compiling serde_spanned v1.0.4
[INFO] [stderr]    Compiling bstr v1.12.1
[INFO] [stderr]    Compiling home v0.5.12
[INFO] [stderr]    Compiling toml_writer v1.0.6+spec-1.1.0
[INFO] [stderr]    Compiling sdd v3.0.10
[INFO] [stderr]    Compiling env_home v0.1.0
[INFO] [stderr]    Compiling tempfile v3.25.0
[INFO] [stderr]    Compiling console v0.16.2
[INFO] [stderr]    Compiling which v8.0.0
[INFO] [stderr]    Compiling serde_derive v1.0.228
[INFO] [stderr]    Compiling thiserror-impl v2.0.18
[INFO] [stderr]    Compiling clap_derive v4.5.55
[INFO] [stderr]    Compiling serial_test_derive v3.4.0
[INFO] [stderr]    Compiling globset v0.4.18
[INFO] [stderr]    Compiling scc v2.4.0
[INFO] [stderr]    Compiling thiserror v2.0.18
[INFO] [stderr]    Compiling toml v0.9.12+spec-1.1.0
[INFO] [stderr]    Compiling etcetera v0.10.0
[INFO] [stderr]    Compiling futures-executor v0.3.32
[INFO] [stderr]    Compiling parking_lot v0.12.5
[INFO] [stderr]    Compiling inotify v0.11.0
[INFO] [stderr]    Compiling mio v1.1.1
[INFO] [stderr]    Compiling serde v1.0.228
[INFO] [stderr]    Compiling crossbeam-deque v0.8.6
[INFO] [stderr]    Compiling notify-types v2.1.0
[INFO] [stderr]    Compiling chrono v0.4.44
[INFO] [stderr]    Compiling serde_spanned v0.6.9
[INFO] [stderr]    Compiling toml_datetime v0.6.11
[INFO] [stderr]    Compiling confy v2.0.0
[INFO] [stderr]    Compiling dialoguer v0.12.0
[INFO] [stderr]    Compiling toml_edit v0.22.27
[INFO] [stderr]    Compiling serde_json v1.0.149
[INFO] [stderr]    Compiling notify v8.2.0
[INFO] [stderr]    Compiling clearscreen v4.0.3
[INFO] [stderr]    Compiling ignore v0.4.25
[INFO] [stderr]    Compiling serial_test v3.4.0
[INFO] [stderr]    Compiling toml v0.8.23
[INFO] [stderr]    Compiling clap v4.5.60
[INFO] [stderr]    Compiling terminal_size v0.4.3
[INFO] [stderr]    Compiling colored v3.1.1
[INFO] [stderr]    Compiling fyr v1.2.0 (/opt/rustwide/workdir)
[INFO] [stderr] warning: unused dependency `serde_json`
[INFO] [stderr]   --> Cargo.toml:37:15
[INFO] [stderr]    |
[INFO] [stderr] 37 | [dependencies.serde_json]
[INFO] [stderr]    |               ^^^^^^^^^^^
[INFO] [stderr]    |
[INFO] [stderr]    = note: `cargo::unused_dependencies` is set to `warn` by default
[INFO] [stderr] help: consider removing the dependency on `serde_json`
[INFO] [stderr] warning: unused dependency `serial_test`
[INFO] [stderr]   --> Cargo.toml:40:15
[INFO] [stderr]    |
[INFO] [stderr] 40 | [dependencies.serial_test]
[INFO] [stderr]    |               ^^^^^^^^^^^^
[INFO] [stderr]    |
[INFO] [stderr] help: consider removing the dependency on `serial_test`
[INFO] [stderr] warning: `fyr` (manifest) generated 2 warnings
[INFO] [stderr]     Finished `release` profile [optimized] target(s) in 2m 03s
[INFO] [stderr] warning: the following packages contain code that will be rejected by a future version of Rust: nix v0.30.1
[INFO] [stderr] note: to see what the problems were, use the option `--future-incompat-report`, or run `cargo report future-incompatibilities --id 7`
[INFO] running `Command { std: "docker" "inspect" "44d547c4d4f7503fdcb7ef4067e48590ff2251adeacb88f102df470fc936687b", kill_on_drop: false }`
[INFO] running `Command { std: "docker" "exec" "-e" "SOURCE_DIR=/opt/rustwide/workdir" "-e" "CARGO_HOME=/opt/rustwide/cargo-home" "-e" "RUSTUP_HOME=/opt/rustwide/rustup-home" "-e" "CARGO_TARGET_DIR=/opt/rustwide/target" "-e" "CARGO_INCREMENTAL=0" "-e" "RUST_BACKTRACE=full" "-e" "RUSTFLAGS=--cap-lints=warn" "-e" "RUSTDOCFLAGS=--cap-lints=warn" "-w" "/opt/rustwide/workdir" "--user" "0:0" "44d547c4d4f7503fdcb7ef4067e48590ff2251adeacb88f102df470fc936687b" "/opt/rustwide/cargo-home/bin/cargo" "+1.100.0-beta.1" "test" "--frozen" "--no-run" "--message-format=json" "--release", kill_on_drop: false }`
[INFO] [stderr]    Compiling fyr v1.2.0 (/opt/rustwide/workdir)
[INFO] [stderr]     Finished `release` profile [optimized] target(s) in 1.34s
[INFO] [stderr] warning: the following packages contain code that will be rejected by a future version of Rust: nix v0.30.1
[INFO] [stderr] note: to see what the problems were, use the option `--future-incompat-report`, or run `cargo report future-incompatibilities --id 7`
[INFO] running `Command { std: "docker" "inspect" "44d547c4d4f7503fdcb7ef4067e48590ff2251adeacb88f102df470fc936687b", kill_on_drop: false }`
[INFO] running `Command { std: "docker" "exec" "-e" "SOURCE_DIR=/opt/rustwide/workdir" "-e" "CARGO_HOME=/opt/rustwide/cargo-home" "-e" "RUSTUP_HOME=/opt/rustwide/rustup-home" "-e" "CARGO_TARGET_DIR=/opt/rustwide/target" "-e" "CARGO_INCREMENTAL=0" "-e" "RUST_BACKTRACE=full" "-e" "RUSTFLAGS=--cap-lints=warn" "-e" "RUSTDOCFLAGS=--cap-lints=warn" "-w" "/opt/rustwide/workdir" "--user" "0:0" "44d547c4d4f7503fdcb7ef4067e48590ff2251adeacb88f102df470fc936687b" "/opt/rustwide/cargo-home/bin/cargo" "+1.100.0-beta.1" "test" "--frozen" "--release", kill_on_drop: false }`
[INFO] [stderr]     Finished `release` profile [optimized] target(s) in 0.25s
[INFO] [stderr] warning: the following packages contain code that will be rejected by a future version of Rust: nix v0.30.1
[INFO] [stderr] note: to see what the problems were, use the option `--future-incompat-report`, or run `cargo report future-incompatibilities --id 7`
[INFO] [stderr]      Running unittests src/main.rs (/opt/rustwide/target/release/build/fyr/1cd79cce037e1160/out/fyr-1cd79cce037e1160)
[INFO] [stdout] 
[INFO] [stdout] running 0 tests
[INFO] [stdout] 
[INFO] [stdout] test result: ok. 0 passed; 0 failed; 0 ignored; 0 measured; 0 filtered out; finished in 0.00s
[INFO] [stdout] 
[INFO] [stderr]      Running tests/test.rs (/opt/rustwide/target/release/build/fyr/0d9c20660a157211/out/test-0d9c20660a157211)
[INFO] [stdout] 
[INFO] [stdout] running 20 tests
[INFO] [stdout] test test_command_does_not_exist has been running for over 60 seconds
[INFO] [stdout] test test_init_already_exists has been running for over 60 seconds
[INFO] [stdout] test test_init_creates_file has been running for over 60 seconds
[INFO] [stdout] test test_missing_run_flag has been running for over 60 seconds
[INFO] [stdout] test test_missing_watch_flag has been running for over 60 seconds
[INFO] [stdout] test test_no_args_no_toml_no_global_flag has been running for over 60 seconds
[INFO] [stdout] test test_path_does_not_exist has been running for over 60 seconds
[INFO] [stdout] test test_run_global_flag has been running for over 60 seconds
[INFO] [stdout] test test_command_does_not_exist ... ok
[INFO] [stdout] test test_init_creates_file ... FAILED
[INFO] [stdout] test test_run_global_flag ... ok
[INFO] [stdout] test test_missing_watch_flag ... ok
[INFO] [stdout] test test_missing_run_flag ... ok
[INFO] [stdout] test test_path_does_not_exist ... ok
[INFO] [stdout] test test_run_task_not_found ... ok
[INFO] [stdout] test test_task_add_missing_run ... ok
[INFO] [stdout] test test_task_edit_no_fields ... ok
[INFO] [stdout] test test_no_args_no_toml_no_global_flag ... ok
[INFO] [stdout] test test_task_add_missing_watch ... ok
[INFO] [stdout] test test_task_edit_not_found ... ok
[INFO] [stdout] test test_task_list_empty_message ... ok
[INFO] [stdout] test test_init_already_exists ... FAILED
[INFO] [stdout] test test_task_remove_not_found ... ok
[INFO] [stdout] test test_task_add_and_list ... ok
[INFO] [stdout] test test_task_rename_not_found ... ok
[INFO] [stdout] test test_task_remove_existing ... ok
[INFO] [stdout] test test_task_edit_run ... ok
[INFO] [stderr] error: test failed, to rerun pass `--test test`
[INFO] [stdout] test test_task_rename ... ok
[INFO] [stdout] 
[INFO] [stdout] failures:
[INFO] [stdout] 
[INFO] [stdout] ---- test_init_creates_file stdout ----
[INFO] [stdout] 
[INFO] [stdout] thread 'test_init_creates_file' (1297) panicked at tests/test.rs:246:5:
[INFO] [stdout] assertion failed: output.status.success()
[INFO] [stdout] stack backtrace:
[INFO] [stdout]    0:     0x63d4897235e1 - <<std[617be2ca0a6fd877]::sys::backtrace::BacktraceLock>::print::DisplayBacktrace as core[a373ad73a504971]::fmt::Display>::fmt
[INFO] [stdout]    1:     0x63d48973756a - core[a373ad73a504971]::fmt::write
[INFO] [stdout]    2:     0x63d4897277fc - <alloc[2e1b2a31b91974c5]::vec::Vec<u8> as core[a373ad73a504971]::io::write::Write>::write_fmt
[INFO] [stdout]    3:     0x63d4896ff1a6 - std[617be2ca0a6fd877]::panicking::default_hook::{closure#0}
[INFO] [stdout]    4:     0x63d48971b6c9 - std[617be2ca0a6fd877]::panicking::default_hook
[INFO] [stdout]    5:     0x63d4896a5980 - test[aada8e7e76ba119b]::test_main_inner::{closure#0}
[INFO] [stdout]    6:     0x63d48971b882 - std[617be2ca0a6fd877]::panicking::panic_with_hook
[INFO] [stdout]    7:     0x63d4896ff284 - std[617be2ca0a6fd877]::panicking::panic_handler::{closure#0}
[INFO] [stdout]    8:     0x63d4896f7e59 - std[617be2ca0a6fd877]::sys::backtrace::__rust_end_short_backtrace::<std[617be2ca0a6fd877]::panicking::panic_handler::{closure#0}, !>
[INFO] [stdout]    9:     0x63d4896fff4d - __rustc[ea4f61d10b84890b]::rust_begin_unwind
[INFO] [stdout]   10:     0x63d489737c9c - core[a373ad73a504971]::panicking::panic_fmt
[INFO] [stdout]   11:     0x63d489737c62 - core[a373ad73a504971]::panicking::panic
[INFO] [stdout]   12:     0x63d48969863d - <test[2132898572355d8b]::test_init_creates_file::{closure#0} as core[a373ad73a504971]::ops::function::FnOnce<()>>::call_once
[INFO] [stdout]   13:     0x63d4896da227 - serial_test[d89f639af0521544]::serial_code_lock::local_serial_core
[INFO] [stdout]   14:     0x63d48969594d - <test[2132898572355d8b]::test_init_creates_file::{closure#0} as core[a373ad73a504971]::ops::function::FnOnce<()>>::call_once
[INFO] [stdout]   15:     0x63d489698dcb - test[aada8e7e76ba119b]::__rust_begin_short_backtrace::<core[a373ad73a504971]::result::Result<(), alloc[2e1b2a31b91974c5]::string::String>, fn() -> core[a373ad73a504971]::result::Result<(), alloc[2e1b2a31b91974c5]::string::String>>
[INFO] [stdout]   16:     0x63d4896a5fa5 - test[aada8e7e76ba119b]::run_test::{closure#0}
[INFO] [stdout]   17:     0x63d48969f894 - std[617be2ca0a6fd877]::sys::backtrace::__rust_begin_short_backtrace::<test[aada8e7e76ba119b]::run_test::{closure#1}, ()>
[INFO] [stdout]   18:     0x63d4896a9032 - <std[617be2ca0a6fd877]::thread::lifecycle::spawn_unchecked<test[aada8e7e76ba119b]::run_test::{closure#1}, ()>::{closure#1} as core[a373ad73a504971]::ops::function::FnOnce<()>>::call_once::{shim:vtable#0}
[INFO] [stdout]   19:     0x63d489722c2f - <std[617be2ca0a6fd877]::sys::thread::unix::Thread>::new::thread_start
[INFO] [stdout]   20:     0x7c4e1f6b9dfa - <unknown>
[INFO] [stdout]   21:     0x7c4e1f74d3d4 - clone
[INFO] [stdout]   22:                0x0 - <unknown>
[INFO] [stdout] 
[INFO] [stdout] ---- test_init_already_exists stdout ----
[INFO] [stdout] 
[INFO] [stdout] thread 'test_init_already_exists' (1296) panicked at tests/test.rs:264:5:
[INFO] [stdout] assertion failed: output.status.success()
[INFO] [stdout] stack backtrace:
[INFO] [stdout]    0:     0x63d4897235e1 - <<std[617be2ca0a6fd877]::sys::backtrace::BacktraceLock>::print::DisplayBacktrace as core[a373ad73a504971]::fmt::Display>::fmt
[INFO] [stdout]    1:     0x63d48973756a - core[a373ad73a504971]::fmt::write
[INFO] [stdout]    2:     0x63d4897277fc - <alloc[2e1b2a31b91974c5]::vec::Vec<u8> as core[a373ad73a504971]::io::write::Write>::write_fmt
[INFO] [stdout]    3:     0x63d4896ff1a6 - std[617be2ca0a6fd877]::panicking::default_hook::{closure#0}
[INFO] [stdout]    4:     0x63d48971b6c9 - std[617be2ca0a6fd877]::panicking::default_hook
[INFO] [stdout]    5:     0x63d4896a5980 - test[aada8e7e76ba119b]::test_main_inner::{closure#0}
[INFO] [stdout]    6:     0x63d48971b882 - std[617be2ca0a6fd877]::panicking::panic_with_hook
[INFO] [stdout]    7:     0x63d4896ff284 - std[617be2ca0a6fd877]::panicking::panic_handler::{closure#0}
[INFO] [stdout]    8:     0x63d4896f7e59 - std[617be2ca0a6fd877]::sys::backtrace::__rust_end_short_backtrace::<std[617be2ca0a6fd877]::panicking::panic_handler::{closure#0}, !>
[INFO] [stdout]    9:     0x63d4896fff4d - __rustc[ea4f61d10b84890b]::rust_begin_unwind
[INFO] [stdout]   10:     0x63d489737c9c - core[a373ad73a504971]::panicking::panic_fmt
[INFO] [stdout]   11:     0x63d489737c62 - core[a373ad73a504971]::panicking::panic
[INFO] [stdout]   12:     0x63d48969898b - <test[2132898572355d8b]::test_init_already_exists::{closure#0} as core[a373ad73a504971]::ops::function::FnOnce<()>>::call_once
[INFO] [stdout]   13:     0x63d4896da227 - serial_test[d89f639af0521544]::serial_code_lock::local_serial_core
[INFO] [stdout]   14:     0x63d4896966bd - <test[2132898572355d8b]::test_init_already_exists::{closure#0} as core[a373ad73a504971]::ops::function::FnOnce<()>>::call_once
[INFO] [stdout]   15:     0x63d489698dcb - test[aada8e7e76ba119b]::__rust_begin_short_backtrace::<core[a373ad73a504971]::result::Result<(), alloc[2e1b2a31b91974c5]::string::String>, fn() -> core[a373ad73a504971]::result::Result<(), alloc[2e1b2a31b91974c5]::string::String>>
[INFO] [stdout]   16:     0x63d4896a5fa5 - test[aada8e7e76ba119b]::run_test::{closure#0}
[INFO] [stdout]   17:     0x63d48969f894 - std[617be2ca0a6fd877]::sys::backtrace::__rust_begin_short_backtrace::<test[aada8e7e76ba119b]::run_test::{closure#1}, ()>
[INFO] [stdout]   18:     0x63d4896a9032 - <std[617be2ca0a6fd877]::thread::lifecycle::spawn_unchecked<test[aada8e7e76ba119b]::run_test::{closure#1}, ()>::{closure#1} as core[a373ad73a504971]::ops::function::FnOnce<()>>::call_once::{shim:vtable#0}
[INFO] [stdout]   19:     0x63d489722c2f - <std[617be2ca0a6fd877]::sys::thread::unix::Thread>::new::thread_start
[INFO] [stdout]   20:     0x7c4e1f6b9dfa - <unknown>
[INFO] [stdout]   21:     0x7c4e1f74d3d4 - clone
[INFO] [stdout]   22:                0x0 - <unknown>
[INFO] [stdout] 
[INFO] [stdout] 
[INFO] [stdout] failures:
[INFO] [stdout]     test_init_already_exists
[INFO] [stdout]     test_init_creates_file
[INFO] [stdout] 
[INFO] [stdout] test result: FAILED. 18 passed; 2 failed; 0 ignored; 0 measured; 0 filtered out; finished in 86.10s
[INFO] [stdout] 
[INFO] running `Command { std: "docker" "inspect" "44d547c4d4f7503fdcb7ef4067e48590ff2251adeacb88f102df470fc936687b", kill_on_drop: false }`
[INFO] running `Command { std: "docker" "rm" "-f" "44d547c4d4f7503fdcb7ef4067e48590ff2251adeacb88f102df470fc936687b", kill_on_drop: false }`
[INFO] [stdout] 44d547c4d4f7503fdcb7ef4067e48590ff2251adeacb88f102df470fc936687b
