[INFO] fetching crate fyers-rs 0.0.1...
[INFO] testing fyers-rs-0.0.1 against 1.99.0-beta.8+cargoflags=--release for beta-release-1.100-2
[INFO] extracting crate fyers-rs 0.0.1 into /workspace/builds/worker-2-tc1/source
[INFO] started tweaking crates.io crate fyers-rs 0.0.1
[INFO] removed 0 missing examples
[INFO] removed 0 missing tests
[INFO] finished tweaking crates.io crate fyers-rs 0.0.1
[INFO] tweaked toml for crates.io crate fyers-rs 0.0.1 written to /workspace/builds/worker-2-tc1/source/Cargo.toml
[INFO] validating manifest of crates.io crate fyers-rs 0.0.1 on toolchain 1.99.0-beta.8
[INFO] running `Command { std: CARGO_HOME="/workspace/cargo-home" RUSTUP_HOME="/workspace/rustup-home" "/workspace/cargo-home/bin/cargo" "+1.99.0-beta.8" "metadata" "--manifest-path" "Cargo.toml" "--no-deps", kill_on_drop: false }`
[INFO] crate crates.io crate fyers-rs 0.0.1 already has a lockfile, it will not be regenerated
[INFO] running `Command { std: CARGO_HOME="/workspace/cargo-home" RUSTUP_HOME="/workspace/rustup-home" "/workspace/cargo-home/bin/cargo" "+1.99.0-beta.8" "fetch" "--manifest-path" "Cargo.toml", kill_on_drop: false }`
[INFO] [stderr]  Downloading crates ...
[INFO] [stderr]   Downloaded serde_with_macros v3.17.0
[INFO] [stderr]   Downloaded wasm-bindgen-futures v0.4.70
[INFO] [stderr]   Downloaded prost v0.14.3
[INFO] [stderr]   Downloaded prost-derive v0.14.3
[INFO] [stderr]   Downloaded openssl-sys v0.9.114
[INFO] [stderr]   Downloaded serde_with v3.17.0
[INFO] [stderr]   Downloaded openssl v0.10.78
[INFO] [stderr]   Downloaded web-sys v0.3.97
[INFO] running `Command { std: "docker" "create" "-v" "/var/lib/crater-agent-workspace/builds/worker-2-tc1/source:/opt/rustwide/workdir:ro,Z" "-v" "/var/lib/crater-agent-workspace/builds/worker-2-tc1/target:/opt/rustwide/target:rw,Z" "-v" "/var/lib/crater-agent-workspace/cargo-home:/opt/rustwide/cargo-home:ro,Z" "-v" "/var/lib/crater-agent-workspace/rustup-home:/opt/rustwide/rustup-home:ro,Z" "-m" "1610612736" "--network" "none" "ghcr.io/rust-lang/crates-build-env/linux@sha256:77db811e55d90add9212f6832c23229e3de5f1c1f9905e8cb07319ea15df73ac" "sleep" "infinity", kill_on_drop: false }`
[INFO] [stdout] f553ab582eddbf46b0a5c5a3bd1727bf631100c9ba1c0caaec521a08a3edc5d9
[INFO] running `Command { std: "docker" "start" "f553ab582eddbf46b0a5c5a3bd1727bf631100c9ba1c0caaec521a08a3edc5d9", kill_on_drop: false }`
[INFO] running `Command { std: "docker" "inspect" "f553ab582eddbf46b0a5c5a3bd1727bf631100c9ba1c0caaec521a08a3edc5d9", kill_on_drop: false }`
[INFO] running `Command { std: "docker" "exec" "-e" "SOURCE_DIR=/opt/rustwide/workdir" "-e" "CARGO_HOME=/opt/rustwide/cargo-home" "-e" "RUSTUP_HOME=/opt/rustwide/rustup-home" "-e" "CARGO_TARGET_DIR=/opt/rustwide/target" "-w" "/opt/rustwide/workdir" "--user" "0:0" "f553ab582eddbf46b0a5c5a3bd1727bf631100c9ba1c0caaec521a08a3edc5d9" "/opt/rustwide/cargo-home/bin/cargo" "+1.99.0-beta.8" "metadata" "--no-deps" "--format-version=1", kill_on_drop: false }`
[INFO] running `Command { std: "docker" "inspect" "f553ab582eddbf46b0a5c5a3bd1727bf631100c9ba1c0caaec521a08a3edc5d9", kill_on_drop: false }`
[INFO] running `Command { std: "docker" "exec" "-e" "SOURCE_DIR=/opt/rustwide/workdir" "-e" "CARGO_HOME=/opt/rustwide/cargo-home" "-e" "RUSTUP_HOME=/opt/rustwide/rustup-home" "-e" "CARGO_TARGET_DIR=/opt/rustwide/target" "-e" "CARGO_INCREMENTAL=0" "-e" "RUST_BACKTRACE=full" "-e" "RUSTFLAGS=--cap-lints=warn" "-e" "RUSTDOCFLAGS=--cap-lints=warn" "-w" "/opt/rustwide/workdir" "--user" "0:0" "f553ab582eddbf46b0a5c5a3bd1727bf631100c9ba1c0caaec521a08a3edc5d9" "/opt/rustwide/cargo-home/bin/cargo" "+1.99.0-beta.8" "build" "--frozen" "--message-format=json" "--release", kill_on_drop: false }`
[INFO] [stderr]    Compiling cc v1.2.61
[INFO] [stderr]    Compiling http v1.4.0
[INFO] [stderr]    Compiling rustls-pki-types v1.14.1
[INFO] [stderr]    Compiling socket2 v0.6.3
[INFO] [stderr]    Compiling mio v1.2.0
[INFO] [stderr]    Compiling getrandom v0.2.17
[INFO] [stderr]    Compiling zerofrom v0.1.7
[INFO] [stderr]    Compiling displaydoc v0.2.5
[INFO] [stderr]    Compiling yoke v0.8.2
[INFO] [stderr]    Compiling typenum v1.20.0
[INFO] [stderr]    Compiling zerovec v0.11.6
[INFO] [stderr]    Compiling tokio v1.52.1
[INFO] [stderr]    Compiling zerotrie v0.2.4
[INFO] [stderr]    Compiling rustls v0.23.40
[INFO] [stderr]    Compiling zerocopy v0.8.48
[INFO] [stderr]    Compiling futures-util v0.3.32
[INFO] [stderr]    Compiling http-body v1.0.1
[INFO] [stderr]    Compiling getrandom v0.3.4
[INFO] [stderr]    Compiling generic-array v0.14.7
[INFO] [stderr]    Compiling darling_core v0.21.3
[INFO] [stderr]    Compiling tinystr v0.8.3
[INFO] [stderr]    Compiling icu_locale_core v2.1.1
[INFO] [stderr]    Compiling ring v0.17.14
[INFO] [stderr]    Compiling potential_utf v0.1.5
[INFO] [stderr]    Compiling icu_collections v2.1.1
[INFO] [stderr]    Compiling block-buffer v0.10.4
[INFO] [stderr]    Compiling crypto-common v0.1.7
[INFO] [stderr]    Compiling digest v0.10.7
[INFO] [stderr]    Compiling rand_core v0.9.5
[INFO] [stderr]    Compiling icu_provider v2.1.1
[INFO] [stderr]    Compiling webpki-roots v1.0.7
[INFO] [stderr]    Compiling icu_normalizer v2.1.1
[INFO] [stderr]    Compiling icu_properties v2.1.2
[INFO] [stderr]    Compiling futures-channel v0.3.32
[INFO] [stderr]    Compiling tracing v0.1.44
[INFO] [stderr]    Compiling idna_adapter v1.2.1
[INFO] [stderr]    Compiling serde v1.0.228
[INFO] [stderr]    Compiling log v0.4.29
[INFO] [stderr]    Compiling either v1.15.0
[INFO] [stderr]    Compiling idna v1.1.0
[INFO] [stderr]    Compiling darling_macro v0.21.3
[INFO] [stderr]    Compiling itertools v0.14.0
[INFO] [stderr]    Compiling darling v0.21.3
[INFO] [stderr]    Compiling anyhow v1.0.102
[INFO] [stderr]    Compiling sha1 v0.10.6
[INFO] [stderr]    Compiling utf-8 v0.7.6
[INFO] [stderr]    Compiling data-encoding v2.11.0
[INFO] [stderr]    Compiling iri-string v0.7.12
[INFO] [stderr]    Compiling hyper v1.9.0
[INFO] [stderr]    Compiling ppv-lite86 v0.2.21
[INFO] [stderr]    Compiling tower v0.5.3
[INFO] [stderr]    Compiling rand_chacha v0.9.0
[INFO] [stderr]    Compiling rand v0.9.4
[INFO] [stderr]    Compiling hyper-util v0.1.20
[INFO] [stderr]    Compiling bitflags v2.11.1
[INFO] [stderr]    Compiling tower-http v0.6.8
[INFO] [stderr]    Compiling serde_json v1.0.149
[INFO] [stderr]    Compiling deranged v0.5.8
[INFO] [stderr]    Compiling prost-derive v0.14.3
[INFO] [stderr]    Compiling serde_urlencoded v0.7.1
[INFO] [stderr]    Compiling url v2.5.8
[INFO] [stderr]    Compiling serde_with_macros v3.17.0
[INFO] [stderr]    Compiling webpki-roots v0.26.11
[INFO] [stderr]    Compiling http-body-util v0.1.3
[INFO] [stderr]    Compiling time v0.3.45
[INFO] [stderr]    Compiling prost v0.14.3
[INFO] [stderr]    Compiling serde_with v3.17.0
[INFO] [stderr]    Compiling sha2 v0.10.9
[INFO] [stderr]    Compiling rustls-webpki v0.103.13
[INFO] [stderr]    Compiling tokio-rustls v0.26.4
[INFO] [stderr]    Compiling tungstenite v0.27.0
[INFO] [stderr]    Compiling hyper-rustls v0.27.9
[INFO] [stderr]    Compiling reqwest v0.12.28
[INFO] [stderr]    Compiling tokio-tungstenite v0.27.0
[INFO] [stderr]    Compiling fyers-rs v0.0.1 (/opt/rustwide/workdir)
[INFO] [stderr]     Finished `release` profile [optimized] target(s) in 2m 44s
[INFO] running `Command { std: "docker" "inspect" "f553ab582eddbf46b0a5c5a3bd1727bf631100c9ba1c0caaec521a08a3edc5d9", kill_on_drop: false }`
[INFO] running `Command { std: "docker" "exec" "-e" "SOURCE_DIR=/opt/rustwide/workdir" "-e" "CARGO_HOME=/opt/rustwide/cargo-home" "-e" "RUSTUP_HOME=/opt/rustwide/rustup-home" "-e" "CARGO_TARGET_DIR=/opt/rustwide/target" "-e" "CARGO_INCREMENTAL=0" "-e" "RUST_BACKTRACE=full" "-e" "RUSTFLAGS=--cap-lints=warn" "-e" "RUSTDOCFLAGS=--cap-lints=warn" "-w" "/opt/rustwide/workdir" "--user" "0:0" "f553ab582eddbf46b0a5c5a3bd1727bf631100c9ba1c0caaec521a08a3edc5d9" "/opt/rustwide/cargo-home/bin/cargo" "+1.99.0-beta.8" "test" "--frozen" "--no-run" "--message-format=json" "--release", kill_on_drop: false }`
[INFO] [stderr]    Compiling memchr v2.8.0
[INFO] [stderr]    Compiling futures-sink v0.3.32
[INFO] [stderr]    Compiling futures-macro v0.3.32
[INFO] [stderr]    Compiling tokio v1.52.1
[INFO] [stderr]    Compiling futures-io v0.3.32
[INFO] [stderr]    Compiling tracing v0.1.44
[INFO] [stderr]    Compiling hashbrown v0.17.0
[INFO] [stderr]    Compiling regex-syntax v0.8.10
[INFO] [stderr]    Compiling futures-channel v0.3.32
[INFO] [stderr]    Compiling tungstenite v0.27.0
[INFO] [stderr]    Compiling num_cpus v1.17.0
[INFO] [stderr]    Compiling deadpool-runtime v0.1.4
[INFO] [stderr]    Compiling tracing-log v0.2.0
[INFO] [stderr]    Compiling aho-corasick v1.1.4
[INFO] [stderr]    Compiling futures-util v0.3.32
[INFO] [stderr]    Compiling indexmap v2.14.0
[INFO] [stderr]    Compiling serde_json v1.0.149
[INFO] [stderr]    Compiling yansi v1.0.1
[INFO] [stderr]    Compiling diff v0.1.13
[INFO] [stderr]    Compiling regex-automata v0.4.14
[INFO] [stderr]    Compiling pretty_assertions v1.4.1
[INFO] [stderr]    Compiling assert-json-diff v2.0.2
[INFO] [stderr]    Compiling futures-executor v0.3.32
[INFO] [stderr]    Compiling futures v0.3.32
[INFO] [stderr]    Compiling tokio-util v0.7.18
[INFO] [stderr]    Compiling tokio-rustls v0.26.4
[INFO] [stderr]    Compiling tower v0.5.3
[INFO] [stderr]    Compiling deadpool v0.12.3
[INFO] [stderr]    Compiling tokio-tungstenite v0.27.0
[INFO] [stderr]    Compiling h2 v0.4.13
[INFO] [stderr]    Compiling regex v1.12.3
[INFO] [stderr]    Compiling matchers v0.2.0
[INFO] [stderr]    Compiling tracing-subscriber v0.3.23
[INFO] [stderr]    Compiling tower-http v0.6.8
[INFO] [stderr]    Compiling hyper v1.9.0
[INFO] [stderr]    Compiling hyper-util v0.1.20
[INFO] [stderr]    Compiling hyper-rustls v0.27.9
[INFO] [stderr]    Compiling wiremock v0.6.5
[INFO] [stderr]    Compiling reqwest v0.12.28
[INFO] [stderr]    Compiling fyers-rs v0.0.1 (/opt/rustwide/workdir)
[INFO] [stderr]     Finished `release` profile [optimized] target(s) in 5m 53s
[INFO] running `Command { std: "docker" "inspect" "f553ab582eddbf46b0a5c5a3bd1727bf631100c9ba1c0caaec521a08a3edc5d9", kill_on_drop: false }`
[INFO] running `Command { std: "docker" "exec" "-e" "SOURCE_DIR=/opt/rustwide/workdir" "-e" "CARGO_HOME=/opt/rustwide/cargo-home" "-e" "RUSTUP_HOME=/opt/rustwide/rustup-home" "-e" "CARGO_TARGET_DIR=/opt/rustwide/target" "-e" "CARGO_INCREMENTAL=0" "-e" "RUST_BACKTRACE=full" "-e" "RUSTFLAGS=--cap-lints=warn" "-e" "RUSTDOCFLAGS=--cap-lints=warn" "-w" "/opt/rustwide/workdir" "--user" "0:0" "f553ab582eddbf46b0a5c5a3bd1727bf631100c9ba1c0caaec521a08a3edc5d9" "/opt/rustwide/cargo-home/bin/cargo" "+1.99.0-beta.8" "test" "--frozen" "--release", kill_on_drop: false }`
[INFO] [stderr]     Finished `release` profile [optimized] target(s) in 0.28s
[INFO] [stderr]      Running unittests src/lib.rs (/opt/rustwide/target/release/deps/fyers_rs-e5d19609110b3ba7)
[INFO] [stdout] 
[INFO] [stdout] running 32 tests
[INFO] [stdout] test ws::data_protocol::tests::ack_message_layout_matches_python_sdk ... ok
[INFO] [stdout] test ws::data_protocol::tests::auth_message_layout_matches_python_sdk_for_known_inputs ... ok
[INFO] [stdout] test ws::data_protocol::tests::channel_bitmap_for_channel_11_full_mode_uses_bit_11 ... ok
[INFO] [stdout] test ws::data_protocol::tests::channel_resume_has_only_bitmap_field ... ok
[INFO] [stdout] test ws::data_protocol::tests::extract_hsm_key_pulls_claim_from_jwt ... ok
[INFO] [stdout] test ws::data_protocol::tests::extract_hsm_key_rejects_token_without_claim ... ok
[INFO] [stdout] test ws::data_protocol::tests::full_mode_marker_can_be_overridden_for_lite ... ok
[INFO] [stdout] test ws::data_protocol::tests::index_feed_with_synthetic_values_decodes_to_index_update ... ok
[INFO] [stdout] test ws::data_protocol::tests::lite_mode_feed_only_populates_ltp_on_symbol_update ... ok
[INFO] [stdout] test ws::data_protocol::tests::parse_datafeed_decodes_captured_sbin_snapshot ... ok
[INFO] [stdout] test ws::data_protocol::tests::parse_envelope_rejects_truncated_field ... ok
[INFO] [stdout] test ws::data_protocol::tests::parse_envelope_round_trips_subscribe_ack_shape ... ok
[INFO] [stdout] test ws::data_protocol::tests::schema_for_feed_picks_depth_for_dp_topic ... ok
[INFO] [stdout] test ws::data_protocol::tests::schema_for_feed_picks_index_for_if_topic ... ok
[INFO] [stdout] test ws::data::tests::envelope_to_control_maps_k_status_to_ok ... ok
[INFO] [stdout] test ws::data::tests::topic_kind_classifier_matches_documented_prefixes ... ok
[INFO] [stdout] test ws::data_protocol::tests::ack_count_extracted_from_2byte_auth_field ... ok
[INFO] [stdout] test ws::data_protocol::tests::datafeed_message_num_reads_bytes_3_to_7 ... ok
[INFO] [stdout] test ws::data::tests::from_stream_extracts_hsm_key_from_client_token ... ok
[INFO] [stdout] test ws::data_protocol::tests::datafeed_message_num_matches_captured_snapshot ... ok
[INFO] [stdout] test ws::data_symbols::tests::fytoken_decodes_to_dp_topic_for_equity_depth ... ok
[INFO] [stdout] test ws::data_protocol::tests::subscribe_layout_for_one_hsm_symbol ... ok
[INFO] [stdout] test ws::data_protocol::tests::schema_for_feed_picks_lite_for_lite_data_type ... ok
[INFO] [stdout] test ws::data_protocol::tests::symbol_update_from_captured_sbin_snapshot_has_real_prices ... ok
[INFO] [stdout] test ws::data_protocol::tests::depth_feed_with_synthetic_values_decodes_five_levels_each_side ... ok
[INFO] [stdout] test ws::data_symbols::tests::fytoken_rejects_unknown_segment ... ok
[INFO] [stdout] test ws::data_symbols::tests::fytoken_decodes_to_sf_topic_for_equity_symbol_update ... ok
[INFO] [stdout] test ws::data_symbols::tests::fytoken_rejects_short_token ... ok
[INFO] [stdout] test ws::data_symbols::tests::fytoken_rejects_depth_for_index ... ok
[INFO] [stdout] test ws::manager::tests::websocket_authorization_prefixes_token_only_values ... ok
[INFO] [stdout] test ws::manager::tests::websocket_authorization_preserves_full_token_values ... ok
[INFO] [stdout] test ws::data_symbols::tests::fytoken_decodes_to_if_topic_for_index_symbol_update ... ok
[INFO] [stdout] 
[INFO] [stdout] test result: ok. 32 passed; 0 failed; 0 ignored; 0 measured; 0 filtered out; finished in 0.01s
[INFO] [stdout] 
[INFO] [stderr]      Running tests/contract_auth.rs (/opt/rustwide/target/release/deps/contract_auth-b3eb55f162c96610)
[INFO] [stdout] 
[INFO] [stdout] running 14 tests
[INFO] [stdout] test app_id_hash_uses_documented_sha256_input ... ok
[INFO] [stdout] test auth_code_query_fixture_records_documented_params ... ok
[INFO] [stdout] test app_id_hash_requires_secret_key ... ok
[INFO] [stdout] test refresh_token_request_fixture_matches_model ... ok
[INFO] [stdout] test refresh_token_success_fixture_allows_missing_refresh_token ... ok
[INFO] [stdout] test validate_authcode_error_fixture_deserializes_without_tokens ... ok
[INFO] [stdout] test access_token_response_debug_output_redacts_tokens ... ok
[INFO] [stdout] test generate_auth_code_request_defaults_to_code_response_type ... ok
[INFO] [stdout] test auth_request_debug_output_redacts_sensitive_values ... ok
[INFO] [stdout] test common_success_status_fixture_matches_model ... ok
[INFO] [stdout] test common_error_status_fixture_matches_model ... ok
[INFO] [stdout] test validate_authcode_success_fixture_matches_model ... ok
[INFO] [stdout] test logout_success_fixture_matches_api_status ... ok
[INFO] [stdout] test validate_authcode_request_fixture_matches_model ... ok
[INFO] [stdout] 
[INFO] [stdout] test result: ok. 14 passed; 0 failed; 0 ignored; 0 measured; 0 filtered out; finished in 0.01s
[INFO] [stdout] 
[INFO] [stderr]      Running tests/contract_rest_phase.rs (/opt/rustwide/target/release/deps/contract_rest_phase-52da5b6b62b952bd)
[INFO] [stdout] 
[INFO] [stdout] running 3 tests
[INFO] [stdout] test market_data_broker_alert_and_postback_fixtures_match_models ... ok
[INFO] [stdout] test smart_order_fixtures_match_models ... ok
[INFO] [stdout] test position_margin_and_edis_fixtures_match_models ... ok
[INFO] [stdout] 
[INFO] [stdout] test result: ok. 3 passed; 0 failed; 0 ignored; 0 measured; 0 filtered out; finished in 0.01s
[INFO] [stdout] 
[INFO] [stderr]      Running tests/contract_transactions.rs (/opt/rustwide/target/release/deps/contract_transactions-6661c45a1f40668d)
[INFO] [stdout] 
[INFO] [stdout] running 29 tests
[INFO] [stdout] test gtt_orderbook_success_fixture_matches_model ... ok
[INFO] [stdout] test cancel_order_request_fixtures_match_model ... ok
[INFO] [stdout] test modify_gtt_order_request_fixture_matches_model ... ok
[INFO] [stdout] test async_order_action_response_fixtures_match_model ... ok
[INFO] [stdout] test async_multi_order_action_response_fixtures_match_model ... ok
[INFO] [stdout] test gtt_action_response_fixtures_match_model ... ok
[INFO] [stdout] test cancel_gtt_order_request_fixture_matches_model ... ok
[INFO] [stdout] test modify_order_request_fixtures_match_model ... ok
[INFO] [stdout] test orderbook_success_fixture_matches_model ... ok
[INFO] [stdout] test place_async_request_fixture_matches_model ... ok
[INFO] [stdout] test place_multi_async_success_fixture_matches_model ... ok
[INFO] [stdout] test order_history_success_fixture_matches_model ... ok
[INFO] [stdout] test place_multi_sync_request_fixture_matches_model ... ok
[INFO] [stdout] test multi_modify_request_fixtures_match_model ... ok
[INFO] [stdout] test place_async_success_fixture_matches_model ... ok
[INFO] [stdout] test multi_cancel_request_fixtures_match_model ... ok
[INFO] [stdout] test place_multileg_sync_success_fixture_matches_model ... ok
[INFO] [stdout] test place_multi_sync_success_fixture_matches_model ... ok
[INFO] [stdout] test place_sync_request_fixture_matches_model ... ok
[INFO] [stdout] test place_sync_success_fixture_matches_model ... ok
[INFO] [stdout] test positions_success_fixture_matches_model ... ok
[INFO] [stdout] test multi_order_action_response_fixtures_match_model ... ok
[INFO] [stdout] test tradebook_success_fixture_matches_model ... ok
[INFO] [stdout] test trade_history_query_fixture_records_documented_filters ... ok
[INFO] [stdout] test single_order_action_response_fixtures_match_model ... ok
[INFO] [stdout] test trade_history_success_fixture_matches_model ... ok
[INFO] [stdout] test order_history_query_fixture_records_documented_filters ... ok
[INFO] [stdout] test place_multileg_sync_request_fixture_matches_model ... ok
[INFO] [stdout] test gtt_order_request_fixtures_match_model ... ok
[INFO] [stdout] 
[INFO] [stdout] test result: ok. 29 passed; 0 failed; 0 ignored; 0 measured; 0 filtered out; finished in 0.01s
[INFO] [stdout] 
[INFO] [stderr]      Running tests/contract_user.rs (/opt/rustwide/target/release/deps/contract_user-5778e7271e712935)
[INFO] [stdout] 
[INFO] [stdout] running 3 tests
[INFO] [stdout] test funds_success_fixture_matches_model ... ok
[INFO] [stdout] test holdings_success_fixture_matches_model ... ok
[INFO] [stdout] test profile_success_fixture_matches_model ... ok
[INFO] [stdout] 
[INFO] [stdout] test result: ok. 3 passed; 0 failed; 0 ignored; 0 measured; 0 filtered out; finished in 0.00s
[INFO] [stdout] 
[INFO] [stderr]      Running tests/contract_ws.rs (/opt/rustwide/target/release/deps/contract_ws-b67d7fb7b3ef13a2)
[INFO] [stdout] 
[INFO] [stdout] running 17 tests
[INFO] [stdout] test data_socket_connection_config_matches_documented_defaults ... ok
[INFO] [stdout] test malformed_frames_return_errors ... ok
[INFO] [stdout] test data_socket_queue_process_interval_enforces_documented_bounds ... ok
[INFO] [stdout] test order_socket_connection_config_and_ping_match_docs ... ok
[INFO] [stdout] test order_socket_subscribe_and_unsubscribe_commands_match_docs ... ok
[INFO] [stdout] test tbt_error_packet_decodes_to_error_variant ... ok
[INFO] [stdout] test data_socket_lite_mode_config_and_event_fixture_are_supported ... ok
[INFO] [stdout] test order_socket_control_events_parse_to_control_variants ... ok
[INFO] [stdout] test data_socket_event_fixtures_route_to_typed_variants ... ok
[INFO] [stdout] test tbt_switch_channel_command_serializes_camel_case_and_accepts_sdk_aliases ... ok
[INFO] [stdout] test data_socket_control_events_parse_to_control_variants ... ok
[INFO] [stdout] test data_socket_unsubscribe_command_preserves_symbols_and_data_type ... ok
[INFO] [stdout] test tbt_socket_connection_config_and_ping_match_docs ... ok
[INFO] [stdout] test data_socket_subscribe_commands_serialize_to_documented_json ... ok
[INFO] [stdout] test tbt_protobuf_socket_message_and_depth_snapshot_decode ... ok
[INFO] [stdout] test tbt_subscribe_and_unsubscribe_depth_commands_match_docs ... ok
[INFO] [stdout] test order_socket_domain_event_fixtures_route_to_typed_variants ... ok
[INFO] [stdout] 
[INFO] [stdout] test result: ok. 17 passed; 0 failed; 0 ignored; 0 measured; 0 filtered out; finished in 0.01s
[INFO] [stdout] 
[INFO] [stdout] 
[INFO] [stderr]      Running tests/live_rest.rs (/opt/rustwide/target/release/deps/live_rest-04fb20d7cff09e0d)
[INFO] [stdout] running 0 tests
[INFO] [stdout] 
[INFO] [stdout] test result: ok. 0 passed; 0 failed; 0 ignored; 0 measured; 0 filtered out; finished in 0.00s
[INFO] [stdout] 
[INFO] [stderr]      Running tests/live_ws.rs (/opt/rustwide/target/release/deps/live_ws-37d33c0102dca8b6)
[INFO] [stdout] 
[INFO] [stdout] running 0 tests
[INFO] [stdout] 
[INFO] [stdout] test result: ok. 0 passed; 0 failed; 0 ignored; 0 measured; 0 filtered out; finished in 0.00s
[INFO] [stdout] 
[INFO] [stderr]      Running tests/mock_auth.rs (/opt/rustwide/target/release/deps/mock_auth-edc9ea0b7afa7d76)
[INFO] [stdout] 
[INFO] [stdout] running 5 tests
[INFO] [stdout] test auth_service_builds_documented_auth_code_url ... ok
[INFO] [stdout] test logout_requires_access_token ... ok
[INFO] [stdout] test validate_auth_code_posts_documented_body ... ok
[INFO] [stdout] test logout_posts_with_documented_authorization_header ... ok
[INFO] [stdout] test refresh_access_token_posts_documented_body ... ok
[INFO] [stderr]      Running tests/mock_rest_phase.rs (/opt/rustwide/target/release/deps/mock_rest_phase-b282d77d7ddbc96c)
[INFO] [stdout] 
[INFO] [stdout] test result: ok. 5 passed; 0 failed; 0 ignored; 0 measured; 0 filtered out; finished in 0.01s
[INFO] [stdout] 
[INFO] [stdout] 
[INFO] [stdout] running 4 tests
[INFO] [stderr]      Running tests/mock_transactions.rs (/opt/rustwide/target/release/deps/mock_transactions-3ac42b6d02c9dddb)
[INFO] [stdout] test market_data_and_alert_endpoints_use_documented_shapes ... ok
[INFO] [stdout] test broker_data_and_edis_endpoints_use_documented_bases ... ok
[INFO] [stdout] test positions_and_margin_endpoints_use_documented_methods_paths_and_bodies ... ok
[INFO] [stdout] test smart_order_endpoints_use_documented_methods_paths_and_bodies ... ok
[INFO] [stdout] 
[INFO] [stdout] test result: ok. 4 passed; 0 failed; 0 ignored; 0 measured; 0 filtered out; finished in 0.01s
[INFO] [stdout] 
[INFO] [stdout] 
[INFO] [stdout] running 33 tests
[INFO] [stdout] test cancel_multi_async_deletes_documented_body_with_authorization_header ... ok
[INFO] [stdout] test gtt_orderbook_gets_with_documented_authorization_header ... ok
[INFO] [stdout] test gtt_modify_patches_documented_body_with_authorization_header ... ok
[INFO] [stdout] test gtt_cancel_deletes_documented_body_with_authorization_header ... ok
[INFO] [stdout] test cancel_sync_by_id_deletes_documented_path_with_authorization_header ... ok
[INFO] [stdout] test cancel_sync_deletes_documented_body_with_authorization_header ... ok
[INFO] [stdout] test gtt_place_single_rejects_oco_body_before_http ... ok
[INFO] [stdout] test cancel_async_deletes_documented_body_with_authorization_header ... ok
[INFO] [stdout] test gtt_place_oco_requires_leg2_before_http ... ok
[INFO] [stdout] test modify_async_patches_documented_body_with_authorization_header ... ok
[INFO] [stdout] test order_history_filters_with_documented_query_params ... ok
[INFO] [stdout] test modify_multi_async_patches_documented_body_with_authorization_header ... ok
[INFO] [stdout] test gtt_place_single_posts_documented_body_with_authorization_header ... ok
[INFO] [stdout] test order_history_gets_with_documented_authorization_header ... ok
[INFO] [stdout] test modify_sync_patches_documented_body_with_authorization_header ... ok
[INFO] [stdout] test modify_multi_sync_patches_documented_body_with_authorization_header ... ok
[INFO] [stdout] test orderbook_gets_with_documented_authorization_header ... ok
[INFO] [stdout] test gtt_place_oco_posts_documented_body_with_authorization_header ... ok
[INFO] [stdout] test orders_filter_by_id_query_param ... ok
[INFO] [stdout] test orders_filter_by_order_tag_query_param ... ok
[INFO] [stdout] test cancel_multi_sync_deletes_documented_body_with_authorization_header ... ok
[INFO] [stdout] test place_multi_sync_rejects_more_than_ten_orders_before_http ... ok
[INFO] [stdout] test place_multi_async_posts_documented_body_with_authorization_header ... ok
[INFO] [stdout] test place_multi_sync_posts_documented_body_with_authorization_header ... ok
[INFO] [stdout] test place_async_posts_documented_body_with_authorization_header ... ok
[INFO] [stdout] test positions_gets_with_documented_authorization_header ... ok
[INFO] [stdout] test place_multileg_sync_rejects_three_leg_without_leg3_before_http ... ok
[INFO] [stdout] test trade_history_filters_with_documented_query_params ... ok
[INFO] [stdout] test place_multileg_sync_posts_documented_body_with_authorization_header ... ok
[INFO] [stdout] test place_sync_posts_documented_body_with_authorization_header ... ok
[INFO] [stdout] test tradebook_filters_by_order_tag_query_param ... ok
[INFO] [stdout] test trade_history_gets_with_documented_authorization_header ... ok
[INFO] [stdout] test tradebook_gets_with_documented_authorization_header ... ok
[INFO] [stdout] 
[INFO] [stdout] test result: ok. 33 passed; 0 failed; 0 ignored; 0 measured; 0 filtered out; finished in 0.02s
[INFO] [stdout] 
[INFO] [stderr]      Running tests/mock_user.rs (/opt/rustwide/target/release/deps/mock_user-04cb9f16fdff79e3)
[INFO] [stdout] 
[INFO] [stdout] running 6 tests
[INFO] [stdout] test profile_requires_access_token ... ok
[INFO] [stdout] test broker_error_envelopes_are_returned_as_errors ... ok
[INFO] [stdout] test holdings_gets_with_documented_authorization_header ... ok
[INFO] [stdout] test profile_gets_with_documented_authorization_header ... ok
[INFO] [stdout] test non_success_non_json_responses_are_returned_as_broker_errors ... ok
[INFO] [stdout] test funds_gets_with_documented_authorization_header ... ok
[INFO] [stdout] 
[INFO] [stdout] test result: ok. 6 passed; 0 failed; 0 ignored; 0 measured; 0 filtered out; finished in 0.01s
[INFO] [stdout] 
[INFO] [stderr]      Running tests/mock_ws_manager.rs (/opt/rustwide/target/release/deps/mock_ws_manager-e6f1bf0c28e582ff)
[INFO] [stdout] 
[INFO] [stdout] running 12 tests
[INFO] [stdout] test malformed_frames_return_errors_without_panicking ... ok
[INFO] [stdout] test order_manager_accepts_documented_sdk_action_aliases ... ok
[INFO] [stdout] test reconnect_policy_is_bounded ... ok
[INFO] [stdout] test tbt_manager_enforces_documented_depth_limits ... ok
[INFO] [stdout] test data_manager_decodes_captured_binary_snapshot ... ok
[INFO] [stdout] test data_manager_decodes_synthetic_update_and_sends_ack ... ok
[INFO] [stdout] test order_manager_sends_commands_tracks_replay_and_yields_events ... ok
[INFO] [stdout] test data_manager_pongs_pings_between_binary_frames ... ok
[INFO] [stdout] test tbt_manager_sends_commands_and_decodes_binary_events ... ok
[INFO] [stdout] test data_manager_rejects_subscribe_request_over_5000_symbols ... ok
[INFO] [stdout] test order_manager_rejects_undocumented_actions ... ok
[INFO] [stdout] test live_connect_requires_access_token_before_network_io ... FAILED
[INFO] [stderr] error: test failed, to rerun pass `--test mock_ws_manager`
[INFO] [stdout] 
[INFO] [stdout] failures:
[INFO] [stdout] 
[INFO] [stdout] ---- live_connect_requires_access_token_before_network_io stdout ----
[INFO] [stdout] 
[INFO] [stdout] thread 'live_connect_requires_access_token_before_network_io' (3383) panicked at tests/mock_ws_manager.rs:26:5:
[INFO] [stdout] assertion failed: matches!(error, FyersError::MissingConfig { field: "access_token" })
[INFO] [stdout] stack backtrace:
[INFO] [stdout]    0:     0x60eb083e6071 - <<std[70759c8f55707aa4]::sys::backtrace::BacktraceLock>::print::DisplayBacktrace as core[df12db4294e9bfd3]::fmt::Display>::fmt
[INFO] [stdout]    1:     0x60eb083fcfca - core[df12db4294e9bfd3]::fmt::write
[INFO] [stdout]    2:     0x60eb083eb0fc - <alloc[2182bb758b4b3781]::vec::Vec<u8> as core[df12db4294e9bfd3]::io::write::Write>::write_fmt
[INFO] [stdout]    3:     0x60eb083c0d46 - std[70759c8f55707aa4]::panicking::default_hook::{closure#0}
[INFO] [stdout]    4:     0x60eb083ddc29 - std[70759c8f55707aa4]::panicking::default_hook
[INFO] [stdout]    5:     0x60eb080e24b0 - test[9d35eded1c95d3be]::test_main_inner::<test[9d35eded1c95d3be]::test_main_static::{closure#0}>::{closure#0}
[INFO] [stdout]    6:     0x60eb083ddf52 - std[70759c8f55707aa4]::panicking::panic_with_hook
[INFO] [stdout]    7:     0x60eb083c0e24 - std[70759c8f55707aa4]::panicking::panic_handler::{closure#0}
[INFO] [stdout]    8:     0x60eb083b9909 - std[70759c8f55707aa4]::sys::backtrace::__rust_end_short_backtrace::<std[70759c8f55707aa4]::panicking::panic_handler::{closure#0}, !>
[INFO] [stdout]    9:     0x60eb083c1bdd - __rustc[8fa7c3cbc660c2b3]::rust_begin_unwind
[INFO] [stdout]   10:     0x60eb083fd72c - core[df12db4294e9bfd3]::panicking::panic_fmt
[INFO] [stdout]   11:     0x60eb083fd6f2 - core[df12db4294e9bfd3]::panicking::panic
[INFO] [stdout]   12:     0x60eb0808cb2c - mock_ws_manager[be97dc8fcebb3e66]::live_connect_requires_access_token_before_network_io::{closure#0}
[INFO] [stdout]   13:     0x60eb080c8ae3 - <tokio[c69af1a37ed0878c]::runtime::scheduler::current_thread::Context>::enter::<core[df12db4294e9bfd3]::task::poll::Poll<()>, <tokio[c69af1a37ed0878c]::runtime::scheduler::current_thread::CoreGuard>::block_on<core[df12db4294e9bfd3]::pin::Pin<&mut core[df12db4294e9bfd3]::pin::Pin<&mut dyn core[df12db4294e9bfd3]::future::future::Future<Output = ()>>>>::{closure#0}::{closure#0}>
[INFO] [stdout]   14:     0x60eb080cd73c - <tokio[c69af1a37ed0878c]::runtime::context::scoped::Scoped<tokio[c69af1a37ed0878c]::runtime::scheduler::Context>>::set::<<tokio[c69af1a37ed0878c]::runtime::scheduler::current_thread::CoreGuard>::enter<<tokio[c69af1a37ed0878c]::runtime::scheduler::current_thread::CoreGuard>::block_on<core[df12db4294e9bfd3]::pin::Pin<&mut core[df12db4294e9bfd3]::pin::Pin<&mut dyn core[df12db4294e9bfd3]::future::future::Future<Output = ()>>>>::{closure#0}, core[df12db4294e9bfd3]::option::Option<()>>::{closure#0}, (alloc[2182bb758b4b3781]::boxed::Box<tokio[c69af1a37ed0878c]::runtime::scheduler::current_thread::Core>, core[df12db4294e9bfd3]::option::Option<()>)>
[INFO] [stdout]   15:     0x60eb080c8e37 - <tokio[c69af1a37ed0878c]::runtime::scheduler::current_thread::CoreGuard>::block_on::<core[df12db4294e9bfd3]::pin::Pin<&mut core[df12db4294e9bfd3]::pin::Pin<&mut dyn core[df12db4294e9bfd3]::future::future::Future<Output = ()>>>>
[INFO] [stdout]   16:     0x60eb080c3027 - tokio[c69af1a37ed0878c]::runtime::context::runtime::enter_runtime::<<tokio[c69af1a37ed0878c]::runtime::scheduler::current_thread::CurrentThread>::block_on<core[df12db4294e9bfd3]::pin::Pin<&mut dyn core[df12db4294e9bfd3]::future::future::Future<Output = ()>>>::{closure#0}, ()>
[INFO] [stdout]   17:     0x60eb080a7015 - <tokio[c69af1a37ed0878c]::runtime::runtime::Runtime>::block_on::<core[df12db4294e9bfd3]::pin::Pin<&mut dyn core[df12db4294e9bfd3]::future::future::Future<Output = ()>>>
[INFO] [stdout]   18:     0x60eb0809e8bc - <mock_ws_manager[be97dc8fcebb3e66]::live_connect_requires_access_token_before_network_io::{closure#0} as core[df12db4294e9bfd3]::ops::function::FnOnce<()>>::call_once
[INFO] [stdout]   19:     0x60eb080d579b - test[9d35eded1c95d3be]::__rust_begin_short_backtrace::<core[df12db4294e9bfd3]::result::Result<(), alloc[2182bb758b4b3781]::string::String>, fn() -> core[df12db4294e9bfd3]::result::Result<(), alloc[2182bb758b4b3781]::string::String>>
[INFO] [stdout]   20:     0x60eb080e2e05 - test[9d35eded1c95d3be]::run_test::{closure#0}
[INFO] [stdout]   21:     0x60eb080dc6c4 - std[70759c8f55707aa4]::sys::backtrace::__rust_begin_short_backtrace::<test[9d35eded1c95d3be]::run_test::{closure#1}, ()>
[INFO] [stdout]   22:     0x60eb080e5f62 - <std[70759c8f55707aa4]::thread::lifecycle::spawn_unchecked<test[9d35eded1c95d3be]::run_test::{closure#1}, ()>::{closure#1} as core[df12db4294e9bfd3]::ops::function::FnOnce<()>>::call_once::{shim:vtable#0}
[INFO] [stdout]   23:     0x60eb083e5229 - <std[70759c8f55707aa4]::sys::thread::unix::Thread>::new::thread_start
[INFO] [stdout]   24:     0x7d6f35a59dfa - <unknown>
[INFO] [stdout]   25:     0x7d6f35aed3d4 - clone
[INFO] [stdout]   26:                0x0 - <unknown>
[INFO] [stdout] 
[INFO] [stdout] 
[INFO] [stdout] failures:
[INFO] [stdout]     live_connect_requires_access_token_before_network_io
[INFO] [stdout] 
[INFO] [stdout] test result: FAILED. 11 passed; 1 failed; 0 ignored; 0 measured; 0 filtered out; finished in 0.02s
[INFO] [stdout] 
[INFO] running `Command { std: "docker" "inspect" "f553ab582eddbf46b0a5c5a3bd1727bf631100c9ba1c0caaec521a08a3edc5d9", kill_on_drop: false }`
[INFO] running `Command { std: "docker" "rm" "-f" "f553ab582eddbf46b0a5c5a3bd1727bf631100c9ba1c0caaec521a08a3edc5d9", kill_on_drop: false }`
[INFO] [stdout] f553ab582eddbf46b0a5c5a3bd1727bf631100c9ba1c0caaec521a08a3edc5d9
