[INFO] fetching crate fx-pgmux 0.1.4...
[INFO] testing fx-pgmux-0.1.4 against 1.99.0-beta.8+cargoflags=--release for beta-release-1.100-2
[INFO] extracting crate fx-pgmux 0.1.4 into /workspace/builds/worker-5-tc1/source
[INFO] started tweaking crates.io crate fx-pgmux 0.1.4
[INFO] finished tweaking crates.io crate fx-pgmux 0.1.4
[INFO] tweaked toml for crates.io crate fx-pgmux 0.1.4 written to /workspace/builds/worker-5-tc1/source/Cargo.toml
[INFO] validating manifest of crates.io crate fx-pgmux 0.1.4 on toolchain 1.99.0-beta.8
[INFO] running `Command { std: CARGO_HOME="/workspace/cargo-home" RUSTUP_HOME="/workspace/rustup-home" "/workspace/cargo-home/bin/cargo" "+1.99.0-beta.8" "metadata" "--manifest-path" "Cargo.toml" "--no-deps", kill_on_drop: false }`
[INFO] crate crates.io crate fx-pgmux 0.1.4 already has a lockfile, it will not be regenerated
[INFO] running `Command { std: CARGO_HOME="/workspace/cargo-home" RUSTUP_HOME="/workspace/rustup-home" "/workspace/cargo-home/bin/cargo" "+1.99.0-beta.8" "fetch" "--manifest-path" "Cargo.toml", kill_on_drop: false }`
[INFO] running `Command { std: "docker" "create" "-v" "/var/lib/crater-agent-workspace/builds/worker-5-tc1/source:/opt/rustwide/workdir:ro,Z" "-v" "/var/lib/crater-agent-workspace/builds/worker-5-tc1/target:/opt/rustwide/target:rw,Z" "-v" "/var/lib/crater-agent-workspace/cargo-home:/opt/rustwide/cargo-home:ro,Z" "-v" "/var/lib/crater-agent-workspace/rustup-home:/opt/rustwide/rustup-home:ro,Z" "-m" "1610612736" "--network" "none" "ghcr.io/rust-lang/crates-build-env/linux@sha256:77db811e55d90add9212f6832c23229e3de5f1c1f9905e8cb07319ea15df73ac" "sleep" "infinity", kill_on_drop: false }`
[INFO] [stdout] c7a4a922d502572ebf2e66712d0c7ef342764e8870c6cb4f0534679a9b9f7737
[INFO] running `Command { std: "docker" "start" "c7a4a922d502572ebf2e66712d0c7ef342764e8870c6cb4f0534679a9b9f7737", kill_on_drop: false }`
[INFO] running `Command { std: "docker" "inspect" "c7a4a922d502572ebf2e66712d0c7ef342764e8870c6cb4f0534679a9b9f7737", kill_on_drop: false }`
[INFO] running `Command { std: "docker" "exec" "-e" "SOURCE_DIR=/opt/rustwide/workdir" "-e" "CARGO_HOME=/opt/rustwide/cargo-home" "-e" "RUSTUP_HOME=/opt/rustwide/rustup-home" "-e" "CARGO_TARGET_DIR=/opt/rustwide/target" "-w" "/opt/rustwide/workdir" "--user" "0:0" "c7a4a922d502572ebf2e66712d0c7ef342764e8870c6cb4f0534679a9b9f7737" "/opt/rustwide/cargo-home/bin/cargo" "+1.99.0-beta.8" "metadata" "--no-deps" "--format-version=1", kill_on_drop: false }`
[INFO] running `Command { std: "docker" "inspect" "c7a4a922d502572ebf2e66712d0c7ef342764e8870c6cb4f0534679a9b9f7737", kill_on_drop: false }`
[INFO] running `Command { std: "docker" "exec" "-e" "SOURCE_DIR=/opt/rustwide/workdir" "-e" "CARGO_HOME=/opt/rustwide/cargo-home" "-e" "RUSTUP_HOME=/opt/rustwide/rustup-home" "-e" "CARGO_TARGET_DIR=/opt/rustwide/target" "-e" "CARGO_INCREMENTAL=0" "-e" "RUST_BACKTRACE=full" "-e" "RUSTFLAGS=--cap-lints=warn" "-e" "RUSTDOCFLAGS=--cap-lints=warn" "-w" "/opt/rustwide/workdir" "--user" "0:0" "c7a4a922d502572ebf2e66712d0c7ef342764e8870c6cb4f0534679a9b9f7737" "/opt/rustwide/cargo-home/bin/cargo" "+1.99.0-beta.8" "build" "--frozen" "--message-format=json" "--release", kill_on_drop: false }`
[INFO] [stderr]    Compiling libc v0.2.184
[INFO] [stderr]    Compiling smallvec v1.15.1
[INFO] [stderr]    Compiling rustls v0.23.37
[INFO] [stderr]    Compiling subtle v2.6.1
[INFO] [stderr]    Compiling zeroize v1.8.2
[INFO] [stderr]    Compiling getrandom v0.2.17
[INFO] [stderr]    Compiling ring v0.17.14
[INFO] [stderr]    Compiling untrusted v0.9.0
[INFO] [stderr]    Compiling digest v0.10.7
[INFO] [stderr]    Compiling rustls-pki-types v1.14.0
[INFO] [stderr]    Compiling tinyvec_macros v0.1.1
[INFO] [stderr]    Compiling foldhash v0.1.5
[INFO] [stderr]    Compiling futures-sink v0.3.32
[INFO] [stderr]    Compiling icu_normalizer v2.2.0
[INFO] [stderr]    Compiling form_urlencoded v1.2.2
[INFO] [stderr]    Compiling futures-channel v0.3.32
[INFO] [stderr]    Compiling hashbrown v0.15.5
[INFO] [stderr]    Compiling tinyvec v1.11.0
[INFO] [stderr]    Compiling ppv-lite86 v0.2.21
[INFO] [stderr]    Compiling webpki-roots v1.0.6
[INFO] [stderr]    Compiling concurrent-queue v2.5.0
[INFO] [stderr]    Compiling idna_adapter v1.2.1
[INFO] [stderr]    Compiling num-traits v0.2.19
[INFO] [stderr]    Compiling crc-catalog v2.4.0
[INFO] [stderr]    Compiling parking v2.2.1
[INFO] [stderr]    Compiling idna v1.1.0
[INFO] [stderr]    Compiling iana-time-zone v0.1.65
[INFO] [stderr]    Compiling futures-util v0.3.32
[INFO] [stderr]    Compiling event-listener v5.4.1
[INFO] [stderr]    Compiling crc v3.4.0
[INFO] [stderr]    Compiling hashlink v0.10.0
[INFO] [stderr]    Compiling chrono v0.4.44
[INFO] [stderr]    Compiling socket2 v0.6.3
[INFO] [stderr]    Compiling mio v1.2.0
[INFO] [stderr]    Compiling parking_lot_core v0.9.12
[INFO] [stderr]    Compiling parking_lot v0.12.5
[INFO] [stderr]    Compiling tokio v1.51.1
[INFO] [stderr]    Compiling rand_core v0.6.4
[INFO] [stderr]    Compiling url v2.5.8
[INFO] [stderr]    Compiling rand_chacha v0.3.1
[INFO] [stderr]    Compiling futures-intrusive v0.5.0
[INFO] [stderr]    Compiling sha2 v0.10.9
[INFO] [stderr]    Compiling thiserror v2.0.18
[INFO] [stderr]    Compiling unicode-normalization v0.1.25
[INFO] [stderr]    Compiling webpki-roots v0.26.11
[INFO] [stderr]    Compiling hmac v0.12.1
[INFO] [stderr]    Compiling unicode-properties v0.1.4
[INFO] [stderr]    Compiling unicode-bidi v0.3.18
[INFO] [stderr]    Compiling uuid v1.23.0
[INFO] [stderr]    Compiling base64 v0.22.1
[INFO] [stderr]    Compiling stringprep v0.1.5
[INFO] [stderr]    Compiling hkdf v0.12.4
[INFO] [stderr]    Compiling rustls-webpki v0.103.10
[INFO] [stderr]    Compiling rand v0.8.5
[INFO] [stderr]    Compiling md-5 v0.10.6
[INFO] [stderr]    Compiling home v0.5.12
[INFO] [stderr]    Compiling whoami v1.6.1
[INFO] [stderr]    Compiling tracing v0.1.44
[INFO] [stderr]    Compiling tokio-stream v0.1.18
[INFO] [stderr]    Compiling atoi v2.0.0
[INFO] [stderr]    Compiling sqlx-core v0.8.6
[INFO] [stderr]    Compiling futures-executor v0.3.32
[INFO] [stderr]    Compiling futures v0.3.32
[INFO] [stderr]    Compiling sqlx-postgres v0.8.6
[INFO] [stderr]    Compiling sqlx-macros-core v0.8.6
[INFO] [stderr]    Compiling sqlx-macros v0.8.6
[INFO] [stderr]    Compiling sqlx v0.8.6
[INFO] [stderr]    Compiling fx-pgmux v0.1.4 (/opt/rustwide/workdir)
[INFO] [stderr]     Finished `release` profile [optimized] target(s) in 2m 37s
[INFO] running `Command { std: "docker" "inspect" "c7a4a922d502572ebf2e66712d0c7ef342764e8870c6cb4f0534679a9b9f7737", kill_on_drop: false }`
[INFO] running `Command { std: "docker" "exec" "-e" "SOURCE_DIR=/opt/rustwide/workdir" "-e" "CARGO_HOME=/opt/rustwide/cargo-home" "-e" "RUSTUP_HOME=/opt/rustwide/rustup-home" "-e" "CARGO_TARGET_DIR=/opt/rustwide/target" "-e" "CARGO_INCREMENTAL=0" "-e" "RUST_BACKTRACE=full" "-e" "RUSTFLAGS=--cap-lints=warn" "-e" "RUSTDOCFLAGS=--cap-lints=warn" "-w" "/opt/rustwide/workdir" "--user" "0:0" "c7a4a922d502572ebf2e66712d0c7ef342764e8870c6cb4f0534679a9b9f7737" "/opt/rustwide/cargo-home/bin/cargo" "+1.99.0-beta.8" "test" "--frozen" "--no-run" "--message-format=json" "--release", kill_on_drop: false }`
[INFO] [stderr]    Compiling tokio v1.51.1
[INFO] [stderr]    Compiling tokio-stream v0.1.18
[INFO] [stderr]    Compiling sqlx-core v0.8.6
[INFO] [stderr]    Compiling sqlx-postgres v0.8.6
[INFO] [stderr]    Compiling sqlx v0.8.6
[INFO] [stderr]    Compiling fx-pgmux v0.1.4 (/opt/rustwide/workdir)
[INFO] [stderr]     Finished `release` profile [optimized] target(s) in 1m 14s
[INFO] running `Command { std: "docker" "inspect" "c7a4a922d502572ebf2e66712d0c7ef342764e8870c6cb4f0534679a9b9f7737", kill_on_drop: false }`
[INFO] running `Command { std: "docker" "exec" "-e" "SOURCE_DIR=/opt/rustwide/workdir" "-e" "CARGO_HOME=/opt/rustwide/cargo-home" "-e" "RUSTUP_HOME=/opt/rustwide/rustup-home" "-e" "CARGO_TARGET_DIR=/opt/rustwide/target" "-e" "CARGO_INCREMENTAL=0" "-e" "RUST_BACKTRACE=full" "-e" "RUSTFLAGS=--cap-lints=warn" "-e" "RUSTDOCFLAGS=--cap-lints=warn" "-w" "/opt/rustwide/workdir" "--user" "0:0" "c7a4a922d502572ebf2e66712d0c7ef342764e8870c6cb4f0534679a9b9f7737" "/opt/rustwide/cargo-home/bin/cargo" "+1.99.0-beta.8" "test" "--frozen" "--release", kill_on_drop: false }`
[INFO] [stderr]     Finished `release` profile [optimized] target(s) in 0.17s
[INFO] [stderr]      Running unittests src/lib.rs (/opt/rustwide/target/release/deps/fx_pgmux-96cd78381f9cff1a)
[INFO] [stdout] 
[INFO] [stdout] running 4 tests
[INFO] [stdout] test tests::dropped_consumer_does_not_affect_others ... FAILED
[INFO] [stdout] test tests::single_consumer_receives_notification ... FAILED
[INFO] [stdout] test tests::multiple_consumers_both_receive_notification ... FAILED
[INFO] [stdout] test tests::notifications_routed_to_correct_channel ... FAILED
[INFO] [stdout] 
[INFO] [stdout] failures:
[INFO] [stdout] 
[INFO] [stdout] ---- tests::dropped_consumer_does_not_affect_others stdout ----
[INFO] [stdout] 
[INFO] [stdout] thread 'tests::dropped_consumer_does_not_affect_others' (1619) panicked at /opt/rustwide/cargo-home/registry/src/index.crates.io-1949cf8c6b5b557f/sqlx-postgres-0.8.6/src/testing/mod.rs:96:44:
[INFO] [stdout] DATABASE_URL must be set: EnvVar(NotPresent)
[INFO] [stdout] stack backtrace:
[INFO] [stdout]    0:     0x6247027fcdc1 - <<std[70759c8f55707aa4]::sys::backtrace::BacktraceLock>::print::DisplayBacktrace as core[df12db4294e9bfd3]::fmt::Display>::fmt
[INFO] [stdout]    1:     0x62470281467a - core[df12db4294e9bfd3]::fmt::write
[INFO] [stdout]    2:     0x624702801cec - <alloc[2182bb758b4b3781]::vec::Vec<u8> as core[df12db4294e9bfd3]::io::write::Write>::write_fmt
[INFO] [stdout]    3:     0x6247027d7466 - std[70759c8f55707aa4]::panicking::default_hook::{closure#0}
[INFO] [stdout]    4:     0x6247027f4819 - std[70759c8f55707aa4]::panicking::default_hook
[INFO] [stdout]    5:     0x6247025adb80 - test[9d35eded1c95d3be]::test_main_inner::<test[9d35eded1c95d3be]::test_main_static::{closure#0}>::{closure#0}
[INFO] [stdout]    6:     0x6247027f4b42 - std[70759c8f55707aa4]::panicking::panic_with_hook
[INFO] [stdout]    7:     0x6247027d7512 - std[70759c8f55707aa4]::panicking::panic_handler::{closure#0}
[INFO] [stdout]    8:     0x6247027cf859 - std[70759c8f55707aa4]::sys::backtrace::__rust_end_short_backtrace::<std[70759c8f55707aa4]::panicking::panic_handler::{closure#0}, !>
[INFO] [stdout]    9:     0x6247027d84ad - __rustc[8fa7c3cbc660c2b3]::rust_begin_unwind
[INFO] [stdout]   10:     0x624702814ddc - core[df12db4294e9bfd3]::panicking::panic_fmt
[INFO] [stdout]   11:     0x624702814bb2 - core[df12db4294e9bfd3]::result::unwrap_failed
[INFO] [stdout]   12:     0x6247025ffdea - <sqlx_postgres[53f877ec1be52ff4]::database::Postgres as sqlx_core[ec7e42d8c364b498]::testing::TestSupport>::test_context::{closure#0}
[INFO] [stdout]   13:     0x624702510e72 - sqlx_core[ec7e42d8c364b498]::testing::run_test::<sqlx_postgres[53f877ec1be52ff4]::database::Postgres, sqlx_core[ec7e42d8c364b498]::testing::run_test_with_pool<sqlx_postgres[53f877ec1be52ff4]::database::Postgres, fn(sqlx_core[ec7e42d8c364b498]::pool::Pool<sqlx_postgres[53f877ec1be52ff4]::database::Postgres>) -> fx_pgmux[67e6978dbcbfc931]::tests::dropped_consumer_does_not_affect_others::dropped_consumer_does_not_affect_others::{closure#0}, fx_pgmux[67e6978dbcbfc931]::tests::dropped_consumer_does_not_affect_others::dropped_consumer_does_not_affect_others::{closure#0}>::{closure#0}, sqlx_core[ec7e42d8c364b498]::testing::run_test_with_pool<sqlx_postgres[53f877ec1be52ff4]::database::Postgres, fn(sqlx_core[ec7e42d8c364b498]::pool::Pool<sqlx_postgres[53f877ec1be52ff4]::database::Postgres>) -> fx_pgmux[67e6978dbcbfc931]::tests::dropped_consumer_does_not_affect_others::dropped_consumer_does_not_affect_others::{closure#0}, fx_pgmux[67e6978dbcbfc931]::tests::dropped_consumer_does_not_affect_others::dropped_consumer_does_not_affect_others::{closure#0}>::{closure#0}::{closure#0}>::{closure#0}
[INFO] [stdout]   14:     0x62470256b113 - <tokio[4abd8a2a7e882426]::runtime::scheduler::current_thread::Context>::enter::<core[df12db4294e9bfd3]::task::poll::Poll<core[df12db4294e9bfd3]::result::Result<(), anyhow[8c81983cc1d9b933]::Error>>, <tokio[4abd8a2a7e882426]::runtime::scheduler::current_thread::CoreGuard>::block_on<core[df12db4294e9bfd3]::pin::Pin<&mut sqlx_core[ec7e42d8c364b498]::testing::run_test<sqlx_postgres[53f877ec1be52ff4]::database::Postgres, sqlx_core[ec7e42d8c364b498]::testing::run_test_with_pool<sqlx_postgres[53f877ec1be52ff4]::database::Postgres, fn(sqlx_core[ec7e42d8c364b498]::pool::Pool<sqlx_postgres[53f877ec1be52ff4]::database::Postgres>) -> fx_pgmux[67e6978dbcbfc931]::tests::dropped_consumer_does_not_affect_others::dropped_consumer_does_not_affect_others::{closure#0}, fx_pgmux[67e6978dbcbfc931]::tests::dropped_consumer_does_not_affect_others::dropped_consumer_does_not_affect_others::{closure#0}>::{closure#0}, sqlx_core[ec7e42d8c364b498]::testing::run_test_with_pool<sqlx_postgres[53f877ec1be52ff4]::database::Postgres, fn(sqlx_core[ec7e42d8c364b498]::pool::Pool<sqlx_postgres[53f877ec1be52ff4]::database::Postgres>) -> fx_pgmux[67e6978dbcbfc931]::tests::dropped_consumer_does_not_affect_others::dropped_consumer_does_not_affect_others::{closure#0}, fx_pgmux[67e6978dbcbfc931]::tests::dropped_consumer_does_not_affect_others::dropped_consumer_does_not_affect_others::{closure#0}>::{closure#0}::{closure#0}>::{closure#0}>>::{closure#0}::{closure#0}>
[INFO] [stdout]   15:     0x62470257647f - <tokio[4abd8a2a7e882426]::runtime::context::scoped::Scoped<tokio[4abd8a2a7e882426]::runtime::scheduler::Context>>::set::<<tokio[4abd8a2a7e882426]::runtime::scheduler::current_thread::CoreGuard>::enter<<tokio[4abd8a2a7e882426]::runtime::scheduler::current_thread::CoreGuard>::block_on<core[df12db4294e9bfd3]::pin::Pin<&mut sqlx_core[ec7e42d8c364b498]::testing::run_test<sqlx_postgres[53f877ec1be52ff4]::database::Postgres, sqlx_core[ec7e42d8c364b498]::testing::run_test_with_pool<sqlx_postgres[53f877ec1be52ff4]::database::Postgres, fn(sqlx_core[ec7e42d8c364b498]::pool::Pool<sqlx_postgres[53f877ec1be52ff4]::database::Postgres>) -> fx_pgmux[67e6978dbcbfc931]::tests::dropped_consumer_does_not_affect_others::dropped_consumer_does_not_affect_others::{closure#0}, fx_pgmux[67e6978dbcbfc931]::tests::dropped_consumer_does_not_affect_others::dropped_consumer_does_not_affect_others::{closure#0}>::{closure#0}, sqlx_core[ec7e42d8c364b498]::testing::run_test_with_pool<sqlx_postgres[53f877ec1be52ff4]::database::Postgres, fn(sqlx_core[ec7e42d8c364b498]::pool::Pool<sqlx_postgres[53f877ec1be52ff4]::database::Postgres>) -> fx_pgmux[67e6978dbcbfc931]::tests::dropped_consumer_does_not_affect_others::dropped_consumer_does_not_affect_others::{closure#0}, fx_pgmux[67e6978dbcbfc931]::tests::dropped_consumer_does_not_affect_others::dropped_consumer_does_not_affect_others::{closure#0}>::{closure#0}::{closure#0}>::{closure#0}>>::{closure#0}, core[df12db4294e9bfd3]::option::Option<core[df12db4294e9bfd3]::result::Result<(), anyhow[8c81983cc1d9b933]::Error>>>::{closure#0}, (alloc[2182bb758b4b3781]::boxed::Box<tokio[4abd8a2a7e882426]::runtime::scheduler::current_thread::Core>, core[df12db4294e9bfd3]::option::Option<core[df12db4294e9bfd3]::result::Result<(), anyhow[8c81983cc1d9b933]::Error>>)>
[INFO] [stdout]   16:     0x62470256c27d - <tokio[4abd8a2a7e882426]::runtime::scheduler::current_thread::CoreGuard>::block_on::<core[df12db4294e9bfd3]::pin::Pin<&mut sqlx_core[ec7e42d8c364b498]::testing::run_test<sqlx_postgres[53f877ec1be52ff4]::database::Postgres, sqlx_core[ec7e42d8c364b498]::testing::run_test_with_pool<sqlx_postgres[53f877ec1be52ff4]::database::Postgres, fn(sqlx_core[ec7e42d8c364b498]::pool::Pool<sqlx_postgres[53f877ec1be52ff4]::database::Postgres>) -> fx_pgmux[67e6978dbcbfc931]::tests::dropped_consumer_does_not_affect_others::dropped_consumer_does_not_affect_others::{closure#0}, fx_pgmux[67e6978dbcbfc931]::tests::dropped_consumer_does_not_affect_others::dropped_consumer_does_not_affect_others::{closure#0}>::{closure#0}, sqlx_core[ec7e42d8c364b498]::testing::run_test_with_pool<sqlx_postgres[53f877ec1be52ff4]::database::Postgres, fn(sqlx_core[ec7e42d8c364b498]::pool::Pool<sqlx_postgres[53f877ec1be52ff4]::database::Postgres>) -> fx_pgmux[67e6978dbcbfc931]::tests::dropped_consumer_does_not_affect_others::dropped_consumer_does_not_affect_others::{closure#0}, fx_pgmux[67e6978dbcbfc931]::tests::dropped_consumer_does_not_affect_others::dropped_consumer_does_not_affect_others::{closure#0}>::{closure#0}::{closure#0}>::{closure#0}>>
[INFO] [stdout]   17:     0x62470259b647 - tokio[4abd8a2a7e882426]::runtime::context::runtime::enter_runtime::<<tokio[4abd8a2a7e882426]::runtime::scheduler::current_thread::CurrentThread>::block_on<sqlx_core[ec7e42d8c364b498]::testing::run_test<sqlx_postgres[53f877ec1be52ff4]::database::Postgres, sqlx_core[ec7e42d8c364b498]::testing::run_test_with_pool<sqlx_postgres[53f877ec1be52ff4]::database::Postgres, fn(sqlx_core[ec7e42d8c364b498]::pool::Pool<sqlx_postgres[53f877ec1be52ff4]::database::Postgres>) -> fx_pgmux[67e6978dbcbfc931]::tests::dropped_consumer_does_not_affect_others::dropped_consumer_does_not_affect_others::{closure#0}, fx_pgmux[67e6978dbcbfc931]::tests::dropped_consumer_does_not_affect_others::dropped_consumer_does_not_affect_others::{closure#0}>::{closure#0}, sqlx_core[ec7e42d8c364b498]::testing::run_test_with_pool<sqlx_postgres[53f877ec1be52ff4]::database::Postgres, fn(sqlx_core[ec7e42d8c364b498]::pool::Pool<sqlx_postgres[53f877ec1be52ff4]::database::Postgres>) -> fx_pgmux[67e6978dbcbfc931]::tests::dropped_consumer_does_not_affect_others::dropped_consumer_does_not_affect_others::{closure#0}, fx_pgmux[67e6978dbcbfc931]::tests::dropped_consumer_does_not_affect_others::dropped_consumer_does_not_affect_others::{closure#0}>::{closure#0}::{closure#0}>::{closure#0}>::{closure#0}, core[df12db4294e9bfd3]::result::Result<(), anyhow[8c81983cc1d9b933]::Error>>
[INFO] [stdout]   18:     0x624702596889 - <tokio[4abd8a2a7e882426]::runtime::runtime::Runtime>::block_on::<sqlx_core[ec7e42d8c364b498]::testing::run_test<sqlx_postgres[53f877ec1be52ff4]::database::Postgres, sqlx_core[ec7e42d8c364b498]::testing::run_test_with_pool<sqlx_postgres[53f877ec1be52ff4]::database::Postgres, fn(sqlx_core[ec7e42d8c364b498]::pool::Pool<sqlx_postgres[53f877ec1be52ff4]::database::Postgres>) -> fx_pgmux[67e6978dbcbfc931]::tests::dropped_consumer_does_not_affect_others::dropped_consumer_does_not_affect_others::{closure#0}, fx_pgmux[67e6978dbcbfc931]::tests::dropped_consumer_does_not_affect_others::dropped_consumer_does_not_affect_others::{closure#0}>::{closure#0}, sqlx_core[ec7e42d8c364b498]::testing::run_test_with_pool<sqlx_postgres[53f877ec1be52ff4]::database::Postgres, fn(sqlx_core[ec7e42d8c364b498]::pool::Pool<sqlx_postgres[53f877ec1be52ff4]::database::Postgres>) -> fx_pgmux[67e6978dbcbfc931]::tests::dropped_consumer_does_not_affect_others::dropped_consumer_does_not_affect_others::{closure#0}, fx_pgmux[67e6978dbcbfc931]::tests::dropped_consumer_does_not_affect_others::dropped_consumer_does_not_affect_others::{closure#0}>::{closure#0}::{closure#0}>::{closure#0}>
[INFO] [stdout]   19:     0x62470257fc9c - sqlx_core[ec7e42d8c364b498]::rt::test_block_on::<sqlx_core[ec7e42d8c364b498]::testing::run_test<sqlx_postgres[53f877ec1be52ff4]::database::Postgres, sqlx_core[ec7e42d8c364b498]::testing::run_test_with_pool<sqlx_postgres[53f877ec1be52ff4]::database::Postgres, fn(sqlx_core[ec7e42d8c364b498]::pool::Pool<sqlx_postgres[53f877ec1be52ff4]::database::Postgres>) -> fx_pgmux[67e6978dbcbfc931]::tests::dropped_consumer_does_not_affect_others::dropped_consumer_does_not_affect_others::{closure#0}, fx_pgmux[67e6978dbcbfc931]::tests::dropped_consumer_does_not_affect_others::dropped_consumer_does_not_affect_others::{closure#0}>::{closure#0}, sqlx_core[ec7e42d8c364b498]::testing::run_test_with_pool<sqlx_postgres[53f877ec1be52ff4]::database::Postgres, fn(sqlx_core[ec7e42d8c364b498]::pool::Pool<sqlx_postgres[53f877ec1be52ff4]::database::Postgres>) -> fx_pgmux[67e6978dbcbfc931]::tests::dropped_consumer_does_not_affect_others::dropped_consumer_does_not_affect_others::{closure#0}, fx_pgmux[67e6978dbcbfc931]::tests::dropped_consumer_does_not_affect_others::dropped_consumer_does_not_affect_others::{closure#0}>::{closure#0}::{closure#0}>::{closure#0}>
[INFO] [stdout]   20:     0x624702575e12 - <fx_pgmux[67e6978dbcbfc931]::tests::dropped_consumer_does_not_affect_others::{closure#0} as core[df12db4294e9bfd3]::ops::function::FnOnce<()>>::call_once
[INFO] [stdout]   21:     0x6247025a0e6b - test[9d35eded1c95d3be]::__rust_begin_short_backtrace::<core[df12db4294e9bfd3]::result::Result<(), alloc[2182bb758b4b3781]::string::String>, fn() -> core[df12db4294e9bfd3]::result::Result<(), alloc[2182bb758b4b3781]::string::String>>
[INFO] [stdout]   22:     0x6247025ae4d5 - test[9d35eded1c95d3be]::run_test::{closure#0}
[INFO] [stdout]   23:     0x6247025a7d94 - std[70759c8f55707aa4]::sys::backtrace::__rust_begin_short_backtrace::<test[9d35eded1c95d3be]::run_test::{closure#1}, ()>
[INFO] [stdout]   24:     0x6247025b1632 - <std[70759c8f55707aa4]::thread::lifecycle::spawn_unchecked<test[9d35eded1c95d3be]::run_test::{closure#1}, ()>::{closure#1} as core[df12db4294e9bfd3]::ops::function::FnOnce<()>>::call_once::{shim:vtable#0}
[INFO] [stdout]   25:     0x6247027fbfc9 - <std[70759c8f55707aa4]::sys::thread::unix::Thread>::new::thread_start
[INFO] [stdout]   26:     0x740c65c3adfa - <unknown>
[INFO] [stdout]   27:     0x740c65cce3d4 - clone
[INFO] [stdout]   28:                0x0 - <unknown>
[INFO] [stdout] 
[INFO] [stdout] ---- tests::single_consumer_receives_notification stdout ----
[INFO] [stdout] 
[INFO] [stdout] thread 'tests::single_consumer_receives_notification' (1622) panicked at /opt/rustwide/cargo-home/registry/src/index.crates.io-1949cf8c6b5b557f/sqlx-postgres-0.8.6/src/testing/mod.rs:96:44:
[INFO] [stdout] DATABASE_URL must be set: EnvVar(NotPresent)
[INFO] [stdout] stack backtrace:
[INFO] [stdout]    0:     0x6247027fcdc1 - <<std[70759c8f55707aa4]::sys::backtrace::BacktraceLock>::print::DisplayBacktrace as core[df12db4294e9bfd3]::fmt::Display>::fmt
[INFO] [stdout]    1:     0x62470281467a - core[df12db4294e9bfd3]::fmt::write
[INFO] [stdout]    2:     0x624702801cec - <alloc[2182bb758b4b3781]::vec::Vec<u8> as core[df12db4294e9bfd3]::io::write::Write>::write_fmt
[INFO] [stdout]    3:     0x6247027d7466 - std[70759c8f55707aa4]::panicking::default_hook::{closure#0}
[INFO] [stdout]    4:     0x6247027f4819 - std[70759c8f55707aa4]::panicking::default_hook
[INFO] [stdout]    5:     0x6247025adb80 - test[9d35eded1c95d3be]::test_main_inner::<test[9d35eded1c95d3be]::test_main_static::{closure#0}>::{closure#0}
[INFO] [stdout]    6:     0x6247027f4b42 - std[70759c8f55707aa4]::panicking::panic_with_hook
[INFO] [stdout]    7:     0x6247027d7512 - std[70759c8f55707aa4]::panicking::panic_handler::{closure#0}
[INFO] [stdout]    8:     0x6247027cf859 - std[70759c8f55707aa4]::sys::backtrace::__rust_end_short_backtrace::<std[70759c8f55707aa4]::panicking::panic_handler::{closure#0}, !>
[INFO] [stdout]    9:     0x6247027d84ad - __rustc[8fa7c3cbc660c2b3]::rust_begin_unwind
[INFO] [stdout]   10:     0x624702814ddc - core[df12db4294e9bfd3]::panicking::panic_fmt
[INFO] [stdout]   11:     0x624702814bb2 - core[df12db4294e9bfd3]::result::unwrap_failed
[INFO] [stdout]   12:     0x6247025ffdea - <sqlx_postgres[53f877ec1be52ff4]::database::Postgres as sqlx_core[ec7e42d8c364b498]::testing::TestSupport>::test_context::{closure#0}
[INFO] [stdout]   13:     0x62470250fb8f - sqlx_core[ec7e42d8c364b498]::testing::run_test::<sqlx_postgres[53f877ec1be52ff4]::database::Postgres, sqlx_core[ec7e42d8c364b498]::testing::run_test_with_pool<sqlx_postgres[53f877ec1be52ff4]::database::Postgres, fn(sqlx_core[ec7e42d8c364b498]::pool::Pool<sqlx_postgres[53f877ec1be52ff4]::database::Postgres>) -> fx_pgmux[67e6978dbcbfc931]::tests::single_consumer_receives_notification::single_consumer_receives_notification::{closure#0}, fx_pgmux[67e6978dbcbfc931]::tests::single_consumer_receives_notification::single_consumer_receives_notification::{closure#0}>::{closure#0}, sqlx_core[ec7e42d8c364b498]::testing::run_test_with_pool<sqlx_postgres[53f877ec1be52ff4]::database::Postgres, fn(sqlx_core[ec7e42d8c364b498]::pool::Pool<sqlx_postgres[53f877ec1be52ff4]::database::Postgres>) -> fx_pgmux[67e6978dbcbfc931]::tests::single_consumer_receives_notification::single_consumer_receives_notification::{closure#0}, fx_pgmux[67e6978dbcbfc931]::tests::single_consumer_receives_notification::single_consumer_receives_notification::{closure#0}>::{closure#0}::{closure#0}>::{closure#0}
[INFO] [stdout]   14:     0x62470256af33 - <tokio[4abd8a2a7e882426]::runtime::scheduler::current_thread::Context>::enter::<core[df12db4294e9bfd3]::task::poll::Poll<core[df12db4294e9bfd3]::result::Result<(), anyhow[8c81983cc1d9b933]::Error>>, <tokio[4abd8a2a7e882426]::runtime::scheduler::current_thread::CoreGuard>::block_on<core[df12db4294e9bfd3]::pin::Pin<&mut sqlx_core[ec7e42d8c364b498]::testing::run_test<sqlx_postgres[53f877ec1be52ff4]::database::Postgres, sqlx_core[ec7e42d8c364b498]::testing::run_test_with_pool<sqlx_postgres[53f877ec1be52ff4]::database::Postgres, fn(sqlx_core[ec7e42d8c364b498]::pool::Pool<sqlx_postgres[53f877ec1be52ff4]::database::Postgres>) -> fx_pgmux[67e6978dbcbfc931]::tests::single_consumer_receives_notification::single_consumer_receives_notification::{closure#0}, fx_pgmux[67e6978dbcbfc931]::tests::single_consumer_receives_notification::single_consumer_receives_notification::{closure#0}>::{closure#0}, sqlx_core[ec7e42d8c364b498]::testing::run_test_with_pool<sqlx_postgres[53f877ec1be52ff4]::database::Postgres, fn(sqlx_core[ec7e42d8c364b498]::pool::Pool<sqlx_postgres[53f877ec1be52ff4]::database::Postgres>) -> fx_pgmux[67e6978dbcbfc931]::tests::single_consumer_receives_notification::single_consumer_receives_notification::{closure#0}, fx_pgmux[67e6978dbcbfc931]::tests::single_consumer_receives_notification::single_consumer_receives_notification::{closure#0}>::{closure#0}::{closure#0}>::{closure#0}>>::{closure#0}::{closure#0}>
[INFO] [stdout]   15:     0x62470257627f - <tokio[4abd8a2a7e882426]::runtime::context::scoped::Scoped<tokio[4abd8a2a7e882426]::runtime::scheduler::Context>>::set::<<tokio[4abd8a2a7e882426]::runtime::scheduler::current_thread::CoreGuard>::enter<<tokio[4abd8a2a7e882426]::runtime::scheduler::current_thread::CoreGuard>::block_on<core[df12db4294e9bfd3]::pin::Pin<&mut sqlx_core[ec7e42d8c364b498]::testing::run_test<sqlx_postgres[53f877ec1be52ff4]::database::Postgres, sqlx_core[ec7e42d8c364b498]::testing::run_test_with_pool<sqlx_postgres[53f877ec1be52ff4]::database::Postgres, fn(sqlx_core[ec7e42d8c364b498]::pool::Pool<sqlx_postgres[53f877ec1be52ff4]::database::Postgres>) -> fx_pgmux[67e6978dbcbfc931]::tests::single_consumer_receives_notification::single_consumer_receives_notification::{closure#0}, fx_pgmux[67e6978dbcbfc931]::tests::single_consumer_receives_notification::single_consumer_receives_notification::{closure#0}>::{closure#0}, sqlx_core[ec7e42d8c364b498]::testing::run_test_with_pool<sqlx_postgres[53f877ec1be52ff4]::database::Postgres, fn(sqlx_core[ec7e42d8c364b498]::pool::Pool<sqlx_postgres[53f877ec1be52ff4]::database::Postgres>) -> fx_pgmux[67e6978dbcbfc931]::tests::single_consumer_receives_notification::single_consumer_receives_notification::{closure#0}, fx_pgmux[67e6978dbcbfc931]::tests::single_consumer_receives_notification::single_consumer_receives_notification::{closure#0}>::{closure#0}::{closure#0}>::{closure#0}>>::{closure#0}, core[df12db4294e9bfd3]::option::Option<core[df12db4294e9bfd3]::result::Result<(), anyhow[8c81983cc1d9b933]::Error>>>::{closure#0}, (alloc[2182bb758b4b3781]::boxed::Box<tokio[4abd8a2a7e882426]::runtime::scheduler::current_thread::Core>, core[df12db4294e9bfd3]::option::Option<core[df12db4294e9bfd3]::result::Result<(), anyhow[8c81983cc1d9b933]::Error>>)>
[INFO] [stdout]   16:     0x62470256c05d - <tokio[4abd8a2a7e882426]::runtime::scheduler::current_thread::CoreGuard>::block_on::<core[df12db4294e9bfd3]::pin::Pin<&mut sqlx_core[ec7e42d8c364b498]::testing::run_test<sqlx_postgres[53f877ec1be52ff4]::database::Postgres, sqlx_core[ec7e42d8c364b498]::testing::run_test_with_pool<sqlx_postgres[53f877ec1be52ff4]::database::Postgres, fn(sqlx_core[ec7e42d8c364b498]::pool::Pool<sqlx_postgres[53f877ec1be52ff4]::database::Postgres>) -> fx_pgmux[67e6978dbcbfc931]::tests::single_consumer_receives_notification::single_consumer_receives_notification::{closure#0}, fx_pgmux[67e6978dbcbfc931]::tests::single_consumer_receives_notification::single_consumer_receives_notification::{closure#0}>::{closure#0}, sqlx_core[ec7e42d8c364b498]::testing::run_test_with_pool<sqlx_postgres[53f877ec1be52ff4]::database::Postgres, fn(sqlx_core[ec7e42d8c364b498]::pool::Pool<sqlx_postgres[53f877ec1be52ff4]::database::Postgres>) -> fx_pgmux[67e6978dbcbfc931]::tests::single_consumer_receives_notification::single_consumer_receives_notification::{closure#0}, fx_pgmux[67e6978dbcbfc931]::tests::single_consumer_receives_notification::single_consumer_receives_notification::{closure#0}>::{closure#0}::{closure#0}>::{closure#0}>>
[INFO] [stdout]   17:     0x62470259b257 - tokio[4abd8a2a7e882426]::runtime::context::runtime::enter_runtime::<<tokio[4abd8a2a7e882426]::runtime::scheduler::current_thread::CurrentThread>::block_on<sqlx_core[ec7e42d8c364b498]::testing::run_test<sqlx_postgres[53f877ec1be52ff4]::database::Postgres, sqlx_core[ec7e42d8c364b498]::testing::run_test_with_pool<sqlx_postgres[53f877ec1be52ff4]::database::Postgres, fn(sqlx_core[ec7e42d8c364b498]::pool::Pool<sqlx_postgres[53f877ec1be52ff4]::database::Postgres>) -> fx_pgmux[67e6978dbcbfc931]::tests::single_consumer_receives_notification::single_consumer_receives_notification::{closure#0}, fx_pgmux[67e6978dbcbfc931]::tests::single_consumer_receives_notification::single_consumer_receives_notification::{closure#0}>::{closure#0}, sqlx_core[ec7e42d8c364b498]::testing::run_test_with_pool<sqlx_postgres[53f877ec1be52ff4]::database::Postgres, fn(sqlx_core[ec7e42d8c364b498]::pool::Pool<sqlx_postgres[53f877ec1be52ff4]::database::Postgres>) -> fx_pgmux[67e6978dbcbfc931]::tests::single_consumer_receives_notification::single_consumer_receives_notification::{closure#0}, fx_pgmux[67e6978dbcbfc931]::tests::single_consumer_receives_notification::single_consumer_receives_notification::{closure#0}>::{closure#0}::{closure#0}>::{closure#0}>::{closure#0}, core[df12db4294e9bfd3]::result::Result<(), anyhow[8c81983cc1d9b933]::Error>>
[INFO] [stdout]   18:     0x624702596749 - <tokio[4abd8a2a7e882426]::runtime::runtime::Runtime>::block_on::<sqlx_core[ec7e42d8c364b498]::testing::run_test<sqlx_postgres[53f877ec1be52ff4]::database::Postgres, sqlx_core[ec7e42d8c364b498]::testing::run_test_with_pool<sqlx_postgres[53f877ec1be52ff4]::database::Postgres, fn(sqlx_core[ec7e42d8c364b498]::pool::Pool<sqlx_postgres[53f877ec1be52ff4]::database::Postgres>) -> fx_pgmux[67e6978dbcbfc931]::tests::single_consumer_receives_notification::single_consumer_receives_notification::{closure#0}, fx_pgmux[67e6978dbcbfc931]::tests::single_consumer_receives_notification::single_consumer_receives_notification::{closure#0}>::{closure#0}, sqlx_core[ec7e42d8c364b498]::testing::run_test_with_pool<sqlx_postgres[53f877ec1be52ff4]::database::Postgres, fn(sqlx_core[ec7e42d8c364b498]::pool::Pool<sqlx_postgres[53f877ec1be52ff4]::database::Postgres>) -> fx_pgmux[67e6978dbcbfc931]::tests::single_consumer_receives_notification::single_consumer_receives_notification::{closure#0}, fx_pgmux[67e6978dbcbfc931]::tests::single_consumer_receives_notification::single_consumer_receives_notification::{closure#0}>::{closure#0}::{closure#0}>::{closure#0}>
[INFO] [stdout]   19:     0x62470257fb6c - sqlx_core[ec7e42d8c364b498]::rt::test_block_on::<sqlx_core[ec7e42d8c364b498]::testing::run_test<sqlx_postgres[53f877ec1be52ff4]::database::Postgres, sqlx_core[ec7e42d8c364b498]::testing::run_test_with_pool<sqlx_postgres[53f877ec1be52ff4]::database::Postgres, fn(sqlx_core[ec7e42d8c364b498]::pool::Pool<sqlx_postgres[53f877ec1be52ff4]::database::Postgres>) -> fx_pgmux[67e6978dbcbfc931]::tests::single_consumer_receives_notification::single_consumer_receives_notification::{closure#0}, fx_pgmux[67e6978dbcbfc931]::tests::single_consumer_receives_notification::single_consumer_receives_notification::{closure#0}>::{closure#0}, sqlx_core[ec7e42d8c364b498]::testing::run_test_with_pool<sqlx_postgres[53f877ec1be52ff4]::database::Postgres, fn(sqlx_core[ec7e42d8c364b498]::pool::Pool<sqlx_postgres[53f877ec1be52ff4]::database::Postgres>) -> fx_pgmux[67e6978dbcbfc931]::tests::single_consumer_receives_notification::single_consumer_receives_notification::{closure#0}, fx_pgmux[67e6978dbcbfc931]::tests::single_consumer_receives_notification::single_consumer_receives_notification::{closure#0}>::{closure#0}::{closure#0}>::{closure#0}>
[INFO] [stdout]   20:     0x624702575cf2 - <fx_pgmux[67e6978dbcbfc931]::tests::single_consumer_receives_notification::{closure#0} as core[df12db4294e9bfd3]::ops::function::FnOnce<()>>::call_once
[INFO] [stdout]   21:     0x6247025a0e6b - test[9d35eded1c95d3be]::__rust_begin_short_backtrace::<core[df12db4294e9bfd3]::result::Result<(), alloc[2182bb758b4b3781]::string::String>, fn() -> core[df12db4294e9bfd3]::result::Result<(), alloc[2182bb758b4b3781]::string::String>>
[INFO] [stdout]   22:     0x6247025ae4d5 - test[9d35eded1c95d3be]::run_test::{closure#0}
[INFO] [stdout]   23:     0x6247025a7d94 - std[70759c8f55707aa4]::sys::backtrace::__rust_begin_short_backtrace::<test[9d35eded1c95d3be]::run_test::{closure#1}, ()>
[INFO] [stdout]   24:     0x6247025b1632 - <std[70759c8f55707aa4]::thread::lifecycle::spawn_unchecked<test[9d35eded1c95d3be]::run_test::{closure#1}, ()>::{closure#1} as core[df12db4294e9bfd3]::ops::function::FnOnce<()>>::call_once::{shim:vtable#0}
[INFO] [stdout]   25:     0x6247027fbfc9 - <std[70759c8f55707aa4]::sys::thread::unix::Thread>::new::thread_start
[INFO] [stdout]   26:     0x740c65c3adfa - <unknown>
[INFO] [stdout]   27:     0x740c65cce3d4 - clone
[INFO] [stdout]   28:                0x0 - <unknown>
[INFO] [stdout] 
[INFO] [stdout] ---- tests::multiple_consumers_both_receive_notification stdout ----
[INFO] [stdout] 
[INFO] [stdout] thread 'tests::multiple_consumers_both_receive_notification' (1620) panicked at /opt/rustwide/cargo-home/registry/src/index.crates.io-1949cf8c6b5b557f/sqlx-postgres-0.8.6/src/testing/mod.rs:96:44:
[INFO] [stdout] DATABASE_URL must be set: EnvVar(NotPresent)
[INFO] [stdout] stack backtrace:
[INFO] [stdout]    0:     0x6247027fcdc1 - <<std[70759c8f55707aa4]::sys::backtrace::BacktraceLock>::print::DisplayBacktrace as core[df12db4294e9bfd3]::fmt::Display>::fmt
[INFO] [stdout]    1:     0x62470281467a - core[df12db4294e9bfd3]::fmt::write
[INFO] [stdout]    2:     0x624702801cec - <alloc[2182bb758b4b3781]::vec::Vec<u8> as core[df12db4294e9bfd3]::io::write::Write>::write_fmt
[INFO] [stdout]    3:     0x6247027d7466 - std[70759c8f55707aa4]::panicking::default_hook::{closure#0}
[INFO] [stdout]    4:     0x6247027f4819 - std[70759c8f55707aa4]::panicking::default_hook
[INFO] [stdout]    5:     0x6247025adb80 - test[9d35eded1c95d3be]::test_main_inner::<test[9d35eded1c95d3be]::test_main_static::{closure#0}>::{closure#0}
[INFO] [stdout]    6:     0x6247027f4b42 - std[70759c8f55707aa4]::panicking::panic_with_hook
[INFO] [stdout]    7:     0x6247027d7512 - std[70759c8f55707aa4]::panicking::panic_handler::{closure#0}
[INFO] [stdout]    8:     0x6247027cf859 - std[70759c8f55707aa4]::sys::backtrace::__rust_end_short_backtrace::<std[70759c8f55707aa4]::panicking::panic_handler::{closure#0}, !>
[INFO] [stdout]    9:     0x6247027d84ad - __rustc[8fa7c3cbc660c2b3]::rust_begin_unwind
[INFO] [stdout]   10:     0x624702814ddc - core[df12db4294e9bfd3]::panicking::panic_fmt
[INFO] [stdout]   11:     0x624702814bb2 - core[df12db4294e9bfd3]::result::unwrap_failed
[INFO] [stdout]   12:     0x6247025ffdea - <sqlx_postgres[53f877ec1be52ff4]::database::Postgres as sqlx_core[ec7e42d8c364b498]::testing::TestSupport>::test_context::{closure#0}
[INFO] [stdout]   13:     0x624702513abf - sqlx_core[ec7e42d8c364b498]::testing::run_test::<sqlx_postgres[53f877ec1be52ff4]::database::Postgres, sqlx_core[ec7e42d8c364b498]::testing::run_test_with_pool<sqlx_postgres[53f877ec1be52ff4]::database::Postgres, fn(sqlx_core[ec7e42d8c364b498]::pool::Pool<sqlx_postgres[53f877ec1be52ff4]::database::Postgres>) -> fx_pgmux[67e6978dbcbfc931]::tests::multiple_consumers_both_receive_notification::multiple_consumers_both_receive_notification::{closure#0}, fx_pgmux[67e6978dbcbfc931]::tests::multiple_consumers_both_receive_notification::multiple_consumers_both_receive_notification::{closure#0}>::{closure#0}, sqlx_core[ec7e42d8c364b498]::testing::run_test_with_pool<sqlx_postgres[53f877ec1be52ff4]::database::Postgres, fn(sqlx_core[ec7e42d8c364b498]::pool::Pool<sqlx_postgres[53f877ec1be52ff4]::database::Postgres>) -> fx_pgmux[67e6978dbcbfc931]::tests::multiple_consumers_both_receive_notification::multiple_consumers_both_receive_notification::{closure#0}, fx_pgmux[67e6978dbcbfc931]::tests::multiple_consumers_both_receive_notification::multiple_consumers_both_receive_notification::{closure#0}>::{closure#0}::{closure#0}>::{closure#0}
[INFO] [stdout]   14:     0x62470256b4d3 - <tokio[4abd8a2a7e882426]::runtime::scheduler::current_thread::Context>::enter::<core[df12db4294e9bfd3]::task::poll::Poll<core[df12db4294e9bfd3]::result::Result<(), anyhow[8c81983cc1d9b933]::Error>>, <tokio[4abd8a2a7e882426]::runtime::scheduler::current_thread::CoreGuard>::block_on<core[df12db4294e9bfd3]::pin::Pin<&mut sqlx_core[ec7e42d8c364b498]::testing::run_test<sqlx_postgres[53f877ec1be52ff4]::database::Postgres, sqlx_core[ec7e42d8c364b498]::testing::run_test_with_pool<sqlx_postgres[53f877ec1be52ff4]::database::Postgres, fn(sqlx_core[ec7e42d8c364b498]::pool::Pool<sqlx_postgres[53f877ec1be52ff4]::database::Postgres>) -> fx_pgmux[67e6978dbcbfc931]::tests::multiple_consumers_both_receive_notification::multiple_consumers_both_receive_notification::{closure#0}, fx_pgmux[67e6978dbcbfc931]::tests::multiple_consumers_both_receive_notification::multiple_consumers_both_receive_notification::{closure#0}>::{closure#0}, sqlx_core[ec7e42d8c364b498]::testing::run_test_with_pool<sqlx_postgres[53f877ec1be52ff4]::database::Postgres, fn(sqlx_core[ec7e42d8c364b498]::pool::Pool<sqlx_postgres[53f877ec1be52ff4]::database::Postgres>) -> fx_pgmux[67e6978dbcbfc931]::tests::multiple_consumers_both_receive_notification::multiple_consumers_both_receive_notification::{closure#0}, fx_pgmux[67e6978dbcbfc931]::tests::multiple_consumers_both_receive_notification::multiple_consumers_both_receive_notification::{closure#0}>::{closure#0}::{closure#0}>::{closure#0}>>::{closure#0}::{closure#0}>
[INFO] [stdout]   15:     0x62470257687f - <tokio[4abd8a2a7e882426]::runtime::context::scoped::Scoped<tokio[4abd8a2a7e882426]::runtime::scheduler::Context>>::set::<<tokio[4abd8a2a7e882426]::runtime::scheduler::current_thread::CoreGuard>::enter<<tokio[4abd8a2a7e882426]::runtime::scheduler::current_thread::CoreGuard>::block_on<core[df12db4294e9bfd3]::pin::Pin<&mut sqlx_core[ec7e42d8c364b498]::testing::run_test<sqlx_postgres[53f877ec1be52ff4]::database::Postgres, sqlx_core[ec7e42d8c364b498]::testing::run_test_with_pool<sqlx_postgres[53f877ec1be52ff4]::database::Postgres, fn(sqlx_core[ec7e42d8c364b498]::pool::Pool<sqlx_postgres[53f877ec1be52ff4]::database::Postgres>) -> fx_pgmux[67e6978dbcbfc931]::tests::multiple_consumers_both_receive_notification::multiple_consumers_both_receive_notification::{closure#0}, fx_pgmux[67e6978dbcbfc931]::tests::multiple_consumers_both_receive_notification::multiple_consumers_both_receive_notification::{closure#0}>::{closure#0}, sqlx_core[ec7e42d8c364b498]::testing::run_test_with_pool<sqlx_postgres[53f877ec1be52ff4]::database::Postgres, fn(sqlx_core[ec7e42d8c364b498]::pool::Pool<sqlx_postgres[53f877ec1be52ff4]::database::Postgres>) -> fx_pgmux[67e6978dbcbfc931]::tests::multiple_consumers_both_receive_notification::multiple_consumers_both_receive_notification::{closure#0}, fx_pgmux[67e6978dbcbfc931]::tests::multiple_consumers_both_receive_notification::multiple_consumers_both_receive_notification::{closure#0}>::{closure#0}::{closure#0}>::{closure#0}>>::{closure#0}, core[df12db4294e9bfd3]::option::Option<core[df12db4294e9bfd3]::result::Result<(), anyhow[8c81983cc1d9b933]::Error>>>::{closure#0}, (alloc[2182bb758b4b3781]::boxed::Box<tokio[4abd8a2a7e882426]::runtime::scheduler::current_thread::Core>, core[df12db4294e9bfd3]::option::Option<core[df12db4294e9bfd3]::result::Result<(), anyhow[8c81983cc1d9b933]::Error>>)>
[INFO] [stdout]   16:     0x62470256c6bd - <tokio[4abd8a2a7e882426]::runtime::scheduler::current_thread::CoreGuard>::block_on::<core[df12db4294e9bfd3]::pin::Pin<&mut sqlx_core[ec7e42d8c364b498]::testing::run_test<sqlx_postgres[53f877ec1be52ff4]::database::Postgres, sqlx_core[ec7e42d8c364b498]::testing::run_test_with_pool<sqlx_postgres[53f877ec1be52ff4]::database::Postgres, fn(sqlx_core[ec7e42d8c364b498]::pool::Pool<sqlx_postgres[53f877ec1be52ff4]::database::Postgres>) -> fx_pgmux[67e6978dbcbfc931]::tests::multiple_consumers_both_receive_notification::multiple_consumers_both_receive_notification::{closure#0}, fx_pgmux[67e6978dbcbfc931]::tests::multiple_consumers_both_receive_notification::multiple_consumers_both_receive_notification::{closure#0}>::{closure#0}, sqlx_core[ec7e42d8c364b498]::testing::run_test_with_pool<sqlx_postgres[53f877ec1be52ff4]::database::Postgres, fn(sqlx_core[ec7e42d8c364b498]::pool::Pool<sqlx_postgres[53f877ec1be52ff4]::database::Postgres>) -> fx_pgmux[67e6978dbcbfc931]::tests::multiple_consumers_both_receive_notification::multiple_consumers_both_receive_notification::{closure#0}, fx_pgmux[67e6978dbcbfc931]::tests::multiple_consumers_both_receive_notification::multiple_consumers_both_receive_notification::{closure#0}>::{closure#0}::{closure#0}>::{closure#0}>>
[INFO] [stdout]   17:     0x62470259be27 - tokio[4abd8a2a7e882426]::runtime::context::runtime::enter_runtime::<<tokio[4abd8a2a7e882426]::runtime::scheduler::current_thread::CurrentThread>::block_on<sqlx_core[ec7e42d8c364b498]::testing::run_test<sqlx_postgres[53f877ec1be52ff4]::database::Postgres, sqlx_core[ec7e42d8c364b498]::testing::run_test_with_pool<sqlx_postgres[53f877ec1be52ff4]::database::Postgres, fn(sqlx_core[ec7e42d8c364b498]::pool::Pool<sqlx_postgres[53f877ec1be52ff4]::database::Postgres>) -> fx_pgmux[67e6978dbcbfc931]::tests::multiple_consumers_both_receive_notification::multiple_consumers_both_receive_notification::{closure#0}, fx_pgmux[67e6978dbcbfc931]::tests::multiple_consumers_both_receive_notification::multiple_consumers_both_receive_notification::{closure#0}>::{closure#0}, sqlx_core[ec7e42d8c364b498]::testing::run_test_with_pool<sqlx_postgres[53f877ec1be52ff4]::database::Postgres, fn(sqlx_core[ec7e42d8c364b498]::pool::Pool<sqlx_postgres[53f877ec1be52ff4]::database::Postgres>) -> fx_pgmux[67e6978dbcbfc931]::tests::multiple_consumers_both_receive_notification::multiple_consumers_both_receive_notification::{closure#0}, fx_pgmux[67e6978dbcbfc931]::tests::multiple_consumers_both_receive_notification::multiple_consumers_both_receive_notification::{closure#0}>::{closure#0}::{closure#0}>::{closure#0}>::{closure#0}, core[df12db4294e9bfd3]::result::Result<(), anyhow[8c81983cc1d9b933]::Error>>
[INFO] [stdout]   18:     0x624702596b09 - <tokio[4abd8a2a7e882426]::runtime::runtime::Runtime>::block_on::<sqlx_core[ec7e42d8c364b498]::testing::run_test<sqlx_postgres[53f877ec1be52ff4]::database::Postgres, sqlx_core[ec7e42d8c364b498]::testing::run_test_with_pool<sqlx_postgres[53f877ec1be52ff4]::database::Postgres, fn(sqlx_core[ec7e42d8c364b498]::pool::Pool<sqlx_postgres[53f877ec1be52ff4]::database::Postgres>) -> fx_pgmux[67e6978dbcbfc931]::tests::multiple_consumers_both_receive_notification::multiple_consumers_both_receive_notification::{closure#0}, fx_pgmux[67e6978dbcbfc931]::tests::multiple_consumers_both_receive_notification::multiple_consumers_both_receive_notification::{closure#0}>::{closure#0}, sqlx_core[ec7e42d8c364b498]::testing::run_test_with_pool<sqlx_postgres[53f877ec1be52ff4]::database::Postgres, fn(sqlx_core[ec7e42d8c364b498]::pool::Pool<sqlx_postgres[53f877ec1be52ff4]::database::Postgres>) -> fx_pgmux[67e6978dbcbfc931]::tests::multiple_consumers_both_receive_notification::multiple_consumers_both_receive_notification::{closure#0}, fx_pgmux[67e6978dbcbfc931]::tests::multiple_consumers_both_receive_notification::multiple_consumers_both_receive_notification::{closure#0}>::{closure#0}::{closure#0}>::{closure#0}>
[INFO] [stdout]   19:     0x62470257fefc - sqlx_core[ec7e42d8c364b498]::rt::test_block_on::<sqlx_core[ec7e42d8c364b498]::testing::run_test<sqlx_postgres[53f877ec1be52ff4]::database::Postgres, sqlx_core[ec7e42d8c364b498]::testing::run_test_with_pool<sqlx_postgres[53f877ec1be52ff4]::database::Postgres, fn(sqlx_core[ec7e42d8c364b498]::pool::Pool<sqlx_postgres[53f877ec1be52ff4]::database::Postgres>) -> fx_pgmux[67e6978dbcbfc931]::tests::multiple_consumers_both_receive_notification::multiple_consumers_both_receive_notification::{closure#0}, fx_pgmux[67e6978dbcbfc931]::tests::multiple_consumers_both_receive_notification::multiple_consumers_both_receive_notification::{closure#0}>::{closure#0}, sqlx_core[ec7e42d8c364b498]::testing::run_test_with_pool<sqlx_postgres[53f877ec1be52ff4]::database::Postgres, fn(sqlx_core[ec7e42d8c364b498]::pool::Pool<sqlx_postgres[53f877ec1be52ff4]::database::Postgres>) -> fx_pgmux[67e6978dbcbfc931]::tests::multiple_consumers_both_receive_notification::multiple_consumers_both_receive_notification::{closure#0}, fx_pgmux[67e6978dbcbfc931]::tests::multiple_consumers_both_receive_notification::multiple_consumers_both_receive_notification::{closure#0}>::{closure#0}::{closure#0}>::{closure#0}>
[INFO] [stdout]   20:     0x624702576052 - <fx_pgmux[67e6978dbcbfc931]::tests::multiple_consumers_both_receive_notification::{closure#0} as core[df12db4294e9bfd3]::ops::function::FnOnce<()>>::call_once
[INFO] [stdout]   21:     0x6247025a0e6b - test[9d35eded1c95d3be]::__rust_begin_short_backtrace::<core[df12db4294e9bfd3]::result::Result<(), alloc[2182bb758b4b3781]::string::String>, fn() -> core[df12db4294e9bfd3]::result::Result<(), alloc[2182bb758b4b3781]::string::String>>
[INFO] [stdout]   22:     0x6247025ae4d5 - test[9d35eded1c95d3be]::run_test::{closure#0}
[INFO] [stdout]   23:     0x6247025a7d94 - std[70759c8f55707aa4]::sys::backtrace::__rust_begin_short_backtrace::<test[9d35eded1c95d3be]::run_test::{closure#1}, ()>
[INFO] [stdout]   24:     0x6247025b1632 - <std[70759c8f55707aa4]::thread::lifecycle::spawn_unchecked<test[9d35eded1c95d3be]::run_test::{closure#1}, ()>::{closure#1} as core[df12db4294e9bfd3]::ops::function::FnOnce<()>>::call_once::{shim:vtable#0}
[INFO] [stdout]   25:     0x6247027fbfc9 - <std[70759c8f55707aa4]::sys::thread::unix::Thread>::new::thread_start
[INFO] [stdout]   26:     0x740c65c3adfa - <unknown>
[INFO] [stdout]   27:     0x740c65cce3d4 - clone
[INFO] [stdout]   28:                0x0 - <unknown>
[INFO] [stdout] 
[INFO] [stdout] ---- tests::notifications_routed_to_correct_channel stdout ----
[INFO] [stdout] 
[INFO] [stdout] thread 'tests::notifications_routed_to_correct_channel' (1621) panicked at /opt/rustwide/cargo-home/registry/src/index.crates.io-1949cf8c6b5b557f/sqlx-postgres-0.8.6/src/testing/mod.rs:96:44:
[INFO] [stdout] DATABASE_URL must be set: EnvVar(NotPresent)
[INFO] [stdout] stack backtrace:
[INFO] [stdout]    0:     0x6247027fcdc1 - <<std[70759c8f55707aa4]::sys::backtrace::BacktraceLock>::print::DisplayBacktrace as core[df12db4294e9bfd3]::fmt::Display>::fmt
[INFO] [stdout]    1:     0x62470281467a - core[df12db4294e9bfd3]::fmt::write
[INFO] [stdout]    2:     0x624702801cec - <alloc[2182bb758b4b3781]::vec::Vec<u8> as core[df12db4294e9bfd3]::io::write::Write>::write_fmt
[INFO] [stdout]    3:     0x6247027d7466 - std[70759c8f55707aa4]::panicking::default_hook::{closure#0}
[INFO] [stdout]    4:     0x6247027f4819 - std[70759c8f55707aa4]::panicking::default_hook
[INFO] [stdout]    5:     0x6247025adb80 - test[9d35eded1c95d3be]::test_main_inner::<test[9d35eded1c95d3be]::test_main_static::{closure#0}>::{closure#0}
[INFO] [stdout]    6:     0x6247027f4b42 - std[70759c8f55707aa4]::panicking::panic_with_hook
[INFO] [stdout]    7:     0x6247027d7512 - std[70759c8f55707aa4]::panicking::panic_handler::{closure#0}
[INFO] [stdout]    8:     0x6247027cf859 - std[70759c8f55707aa4]::sys::backtrace::__rust_end_short_backtrace::<std[70759c8f55707aa4]::panicking::panic_handler::{closure#0}, !>
[INFO] [stdout]    9:     0x6247027d84ad - __rustc[8fa7c3cbc660c2b3]::rust_begin_unwind
[INFO] [stdout]   10:     0x624702814ddc - core[df12db4294e9bfd3]::panicking::panic_fmt
[INFO] [stdout]   11:     0x624702814bb2 - core[df12db4294e9bfd3]::result::unwrap_failed
[INFO] [stdout]   12:     0x6247025ffdea - <sqlx_postgres[53f877ec1be52ff4]::database::Postgres as sqlx_core[ec7e42d8c364b498]::testing::TestSupport>::test_context::{closure#0}
[INFO] [stdout]   13:     0x624702512313 - sqlx_core[ec7e42d8c364b498]::testing::run_test::<sqlx_postgres[53f877ec1be52ff4]::database::Postgres, sqlx_core[ec7e42d8c364b498]::testing::run_test_with_pool<sqlx_postgres[53f877ec1be52ff4]::database::Postgres, fn(sqlx_core[ec7e42d8c364b498]::pool::Pool<sqlx_postgres[53f877ec1be52ff4]::database::Postgres>) -> fx_pgmux[67e6978dbcbfc931]::tests::notifications_routed_to_correct_channel::notifications_routed_to_correct_channel::{closure#0}, fx_pgmux[67e6978dbcbfc931]::tests::notifications_routed_to_correct_channel::notifications_routed_to_correct_channel::{closure#0}>::{closure#0}, sqlx_core[ec7e42d8c364b498]::testing::run_test_with_pool<sqlx_postgres[53f877ec1be52ff4]::database::Postgres, fn(sqlx_core[ec7e42d8c364b498]::pool::Pool<sqlx_postgres[53f877ec1be52ff4]::database::Postgres>) -> fx_pgmux[67e6978dbcbfc931]::tests::notifications_routed_to_correct_channel::notifications_routed_to_correct_channel::{closure#0}, fx_pgmux[67e6978dbcbfc931]::tests::notifications_routed_to_correct_channel::notifications_routed_to_correct_channel::{closure#0}>::{closure#0}::{closure#0}>::{closure#0}
[INFO] [stdout]   14:     0x62470256b2f3 - <tokio[4abd8a2a7e882426]::runtime::scheduler::current_thread::Context>::enter::<core[df12db4294e9bfd3]::task::poll::Poll<core[df12db4294e9bfd3]::result::Result<(), anyhow[8c81983cc1d9b933]::Error>>, <tokio[4abd8a2a7e882426]::runtime::scheduler::current_thread::CoreGuard>::block_on<core[df12db4294e9bfd3]::pin::Pin<&mut sqlx_core[ec7e42d8c364b498]::testing::run_test<sqlx_postgres[53f877ec1be52ff4]::database::Postgres, sqlx_core[ec7e42d8c364b498]::testing::run_test_with_pool<sqlx_postgres[53f877ec1be52ff4]::database::Postgres, fn(sqlx_core[ec7e42d8c364b498]::pool::Pool<sqlx_postgres[53f877ec1be52ff4]::database::Postgres>) -> fx_pgmux[67e6978dbcbfc931]::tests::notifications_routed_to_correct_channel::notifications_routed_to_correct_channel::{closure#0}, fx_pgmux[67e6978dbcbfc931]::tests::notifications_routed_to_correct_channel::notifications_routed_to_correct_channel::{closure#0}>::{closure#0}, sqlx_core[ec7e42d8c364b498]::testing::run_test_with_pool<sqlx_postgres[53f877ec1be52ff4]::database::Postgres, fn(sqlx_core[ec7e42d8c364b498]::pool::Pool<sqlx_postgres[53f877ec1be52ff4]::database::Postgres>) -> fx_pgmux[67e6978dbcbfc931]::tests::notifications_routed_to_correct_channel::notifications_routed_to_correct_channel::{closure#0}, fx_pgmux[67e6978dbcbfc931]::tests::notifications_routed_to_correct_channel::notifications_routed_to_correct_channel::{closure#0}>::{closure#0}::{closure#0}>::{closure#0}>>::{closure#0}::{closure#0}>
[INFO] [stdout]   15:     0x62470257667f - <tokio[4abd8a2a7e882426]::runtime::context::scoped::Scoped<tokio[4abd8a2a7e882426]::runtime::scheduler::Context>>::set::<<tokio[4abd8a2a7e882426]::runtime::scheduler::current_thread::CoreGuard>::enter<<tokio[4abd8a2a7e882426]::runtime::scheduler::current_thread::CoreGuard>::block_on<core[df12db4294e9bfd3]::pin::Pin<&mut sqlx_core[ec7e42d8c364b498]::testing::run_test<sqlx_postgres[53f877ec1be52ff4]::database::Postgres, sqlx_core[ec7e42d8c364b498]::testing::run_test_with_pool<sqlx_postgres[53f877ec1be52ff4]::database::Postgres, fn(sqlx_core[ec7e42d8c364b498]::pool::Pool<sqlx_postgres[53f877ec1be52ff4]::database::Postgres>) -> fx_pgmux[67e6978dbcbfc931]::tests::notifications_routed_to_correct_channel::notifications_routed_to_correct_channel::{closure#0}, fx_pgmux[67e6978dbcbfc931]::tests::notifications_routed_to_correct_channel::notifications_routed_to_correct_channel::{closure#0}>::{closure#0}, sqlx_core[ec7e42d8c364b498]::testing::run_test_with_pool<sqlx_postgres[53f877ec1be52ff4]::database::Postgres, fn(sqlx_core[ec7e42d8c364b498]::pool::Pool<sqlx_postgres[53f877ec1be52ff4]::database::Postgres>) -> fx_pgmux[67e6978dbcbfc931]::tests::notifications_routed_to_correct_channel::notifications_routed_to_correct_channel::{closure#0}, fx_pgmux[67e6978dbcbfc931]::tests::notifications_routed_to_correct_channel::notifications_routed_to_correct_channel::{closure#0}>::{closure#0}::{closure#0}>::{closure#0}>>::{closure#0}, core[df12db4294e9bfd3]::option::Option<core[df12db4294e9bfd3]::result::Result<(), anyhow[8c81983cc1d9b933]::Error>>>::{closure#0}, (alloc[2182bb758b4b3781]::boxed::Box<tokio[4abd8a2a7e882426]::runtime::scheduler::current_thread::Core>, core[df12db4294e9bfd3]::option::Option<core[df12db4294e9bfd3]::result::Result<(), anyhow[8c81983cc1d9b933]::Error>>)>
[INFO] [stdout]   16:     0x62470256c49d - <tokio[4abd8a2a7e882426]::runtime::scheduler::current_thread::CoreGuard>::block_on::<core[df12db4294e9bfd3]::pin::Pin<&mut sqlx_core[ec7e42d8c364b498]::testing::run_test<sqlx_postgres[53f877ec1be52ff4]::database::Postgres, sqlx_core[ec7e42d8c364b498]::testing::run_test_with_pool<sqlx_postgres[53f877ec1be52ff4]::database::Postgres, fn(sqlx_core[ec7e42d8c364b498]::pool::Pool<sqlx_postgres[53f877ec1be52ff4]::database::Postgres>) -> fx_pgmux[67e6978dbcbfc931]::tests::notifications_routed_to_correct_channel::notifications_routed_to_correct_channel::{closure#0}, fx_pgmux[67e6978dbcbfc931]::tests::notifications_routed_to_correct_channel::notifications_routed_to_correct_channel::{closure#0}>::{closure#0}, sqlx_core[ec7e42d8c364b498]::testing::run_test_with_pool<sqlx_postgres[53f877ec1be52ff4]::database::Postgres, fn(sqlx_core[ec7e42d8c364b498]::pool::Pool<sqlx_postgres[53f877ec1be52ff4]::database::Postgres>) -> fx_pgmux[67e6978dbcbfc931]::tests::notifications_routed_to_correct_channel::notifications_routed_to_correct_channel::{closure#0}, fx_pgmux[67e6978dbcbfc931]::tests::notifications_routed_to_correct_channel::notifications_routed_to_correct_channel::{closure#0}>::{closure#0}::{closure#0}>::{closure#0}>>
[INFO] [stdout]   17:     0x62470259ba37 - tokio[4abd8a2a7e882426]::runtime::context::runtime::enter_runtime::<<tokio[4abd8a2a7e882426]::runtime::scheduler::current_thread::CurrentThread>::block_on<sqlx_core[ec7e42d8c364b498]::testing::run_test<sqlx_postgres[53f877ec1be52ff4]::database::Postgres, sqlx_core[ec7e42d8c364b498]::testing::run_test_with_pool<sqlx_postgres[53f877ec1be52ff4]::database::Postgres, fn(sqlx_core[ec7e42d8c364b498]::pool::Pool<sqlx_postgres[53f877ec1be52ff4]::database::Postgres>) -> fx_pgmux[67e6978dbcbfc931]::tests::notifications_routed_to_correct_channel::notifications_routed_to_correct_channel::{closure#0}, fx_pgmux[67e6978dbcbfc931]::tests::notifications_routed_to_correct_channel::notifications_routed_to_correct_channel::{closure#0}>::{closure#0}, sqlx_core[ec7e42d8c364b498]::testing::run_test_with_pool<sqlx_postgres[53f877ec1be52ff4]::database::Postgres, fn(sqlx_core[ec7e42d8c364b498]::pool::Pool<sqlx_postgres[53f877ec1be52ff4]::database::Postgres>) -> fx_pgmux[67e6978dbcbfc931]::tests::notifications_routed_to_correct_channel::notifications_routed_to_correct_channel::{closure#0}, fx_pgmux[67e6978dbcbfc931]::tests::notifications_routed_to_correct_channel::notifications_routed_to_correct_channel::{closure#0}>::{closure#0}::{closure#0}>::{closure#0}>::{closure#0}, core[df12db4294e9bfd3]::result::Result<(), anyhow[8c81983cc1d9b933]::Error>>
[INFO] [stdout]   18:     0x6247025969c9 - <tokio[4abd8a2a7e882426]::runtime::runtime::Runtime>::block_on::<sqlx_core[ec7e42d8c364b498]::testing::run_test<sqlx_postgres[53f877ec1be52ff4]::database::Postgres, sqlx_core[ec7e42d8c364b498]::testing::run_test_with_pool<sqlx_postgres[53f877ec1be52ff4]::database::Postgres, fn(sqlx_core[ec7e42d8c364b498]::pool::Pool<sqlx_postgres[53f877ec1be52ff4]::database::Postgres>) -> fx_pgmux[67e6978dbcbfc931]::tests::notifications_routed_to_correct_channel::notifications_routed_to_correct_channel::{closure#0}, fx_pgmux[67e6978dbcbfc931]::tests::notifications_routed_to_correct_channel::notifications_routed_to_correct_channel::{closure#0}>::{closure#0}, sqlx_core[ec7e42d8c364b498]::testing::run_test_with_pool<sqlx_postgres[53f877ec1be52ff4]::database::Postgres, fn(sqlx_core[ec7e42d8c364b498]::pool::Pool<sqlx_postgres[53f877ec1be52ff4]::database::Postgres>) -> fx_pgmux[67e6978dbcbfc931]::tests::notifications_routed_to_correct_channel::notifications_routed_to_correct_channel::{closure#0}, fx_pgmux[67e6978dbcbfc931]::tests::notifications_routed_to_correct_channel::notifications_routed_to_correct_channel::{closure#0}>::{closure#0}::{closure#0}>::{closure#0}>
[INFO] [stdout]   19:     0x62470257fdcc - sqlx_core[ec7e42d8c364b498]::rt::test_block_on::<sqlx_core[ec7e42d8c364b498]::testing::run_test<sqlx_postgres[53f877ec1be52ff4]::database::Postgres, sqlx_core[ec7e42d8c364b498]::testing::run_test_with_pool<sqlx_postgres[53f877ec1be52ff4]::database::Postgres, fn(sqlx_core[ec7e42d8c364b498]::pool::Pool<sqlx_postgres[53f877ec1be52ff4]::database::Postgres>) -> fx_pgmux[67e6978dbcbfc931]::tests::notifications_routed_to_correct_channel::notifications_routed_to_correct_channel::{closure#0}, fx_pgmux[67e6978dbcbfc931]::tests::notifications_routed_to_correct_channel::notifications_routed_to_correct_channel::{closure#0}>::{closure#0}, sqlx_core[ec7e42d8c364b498]::testing::run_test_with_pool<sqlx_postgres[53f877ec1be52ff4]::database::Postgres, fn(sqlx_core[ec7e42d8c364b498]::pool::Pool<sqlx_postgres[53f877ec1be52ff4]::database::Postgres>) -> fx_pgmux[67e6978dbcbfc931]::tests::notifications_routed_to_correct_channel::notifications_routed_to_correct_channel::{closure#0}, fx_pgmux[67e6978dbcbfc931]::tests::notifications_routed_to_correct_channel::notifications_routed_to_correct_channel::{closure#0}>::{closure#0}::{closure#0}>::{closure#0}>
[INFO] [stdout]   20:     0x624702575f32 - <fx_pgmux[67e6978dbcbfc931]::tests::notifications_routed_to_correct_channel::{closure#0} as core[df12db4294e9bfd3]::ops::function::FnOnce<()>>::call_once
[INFO] [stdout]   21:     0x6247025a0e6b - test[9d35eded1c95d3be]::__rust_begin_short_backtrace::<core[df12db4294e9bfd3]::result::Result<(), alloc[2182bb758b4b3781]::string::String>, fn() -> core[df12db4294e9bfd3]::result::Result<(), alloc[2182bb758b4b3781]::string::String>>
[INFO] [stdout]   22:     0x6247025ae4d5 - test[9d35eded1c95d3be]::run_test::{closure#0}
[INFO] [stdout]   23:     0x6247025a7d94 - std[70759c8f55707aa4]::sys::backtrace::__rust_begin_short_backtrace::<test[9d35eded1c95d3be]::run_test::{closure#1}, ()>
[INFO] [stdout]   24:     0x6247025b1632 - <std[70759c8f55707aa4]::thread::lifecycle::spawn_unchecked<test[9d35eded1c95d3be]::run_test::{closure#1}, ()>::{closure#1} as core[df12db4294e9bfd3]::ops::function::FnOnce<()>>::call_once::{shim:vtable#0}
[INFO] [stdout]   25:     0x6247027fbfc9 - <std[70759c8f55707aa4]::sys::thread::unix::Thread>::new::thread_start
[INFO] [stdout]   26:     0x740c65c3adfa - <unknown>
[INFO] [stdout]   27:     0x740c65cce3d4 - clone
[INFO] [stdout]   28:                0x0 - <unknown>
[INFO] [stdout] 
[INFO] [stdout] 
[INFO] [stdout] failures:
[INFO] [stdout]     tests::dropped_consumer_does_not_affect_others
[INFO] [stdout]     tests::multiple_consumers_both_receive_notification
[INFO] [stdout]     tests::notifications_routed_to_correct_channel
[INFO] [stdout]     tests::single_consumer_receives_notification
[INFO] [stdout] 
[INFO] [stdout] test result: FAILED. 0 passed; 4 failed; 0 ignored; 0 measured; 0 filtered out; finished in 0.01s
[INFO] [stdout] 
[INFO] [stderr] error: test failed, to rerun pass `--lib`
[INFO] running `Command { std: "docker" "inspect" "c7a4a922d502572ebf2e66712d0c7ef342764e8870c6cb4f0534679a9b9f7737", kill_on_drop: false }`
[INFO] running `Command { std: "docker" "rm" "-f" "c7a4a922d502572ebf2e66712d0c7ef342764e8870c6cb4f0534679a9b9f7737", kill_on_drop: false }`
[INFO] [stdout] c7a4a922d502572ebf2e66712d0c7ef342764e8870c6cb4f0534679a9b9f7737
