[INFO] fetching crate futures-quic 0.2.8...
[INFO] testing futures-quic-0.2.8 against 1.100.0-beta.1+cargoflags=--release for beta-release-1.100-2
[INFO] extracting crate futures-quic 0.2.8 into /workspace/builds/worker-1-tc2/source
[INFO] started tweaking crates.io crate futures-quic 0.2.8
[INFO] removed 0 missing tests
[INFO] finished tweaking crates.io crate futures-quic 0.2.8
[INFO] tweaked toml for crates.io crate futures-quic 0.2.8 written to /workspace/builds/worker-1-tc2/source/Cargo.toml
[INFO] validating manifest of crates.io crate futures-quic 0.2.8 on toolchain 1.100.0-beta.1
[INFO] running `Command { std: CARGO_HOME="/workspace/cargo-home" RUSTUP_HOME="/workspace/rustup-home" "/workspace/cargo-home/bin/cargo" "+1.100.0-beta.1" "metadata" "--manifest-path" "Cargo.toml" "--no-deps", kill_on_drop: false }`
[INFO] running `Command { std: CARGO_HOME="/workspace/cargo-home" RUSTUP_HOME="/workspace/rustup-home" "/workspace/cargo-home/bin/cargo" "+1.100.0-beta.1" "generate-lockfile" "--manifest-path" "Cargo.toml", kill_on_drop: false }`
[INFO] [stderr]     Updating crates.io index
[INFO] [stderr]      Locking 115 packages to highest compatible versions
[INFO] [stderr]       Adding quiche v0.22.0 (available: v0.30.0)
[INFO] [stderr]       Adding rand v0.8.8 (available: v0.10.3)
[INFO] running `Command { std: CARGO_HOME="/workspace/cargo-home" RUSTUP_HOME="/workspace/rustup-home" "/workspace/cargo-home/bin/cargo" "+1.100.0-beta.1" "fetch" "--manifest-path" "Cargo.toml", kill_on_drop: false }`
[INFO] running `Command { std: "docker" "create" "-v" "/var/lib/crater-agent-workspace/builds/worker-1-tc2/source:/opt/rustwide/workdir:ro,Z" "-v" "/var/lib/crater-agent-workspace/builds/worker-1-tc2/target:/opt/rustwide/target:rw,Z" "-v" "/var/lib/crater-agent-workspace/cargo-home:/opt/rustwide/cargo-home:ro,Z" "-v" "/var/lib/crater-agent-workspace/rustup-home:/opt/rustwide/rustup-home:ro,Z" "-m" "1610612736" "--network" "none" "ghcr.io/rust-lang/crates-build-env/linux@sha256:77db811e55d90add9212f6832c23229e3de5f1c1f9905e8cb07319ea15df73ac" "sleep" "infinity", kill_on_drop: false }`
[INFO] [stdout] cd2359a510a0d6f51697ce46b2f85a592e985a2a296a91696232193374a2a659
[INFO] running `Command { std: "docker" "start" "cd2359a510a0d6f51697ce46b2f85a592e985a2a296a91696232193374a2a659", kill_on_drop: false }`
[INFO] running `Command { std: "docker" "inspect" "cd2359a510a0d6f51697ce46b2f85a592e985a2a296a91696232193374a2a659", kill_on_drop: false }`
[INFO] running `Command { std: "docker" "exec" "-e" "SOURCE_DIR=/opt/rustwide/workdir" "-e" "CARGO_HOME=/opt/rustwide/cargo-home" "-e" "RUSTUP_HOME=/opt/rustwide/rustup-home" "-e" "CARGO_TARGET_DIR=/opt/rustwide/target" "-w" "/opt/rustwide/workdir" "--user" "0:0" "cd2359a510a0d6f51697ce46b2f85a592e985a2a296a91696232193374a2a659" "/opt/rustwide/cargo-home/bin/cargo" "+1.100.0-beta.1" "metadata" "--no-deps" "--format-version=1", kill_on_drop: false }`
[INFO] running `Command { std: "docker" "inspect" "cd2359a510a0d6f51697ce46b2f85a592e985a2a296a91696232193374a2a659", kill_on_drop: false }`
[INFO] running `Command { std: "docker" "exec" "-e" "SOURCE_DIR=/opt/rustwide/workdir" "-e" "CARGO_HOME=/opt/rustwide/cargo-home" "-e" "RUSTUP_HOME=/opt/rustwide/rustup-home" "-e" "CARGO_TARGET_DIR=/opt/rustwide/target" "-e" "CARGO_INCREMENTAL=0" "-e" "RUST_BACKTRACE=full" "-e" "RUSTFLAGS=--cap-lints=warn" "-e" "RUSTDOCFLAGS=--cap-lints=warn" "-w" "/opt/rustwide/workdir" "--user" "0:0" "cd2359a510a0d6f51697ce46b2f85a592e985a2a296a91696232193374a2a659" "/opt/rustwide/cargo-home/bin/cargo" "+1.100.0-beta.1" "build" "--frozen" "--message-format=json" "--release", kill_on_drop: false }`
[INFO] [stderr]    Compiling bindgen v0.72.1
[INFO] [stderr]    Compiling either v1.19.0
[INFO] [stderr]    Compiling futures-core v0.3.34
[INFO] [stderr]    Compiling nom v7.1.3
[INFO] [stderr]    Compiling syn v3.0.9
[INFO] [stderr]    Compiling syn v2.0.119
[INFO] [stderr]    Compiling cmake v0.1.58
[INFO] [stderr]    Compiling clang-sys v1.9.1
[INFO] [stderr]    Compiling fslock v0.2.1
[INFO] [stderr]    Compiling serde_core v1.0.229
[INFO] [stderr]    Compiling ring v0.17.14
[INFO] [stderr]    Compiling memoffset v0.9.1
[INFO] [stderr]    Compiling serde v1.0.229
[INFO] [stderr]    Compiling foreign-types-shared v0.3.1
[INFO] [stderr]    Compiling bigdecimal v0.4.11
[INFO] [stderr]    Compiling bitflags v2.13.2
[INFO] [stderr]    Compiling num-bigint v0.4.8
[INFO] [stderr]    Compiling cooked-waker v5.0.0
[INFO] [stderr]    Compiling futures-channel v0.3.34
[INFO] [stderr]    Compiling octets v0.3.7
[INFO] [stderr]    Compiling rand v0.8.8
[INFO] [stderr]    Compiling quiche v0.22.0
[INFO] [stderr]    Compiling intrusive-collections v0.9.7
[INFO] [stderr]    Compiling itertools v0.13.0
[INFO] [stderr]    Compiling cexpr v0.6.0
[INFO] [stderr]    Compiling smallvec v1.16.3
[INFO] [stderr]    Compiling openssl-macros v0.1.1
[INFO] [stderr]    Compiling bitmask-enum v2.2.5
[INFO] [stderr]    Compiling futures-macro v0.3.34
[INFO] [stderr]    Compiling foreign-types-macros v0.2.4
[INFO] [stderr]    Compiling foreign-types v0.5.0
[INFO] [stderr]    Compiling futures-util v0.3.34
[INFO] [stderr]    Compiling futures-executor v0.3.34
[INFO] [stderr]    Compiling futures v0.3.34
[INFO] [stderr]    Compiling rasi v0.2.6
[INFO] [stderr]    Compiling futures-map v0.2.8
[INFO] [stderr]    Compiling boring-sys v4.22.0
[INFO] [stderr]    Compiling boring v4.22.0
[INFO] [stderr]    Compiling futures-boring v0.2.8
[INFO] [stderr]    Compiling futures-quic v0.2.8 (/opt/rustwide/workdir)
[INFO] [stderr] warning: unused dependency `futures-boring`
[INFO] [stderr]  --> Cargo.toml:4:15
[INFO] [stderr]   |
[INFO] [stderr] 4 | [dependencies.futures-boring]
[INFO] [stderr]   |               ^^^^^^^^^^^^^^^
[INFO] [stderr]   |
[INFO] [stderr]   = note: `cargo::unused_dependencies` is set to `warn` by default
[INFO] [stderr] help: consider removing the dependency on `futures-boring`
[INFO] [stderr] warning: `futures-quic` (manifest) generated 1 warning
[INFO] [stderr]     Finished `release` profile [optimized] target(s) in 1m 53s
[INFO] running `Command { std: "docker" "inspect" "cd2359a510a0d6f51697ce46b2f85a592e985a2a296a91696232193374a2a659", kill_on_drop: false }`
[INFO] running `Command { std: "docker" "exec" "-e" "SOURCE_DIR=/opt/rustwide/workdir" "-e" "CARGO_HOME=/opt/rustwide/cargo-home" "-e" "RUSTUP_HOME=/opt/rustwide/rustup-home" "-e" "CARGO_TARGET_DIR=/opt/rustwide/target" "-e" "CARGO_INCREMENTAL=0" "-e" "RUST_BACKTRACE=full" "-e" "RUSTFLAGS=--cap-lints=warn" "-e" "RUSTDOCFLAGS=--cap-lints=warn" "-w" "/opt/rustwide/workdir" "--user" "0:0" "cd2359a510a0d6f51697ce46b2f85a592e985a2a296a91696232193374a2a659" "/opt/rustwide/cargo-home/bin/cargo" "+1.100.0-beta.1" "test" "--frozen" "--no-run" "--message-format=json" "--release", kill_on_drop: false }`
[INFO] [stderr]    Compiling aho-corasick v1.1.5
[INFO] [stderr]    Compiling futures-executor v0.3.34
[INFO] [stderr]    Compiling parking_lot_core v0.9.12
[INFO] [stderr]    Compiling pin-project-internal v1.1.13
[INFO] [stderr]    Compiling hashbrown v0.14.5
[INFO] [stderr]    Compiling mio v1.2.4
[INFO] [stderr]    Compiling boxcar v0.2.14
[INFO] [stderr]    Compiling futures v0.3.34
[INFO] [stderr]    Compiling rasi v0.2.6
[INFO] [stderr]    Compiling futures-map v0.2.8
[INFO] [stderr]    Compiling futures-boring v0.2.8
[INFO] [stderr]    Compiling dashmap v6.2.1
[INFO] [stderr]    Compiling rasi-mio v0.2.6
[INFO] [stderr]    Compiling futures-quic v0.2.8 (/opt/rustwide/workdir)
[INFO] [stderr]    Compiling pin-project v1.1.13
[INFO] [stderr]    Compiling futures-test v0.3.34
[INFO] [stderr]    Compiling regex-automata v0.4.18
[INFO] [stderr]    Compiling regex v1.13.1
[INFO] [stderr]    Compiling env_logger v0.10.2
[INFO] [stderr]    Compiling pretty_env_logger v0.5.0
[INFO] [stderr] warning: unused dependency `futures-boring`
[INFO] [stderr]  --> Cargo.toml:4:15
[INFO] [stderr]   |
[INFO] [stderr] 4 | [dependencies.futures-boring]
[INFO] [stderr]   |               ^^^^^^^^^^^^^^^
[INFO] [stderr]   |
[INFO] [stderr]   = note: `cargo::unused_dependencies` is set to `warn` by default
[INFO] [stderr] help: consider removing the dependency on `futures-boring`
[INFO] [stderr] warning: `futures-quic` (manifest) generated 1 warning
[INFO] [stderr]     Finished `release` profile [optimized] target(s) in 20.89s
[INFO] running `Command { std: "docker" "inspect" "cd2359a510a0d6f51697ce46b2f85a592e985a2a296a91696232193374a2a659", kill_on_drop: false }`
[INFO] running `Command { std: "docker" "exec" "-e" "SOURCE_DIR=/opt/rustwide/workdir" "-e" "CARGO_HOME=/opt/rustwide/cargo-home" "-e" "RUSTUP_HOME=/opt/rustwide/rustup-home" "-e" "CARGO_TARGET_DIR=/opt/rustwide/target" "-e" "CARGO_INCREMENTAL=0" "-e" "RUST_BACKTRACE=full" "-e" "RUSTFLAGS=--cap-lints=warn" "-e" "RUSTDOCFLAGS=--cap-lints=warn" "-w" "/opt/rustwide/workdir" "--user" "0:0" "cd2359a510a0d6f51697ce46b2f85a592e985a2a296a91696232193374a2a659" "/opt/rustwide/cargo-home/bin/cargo" "+1.100.0-beta.1" "test" "--frozen" "--release", kill_on_drop: false }`
[INFO] [stderr] warning: unused dependency `futures-boring`
[INFO] [stderr]  --> Cargo.toml:4:15
[INFO] [stderr]   |
[INFO] [stderr] 4 | [dependencies.futures-boring]
[INFO] [stderr]   |               ^^^^^^^^^^^^^^^
[INFO] [stderr]   |
[INFO] [stderr]   = note: `cargo::unused_dependencies` is set to `warn` by default
[INFO] [stderr] help: consider removing the dependency on `futures-boring`
[INFO] [stderr] warning: `futures-quic` (manifest) generated 1 warning
[INFO] [stderr]     Finished `release` profile [optimized] target(s) in 0.12s
[INFO] [stderr]      Running unittests src/lib.rs (/opt/rustwide/target/release/build/futures-quic/59369342d6626216/out/futures_quic-59369342d6626216)
[INFO] [stdout] 
[INFO] [stderr]      Running tests/quic_test.rs (/opt/rustwide/target/release/build/futures-quic/33500fa64d4c7dbf/out/quic_test-33500fa64d4c7dbf)
[INFO] [stdout] running 0 tests
[INFO] [stdout] 
[INFO] [stdout] test result: ok. 0 passed; 0 failed; 0 ignored; 0 measured; 0 filtered out; finished in 0.00s
[INFO] [stdout] 
[INFO] [stdout] 
[INFO] [stdout] running 6 tests
[INFO] [stdout] test test_stream_server_close ... FAILED
[INFO] [stdout] test test_connect_server_close ... FAILED
[INFO] [stdout] test test_echo ... FAILED
[INFO] [stdout] test test_connect_client_close ... FAILED
[INFO] [stdout] test test_echo_per_stream ... FAILED
[INFO] [stdout] test test_stream_server_close_with_fin ... FAILED
[INFO] [stderr] error: test failed, to rerun pass `--test quic_test`
[INFO] [stdout] 
[INFO] [stdout] failures:
[INFO] [stdout] 
[INFO] [stdout] ---- test_stream_server_close stdout ----
[INFO] [stdout] 
[INFO] [stdout] thread 'test_stream_server_close' (3760) panicked at tests/quic_test.rs:42:14:
[INFO] [stdout] called `Result::unwrap()` on an `Err` value: TlsFail
[INFO] [stdout] stack backtrace:
[INFO] [stdout]    0:     0x6079b9e0e071 - <<std[617be2ca0a6fd877]::sys::backtrace::BacktraceLock>::print::DisplayBacktrace as core[a373ad73a504971]::fmt::Display>::fmt
[INFO] [stdout]    1:     0x6079b9e241aa - core[a373ad73a504971]::fmt::write
[INFO] [stdout]    2:     0x6079b9e12adc - <alloc[2e1b2a31b91974c5]::vec::Vec<u8> as core[a373ad73a504971]::io::write::Write>::write_fmt
[INFO] [stdout]    3:     0x6079b9de8346 - std[617be2ca0a6fd877]::panicking::default_hook::{closure#0}
[INFO] [stdout]    4:     0x6079b9e05d29 - std[617be2ca0a6fd877]::panicking::default_hook
[INFO] [stdout]    5:     0x6079b9c1a940 - test[aada8e7e76ba119b]::test_main_inner::{closure#0}
[INFO] [stdout]    6:     0x6079b9e05ee2 - std[617be2ca0a6fd877]::panicking::panic_with_hook
[INFO] [stdout]    7:     0x6079b9de83f2 - std[617be2ca0a6fd877]::panicking::panic_handler::{closure#0}
[INFO] [stdout]    8:     0x6079b9de1029 - std[617be2ca0a6fd877]::sys::backtrace::__rust_end_short_backtrace::<std[617be2ca0a6fd877]::panicking::panic_handler::{closure#0}, !>
[INFO] [stdout]    9:     0x6079b9de91ed - __rustc[ea4f61d10b84890b]::rust_begin_unwind
[INFO] [stdout]   10:     0x6079b9e248dc - core[a373ad73a504971]::panicking::panic_fmt
[INFO] [stdout]   11:     0x6079b9e246b2 - core[a373ad73a504971]::result::unwrap_failed
[INFO] [stdout]   12:     0x6079b9c08999 - quic_test[853b10b62deab32b]::mock_config
[INFO] [stdout]   13:     0x6079b9bdc520 - <std[617be2ca0a6fd877]::thread::local::LocalKey<alloc[2e1b2a31b91974c5]::sync::Arc<futures_executor[24a0a4353fe46e71]::local_pool::ThreadNotify>>>::with::<futures_executor[24a0a4353fe46e71]::local_pool::run_executor<(), futures_executor[24a0a4353fe46e71]::local_pool::block_on<quic_test[853b10b62deab32b]::test_stream_server_close::{closure#0}>::{closure#0}>::{closure#0}, ()>
[INFO] [stdout]   14:     0x6079b9c0a7b8 - futures_executor[24a0a4353fe46e71]::local_pool::block_on::<quic_test[853b10b62deab32b]::test_stream_server_close::{closure#0}>
[INFO] [stdout]   15:     0x6079b9c0a5ab - <quic_test[853b10b62deab32b]::test_stream_server_close::{closure#0} as core[a373ad73a504971]::ops::function::FnOnce<()>>::call_once
[INFO] [stdout]   16:     0x6079b9c0dd8b - test[aada8e7e76ba119b]::__rust_begin_short_backtrace::<core[a373ad73a504971]::result::Result<(), alloc[2e1b2a31b91974c5]::string::String>, fn() -> core[a373ad73a504971]::result::Result<(), alloc[2e1b2a31b91974c5]::string::String>>
[INFO] [stdout]   17:     0x6079b9c1af65 - test[aada8e7e76ba119b]::run_test::{closure#0}
[INFO] [stdout]   18:     0x6079b9c14854 - std[617be2ca0a6fd877]::sys::backtrace::__rust_begin_short_backtrace::<test[aada8e7e76ba119b]::run_test::{closure#1}, ()>
[INFO] [stdout]   19:     0x6079b9c1dff2 - <std[617be2ca0a6fd877]::thread::lifecycle::spawn_unchecked<test[aada8e7e76ba119b]::run_test::{closure#1}, ()>::{closure#1} as core[a373ad73a504971]::ops::function::FnOnce<()>>::call_once::{shim:vtable#0}
[INFO] [stdout]   20:     0x6079b9e0d16f - <std[617be2ca0a6fd877]::sys::thread::unix::Thread>::new::thread_start
[INFO] [stdout]   21:     0x7f3762069dfa - <unknown>
[INFO] [stdout]   22:     0x7f37620fd3d4 - clone
[INFO] [stdout]   23:                0x0 - <unknown>
[INFO] [stdout] 
[INFO] [stdout] ---- test_connect_server_close stdout ----
[INFO] [stdout] 
[INFO] [stdout] thread 'test_connect_server_close' (3757) panicked at tests/quic_test.rs:42:14:
[INFO] [stdout] called `Result::unwrap()` on an `Err` value: TlsFail
[INFO] [stdout] stack backtrace:
[INFO] [stdout]    0:     0x6079b9e0e071 - <<std[617be2ca0a6fd877]::sys::backtrace::BacktraceLock>::print::DisplayBacktrace as core[a373ad73a504971]::fmt::Display>::fmt
[INFO] [stdout]    1:     0x6079b9e241aa - core[a373ad73a504971]::fmt::write
[INFO] [stdout]    2:     0x6079b9e12adc - <alloc[2e1b2a31b91974c5]::vec::Vec<u8> as core[a373ad73a504971]::io::write::Write>::write_fmt
[INFO] [stdout]    3:     0x6079b9de8346 - std[617be2ca0a6fd877]::panicking::default_hook::{closure#0}
[INFO] [stdout]    4:     0x6079b9e05d29 - std[617be2ca0a6fd877]::panicking::default_hook
[INFO] [stdout]    5:     0x6079b9c1a940 - test[aada8e7e76ba119b]::test_main_inner::{closure#0}
[INFO] [stdout]    6:     0x6079b9e05ee2 - std[617be2ca0a6fd877]::panicking::panic_with_hook
[INFO] [stdout]    7:     0x6079b9de83f2 - std[617be2ca0a6fd877]::panicking::panic_handler::{closure#0}
[INFO] [stdout]    8:     0x6079b9de1029 - std[617be2ca0a6fd877]::sys::backtrace::__rust_end_short_backtrace::<std[617be2ca0a6fd877]::panicking::panic_handler::{closure#0}, !>
[INFO] [stdout]    9:     0x6079b9de91ed - __rustc[ea4f61d10b84890b]::rust_begin_unwind
[INFO] [stdout]   10:     0x6079b9e248dc - core[a373ad73a504971]::panicking::panic_fmt
[INFO] [stdout]   11:     0x6079b9e246b2 - core[a373ad73a504971]::result::unwrap_failed
[INFO] [stdout]   12:     0x6079b9c08999 - quic_test[853b10b62deab32b]::mock_config
[INFO] [stdout]   13:     0x6079b9bde489 - <std[617be2ca0a6fd877]::thread::local::LocalKey<alloc[2e1b2a31b91974c5]::sync::Arc<futures_executor[24a0a4353fe46e71]::local_pool::ThreadNotify>>>::with::<futures_executor[24a0a4353fe46e71]::local_pool::run_executor<(), futures_executor[24a0a4353fe46e71]::local_pool::block_on<quic_test[853b10b62deab32b]::test_connect_server_close::{closure#0}>::{closure#0}>::{closure#0}, ()>
[INFO] [stdout]   14:     0x6079b9c0a938 - futures_executor[24a0a4353fe46e71]::local_pool::block_on::<quic_test[853b10b62deab32b]::test_connect_server_close::{closure#0}>
[INFO] [stdout]   15:     0x6079b9c0a60b - <quic_test[853b10b62deab32b]::test_connect_server_close::{closure#0} as core[a373ad73a504971]::ops::function::FnOnce<()>>::call_once
[INFO] [stdout]   16:     0x6079b9c0dd8b - test[aada8e7e76ba119b]::__rust_begin_short_backtrace::<core[a373ad73a504971]::result::Result<(), alloc[2e1b2a31b91974c5]::string::String>, fn() -> core[a373ad73a504971]::result::Result<(), alloc[2e1b2a31b91974c5]::string::String>>
[INFO] [stdout]   17:     0x6079b9c1af65 - test[aada8e7e76ba119b]::run_test::{closure#0}
[INFO] [stdout]   18:     0x6079b9c14854 - std[617be2ca0a6fd877]::sys::backtrace::__rust_begin_short_backtrace::<test[aada8e7e76ba119b]::run_test::{closure#1}, ()>
[INFO] [stdout]   19:     0x6079b9c1dff2 - <std[617be2ca0a6fd877]::thread::lifecycle::spawn_unchecked<test[aada8e7e76ba119b]::run_test::{closure#1}, ()>::{closure#1} as core[a373ad73a504971]::ops::function::FnOnce<()>>::call_once::{shim:vtable#0}
[INFO] [stdout]   20:     0x6079b9e0d16f - <std[617be2ca0a6fd877]::sys::thread::unix::Thread>::new::thread_start
[INFO] [stdout]   21:     0x7f3762069dfa - <unknown>
[INFO] [stdout]   22:     0x7f37620fd3d4 - clone
[INFO] [stdout]   23:                0x0 - <unknown>
[INFO] [stdout] 
[INFO] [stdout] ---- test_echo stdout ----
[INFO] [stdout] 
[INFO] [stdout] thread 'test_echo' (3758) panicked at tests/quic_test.rs:42:14:
[INFO] [stdout] called `Result::unwrap()` on an `Err` value: TlsFail
[INFO] [stdout] stack backtrace:
[INFO] [stdout]    0:     0x6079b9e0e071 - <<std[617be2ca0a6fd877]::sys::backtrace::BacktraceLock>::print::DisplayBacktrace as core[a373ad73a504971]::fmt::Display>::fmt
[INFO] [stdout]    1:     0x6079b9e241aa - core[a373ad73a504971]::fmt::write
[INFO] [stdout]    2:     0x6079b9e12adc - <alloc[2e1b2a31b91974c5]::vec::Vec<u8> as core[a373ad73a504971]::io::write::Write>::write_fmt
[INFO] [stdout]    3:     0x6079b9de8346 - std[617be2ca0a6fd877]::panicking::default_hook::{closure#0}
[INFO] [stdout]    4:     0x6079b9e05d29 - std[617be2ca0a6fd877]::panicking::default_hook
[INFO] [stdout]    5:     0x6079b9c1a940 - test[aada8e7e76ba119b]::test_main_inner::{closure#0}
[INFO] [stdout]    6:     0x6079b9e05ee2 - std[617be2ca0a6fd877]::panicking::panic_with_hook
[INFO] [stdout]    7:     0x6079b9de83f2 - std[617be2ca0a6fd877]::panicking::panic_handler::{closure#0}
[INFO] [stdout]    8:     0x6079b9de1029 - std[617be2ca0a6fd877]::sys::backtrace::__rust_end_short_backtrace::<std[617be2ca0a6fd877]::panicking::panic_handler::{closure#0}, !>
[INFO] [stdout]    9:     0x6079b9de91ed - __rustc[ea4f61d10b84890b]::rust_begin_unwind
[INFO] [stdout]   10:     0x6079b9e248dc - core[a373ad73a504971]::panicking::panic_fmt
[INFO] [stdout]   11:     0x6079b9e246b2 - core[a373ad73a504971]::result::unwrap_failed
[INFO] [stdout]   12:     0x6079b9c08999 - quic_test[853b10b62deab32b]::mock_config
[INFO] [stdout]   13:     0x6079b9be1f20 - <std[617be2ca0a6fd877]::thread::local::LocalKey<alloc[2e1b2a31b91974c5]::sync::Arc<futures_executor[24a0a4353fe46e71]::local_pool::ThreadNotify>>>::with::<futures_executor[24a0a4353fe46e71]::local_pool::run_executor<(), futures_executor[24a0a4353fe46e71]::local_pool::block_on<quic_test[853b10b62deab32b]::test_echo::{closure#0}>::{closure#0}>::{closure#0}, ()>
[INFO] [stdout]   14:     0x6079b9c0aab8 - futures_executor[24a0a4353fe46e71]::local_pool::block_on::<quic_test[853b10b62deab32b]::test_echo::{closure#0}>
[INFO] [stdout]   15:     0x6079b9c0a66b - <quic_test[853b10b62deab32b]::test_echo::{closure#0} as core[a373ad73a504971]::ops::function::FnOnce<()>>::call_once
[INFO] [stdout]   16:     0x6079b9c0dd8b - test[aada8e7e76ba119b]::__rust_begin_short_backtrace::<core[a373ad73a504971]::result::Result<(), alloc[2e1b2a31b91974c5]::string::String>, fn() -> core[a373ad73a504971]::result::Result<(), alloc[2e1b2a31b91974c5]::string::String>>
[INFO] [stdout]   17:     0x6079b9c1af65 - test[aada8e7e76ba119b]::run_test::{closure#0}
[INFO] [stdout]   18:     0x6079b9c14854 - std[617be2ca0a6fd877]::sys::backtrace::__rust_begin_short_backtrace::<test[aada8e7e76ba119b]::run_test::{closure#1}, ()>
[INFO] [stdout]   19:     0x6079b9c1dff2 - <std[617be2ca0a6fd877]::thread::lifecycle::spawn_unchecked<test[aada8e7e76ba119b]::run_test::{closure#1}, ()>::{closure#1} as core[a373ad73a504971]::ops::function::FnOnce<()>>::call_once::{shim:vtable#0}
[INFO] [stdout]   20:     0x6079b9e0d16f - <std[617be2ca0a6fd877]::sys::thread::unix::Thread>::new::thread_start
[INFO] [stdout]   21:     0x7f3762069dfa - <unknown>
[INFO] [stdout]   22:     0x7f37620fd3d4 - clone
[INFO] [stdout]   23:                0x0 - <unknown>
[INFO] [stdout] 
[INFO] [stdout] ---- test_connect_client_close stdout ----
[INFO] [stdout] 
[INFO] [stdout] thread 'test_connect_client_close' (3756) panicked at tests/quic_test.rs:42:14:
[INFO] [stdout] called `Result::unwrap()` on an `Err` value: TlsFail
[INFO] [stdout] stack backtrace:
[INFO] [stdout]    0:     0x6079b9e0e071 - <<std[617be2ca0a6fd877]::sys::backtrace::BacktraceLock>::print::DisplayBacktrace as core[a373ad73a504971]::fmt::Display>::fmt
[INFO] [stdout]    1:     0x6079b9e241aa - core[a373ad73a504971]::fmt::write
[INFO] [stdout]    2:     0x6079b9e12adc - <alloc[2e1b2a31b91974c5]::vec::Vec<u8> as core[a373ad73a504971]::io::write::Write>::write_fmt
[INFO] [stdout]    3:     0x6079b9de8346 - std[617be2ca0a6fd877]::panicking::default_hook::{closure#0}
[INFO] [stdout]    4:     0x6079b9e05d29 - std[617be2ca0a6fd877]::panicking::default_hook
[INFO] [stdout]    5:     0x6079b9c1a940 - test[aada8e7e76ba119b]::test_main_inner::{closure#0}
[INFO] [stdout]    6:     0x6079b9e05ee2 - std[617be2ca0a6fd877]::panicking::panic_with_hook
[INFO] [stdout]    7:     0x6079b9de83f2 - std[617be2ca0a6fd877]::panicking::panic_handler::{closure#0}
[INFO] [stdout]    8:     0x6079b9de1029 - std[617be2ca0a6fd877]::sys::backtrace::__rust_end_short_backtrace::<std[617be2ca0a6fd877]::panicking::panic_handler::{closure#0}, !>
[INFO] [stdout]    9:     0x6079b9de91ed - __rustc[ea4f61d10b84890b]::rust_begin_unwind
[INFO] [stdout]   10:     0x6079b9e248dc - core[a373ad73a504971]::panicking::panic_fmt
[INFO] [stdout]   11:     0x6079b9e246b2 - core[a373ad73a504971]::result::unwrap_failed
[INFO] [stdout]   12:     0x6079b9c08999 - quic_test[853b10b62deab32b]::mock_config
[INFO] [stdout]   13:     0x6079b9bdd3da - <std[617be2ca0a6fd877]::thread::local::LocalKey<alloc[2e1b2a31b91974c5]::sync::Arc<futures_executor[24a0a4353fe46e71]::local_pool::ThreadNotify>>>::with::<futures_executor[24a0a4353fe46e71]::local_pool::run_executor<(), futures_executor[24a0a4353fe46e71]::local_pool::block_on<quic_test[853b10b62deab32b]::test_connect_client_close::{closure#0}>::{closure#0}>::{closure#0}, ()>
[INFO] [stdout]   14:     0x6079b9c0a878 - futures_executor[24a0a4353fe46e71]::local_pool::block_on::<quic_test[853b10b62deab32b]::test_connect_client_close::{closure#0}>
[INFO] [stdout]   15:     0x6079b9c0a5db - <quic_test[853b10b62deab32b]::test_connect_client_close::{closure#0} as core[a373ad73a504971]::ops::function::FnOnce<()>>::call_once
[INFO] [stdout]   16:     0x6079b9c0dd8b - test[aada8e7e76ba119b]::__rust_begin_short_backtrace::<core[a373ad73a504971]::result::Result<(), alloc[2e1b2a31b91974c5]::string::String>, fn() -> core[a373ad73a504971]::result::Result<(), alloc[2e1b2a31b91974c5]::string::String>>
[INFO] [stdout]   17:     0x6079b9c1af65 - test[aada8e7e76ba119b]::run_test::{closure#0}
[INFO] [stdout]   18:     0x6079b9c14854 - std[617be2ca0a6fd877]::sys::backtrace::__rust_begin_short_backtrace::<test[aada8e7e76ba119b]::run_test::{closure#1}, ()>
[INFO] [stdout]   19:     0x6079b9c1dff2 - <std[617be2ca0a6fd877]::thread::lifecycle::spawn_unchecked<test[aada8e7e76ba119b]::run_test::{closure#1}, ()>::{closure#1} as core[a373ad73a504971]::ops::function::FnOnce<()>>::call_once::{shim:vtable#0}
[INFO] [stdout]   20:     0x6079b9e0d16f - <std[617be2ca0a6fd877]::sys::thread::unix::Thread>::new::thread_start
[INFO] [stdout]   21:     0x7f3762069dfa - <unknown>
[INFO] [stdout]   22:     0x7f37620fd3d4 - clone
[INFO] [stdout]   23:                0x0 - <unknown>
[INFO] [stdout] 
[INFO] [stdout] ---- test_echo_per_stream stdout ----
[INFO] [stdout] 
[INFO] [stdout] thread 'test_echo_per_stream' (3759) panicked at tests/quic_test.rs:42:14:
[INFO] [stdout] called `Result::unwrap()` on an `Err` value: TlsFail
[INFO] [stdout] stack backtrace:
[INFO] [stdout]    0:     0x6079b9e0e071 - <<std[617be2ca0a6fd877]::sys::backtrace::BacktraceLock>::print::DisplayBacktrace as core[a373ad73a504971]::fmt::Display>::fmt
[INFO] [stdout]    1:     0x6079b9e241aa - core[a373ad73a504971]::fmt::write
[INFO] [stdout]    2:     0x6079b9e12adc - <alloc[2e1b2a31b91974c5]::vec::Vec<u8> as core[a373ad73a504971]::io::write::Write>::write_fmt
[INFO] [stdout]    3:     0x6079b9de8346 - std[617be2ca0a6fd877]::panicking::default_hook::{closure#0}
[INFO] [stdout]    4:     0x6079b9e05d29 - std[617be2ca0a6fd877]::panicking::default_hook
[INFO] [stdout]    5:     0x6079b9c1a940 - test[aada8e7e76ba119b]::test_main_inner::{closure#0}
[INFO] [stdout]    6:     0x6079b9e05ee2 - std[617be2ca0a6fd877]::panicking::panic_with_hook
[INFO] [stdout]    7:     0x6079b9de83f2 - std[617be2ca0a6fd877]::panicking::panic_handler::{closure#0}
[INFO] [stdout]    8:     0x6079b9de1029 - std[617be2ca0a6fd877]::sys::backtrace::__rust_end_short_backtrace::<std[617be2ca0a6fd877]::panicking::panic_handler::{closure#0}, !>
[INFO] [stdout]    9:     0x6079b9de91ed - __rustc[ea4f61d10b84890b]::rust_begin_unwind
[INFO] [stdout]   10:     0x6079b9e248dc - core[a373ad73a504971]::panicking::panic_fmt
[INFO] [stdout]   11:     0x6079b9e246b2 - core[a373ad73a504971]::result::unwrap_failed
[INFO] [stdout]   12:     0x6079b9c08999 - quic_test[853b10b62deab32b]::mock_config
[INFO] [stdout]   13:     0x6079b9bdb681 - <std[617be2ca0a6fd877]::thread::local::LocalKey<alloc[2e1b2a31b91974c5]::sync::Arc<futures_executor[24a0a4353fe46e71]::local_pool::ThreadNotify>>>::with::<futures_executor[24a0a4353fe46e71]::local_pool::run_executor<(), futures_executor[24a0a4353fe46e71]::local_pool::block_on<quic_test[853b10b62deab32b]::test_echo_per_stream::{closure#0}>::{closure#0}>::{closure#0}, ()>
[INFO] [stdout]   14:     0x6079b9c0a6f8 - futures_executor[24a0a4353fe46e71]::local_pool::block_on::<quic_test[853b10b62deab32b]::test_echo_per_stream::{closure#0}>
[INFO] [stdout]   15:     0x6079b9c0a57b - <quic_test[853b10b62deab32b]::test_echo_per_stream::{closure#0} as core[a373ad73a504971]::ops::function::FnOnce<()>>::call_once
[INFO] [stdout]   16:     0x6079b9c0dd8b - test[aada8e7e76ba119b]::__rust_begin_short_backtrace::<core[a373ad73a504971]::result::Result<(), alloc[2e1b2a31b91974c5]::string::String>, fn() -> core[a373ad73a504971]::result::Result<(), alloc[2e1b2a31b91974c5]::string::String>>
[INFO] [stdout]   17:     0x6079b9c1af65 - test[aada8e7e76ba119b]::run_test::{closure#0}
[INFO] [stdout]   18:     0x6079b9c14854 - std[617be2ca0a6fd877]::sys::backtrace::__rust_begin_short_backtrace::<test[aada8e7e76ba119b]::run_test::{closure#1}, ()>
[INFO] [stdout]   19:     0x6079b9c1dff2 - <std[617be2ca0a6fd877]::thread::lifecycle::spawn_unchecked<test[aada8e7e76ba119b]::run_test::{closure#1}, ()>::{closure#1} as core[a373ad73a504971]::ops::function::FnOnce<()>>::call_once::{shim:vtable#0}
[INFO] [stdout]   20:     0x6079b9e0d16f - <std[617be2ca0a6fd877]::sys::thread::unix::Thread>::new::thread_start
[INFO] [stdout]   21:     0x7f3762069dfa - <unknown>
[INFO] [stdout]   22:     0x7f37620fd3d4 - clone
[INFO] [stdout]   23:                0x0 - <unknown>
[INFO] [stdout] 
[INFO] [stdout] ---- test_stream_server_close_with_fin stdout ----
[INFO] [stdout] 
[INFO] [stdout] thread 'test_stream_server_close_with_fin' (3761) panicked at tests/quic_test.rs:42:14:
[INFO] [stdout] called `Result::unwrap()` on an `Err` value: TlsFail
[INFO] [stdout] stack backtrace:
[INFO] [stdout]    0:     0x6079b9e0e071 - <<std[617be2ca0a6fd877]::sys::backtrace::BacktraceLock>::print::DisplayBacktrace as core[a373ad73a504971]::fmt::Display>::fmt
[INFO] [stdout]    1:     0x6079b9e241aa - core[a373ad73a504971]::fmt::write
[INFO] [stdout]    2:     0x6079b9e12adc - <alloc[2e1b2a31b91974c5]::vec::Vec<u8> as core[a373ad73a504971]::io::write::Write>::write_fmt
[INFO] [stdout]    3:     0x6079b9de8346 - std[617be2ca0a6fd877]::panicking::default_hook::{closure#0}
[INFO] [stdout]    4:     0x6079b9e05d29 - std[617be2ca0a6fd877]::panicking::default_hook
[INFO] [stdout]    5:     0x6079b9c1a940 - test[aada8e7e76ba119b]::test_main_inner::{closure#0}
[INFO] [stdout]    6:     0x6079b9e05ee2 - std[617be2ca0a6fd877]::panicking::panic_with_hook
[INFO] [stdout]    7:     0x6079b9de83f2 - std[617be2ca0a6fd877]::panicking::panic_handler::{closure#0}
[INFO] [stdout]    8:     0x6079b9de1029 - std[617be2ca0a6fd877]::sys::backtrace::__rust_end_short_backtrace::<std[617be2ca0a6fd877]::panicking::panic_handler::{closure#0}, !>
[INFO] [stdout]    9:     0x6079b9de91ed - __rustc[ea4f61d10b84890b]::rust_begin_unwind
[INFO] [stdout]   10:     0x6079b9e248dc - core[a373ad73a504971]::panicking::panic_fmt
[INFO] [stdout]   11:     0x6079b9e246b2 - core[a373ad73a504971]::result::unwrap_failed
[INFO] [stdout]   12:     0x6079b9c08999 - quic_test[853b10b62deab32b]::mock_config
[INFO] [stdout]   13:     0x6079b9bdf478 - <std[617be2ca0a6fd877]::thread::local::LocalKey<alloc[2e1b2a31b91974c5]::sync::Arc<futures_executor[24a0a4353fe46e71]::local_pool::ThreadNotify>>>::with::<futures_executor[24a0a4353fe46e71]::local_pool::run_executor<(), futures_executor[24a0a4353fe46e71]::local_pool::block_on<quic_test[853b10b62deab32b]::test_stream_server_close_with_fin::{closure#0}>::{closure#0}>::{closure#0}, ()>
[INFO] [stdout]   14:     0x6079b9c0a9f8 - futures_executor[24a0a4353fe46e71]::local_pool::block_on::<quic_test[853b10b62deab32b]::test_stream_server_close_with_fin::{closure#0}>
[INFO] [stdout]   15:     0x6079b9c0a63b - <quic_test[853b10b62deab32b]::test_stream_server_close_with_fin::{closure#0} as core[a373ad73a504971]::ops::function::FnOnce<()>>::call_once
[INFO] [stdout]   16:     0x6079b9c0dd8b - test[aada8e7e76ba119b]::__rust_begin_short_backtrace::<core[a373ad73a504971]::result::Result<(), alloc[2e1b2a31b91974c5]::string::String>, fn() -> core[a373ad73a504971]::result::Result<(), alloc[2e1b2a31b91974c5]::string::String>>
[INFO] [stdout]   17:     0x6079b9c1af65 - test[aada8e7e76ba119b]::run_test::{closure#0}
[INFO] [stdout]   18:     0x6079b9c14854 - std[617be2ca0a6fd877]::sys::backtrace::__rust_begin_short_backtrace::<test[aada8e7e76ba119b]::run_test::{closure#1}, ()>
[INFO] [stdout]   19:     0x6079b9c1dff2 - <std[617be2ca0a6fd877]::thread::lifecycle::spawn_unchecked<test[aada8e7e76ba119b]::run_test::{closure#1}, ()>::{closure#1} as core[a373ad73a504971]::ops::function::FnOnce<()>>::call_once::{shim:vtable#0}
[INFO] [stdout]   20:     0x6079b9e0d16f - <std[617be2ca0a6fd877]::sys::thread::unix::Thread>::new::thread_start
[INFO] [stdout]   21:     0x7f3762069dfa - <unknown>
[INFO] [stdout]   22:     0x7f37620fd3d4 - clone
[INFO] [stdout]   23:                0x0 - <unknown>
[INFO] [stdout] 
[INFO] [stdout] 
[INFO] [stdout] failures:
[INFO] [stdout]     test_connect_client_close
[INFO] [stdout]     test_connect_server_close
[INFO] [stdout]     test_echo
[INFO] [stdout]     test_echo_per_stream
[INFO] [stdout]     test_stream_server_close
[INFO] [stdout]     test_stream_server_close_with_fin
[INFO] [stdout] 
[INFO] [stdout] test result: FAILED. 0 passed; 6 failed; 0 ignored; 0 measured; 0 filtered out; finished in 0.03s
[INFO] [stdout] 
[INFO] running `Command { std: "docker" "inspect" "cd2359a510a0d6f51697ce46b2f85a592e985a2a296a91696232193374a2a659", kill_on_drop: false }`
[INFO] running `Command { std: "docker" "rm" "-f" "cd2359a510a0d6f51697ce46b2f85a592e985a2a296a91696232193374a2a659", kill_on_drop: false }`
[INFO] [stdout] cd2359a510a0d6f51697ce46b2f85a592e985a2a296a91696232193374a2a659
