[INFO] fetching crate futures-http 0.2.8...
[INFO] testing futures-http-0.2.8 against 1.99.0-beta.8+cargoflags=--release for beta-release-1.100-2
[INFO] extracting crate futures-http 0.2.8 into /workspace/builds/worker-5-tc1/source
[INFO] started tweaking crates.io crate futures-http 0.2.8
[INFO] removed 0 missing tests
[INFO] finished tweaking crates.io crate futures-http 0.2.8
[INFO] tweaked toml for crates.io crate futures-http 0.2.8 written to /workspace/builds/worker-5-tc1/source/Cargo.toml
[INFO] validating manifest of crates.io crate futures-http 0.2.8 on toolchain 1.99.0-beta.8
[INFO] running `Command { std: CARGO_HOME="/workspace/cargo-home" RUSTUP_HOME="/workspace/rustup-home" "/workspace/cargo-home/bin/cargo" "+1.99.0-beta.8" "metadata" "--manifest-path" "Cargo.toml" "--no-deps", kill_on_drop: false }`
[INFO] running `Command { std: CARGO_HOME="/workspace/cargo-home" RUSTUP_HOME="/workspace/rustup-home" "/workspace/cargo-home/bin/cargo" "+1.99.0-beta.8" "generate-lockfile" "--manifest-path" "Cargo.toml", kill_on_drop: false }`
[INFO] [stderr]     Updating crates.io index
[INFO] [stderr]      Locking 101 packages to highest compatible versions
[INFO] [stderr]       Adding thiserror v1.0.69 (available: v2.0.21)
[INFO] running `Command { std: CARGO_HOME="/workspace/cargo-home" RUSTUP_HOME="/workspace/rustup-home" "/workspace/cargo-home/bin/cargo" "+1.99.0-beta.8" "fetch" "--manifest-path" "Cargo.toml", kill_on_drop: false }`
[INFO] [stderr]  Downloading crates ...
[INFO] [stderr]   Downloaded rasi v0.2.6
[INFO] [stderr]   Downloaded futures-boring v0.2.8
[INFO] [stderr]   Downloaded rasi-mio v0.2.6
[INFO] [stderr]   Downloaded futures-test v0.3.34
[INFO] [stderr]   Downloaded boring v4.22.0
[INFO] [stderr]   Downloaded boring-sys v4.22.0
[INFO] running `Command { std: "docker" "create" "-v" "/var/lib/crater-agent-workspace/builds/worker-5-tc1/source:/opt/rustwide/workdir:ro,Z" "-v" "/var/lib/crater-agent-workspace/builds/worker-5-tc1/target:/opt/rustwide/target:rw,Z" "-v" "/var/lib/crater-agent-workspace/cargo-home:/opt/rustwide/cargo-home:ro,Z" "-v" "/var/lib/crater-agent-workspace/rustup-home:/opt/rustwide/rustup-home:ro,Z" "-m" "1610612736" "--network" "none" "ghcr.io/rust-lang/crates-build-env/linux@sha256:77db811e55d90add9212f6832c23229e3de5f1c1f9905e8cb07319ea15df73ac" "sleep" "infinity", kill_on_drop: false }`
[INFO] [stdout] 05a7ec1841c24181df0e8b0b2e8c9b21167f6fad2ace01c0ba41392239d4bcb5
[INFO] running `Command { std: "docker" "start" "05a7ec1841c24181df0e8b0b2e8c9b21167f6fad2ace01c0ba41392239d4bcb5", kill_on_drop: false }`
[INFO] running `Command { std: "docker" "inspect" "05a7ec1841c24181df0e8b0b2e8c9b21167f6fad2ace01c0ba41392239d4bcb5", kill_on_drop: false }`
[INFO] running `Command { std: "docker" "exec" "-e" "SOURCE_DIR=/opt/rustwide/workdir" "-e" "CARGO_HOME=/opt/rustwide/cargo-home" "-e" "RUSTUP_HOME=/opt/rustwide/rustup-home" "-e" "CARGO_TARGET_DIR=/opt/rustwide/target" "-w" "/opt/rustwide/workdir" "--user" "0:0" "05a7ec1841c24181df0e8b0b2e8c9b21167f6fad2ace01c0ba41392239d4bcb5" "/opt/rustwide/cargo-home/bin/cargo" "+1.99.0-beta.8" "metadata" "--no-deps" "--format-version=1", kill_on_drop: false }`
[INFO] running `Command { std: "docker" "inspect" "05a7ec1841c24181df0e8b0b2e8c9b21167f6fad2ace01c0ba41392239d4bcb5", kill_on_drop: false }`
[INFO] running `Command { std: "docker" "exec" "-e" "SOURCE_DIR=/opt/rustwide/workdir" "-e" "CARGO_HOME=/opt/rustwide/cargo-home" "-e" "RUSTUP_HOME=/opt/rustwide/rustup-home" "-e" "CARGO_TARGET_DIR=/opt/rustwide/target" "-e" "CARGO_INCREMENTAL=0" "-e" "RUST_BACKTRACE=full" "-e" "RUSTFLAGS=--cap-lints=warn" "-e" "RUSTDOCFLAGS=--cap-lints=warn" "-w" "/opt/rustwide/workdir" "--user" "0:0" "05a7ec1841c24181df0e8b0b2e8c9b21167f6fad2ace01c0ba41392239d4bcb5" "/opt/rustwide/cargo-home/bin/cargo" "+1.99.0-beta.8" "build" "--frozen" "--message-format=json" "--release", kill_on_drop: false }`
[INFO] [stderr]    Compiling syn v2.0.119
[INFO] [stderr]    Compiling syn v3.0.9
[INFO] [stderr]    Compiling libc v0.2.191
[INFO] [stderr]    Compiling minimal-lexical v0.2.1
[INFO] [stderr]    Compiling regex-syntax v0.8.11
[INFO] [stderr]    Compiling cfg-if v1.0.5
[INFO] [stderr]    Compiling either v1.19.0
[INFO] [stderr]    Compiling bindgen v0.72.1
[INFO] [stderr]    Compiling bitflags v2.13.2
[INFO] [stderr]    Compiling clang-sys v1.9.1
[INFO] [stderr]    Compiling num-traits v0.2.19
[INFO] [stderr]    Compiling futures-sink v0.3.34
[INFO] [stderr]    Compiling cmake v0.1.58
[INFO] [stderr]    Compiling futures-io v0.3.34
[INFO] [stderr]    Compiling bigdecimal v0.4.11
[INFO] [stderr]    Compiling foreign-types-shared v0.3.1
[INFO] [stderr]    Compiling libloading v0.8.9
[INFO] [stderr]    Compiling futures-channel v0.3.34
[INFO] [stderr]    Compiling http v1.5.0
[INFO] [stderr]    Compiling serde_json v1.0.154
[INFO] [stderr]    Compiling itertools v0.13.0
[INFO] [stderr]    Compiling nom v7.1.3
[INFO] [stderr]    Compiling regex-automata v0.4.18
[INFO] [stderr]    Compiling num-integer v0.1.47
[INFO] [stderr]    Compiling num-bigint v0.4.8
[INFO] [stderr]    Compiling fslock v0.2.1
[INFO] [stderr]    Compiling regex v1.13.1
[INFO] [stderr]    Compiling cexpr v0.6.0
[INFO] [stderr]    Compiling futures-macro v0.3.34
[INFO] [stderr]    Compiling foreign-types-macros v0.2.4
[INFO] [stderr]    Compiling serde_derive v1.0.229
[INFO] [stderr]    Compiling foreign-types v0.5.0
[INFO] [stderr]    Compiling futures-util v0.3.34
[INFO] [stderr]    Compiling openssl-macros v0.1.1
[INFO] [stderr]    Compiling bitmask-enum v2.2.5
[INFO] [stderr]    Compiling thiserror-impl v1.0.69
[INFO] [stderr]    Compiling thiserror v1.0.69
[INFO] [stderr]    Compiling serde v1.0.229
[INFO] [stderr]    Compiling futures-executor v0.3.34
[INFO] [stderr]    Compiling futures v0.3.34
[INFO] [stderr]    Compiling rasi v0.2.6
[INFO] [stderr]    Compiling boring-sys v4.22.0
[INFO] [stderr]    Compiling boring v4.22.0
[INFO] [stderr]    Compiling futures-boring v0.2.8
[INFO] [stderr]    Compiling futures-http v0.2.8 (/opt/rustwide/workdir)
[INFO] [stderr]     Finished `release` profile [optimized] target(s) in 1m 55s
[INFO] running `Command { std: "docker" "inspect" "05a7ec1841c24181df0e8b0b2e8c9b21167f6fad2ace01c0ba41392239d4bcb5", kill_on_drop: false }`
[INFO] running `Command { std: "docker" "exec" "-e" "SOURCE_DIR=/opt/rustwide/workdir" "-e" "CARGO_HOME=/opt/rustwide/cargo-home" "-e" "RUSTUP_HOME=/opt/rustwide/rustup-home" "-e" "CARGO_TARGET_DIR=/opt/rustwide/target" "-e" "CARGO_INCREMENTAL=0" "-e" "RUST_BACKTRACE=full" "-e" "RUSTFLAGS=--cap-lints=warn" "-e" "RUSTDOCFLAGS=--cap-lints=warn" "-w" "/opt/rustwide/workdir" "--user" "0:0" "05a7ec1841c24181df0e8b0b2e8c9b21167f6fad2ace01c0ba41392239d4bcb5" "/opt/rustwide/cargo-home/bin/cargo" "+1.99.0-beta.8" "test" "--frozen" "--no-run" "--message-format=json" "--release", kill_on_drop: false }`
[INFO] [stderr]    Compiling pin-project-internal v1.1.13
[INFO] [stderr]    Compiling futures-executor v0.3.34
[INFO] [stderr]    Compiling parking_lot_core v0.9.12
[INFO] [stderr]    Compiling hashbrown v0.14.5
[INFO] [stderr]    Compiling mio v1.2.4
[INFO] [stderr]    Compiling boxcar v0.2.14
[INFO] [stderr]    Compiling futures v0.3.34
[INFO] [stderr]    Compiling rasi v0.2.6
[INFO] [stderr]    Compiling futures-boring v0.2.8
[INFO] [stderr]    Compiling dashmap v6.2.1
[INFO] [stderr]    Compiling pin-project v1.1.13
[INFO] [stderr]    Compiling futures-test v0.3.34
[INFO] [stderr]    Compiling rasi-mio v0.2.6
[INFO] [stderr]    Compiling futures-http v0.2.8 (/opt/rustwide/workdir)
[INFO] [stderr]     Finished `release` profile [optimized] target(s) in 12.33s
[INFO] running `Command { std: "docker" "inspect" "05a7ec1841c24181df0e8b0b2e8c9b21167f6fad2ace01c0ba41392239d4bcb5", kill_on_drop: false }`
[INFO] running `Command { std: "docker" "exec" "-e" "SOURCE_DIR=/opt/rustwide/workdir" "-e" "CARGO_HOME=/opt/rustwide/cargo-home" "-e" "RUSTUP_HOME=/opt/rustwide/rustup-home" "-e" "CARGO_TARGET_DIR=/opt/rustwide/target" "-e" "CARGO_INCREMENTAL=0" "-e" "RUST_BACKTRACE=full" "-e" "RUSTFLAGS=--cap-lints=warn" "-e" "RUSTDOCFLAGS=--cap-lints=warn" "-w" "/opt/rustwide/workdir" "--user" "0:0" "05a7ec1841c24181df0e8b0b2e8c9b21167f6fad2ace01c0ba41392239d4bcb5" "/opt/rustwide/cargo-home/bin/cargo" "+1.99.0-beta.8" "test" "--frozen" "--release", kill_on_drop: false }`
[INFO] [stderr]     Finished `release` profile [optimized] target(s) in 0.11s
[INFO] [stderr]      Running unittests src/lib.rs (/opt/rustwide/target/release/deps/futures_http-3b9a8acac9865a9a)
[INFO] [stdout] 
[INFO] [stdout] running 3 tests
[INFO] [stdout] test reader::tests::request_tests ... ok
[INFO] [stdout] test reader::tests::test_parse_state ... ok
[INFO] [stderr]      Running tests/http.rs (/opt/rustwide/target/release/deps/http-dfe3ab268fc1a9fd)
[INFO] [stdout] test reader::tests::response_tests ... ok
[INFO] [stdout] 
[INFO] [stdout] test result: ok. 3 passed; 0 failed; 0 ignored; 0 measured; 0 filtered out; finished in 0.00s
[INFO] [stdout] 
[INFO] [stdout] 
[INFO] [stdout] running 2 tests
[INFO] [stdout] test test_http ... ok
[INFO] [stdout] test test_https ... FAILED
[INFO] [stdout] 
[INFO] [stdout] failures:
[INFO] [stdout] 
[INFO] [stdout] ---- test_https stdout ----
[INFO] [stdout] 
[INFO] [stdout] thread 'test_https' (3521) panicked at tests/http.rs:99:10:
[INFO] [stdout] called `Result::unwrap()` on an `Err` value: ErrorStack([Error { code: 33554434, library: "system library", library_code: 2, reason: "No such file or directory", reason_code: 2, file: "/opt/rustwide/target/release/build/boring-sys-2825f5d503cba087/out/boringssl/src/crypto/bio/file.c", line: 219, data: "fopen('/opt/rustwide/workdir/../../cert/server.key','r')" }, Error { code: 285212674, library: "BIO routines", library_code: 17, reason: "system library", reason_code: 2, file: "/opt/rustwide/target/release/build/boring-sys-2825f5d503cba087/out/boringssl/src/crypto/bio/file.c", line: 221 }, Error { code: 268435458, library: "SSL routines", library_code: 16, reason: "system library", reason_code: 2, file: "/opt/rustwide/target/release/build/boring-sys-2825f5d503cba087/out/boringssl/src/ssl/ssl_file.cc", line: 447 }])
[INFO] [stdout] stack backtrace:
[INFO] [stdout]    0:     0x5b94c56d0f51 - <<std[70759c8f55707aa4]::sys::backtrace::BacktraceLock>::print::DisplayBacktrace as core[df12db4294e9bfd3]::fmt::Display>::fmt
[INFO] [stdout]    1:     0x5b94c56e6c2a - core[df12db4294e9bfd3]::fmt::write
[INFO] [stdout]    2:     0x5b94c56d5acc - <alloc[2182bb758b4b3781]::vec::Vec<u8> as core[df12db4294e9bfd3]::io::write::Write>::write_fmt
[INFO] [stdout]    3:     0x5b94c56ab196 - std[70759c8f55707aa4]::panicking::default_hook::{closure#0}
[INFO] [stdout]    4:     0x5b94c56c8a99 - std[70759c8f55707aa4]::panicking::default_hook
[INFO] [stdout]    5:     0x5b94c5548fb0 - test[9d35eded1c95d3be]::test_main_inner::<test[9d35eded1c95d3be]::test_main_static::{closure#0}>::{closure#0}
[INFO] [stdout]    6:     0x5b94c56c8dc2 - std[70759c8f55707aa4]::panicking::panic_with_hook
[INFO] [stdout]    7:     0x5b94c56ab242 - std[70759c8f55707aa4]::panicking::panic_handler::{closure#0}
[INFO] [stdout]    8:     0x5b94c56a3f19 - std[70759c8f55707aa4]::sys::backtrace::__rust_end_short_backtrace::<std[70759c8f55707aa4]::panicking::panic_handler::{closure#0}, !>
[INFO] [stdout]    9:     0x5b94c56ac02d - __rustc[8fa7c3cbc660c2b3]::rust_begin_unwind
[INFO] [stdout]   10:     0x5b94c56e735c - core[df12db4294e9bfd3]::panicking::panic_fmt
[INFO] [stdout]   11:     0x5b94c56e7132 - core[df12db4294e9bfd3]::result::unwrap_failed
[INFO] [stdout]   12:     0x5b94c550c265 - <std[70759c8f55707aa4]::thread::local::LocalKey<alloc[2182bb758b4b3781]::sync::Arc<futures_executor[853709f1352c2232]::local_pool::ThreadNotify>>>::with::<futures_executor[853709f1352c2232]::local_pool::run_executor<(), futures_executor[853709f1352c2232]::local_pool::block_on<http[55103bf68b50fb2f]::test_https::{closure#0}>::{closure#0}>::{closure#0}, ()>
[INFO] [stdout]   13:     0x5b94c55348cc - futures_executor[853709f1352c2232]::local_pool::block_on::<http[55103bf68b50fb2f]::test_https::{closure#0}>
[INFO] [stdout]   14:     0x5b94c552f588 - <http[55103bf68b50fb2f]::test_https::{closure#0} as core[df12db4294e9bfd3]::ops::function::FnOnce<()>>::call_once
[INFO] [stdout]   15:     0x5b94c553c29b - test[9d35eded1c95d3be]::__rust_begin_short_backtrace::<core[df12db4294e9bfd3]::result::Result<(), alloc[2182bb758b4b3781]::string::String>, fn() -> core[df12db4294e9bfd3]::result::Result<(), alloc[2182bb758b4b3781]::string::String>>
[INFO] [stdout]   16:     0x5b94c5549905 - test[9d35eded1c95d3be]::run_test::{closure#0}
[INFO] [stdout]   17:     0x5b94c55431c4 - std[70759c8f55707aa4]::sys::backtrace::__rust_begin_short_backtrace::<test[9d35eded1c95d3be]::run_test::{closure#1}, ()>
[INFO] [stdout]   18:     0x5b94c554ca62 - <std[70759c8f55707aa4]::thread::lifecycle::spawn_unchecked<test[9d35eded1c95d3be]::run_test::{closure#1}, ()>::{closure#1} as core[df12db4294e9bfd3]::ops::function::FnOnce<()>>::call_once::{shim:vtable#0}
[INFO] [stdout]   19:     0x5b94c56d00b9 - <std[70759c8f55707aa4]::sys::thread::unix::Thread>::new::thread_start
[INFO] [stdout]   20:     0x7d2566abedfa - <unknown>
[INFO] [stdout]   21:     0x7d2566b523d4 - clone
[INFO] [stdout]   22:                0x0 - <unknown>
[INFO] [stdout] 
[INFO] [stdout] 
[INFO] [stdout] failures:
[INFO] [stdout]     test_https
[INFO] [stdout] 
[INFO] [stdout] test result: FAILED. 1 passed; 1 failed; 0 ignored; 0 measured; 0 filtered out; finished in 0.01s
[INFO] [stdout] 
[INFO] [stderr] error: test failed, to rerun pass `--test http`
[INFO] running `Command { std: "docker" "inspect" "05a7ec1841c24181df0e8b0b2e8c9b21167f6fad2ace01c0ba41392239d4bcb5", kill_on_drop: false }`
[INFO] running `Command { std: "docker" "rm" "-f" "05a7ec1841c24181df0e8b0b2e8c9b21167f6fad2ace01c0ba41392239d4bcb5", kill_on_drop: false }`
[INFO] [stdout] 05a7ec1841c24181df0e8b0b2e8c9b21167f6fad2ace01c0ba41392239d4bcb5
