[INFO] fetching crate futures-boring 0.2.8...
[INFO] testing futures-boring-0.2.8 against 1.100.0-beta.1+cargoflags=--release for beta-release-1.100-2
[INFO] extracting crate futures-boring 0.2.8 into /workspace/builds/worker-0-tc2/source
[INFO] started tweaking crates.io crate futures-boring 0.2.8
[INFO] removed 0 missing tests
[INFO] finished tweaking crates.io crate futures-boring 0.2.8
[INFO] tweaked toml for crates.io crate futures-boring 0.2.8 written to /workspace/builds/worker-0-tc2/source/Cargo.toml
[INFO] validating manifest of crates.io crate futures-boring 0.2.8 on toolchain 1.100.0-beta.1
[INFO] running `Command { std: CARGO_HOME="/workspace/cargo-home" RUSTUP_HOME="/workspace/rustup-home" "/workspace/cargo-home/bin/cargo" "+1.100.0-beta.1" "metadata" "--manifest-path" "Cargo.toml" "--no-deps", kill_on_drop: false }`
[INFO] running `Command { std: CARGO_HOME="/workspace/cargo-home" RUSTUP_HOME="/workspace/rustup-home" "/workspace/cargo-home/bin/cargo" "+1.100.0-beta.1" "generate-lockfile" "--manifest-path" "Cargo.toml", kill_on_drop: false }`
[INFO] [stderr]     Updating crates.io index
[INFO] [stderr]      Locking 89 packages to highest compatible versions
[INFO] [stderr]       Adding boring v4.22.0 (available: v5.3.0)
[INFO] running `Command { std: CARGO_HOME="/workspace/cargo-home" RUSTUP_HOME="/workspace/rustup-home" "/workspace/cargo-home/bin/cargo" "+1.100.0-beta.1" "fetch" "--manifest-path" "Cargo.toml", kill_on_drop: false }`
[INFO] running `Command { std: "docker" "create" "-v" "/var/lib/crater-agent-workspace/builds/worker-0-tc2/source:/opt/rustwide/workdir:ro,Z" "-v" "/var/lib/crater-agent-workspace/builds/worker-0-tc2/target:/opt/rustwide/target:rw,Z" "-v" "/var/lib/crater-agent-workspace/cargo-home:/opt/rustwide/cargo-home:ro,Z" "-v" "/var/lib/crater-agent-workspace/rustup-home:/opt/rustwide/rustup-home:ro,Z" "-m" "1610612736" "--network" "none" "ghcr.io/rust-lang/crates-build-env/linux@sha256:77db811e55d90add9212f6832c23229e3de5f1c1f9905e8cb07319ea15df73ac" "sleep" "infinity", kill_on_drop: false }`
[INFO] [stdout] 3b327c2727a34d2628eeed762b95efcf6dccc3afb5dc7d3c2431846fa6557c57
[INFO] running `Command { std: "docker" "start" "3b327c2727a34d2628eeed762b95efcf6dccc3afb5dc7d3c2431846fa6557c57", kill_on_drop: false }`
[INFO] running `Command { std: "docker" "inspect" "3b327c2727a34d2628eeed762b95efcf6dccc3afb5dc7d3c2431846fa6557c57", kill_on_drop: false }`
[INFO] running `Command { std: "docker" "exec" "-e" "SOURCE_DIR=/opt/rustwide/workdir" "-e" "CARGO_HOME=/opt/rustwide/cargo-home" "-e" "RUSTUP_HOME=/opt/rustwide/rustup-home" "-e" "CARGO_TARGET_DIR=/opt/rustwide/target" "-w" "/opt/rustwide/workdir" "--user" "0:0" "3b327c2727a34d2628eeed762b95efcf6dccc3afb5dc7d3c2431846fa6557c57" "/opt/rustwide/cargo-home/bin/cargo" "+1.100.0-beta.1" "metadata" "--no-deps" "--format-version=1", kill_on_drop: false }`
[INFO] running `Command { std: "docker" "inspect" "3b327c2727a34d2628eeed762b95efcf6dccc3afb5dc7d3c2431846fa6557c57", kill_on_drop: false }`
[INFO] running `Command { std: "docker" "exec" "-e" "SOURCE_DIR=/opt/rustwide/workdir" "-e" "CARGO_HOME=/opt/rustwide/cargo-home" "-e" "RUSTUP_HOME=/opt/rustwide/rustup-home" "-e" "CARGO_TARGET_DIR=/opt/rustwide/target" "-e" "CARGO_INCREMENTAL=0" "-e" "RUST_BACKTRACE=full" "-e" "RUSTFLAGS=--cap-lints=warn" "-e" "RUSTDOCFLAGS=--cap-lints=warn" "-w" "/opt/rustwide/workdir" "--user" "0:0" "3b327c2727a34d2628eeed762b95efcf6dccc3afb5dc7d3c2431846fa6557c57" "/opt/rustwide/cargo-home/bin/cargo" "+1.100.0-beta.1" "build" "--frozen" "--message-format=json" "--release", kill_on_drop: false }`
[INFO] [stderr]    Compiling glob v0.3.4
[INFO] [stderr]    Compiling libc v0.2.191
[INFO] [stderr]    Compiling memchr v2.8.3
[INFO] [stderr]    Compiling cfg-if v1.0.5
[INFO] [stderr]    Compiling regex-syntax v0.8.11
[INFO] [stderr]    Compiling either v1.19.0
[INFO] [stderr]    Compiling bindgen v0.72.1
[INFO] [stderr]    Compiling rustc-hash v2.1.3
[INFO] [stderr]    Compiling bitflags v2.13.2
[INFO] [stderr]    Compiling cc v1.8.0
[INFO] [stderr]    Compiling syn v3.0.9
[INFO] [stderr]    Compiling foreign-types-shared v0.3.1
[INFO] [stderr]    Compiling openssl-macros v0.1.1
[INFO] [stderr]    Compiling libloading v0.8.9
[INFO] [stderr]    Compiling itertools v0.13.0
[INFO] [stderr]    Compiling clang-sys v1.9.1
[INFO] [stderr]    Compiling nom v7.1.3
[INFO] [stderr]    Compiling cmake v0.1.58
[INFO] [stderr]    Compiling fslock v0.2.1
[INFO] [stderr]    Compiling regex-automata v0.4.18
[INFO] [stderr]    Compiling futures-macro v0.3.34
[INFO] [stderr]    Compiling foreign-types-macros v0.2.4
[INFO] [stderr]    Compiling cexpr v0.6.0
[INFO] [stderr]    Compiling foreign-types v0.5.0
[INFO] [stderr]    Compiling futures-util v0.3.34
[INFO] [stderr]    Compiling regex v1.13.1
[INFO] [stderr]    Compiling futures-executor v0.3.34
[INFO] [stderr]    Compiling futures v0.3.34
[INFO] [stderr]    Compiling boring-sys v4.22.0
[INFO] [stderr]    Compiling boring v4.22.0
[INFO] [stderr]    Compiling futures-boring v0.2.8 (/opt/rustwide/workdir)
[INFO] [stderr]     Finished `release` profile [optimized] target(s) in 1m 32s
[INFO] running `Command { std: "docker" "inspect" "3b327c2727a34d2628eeed762b95efcf6dccc3afb5dc7d3c2431846fa6557c57", kill_on_drop: false }`
[INFO] running `Command { std: "docker" "exec" "-e" "SOURCE_DIR=/opt/rustwide/workdir" "-e" "CARGO_HOME=/opt/rustwide/cargo-home" "-e" "RUSTUP_HOME=/opt/rustwide/rustup-home" "-e" "CARGO_TARGET_DIR=/opt/rustwide/target" "-e" "CARGO_INCREMENTAL=0" "-e" "RUST_BACKTRACE=full" "-e" "RUSTFLAGS=--cap-lints=warn" "-e" "RUSTDOCFLAGS=--cap-lints=warn" "-w" "/opt/rustwide/workdir" "--user" "0:0" "3b327c2727a34d2628eeed762b95efcf6dccc3afb5dc7d3c2431846fa6557c57" "/opt/rustwide/cargo-home/bin/cargo" "+1.100.0-beta.1" "test" "--frozen" "--no-run" "--message-format=json" "--release", kill_on_drop: false }`
[INFO] [stderr]    Compiling num-traits v0.2.19
[INFO] [stderr]    Compiling bigdecimal v0.4.11
[INFO] [stderr]    Compiling bitmask-enum v2.2.5
[INFO] [stderr]    Compiling hashbrown v0.14.5
[INFO] [stderr]    Compiling futures-executor v0.3.34
[INFO] [stderr]    Compiling mio v1.2.4
[INFO] [stderr]    Compiling boxcar v0.2.14
[INFO] [stderr]    Compiling futures v0.3.34
[INFO] [stderr]    Compiling futures-test v0.3.34
[INFO] [stderr]    Compiling futures-boring v0.2.8 (/opt/rustwide/workdir)
[INFO] [stderr]    Compiling dashmap v6.2.1
[INFO] [stderr]    Compiling num-integer v0.1.47
[INFO] [stderr]    Compiling num-bigint v0.4.8
[INFO] [stderr]    Compiling rasi v0.2.6
[INFO] [stderr]    Compiling rasi-mio v0.2.6
[INFO] [stderr]     Finished `release` profile [optimized] target(s) in 14.28s
[INFO] running `Command { std: "docker" "inspect" "3b327c2727a34d2628eeed762b95efcf6dccc3afb5dc7d3c2431846fa6557c57", kill_on_drop: false }`
[INFO] running `Command { std: "docker" "exec" "-e" "SOURCE_DIR=/opt/rustwide/workdir" "-e" "CARGO_HOME=/opt/rustwide/cargo-home" "-e" "RUSTUP_HOME=/opt/rustwide/rustup-home" "-e" "CARGO_TARGET_DIR=/opt/rustwide/target" "-e" "CARGO_INCREMENTAL=0" "-e" "RUST_BACKTRACE=full" "-e" "RUSTFLAGS=--cap-lints=warn" "-e" "RUSTDOCFLAGS=--cap-lints=warn" "-w" "/opt/rustwide/workdir" "--user" "0:0" "3b327c2727a34d2628eeed762b95efcf6dccc3afb5dc7d3c2431846fa6557c57" "/opt/rustwide/cargo-home/bin/cargo" "+1.100.0-beta.1" "test" "--frozen" "--release", kill_on_drop: false }`
[INFO] [stderr]     Finished `release` profile [optimized] target(s) in 0.11s
[INFO] [stderr]      Running unittests src/lib.rs (/opt/rustwide/target/release/build/futures-boring/78e578880bce2f8e/out/futures_boring-78e578880bce2f8e)
[INFO] [stdout] 
[INFO] [stderr]      Running tests/ssl.rs (/opt/rustwide/target/release/build/futures-boring/c1e04f414e9935c4/out/ssl-c1e04f414e9935c4)
[INFO] [stdout] running 0 tests
[INFO] [stdout] 
[INFO] [stdout] test result: ok. 0 passed; 0 failed; 0 ignored; 0 measured; 0 filtered out; finished in 0.00s
[INFO] [stdout] 
[INFO] [stdout] 
[INFO] [stdout] running 1 test
[INFO] [stdout] test test_echo ... FAILED
[INFO] [stderr] error: test failed, to rerun pass `--test ssl`
[INFO] [stdout] 
[INFO] [stdout] failures:
[INFO] [stdout] 
[INFO] [stdout] ---- test_echo stdout ----
[INFO] [stdout] 
[INFO] [stdout] thread 'test_echo' (3270) panicked at tests/ssl.rs:45:10:
[INFO] [stdout] called `Result::unwrap()` on an `Err` value: ErrorStack([Error { code: 33554434, library: "system library", library_code: 2, reason: "No such file or directory", reason_code: 2, file: "/opt/rustwide/target/release/build/boring-sys/2825f5d503cba087/out/boringssl/src/crypto/bio/file.c", line: 219, data: "fopen('/opt/rustwide/workdir/../../cert/server.key','r')" }, Error { code: 285212674, library: "BIO routines", library_code: 17, reason: "system library", reason_code: 2, file: "/opt/rustwide/target/release/build/boring-sys/2825f5d503cba087/out/boringssl/src/crypto/bio/file.c", line: 221 }, Error { code: 268435458, library: "SSL routines", library_code: 16, reason: "system library", reason_code: 2, file: "/opt/rustwide/target/release/build/boring-sys/2825f5d503cba087/out/boringssl/src/ssl/ssl_file.cc", line: 447 }])
[INFO] [stdout] stack backtrace:
[INFO] [stdout]    0:     0x61f252c92e91 - <<std[617be2ca0a6fd877]::sys::backtrace::BacktraceLock>::print::DisplayBacktrace as core[a373ad73a504971]::fmt::Display>::fmt
[INFO] [stdout]    1:     0x61f252ca7f8a - core[a373ad73a504971]::fmt::write
[INFO] [stdout]    2:     0x61f252c9779c - <alloc[2e1b2a31b91974c5]::vec::Vec<u8> as core[a373ad73a504971]::io::write::Write>::write_fmt
[INFO] [stdout]    3:     0x61f252c6d036 - std[617be2ca0a6fd877]::panicking::default_hook::{closure#0}
[INFO] [stdout]    4:     0x61f252c8a9a9 - std[617be2ca0a6fd877]::panicking::default_hook
[INFO] [stdout]    5:     0x61f252b14eb0 - test[aada8e7e76ba119b]::test_main_inner::{closure#0}
[INFO] [stdout]    6:     0x61f252c8acd2 - std[617be2ca0a6fd877]::panicking::panic_with_hook
[INFO] [stdout]    7:     0x61f252c6d0e2 - std[617be2ca0a6fd877]::panicking::panic_handler::{closure#0}
[INFO] [stdout]    8:     0x61f252c65d49 - std[617be2ca0a6fd877]::sys::backtrace::__rust_end_short_backtrace::<std[617be2ca0a6fd877]::panicking::panic_handler::{closure#0}, !>
[INFO] [stdout]    9:     0x61f252c6dedd - __rustc[ea4f61d10b84890b]::rust_begin_unwind
[INFO] [stdout]   10:     0x61f252ca86bc - core[a373ad73a504971]::panicking::panic_fmt
[INFO] [stdout]   11:     0x61f252ca8492 - core[a373ad73a504971]::result::unwrap_failed
[INFO] [stdout]   12:     0x61f252b07339 - <std[617be2ca0a6fd877]::thread::local::LocalKey<alloc[2e1b2a31b91974c5]::sync::Arc<futures_executor[f003db4b15015b61]::local_pool::ThreadNotify>>>::with::<futures_executor[f003db4b15015b61]::local_pool::run_executor<(), futures_executor[f003db4b15015b61]::local_pool::block_on<ssl[b62922eb35505339]::test_echo::{closure#0}>::{closure#0}>::{closure#0}, ()>
[INFO] [stdout]   13:     0x61f252b0273f - <ssl[b62922eb35505339]::test_echo::{closure#0} as core[a373ad73a504971]::ops::function::FnOnce<()>>::call_once
[INFO] [stdout]   14:     0x61f252b082fb - test[aada8e7e76ba119b]::__rust_begin_short_backtrace::<core[a373ad73a504971]::result::Result<(), alloc[2e1b2a31b91974c5]::string::String>, fn() -> core[a373ad73a504971]::result::Result<(), alloc[2e1b2a31b91974c5]::string::String>>
[INFO] [stdout]   15:     0x61f252b154d5 - test[aada8e7e76ba119b]::run_test::{closure#0}
[INFO] [stdout]   16:     0x61f252b0edc4 - std[617be2ca0a6fd877]::sys::backtrace::__rust_begin_short_backtrace::<test[aada8e7e76ba119b]::run_test::{closure#1}, ()>
[INFO] [stdout]   17:     0x61f252b18562 - <std[617be2ca0a6fd877]::thread::lifecycle::spawn_unchecked<test[aada8e7e76ba119b]::run_test::{closure#1}, ()>::{closure#1} as core[a373ad73a504971]::ops::function::FnOnce<()>>::call_once::{shim:vtable#0}
[INFO] [stdout]   18:     0x61f252c91f7f - <std[617be2ca0a6fd877]::sys::thread::unix::Thread>::new::thread_start
[INFO] [stdout]   19:     0x79fe1d454dfa - <unknown>
[INFO] [stdout]   20:     0x79fe1d4e83d4 - clone
[INFO] [stdout]   21:                0x0 - <unknown>
[INFO] [stdout] 
[INFO] [stdout] 
[INFO] [stdout] failures:
[INFO] [stdout]     test_echo
[INFO] [stdout] 
[INFO] [stdout] test result: FAILED. 0 passed; 1 failed; 0 ignored; 0 measured; 0 filtered out; finished in 0.01s
[INFO] [stdout] 
[INFO] running `Command { std: "docker" "inspect" "3b327c2727a34d2628eeed762b95efcf6dccc3afb5dc7d3c2431846fa6557c57", kill_on_drop: false }`
[INFO] running `Command { std: "docker" "rm" "-f" "3b327c2727a34d2628eeed762b95efcf6dccc3afb5dc7d3c2431846fa6557c57", kill_on_drop: false }`
[INFO] [stdout] 3b327c2727a34d2628eeed762b95efcf6dccc3afb5dc7d3c2431846fa6557c57
