[INFO] fetching crate fuser 0.18.0...
[INFO] testing fuser-0.18.0 against 1.100.0-beta.1+cargoflags=--release for beta-release-1.100-2
[INFO] extracting crate fuser 0.18.0 into /workspace/builds/worker-7-tc2/source
[INFO] removed /workspace/builds/worker-7-tc2/source/rust-toolchain
[INFO] started tweaking crates.io crate fuser 0.18.0
[INFO] removed 0 missing examples
[INFO] finished tweaking crates.io crate fuser 0.18.0
[INFO] tweaked toml for crates.io crate fuser 0.18.0 written to /workspace/builds/worker-7-tc2/source/Cargo.toml
[INFO] validating manifest of crates.io crate fuser 0.18.0 on toolchain 1.100.0-beta.1
[INFO] running `Command { std: CARGO_HOME="/workspace/cargo-home" RUSTUP_HOME="/workspace/rustup-home" "/workspace/cargo-home/bin/cargo" "+1.100.0-beta.1" "metadata" "--manifest-path" "Cargo.toml" "--no-deps", kill_on_drop: false }`
[INFO] crate crates.io crate fuser 0.18.0 already has a lockfile, it will not be regenerated
[INFO] running `Command { std: CARGO_HOME="/workspace/cargo-home" RUSTUP_HOME="/workspace/rustup-home" "/workspace/cargo-home/bin/cargo" "+1.100.0-beta.1" "fetch" "--manifest-path" "Cargo.toml", kill_on_drop: false }`
[INFO] [stderr] warning: `package.homepage` is redundant with `package.repository`
[INFO] [stderr]    --> Cargo.toml:145:12
[INFO] [stderr]     |
[INFO] [stderr] 145 | homepage = "https://github.com/cberner/fuser"
[INFO] [stderr]     |            ^^^^^^^^^^^^^^^^^^^^^^^^^^^^^^^^^^
[INFO] [stderr] ...
[INFO] [stderr] 150 | repository = "https://github.com/cberner/fuser"
[INFO] [stderr]     |              ----------------------------------
[INFO] [stderr]     |
[INFO] [stderr]     = note: `cargo::redundant_homepage` is set to `warn` by default
[INFO] [stderr] help: consider removing `package.homepage`
[INFO] [stderr] warning: `fuser` (manifest) generated 1 warning
[INFO] [stderr]     Blocking waiting for file lock on package cache
[INFO] running `Command { std: "docker" "create" "-v" "/var/lib/crater-agent-workspace/builds/worker-7-tc2/source:/opt/rustwide/workdir:ro,Z" "-v" "/var/lib/crater-agent-workspace/builds/worker-7-tc2/target:/opt/rustwide/target:rw,Z" "-v" "/var/lib/crater-agent-workspace/cargo-home:/opt/rustwide/cargo-home:ro,Z" "-v" "/var/lib/crater-agent-workspace/rustup-home:/opt/rustwide/rustup-home:ro,Z" "-m" "1610612736" "--network" "none" "ghcr.io/rust-lang/crates-build-env/linux@sha256:77db811e55d90add9212f6832c23229e3de5f1c1f9905e8cb07319ea15df73ac" "sleep" "infinity", kill_on_drop: false }`
[INFO] [stdout] f4f2f70807184e942c87d6964850a627142de800d8b0f636778c6c99f23d8c4c
[INFO] running `Command { std: "docker" "start" "f4f2f70807184e942c87d6964850a627142de800d8b0f636778c6c99f23d8c4c", kill_on_drop: false }`
[INFO] running `Command { std: "docker" "inspect" "f4f2f70807184e942c87d6964850a627142de800d8b0f636778c6c99f23d8c4c", kill_on_drop: false }`
[INFO] running `Command { std: "docker" "exec" "-e" "SOURCE_DIR=/opt/rustwide/workdir" "-e" "CARGO_HOME=/opt/rustwide/cargo-home" "-e" "RUSTUP_HOME=/opt/rustwide/rustup-home" "-e" "CARGO_TARGET_DIR=/opt/rustwide/target" "-w" "/opt/rustwide/workdir" "--user" "0:0" "f4f2f70807184e942c87d6964850a627142de800d8b0f636778c6c99f23d8c4c" "/opt/rustwide/cargo-home/bin/cargo" "+1.100.0-beta.1" "metadata" "--no-deps" "--format-version=1", kill_on_drop: false }`
[INFO] running `Command { std: "docker" "inspect" "f4f2f70807184e942c87d6964850a627142de800d8b0f636778c6c99f23d8c4c", kill_on_drop: false }`
[INFO] running `Command { std: "docker" "exec" "-e" "SOURCE_DIR=/opt/rustwide/workdir" "-e" "CARGO_HOME=/opt/rustwide/cargo-home" "-e" "RUSTUP_HOME=/opt/rustwide/rustup-home" "-e" "CARGO_TARGET_DIR=/opt/rustwide/target" "-e" "CARGO_INCREMENTAL=0" "-e" "RUST_BACKTRACE=full" "-e" "RUSTFLAGS=--cap-lints=warn" "-e" "RUSTDOCFLAGS=--cap-lints=warn" "-w" "/opt/rustwide/workdir" "--user" "0:0" "f4f2f70807184e942c87d6964850a627142de800d8b0f636778c6c99f23d8c4c" "/opt/rustwide/cargo-home/bin/cargo" "+1.100.0-beta.1" "build" "--frozen" "--message-format=json" "--release", kill_on_drop: false }`
[INFO] [stderr] warning: `package.homepage` is redundant with `package.repository`
[INFO] [stderr]    --> Cargo.toml:145:12
[INFO] [stderr]     |
[INFO] [stderr] 145 | homepage = "https://github.com/cberner/fuser"
[INFO] [stderr]     |            ^^^^^^^^^^^^^^^^^^^^^^^^^^^^^^^^^^
[INFO] [stderr] ...
[INFO] [stderr] 150 | repository = "https://github.com/cberner/fuser"
[INFO] [stderr]     |              ----------------------------------
[INFO] [stderr]     |
[INFO] [stderr]     = note: `cargo::redundant_homepage` is set to `warn` by default
[INFO] [stderr] help: consider removing `package.homepage`
[INFO] [stderr] warning: `fuser` (manifest) generated 1 warning
[INFO] [stderr]    Compiling unicode-ident v1.0.14
[INFO] [stderr]    Compiling winnow v0.7.14
[INFO] [stderr]    Compiling hashbrown v0.16.1
[INFO] [stderr]    Compiling toml_datetime v0.7.5+spec-1.1.0
[INFO] [stderr]    Compiling smallvec v1.13.2
[INFO] [stderr]    Compiling zerocopy v0.8.10
[INFO] [stderr]    Compiling pkg-config v0.3.31
[INFO] [stderr]    Compiling memoffset v0.9.1
[INFO] [stderr]    Compiling nix v0.31.3
[INFO] [stderr]    Compiling log v0.4.22
[INFO] [stderr]    Compiling memchr v2.7.4
[INFO] [stderr]    Compiling page_size v0.6.0
[INFO] [stderr]    Compiling proc-macro2 v1.0.95
[INFO] [stderr]    Compiling parking_lot_core v0.9.12
[INFO] [stderr]    Compiling parking_lot v0.12.5
[INFO] [stderr]    Compiling fuser v0.18.0 (/opt/rustwide/workdir)
[INFO] [stderr]    Compiling quote v1.0.40
[INFO] [stderr]    Compiling syn v2.0.101
[INFO] [stderr]    Compiling indexmap v2.13.0
[INFO] [stderr]    Compiling toml_parser v1.0.6+spec-1.1.0
[INFO] [stderr]    Compiling toml_edit v0.23.10+spec-1.0.0
[INFO] [stderr]    Compiling proc-macro-crate v3.4.0
[INFO] [stderr]    Compiling ref-cast-impl v1.0.25
[INFO] [stderr]    Compiling zerocopy-derive v0.8.10
[INFO] [stderr]    Compiling num_enum_derive v0.7.5
[INFO] [stderr]    Compiling ref-cast v1.0.25
[INFO] [stderr]    Compiling num_enum v0.7.5
[INFO] [stdout] warning: struct `cuse_init_in` is never constructed
[INFO] [stdout]    --> src/ll/fuse_abi.rs:539:19
[INFO] [stdout]     |
[INFO] [stdout] 539 | pub(crate) struct cuse_init_in {
[INFO] [stdout]     |                   ^^^^^^^^^^^^
[INFO] [stdout]     |
[INFO] [stdout]     = note: `#[warn(dead_code)]` (part of `#[warn(unused)]`) on by default
[INFO] [stdout] 
[INFO] [stdout] 
[INFO] [stdout] warning: struct `cuse_init_out` is never constructed
[INFO] [stdout]    --> src/ll/fuse_abi.rs:548:19
[INFO] [stdout]     |
[INFO] [stdout] 548 | pub(crate) struct cuse_init_out {
[INFO] [stdout]     |                   ^^^^^^^^^^^^^
[INFO] [stdout] 
[INFO] [stdout] 
[INFO] [stdout] warning: struct `fuse_ioctl_iovec` is never constructed
[INFO] [stdout]    --> src/ll/fuse_abi.rs:593:19
[INFO] [stdout]     |
[INFO] [stdout] 593 | pub(crate) struct fuse_ioctl_iovec {
[INFO] [stdout]     |                   ^^^^^^^^^^^^^^^^
[INFO] [stdout] 
[INFO] [stdout] 
[INFO] [stdout] warning: struct `fuse_notify_retrieve_out` is never constructed
[INFO] [stdout]    --> src/ll/fuse_abi.rs:714:19
[INFO] [stdout]     |
[INFO] [stdout] 714 | pub(crate) struct fuse_notify_retrieve_out {
[INFO] [stdout]     |                   ^^^^^^^^^^^^^^^^^^^^^^^^
[INFO] [stdout] 
[INFO] [stdout] 
[INFO] [stdout] warning: struct `fuse_notify_retrieve_in` is never constructed
[INFO] [stdout]    --> src/ll/fuse_abi.rs:724:19
[INFO] [stdout]     |
[INFO] [stdout] 724 | pub(crate) struct fuse_notify_retrieve_in {
[INFO] [stdout]     |                   ^^^^^^^^^^^^^^^^^^^^^^^
[INFO] [stdout] 
[INFO] [stdout] 
[INFO] [stderr]     Finished `release` profile [optimized] target(s) in 19.00s
[INFO] [stderr] warning: the following packages contain code that will be rejected by a future version of Rust: nix v0.31.3
[INFO] [stderr] note: to see what the problems were, use the option `--future-incompat-report`, or run `cargo report future-incompatibilities --id 5`
[INFO] running `Command { std: "docker" "inspect" "f4f2f70807184e942c87d6964850a627142de800d8b0f636778c6c99f23d8c4c", kill_on_drop: false }`
[INFO] running `Command { std: "docker" "exec" "-e" "SOURCE_DIR=/opt/rustwide/workdir" "-e" "CARGO_HOME=/opt/rustwide/cargo-home" "-e" "RUSTUP_HOME=/opt/rustwide/rustup-home" "-e" "CARGO_TARGET_DIR=/opt/rustwide/target" "-e" "CARGO_INCREMENTAL=0" "-e" "RUST_BACKTRACE=full" "-e" "RUSTFLAGS=--cap-lints=warn" "-e" "RUSTDOCFLAGS=--cap-lints=warn" "-w" "/opt/rustwide/workdir" "--user" "0:0" "f4f2f70807184e942c87d6964850a627142de800d8b0f636778c6c99f23d8c4c" "/opt/rustwide/cargo-home/bin/cargo" "+1.100.0-beta.1" "test" "--frozen" "--no-run" "--message-format=json" "--release", kill_on_drop: false }`
[INFO] [stderr] warning: `package.homepage` is redundant with `package.repository`
[INFO] [stderr]    --> Cargo.toml:145:12
[INFO] [stderr]     |
[INFO] [stderr] 145 | homepage = "https://github.com/cberner/fuser"
[INFO] [stderr]     |            ^^^^^^^^^^^^^^^^^^^^^^^^^^^^^^^^^^
[INFO] [stderr] ...
[INFO] [stderr] 150 | repository = "https://github.com/cberner/fuser"
[INFO] [stderr]     |              ----------------------------------
[INFO] [stderr]     |
[INFO] [stderr]     = note: `cargo::redundant_homepage` is set to `warn` by default
[INFO] [stderr] help: consider removing `package.homepage`
[INFO] [stderr] warning: `fuser` (manifest) generated 1 warning
[INFO] [stderr]    Compiling aho-corasick v1.1.3
[INFO] [stderr]    Compiling regex-syntax v0.8.5
[INFO] [stderr]    Compiling log v0.4.22
[INFO] [stderr]    Compiling rustix v0.38.41
[INFO] [stderr]    Compiling serde_derive v1.0.228
[INFO] [stderr]    Compiling linux-raw-sys v0.4.14
[INFO] [stderr]    Compiling clap_lex v0.7.3
[INFO] [stderr]    Compiling nix v0.31.3
[INFO] [stderr]    Compiling jiff v0.2.13
[INFO] [stderr]    Compiling clap_derive v4.5.18
[INFO] [stderr]    Compiling fastrand v2.2.0
[INFO] [stderr]    Compiling once_cell v1.20.2
[INFO] [stderr]    Compiling clap_builder v4.5.21
[INFO] [stderr]    Compiling regex-automata v0.4.9
[INFO] [stderr]    Compiling tempfile v3.14.0
[INFO] [stderr]    Compiling clap v4.5.21
[INFO] [stderr]    Compiling serde v1.0.228
[INFO] [stderr]    Compiling fuser v0.18.0 (/opt/rustwide/workdir)
[INFO] [stderr]    Compiling bincode v1.3.3
[INFO] [stderr]    Compiling regex v1.11.1
[INFO] [stdout] warning: struct `cuse_init_in` is never constructed
[INFO] [stdout]    --> src/ll/fuse_abi.rs:539:19
[INFO] [stdout]     |
[INFO] [stdout] 539 | pub(crate) struct cuse_init_in {
[INFO] [stdout]     |                   ^^^^^^^^^^^^
[INFO] [stdout]     |
[INFO] [stdout]     = note: `#[warn(dead_code)]` (part of `#[warn(unused)]`) on by default
[INFO] [stdout] 
[INFO] [stdout] 
[INFO] [stdout] warning: struct `cuse_init_out` is never constructed
[INFO] [stdout]    --> src/ll/fuse_abi.rs:548:19
[INFO] [stdout]     |
[INFO] [stdout] 548 | pub(crate) struct cuse_init_out {
[INFO] [stdout]     |                   ^^^^^^^^^^^^^
[INFO] [stdout] 
[INFO] [stdout] 
[INFO] [stdout] warning: struct `fuse_ioctl_iovec` is never constructed
[INFO] [stdout]    --> src/ll/fuse_abi.rs:593:19
[INFO] [stdout]     |
[INFO] [stdout] 593 | pub(crate) struct fuse_ioctl_iovec {
[INFO] [stdout]     |                   ^^^^^^^^^^^^^^^^
[INFO] [stdout] 
[INFO] [stdout] 
[INFO] [stdout] warning: struct `fuse_notify_retrieve_out` is never constructed
[INFO] [stdout]    --> src/ll/fuse_abi.rs:714:19
[INFO] [stdout]     |
[INFO] [stdout] 714 | pub(crate) struct fuse_notify_retrieve_out {
[INFO] [stdout]     |                   ^^^^^^^^^^^^^^^^^^^^^^^^
[INFO] [stdout] 
[INFO] [stdout] 
[INFO] [stdout] warning: struct `fuse_notify_retrieve_in` is never constructed
[INFO] [stdout]    --> src/ll/fuse_abi.rs:724:19
[INFO] [stdout]     |
[INFO] [stdout] 724 | pub(crate) struct fuse_notify_retrieve_in {
[INFO] [stdout]     |                   ^^^^^^^^^^^^^^^^^^^^^^^
[INFO] [stdout] 
[INFO] [stdout] 
[INFO] [stderr]    Compiling env_filter v0.1.2
[INFO] [stderr]    Compiling env_logger v0.11.8
[INFO] [stdout] warning: struct `cuse_init_in` is never constructed
[INFO] [stdout]    --> src/ll/fuse_abi.rs:539:19
[INFO] [stdout]     |
[INFO] [stdout] 539 | pub(crate) struct cuse_init_in {
[INFO] [stdout]     |                   ^^^^^^^^^^^^
[INFO] [stdout]     |
[INFO] [stdout]     = note: `#[warn(dead_code)]` (part of `#[warn(unused)]`) on by default
[INFO] [stdout] 
[INFO] [stdout] 
[INFO] [stdout] warning: struct `cuse_init_out` is never constructed
[INFO] [stdout]    --> src/ll/fuse_abi.rs:548:19
[INFO] [stdout]     |
[INFO] [stdout] 548 | pub(crate) struct cuse_init_out {
[INFO] [stdout]     |                   ^^^^^^^^^^^^^
[INFO] [stdout] 
[INFO] [stdout] 
[INFO] [stdout] warning: struct `fuse_ioctl_iovec` is never constructed
[INFO] [stdout]    --> src/ll/fuse_abi.rs:593:19
[INFO] [stdout]     |
[INFO] [stdout] 593 | pub(crate) struct fuse_ioctl_iovec {
[INFO] [stdout]     |                   ^^^^^^^^^^^^^^^^
[INFO] [stdout] 
[INFO] [stdout] 
[INFO] [stdout] warning: struct `fuse_notify_retrieve_out` is never constructed
[INFO] [stdout]    --> src/ll/fuse_abi.rs:714:19
[INFO] [stdout]     |
[INFO] [stdout] 714 | pub(crate) struct fuse_notify_retrieve_out {
[INFO] [stdout]     |                   ^^^^^^^^^^^^^^^^^^^^^^^^
[INFO] [stdout] 
[INFO] [stdout] 
[INFO] [stdout] warning: struct `fuse_notify_retrieve_in` is never constructed
[INFO] [stdout]    --> src/ll/fuse_abi.rs:724:19
[INFO] [stdout]     |
[INFO] [stdout] 724 | pub(crate) struct fuse_notify_retrieve_in {
[INFO] [stdout]     |                   ^^^^^^^^^^^^^^^^^^^^^^^
[INFO] [stdout] 
[INFO] [stdout] 
[INFO] [stderr]     Finished `release` profile [optimized] target(s) in 52.80s
[INFO] [stderr] warning: the following packages contain code that will be rejected by a future version of Rust: nix v0.31.3
[INFO] [stderr] note: to see what the problems were, use the option `--future-incompat-report`, or run `cargo report future-incompatibilities --id 5`
[INFO] running `Command { std: "docker" "inspect" "f4f2f70807184e942c87d6964850a627142de800d8b0f636778c6c99f23d8c4c", kill_on_drop: false }`
[INFO] running `Command { std: "docker" "exec" "-e" "SOURCE_DIR=/opt/rustwide/workdir" "-e" "CARGO_HOME=/opt/rustwide/cargo-home" "-e" "RUSTUP_HOME=/opt/rustwide/rustup-home" "-e" "CARGO_TARGET_DIR=/opt/rustwide/target" "-e" "CARGO_INCREMENTAL=0" "-e" "RUST_BACKTRACE=full" "-e" "RUSTFLAGS=--cap-lints=warn" "-e" "RUSTDOCFLAGS=--cap-lints=warn" "-w" "/opt/rustwide/workdir" "--user" "0:0" "f4f2f70807184e942c87d6964850a627142de800d8b0f636778c6c99f23d8c4c" "/opt/rustwide/cargo-home/bin/cargo" "+1.100.0-beta.1" "test" "--frozen" "--release", kill_on_drop: false }`
[INFO] [stderr] warning: `package.homepage` is redundant with `package.repository`
[INFO] [stderr]    --> Cargo.toml:145:12
[INFO] [stderr]     |
[INFO] [stderr] 145 | homepage = "https://github.com/cberner/fuser"
[INFO] [stderr]     |            ^^^^^^^^^^^^^^^^^^^^^^^^^^^^^^^^^^
[INFO] [stderr] ...
[INFO] [stderr] 150 | repository = "https://github.com/cberner/fuser"
[INFO] [stderr]     |              ----------------------------------
[INFO] [stderr]     |
[INFO] [stderr]     = note: `cargo::redundant_homepage` is set to `warn` by default
[INFO] [stderr] help: consider removing `package.homepage`
[INFO] [stderr] warning: `fuser` (manifest) generated 1 warning
[INFO] [stderr] warning: struct `cuse_init_in` is never constructed
[INFO] [stderr]    --> src/ll/fuse_abi.rs:539:19
[INFO] [stderr]     |
[INFO] [stderr] 539 | pub(crate) struct cuse_init_in {
[INFO] [stderr]     |                   ^^^^^^^^^^^^
[INFO] [stderr]     |
[INFO] [stderr]     = note: `#[warn(dead_code)]` (part of `#[warn(unused)]`) on by default
[INFO] [stderr] 
[INFO] [stderr] warning: struct `cuse_init_out` is never constructed
[INFO] [stderr]    --> src/ll/fuse_abi.rs:548:19
[INFO] [stderr]     |
[INFO] [stderr] 548 | pub(crate) struct cuse_init_out {
[INFO] [stderr]     |                   ^^^^^^^^^^^^^
[INFO] [stderr] 
[INFO] [stderr] warning: struct `fuse_ioctl_iovec` is never constructed
[INFO] [stderr]    --> src/ll/fuse_abi.rs:593:19
[INFO] [stderr]     |
[INFO] [stderr] 593 | pub(crate) struct fuse_ioctl_iovec {
[INFO] [stderr]     |                   ^^^^^^^^^^^^^^^^
[INFO] [stderr] 
[INFO] [stderr] warning: struct `fuse_notify_retrieve_out` is never constructed
[INFO] [stderr]    --> src/ll/fuse_abi.rs:714:19
[INFO] [stderr]     |
[INFO] [stderr] 714 | pub(crate) struct fuse_notify_retrieve_out {
[INFO] [stderr]     |                   ^^^^^^^^^^^^^^^^^^^^^^^^
[INFO] [stderr] 
[INFO] [stderr] warning: struct `fuse_notify_retrieve_in` is never constructed
[INFO] [stderr]    --> src/ll/fuse_abi.rs:724:19
[INFO] [stderr]     |
[INFO] [stderr] 724 | pub(crate) struct fuse_notify_retrieve_in {
[INFO] [stderr]     |                   ^^^^^^^^^^^^^^^^^^^^^^^
[INFO] [stderr] 
[INFO] [stderr] warning: `fuser` (lib) generated 5 warnings
[INFO] [stderr] warning: `fuser` (lib test) generated 5 warnings (5 duplicates)
[INFO] [stderr]     Finished `release` profile [optimized] target(s) in 0.14s
[INFO] [stderr] warning: the following packages contain code that will be rejected by a future version of Rust: nix v0.31.3
[INFO] [stderr] note: to see what the problems were, use the option `--future-incompat-report`, or run `cargo report future-incompatibilities --id 5`
[INFO] [stderr]      Running unittests src/lib.rs (/opt/rustwide/target/release/build/fuser/b02ef45617840332/out/fuser-b02ef45617840332)
[INFO] [stdout] 
[INFO] [stdout] running 53 tests
[INFO] [stdout] test ll::argument::tests::all_data ... ok
[INFO] [stdout] test ll::reply::test::reply_entry ... ok
[INFO] [stdout] test ll::argument::tests::string_argument ... ok
[INFO] [stdout] test ll::argument::tests::out_of_data ... ok
[INFO] [stdout] test ll::notify::test::store ... ok
[INFO] [stdout] test ll::reply::test::reply_attr ... ok
[INFO] [stdout] test ll::notify::test::inval_inode ... ok
[INFO] [stdout] test ll::argument::tests::generic_argument ... ok
[INFO] [stdout] test ll::notify::test::delete ... ok
[INFO] [stdout] test ll::reply::test::reply_data ... ok
[INFO] [stdout] test ll::reply::test::reply_empty ... ok
[INFO] [stdout] test ll::reply::test::reply_error ... ok
[INFO] [stdout] test ll::argument::tests::mixed_arguments ... ok
[INFO] [stdout] test ll::reply::test::reply_open ... ok
[INFO] [stdout] test ll::reply::test::reply_lock ... ok
[INFO] [stdout] test ll::reply::test::reply_directory ... ok
[INFO] [stdout] test ll::notify::test::inval_entry ... ok
[INFO] [stdout] test ll::reply::test::reply_bmap ... ok
[INFO] [stdout] test ll::request::tests::short_read ... ok
[INFO] [stdout] test ll::request::tests::short_read_header ... ok
[INFO] [stdout] test reply::test::reply_attr ... ok
[INFO] [stdout] test ll::reply::test::reply_create ... ok
[INFO] [stdout] test reply::test::reply_bmap ... ok
[INFO] [stdout] test mnt::test::fuse_args ... ok
[INFO] [stdout] test ll::reply::test::reply_xattr_data ... ok
[INFO] [stdout] test ll::reply::test::reply_xattr_size ... ok
[INFO] [stdout] test ll::request::tests::init ... ok
[INFO] [stdout] test ll::notify::test::poll ... ok
[INFO] [stdout] test ll::request::tests::mknod ... ok
[INFO] [stdout] test ll::reply::test::reply_statfs ... ok
[INFO] [stdout] test mnt::mount_options::test::option_round_trip ... ok
[INFO] [stdout] test ll::reply::test::reply_write ... ok
[INFO] [stdout] test mnt::mount_options::test::option_checking ... ok
[INFO] [stdout] test mnt::test::mount_unmount ... FAILED
[INFO] [stdout] test reply::test::reply_create ... ok
[INFO] [stdout] test reply::test::reply_xattr_data ... ok
[INFO] [stdout] test reply::test::serialize_struct ... ok
[INFO] [stdout] test reply::test::reply_data ... ok
[INFO] [stdout] test reply::test::reply_xattr_size ... ok
[INFO] [stdout] test time::test::test_time_from_system_time_i64_min_boundary ... ok
[INFO] [stdout] test reply::test::reply_error ... ok
[INFO] [stdout] test reply::test::reply_open ... ok
[INFO] [stdout] test reply::test::reply_statfs ... ok
[INFO] [stdout] test reply::test::async_reply ... ok
[INFO] [stdout] test reply::test::reply_entry ... ok
[INFO] [stdout] test reply::test::reply_empty ... ok
[INFO] [stdout] test reply::test::reply_lock ... ok
[INFO] [stdout] test reply::test::serialize_slice ... ok
[INFO] [stdout] test reply::test::reply_raw ... ok
[INFO] [stdout] test reply::test::reply_directory ... ok
[INFO] [stdout] test reply::test::reply_write ... ok
[INFO] [stdout] test reply::test::serialize_empty ... ok
[INFO] [stdout] test time::test::test_time_from_system_time_negative ... ok
[INFO] [stdout] 
[INFO] [stdout] failures:
[INFO] [stdout] 
[INFO] [stdout] ---- mnt::test::mount_unmount stdout ----
[INFO] [stdout] 
[INFO] [stdout] thread 'mnt::test::mount_unmount' (1664) panicked at src/mnt/mod.rs:279:80:
[INFO] [stdout] called `Result::unwrap()` on an `Err` value: Os { code: 2, kind: NotFound, message: "No such file or directory" }
[INFO] [stdout] stack backtrace:
[INFO] [stdout]    0:     0x5ec990c7b141 - <<std[617be2ca0a6fd877]::sys::backtrace::BacktraceLock>::print::DisplayBacktrace as core[a373ad73a504971]::fmt::Display>::fmt
[INFO] [stdout]    1:     0x5ec990c9007a - core[a373ad73a504971]::fmt::write
[INFO] [stdout]    2:     0x5ec990c7f66c - <alloc[2e1b2a31b91974c5]::vec::Vec<u8> as core[a373ad73a504971]::io::write::Write>::write_fmt
[INFO] [stdout]    3:     0x5ec990c55ad6 - std[617be2ca0a6fd877]::panicking::default_hook::{closure#0}
[INFO] [stdout]    4:     0x5ec990c73019 - std[617be2ca0a6fd877]::panicking::default_hook
[INFO] [stdout]    5:     0x5ec990c0d590 - test[aada8e7e76ba119b]::test_main_inner::{closure#0}
[INFO] [stdout]    6:     0x5ec990c731d2 - std[617be2ca0a6fd877]::panicking::panic_with_hook
[INFO] [stdout]    7:     0x5ec990c55b82 - std[617be2ca0a6fd877]::panicking::panic_handler::{closure#0}
[INFO] [stdout]    8:     0x5ec990c4e779 - std[617be2ca0a6fd877]::sys::backtrace::__rust_end_short_backtrace::<std[617be2ca0a6fd877]::panicking::panic_handler::{closure#0}, !>
[INFO] [stdout]    9:     0x5ec990c5678d - __rustc[ea4f61d10b84890b]::rust_begin_unwind
[INFO] [stdout]   10:     0x5ec990c907ac - core[a373ad73a504971]::panicking::panic_fmt
[INFO] [stdout]   11:     0x5ec990c90582 - core[a373ad73a504971]::result::unwrap_failed
[INFO] [stdout]   12:     0x5ec990bf08fd - <fuser[231142aa7f5a3571]::mnt::test::mount_unmount::{closure#0} as core[a373ad73a504971]::ops::function::FnOnce<()>>::call_once
[INFO] [stdout]   13:     0x5ec990c009db - test[aada8e7e76ba119b]::__rust_begin_short_backtrace::<core[a373ad73a504971]::result::Result<(), alloc[2e1b2a31b91974c5]::string::String>, fn() -> core[a373ad73a504971]::result::Result<(), alloc[2e1b2a31b91974c5]::string::String>>
[INFO] [stdout]   14:     0x5ec990c0dbb5 - test[aada8e7e76ba119b]::run_test::{closure#0}
[INFO] [stdout]   15:     0x5ec990c074a4 - std[617be2ca0a6fd877]::sys::backtrace::__rust_begin_short_backtrace::<test[aada8e7e76ba119b]::run_test::{closure#1}, ()>
[INFO] [stdout]   16:     0x5ec990c10c42 - <std[617be2ca0a6fd877]::thread::lifecycle::spawn_unchecked<test[aada8e7e76ba119b]::run_test::{closure#1}, ()>::{closure#1} as core[a373ad73a504971]::ops::function::FnOnce<()>>::call_once::{shim:vtable#0}
[INFO] [stdout]   17:     0x5ec990c7a99f - <std[617be2ca0a6fd877]::sys::thread::unix::Thread>::new::thread_start
[INFO] [stdout]   18:     0x7729dea86dfa - <unknown>
[INFO] [stdout]   19:     0x7729deb1a3d4 - clone
[INFO] [stdout]   20:                0x0 - <unknown>
[INFO] [stdout] 
[INFO] [stdout] 
[INFO] [stdout] failures:
[INFO] [stdout]     mnt::test::mount_unmount
[INFO] [stdout] 
[INFO] [stdout] test result: FAILED. 52 passed; 1 failed; 0 ignored; 0 measured; 0 filtered out; finished in 0.02s
[INFO] [stdout] 
[INFO] [stderr] error: test failed, to rerun pass `--lib`
[INFO] running `Command { std: "docker" "inspect" "f4f2f70807184e942c87d6964850a627142de800d8b0f636778c6c99f23d8c4c", kill_on_drop: false }`
[INFO] running `Command { std: "docker" "rm" "-f" "f4f2f70807184e942c87d6964850a627142de800d8b0f636778c6c99f23d8c4c", kill_on_drop: false }`
[INFO] [stdout] f4f2f70807184e942c87d6964850a627142de800d8b0f636778c6c99f23d8c4c
