[INFO] fetching crate fusen-rs 0.9.0...
[INFO] testing fusen-rs-0.9.0 against 1.99.0-beta.8+cargoflags=--release for beta-release-1.100-2
[INFO] extracting crate fusen-rs 0.9.0 into /workspace/builds/worker-3-tc1/source
[INFO] started tweaking crates.io crate fusen-rs 0.9.0
[INFO] removed 0 missing tests
[INFO] finished tweaking crates.io crate fusen-rs 0.9.0
[INFO] tweaked toml for crates.io crate fusen-rs 0.9.0 written to /workspace/builds/worker-3-tc1/source/Cargo.toml
[INFO] validating manifest of crates.io crate fusen-rs 0.9.0 on toolchain 1.99.0-beta.8
[INFO] running `Command { std: CARGO_HOME="/workspace/cargo-home" RUSTUP_HOME="/workspace/rustup-home" "/workspace/cargo-home/bin/cargo" "+1.99.0-beta.8" "metadata" "--manifest-path" "Cargo.toml" "--no-deps", kill_on_drop: false }`
[INFO] crate crates.io crate fusen-rs 0.9.0 already has a lockfile, it will not be regenerated
[INFO] running `Command { std: CARGO_HOME="/workspace/cargo-home" RUSTUP_HOME="/workspace/rustup-home" "/workspace/cargo-home/bin/cargo" "+1.99.0-beta.8" "fetch" "--manifest-path" "Cargo.toml", kill_on_drop: false }`
[INFO] [stderr]     Blocking waiting for file lock on package cache
[INFO] [stderr]     Updating crates.io index
[INFO] [stderr]  Downloading crates ...
[INFO] [stderr]   Downloaded fusen-contract v0.9.0
[INFO] [stderr]   Downloaded fusen-register v0.9.0
[INFO] [stderr]   Downloaded fusen-observability v0.9.0
[INFO] [stderr]   Downloaded fusen-procedural-macro v0.9.0
[INFO] [stderr]   Downloaded fusen-config v0.9.0
[INFO] running `Command { std: "docker" "create" "-v" "/var/lib/crater-agent-workspace/builds/worker-3-tc1/source:/opt/rustwide/workdir:ro,Z" "-v" "/var/lib/crater-agent-workspace/builds/worker-3-tc1/target:/opt/rustwide/target:rw,Z" "-v" "/var/lib/crater-agent-workspace/cargo-home:/opt/rustwide/cargo-home:ro,Z" "-v" "/var/lib/crater-agent-workspace/rustup-home:/opt/rustwide/rustup-home:ro,Z" "-m" "1610612736" "--network" "none" "ghcr.io/rust-lang/crates-build-env/linux@sha256:77db811e55d90add9212f6832c23229e3de5f1c1f9905e8cb07319ea15df73ac" "sleep" "infinity", kill_on_drop: false }`
[INFO] [stdout] 9d7ef756b7123f05bffbe5145d55b9dea8bcdea0f7d9e2ef3d9a1a181963c80f
[INFO] running `Command { std: "docker" "start" "9d7ef756b7123f05bffbe5145d55b9dea8bcdea0f7d9e2ef3d9a1a181963c80f", kill_on_drop: false }`
[INFO] running `Command { std: "docker" "inspect" "9d7ef756b7123f05bffbe5145d55b9dea8bcdea0f7d9e2ef3d9a1a181963c80f", kill_on_drop: false }`
[INFO] running `Command { std: "docker" "exec" "-e" "SOURCE_DIR=/opt/rustwide/workdir" "-e" "CARGO_HOME=/opt/rustwide/cargo-home" "-e" "RUSTUP_HOME=/opt/rustwide/rustup-home" "-e" "CARGO_TARGET_DIR=/opt/rustwide/target" "-w" "/opt/rustwide/workdir" "--user" "0:0" "9d7ef756b7123f05bffbe5145d55b9dea8bcdea0f7d9e2ef3d9a1a181963c80f" "/opt/rustwide/cargo-home/bin/cargo" "+1.99.0-beta.8" "metadata" "--no-deps" "--format-version=1", kill_on_drop: false }`
[INFO] running `Command { std: "docker" "inspect" "9d7ef756b7123f05bffbe5145d55b9dea8bcdea0f7d9e2ef3d9a1a181963c80f", kill_on_drop: false }`
[INFO] running `Command { std: "docker" "exec" "-e" "SOURCE_DIR=/opt/rustwide/workdir" "-e" "CARGO_HOME=/opt/rustwide/cargo-home" "-e" "RUSTUP_HOME=/opt/rustwide/rustup-home" "-e" "CARGO_TARGET_DIR=/opt/rustwide/target" "-e" "CARGO_INCREMENTAL=0" "-e" "RUST_BACKTRACE=full" "-e" "RUSTFLAGS=--cap-lints=warn" "-e" "RUSTDOCFLAGS=--cap-lints=warn" "-w" "/opt/rustwide/workdir" "--user" "0:0" "9d7ef756b7123f05bffbe5145d55b9dea8bcdea0f7d9e2ef3d9a1a181963c80f" "/opt/rustwide/cargo-home/bin/cargo" "+1.99.0-beta.8" "build" "--frozen" "--message-format=json" "--release", kill_on_drop: false }`
[INFO] [stderr]    Compiling proc-macro2 v1.0.107
[INFO] [stderr]    Compiling futures-core v0.3.33
[INFO] [stderr]    Compiling writeable v0.6.3
[INFO] [stderr]    Compiling smallvec v1.15.2
[INFO] [stderr]    Compiling litemap v0.8.2
[INFO] [stderr]    Compiling icu_normalizer_data v2.2.0
[INFO] [stderr]    Compiling icu_properties_data v2.2.0
[INFO] [stderr]    Compiling futures-task v0.3.33
[INFO] [stderr]    Compiling cc v1.4.0
[INFO] [stderr]    Compiling http v1.4.2
[INFO] [stderr]    Compiling equivalent v1.0.2
[INFO] [stderr]    Compiling winnow v1.0.4
[INFO] [stderr]    Compiling hashbrown v0.17.1
[INFO] [stderr]    Compiling zeroize v1.9.0
[INFO] [stderr]    Compiling errno v0.3.14
[INFO] [stderr]    Compiling mio v1.2.2
[INFO] [stderr]    Compiling socket2 v0.6.5
[INFO] [stderr]    Compiling signal-hook-registry v1.4.8
[INFO] [stderr]    Compiling getrandom v0.2.17
[INFO] [stderr]    Compiling toml_datetime v1.1.1+spec-1.1.0
[INFO] [stderr]    Compiling futures-sink v0.3.33
[INFO] [stderr]    Compiling rustls-pki-types v1.15.1
[INFO] [stderr]    Compiling indexmap v2.14.0
[INFO] [stderr]    Compiling rustls v0.23.42
[INFO] [stderr]    Compiling thiserror v2.0.19
[INFO] [stderr]    Compiling futures-channel v0.3.33
[INFO] [stderr]    Compiling httpdate v1.0.3
[INFO] [stderr]    Compiling mime v0.3.17
[INFO] [stderr]    Compiling getrandom v0.4.3
[INFO] [stderr]    Compiling quote v1.0.47
[INFO] [stderr]    Compiling serde_json v1.0.151
[INFO] [stderr]    Compiling syn v2.0.119
[INFO] [stderr]    Compiling syn v3.0.3
[INFO] [stderr]    Compiling chacha20 v0.10.1
[INFO] [stderr]    Compiling webpki-roots v1.0.9
[INFO] [stderr]    Compiling uuid v1.24.0
[INFO] [stderr]    Compiling rand v0.10.2
[INFO] [stderr]    Compiling urlencoding v2.1.3
[INFO] [stderr]    Compiling fusen-observability v0.9.0
[INFO] [stderr]    Compiling ring v0.17.14
[INFO] [stderr]    Compiling http-body v1.1.0
[INFO] [stderr]    Compiling http-body-util v0.1.4
[INFO] [stderr]    Compiling toml_parser v1.1.2+spec-1.1.0
[INFO] [stderr]    Compiling toml_edit v0.25.13+spec-1.1.0
[INFO] [stderr]    Compiling proc-macro-crate v3.5.0
[INFO] [stderr]    Compiling thiserror-impl v2.0.19
[INFO] [stderr]    Compiling fusen-procedural-macro v0.9.0
[INFO] [stderr]    Compiling serde_derive v1.0.229
[INFO] [stderr]    Compiling synstructure v0.13.2
[INFO] [stderr]    Compiling zerofrom-derive v0.1.7
[INFO] [stderr]    Compiling yoke-derive v0.8.2
[INFO] [stderr]    Compiling zerovec-derive v0.11.3
[INFO] [stderr]    Compiling displaydoc v0.2.6
[INFO] [stderr]    Compiling tokio-macros v2.7.1
[INFO] [stderr]    Compiling futures-macro v0.3.33
[INFO] [stderr]    Compiling tracing-attributes v0.1.31
[INFO] [stderr]    Compiling tokio v1.53.1
[INFO] [stderr]    Compiling futures-util v0.3.33
[INFO] [stderr]    Compiling zerofrom v0.1.8
[INFO] [stderr]    Compiling yoke v0.8.3
[INFO] [stderr]    Compiling serde v1.0.229
[INFO] [stderr]    Compiling tracing v0.1.44
[INFO] [stderr]    Compiling zerovec v0.11.6
[INFO] [stderr]    Compiling zerotrie v0.2.4
[INFO] [stderr]    Compiling tinystr v0.8.3
[INFO] [stderr]    Compiling potential_utf v0.1.5
[INFO] [stderr]    Compiling icu_collections v2.2.0
[INFO] [stderr]    Compiling icu_locale_core v2.2.0
[INFO] [stderr]    Compiling icu_provider v2.2.0
[INFO] [stderr]    Compiling icu_normalizer v2.2.0
[INFO] [stderr]    Compiling icu_properties v2.2.0
[INFO] [stderr]    Compiling idna_adapter v1.2.2
[INFO] [stderr]    Compiling idna v1.1.0
[INFO] [stderr]    Compiling url v2.5.8
[INFO] [stderr]    Compiling tokio-util v0.7.19
[INFO] [stderr]    Compiling fusen-contract v0.9.0
[INFO] [stderr]    Compiling fusen-register v0.9.0
[INFO] [stderr]    Compiling h2 v0.4.15
[INFO] [stderr]    Compiling rustls-webpki v0.103.13
[INFO] [stderr]    Compiling hyper v1.11.0
[INFO] [stderr]    Compiling hyper-util v0.1.20
[INFO] [stderr]    Compiling tokio-rustls v0.26.4
[INFO] [stderr]    Compiling hyper-rustls v0.27.9
[INFO] [stderr]    Compiling fusen-rs v0.9.0 (/opt/rustwide/workdir)
[INFO] [stderr]     Finished `release` profile [optimized] target(s) in 1m 31s
[INFO] running `Command { std: "docker" "inspect" "9d7ef756b7123f05bffbe5145d55b9dea8bcdea0f7d9e2ef3d9a1a181963c80f", kill_on_drop: false }`
[INFO] running `Command { std: "docker" "exec" "-e" "SOURCE_DIR=/opt/rustwide/workdir" "-e" "CARGO_HOME=/opt/rustwide/cargo-home" "-e" "RUSTUP_HOME=/opt/rustwide/rustup-home" "-e" "CARGO_TARGET_DIR=/opt/rustwide/target" "-e" "CARGO_INCREMENTAL=0" "-e" "RUST_BACKTRACE=full" "-e" "RUSTFLAGS=--cap-lints=warn" "-e" "RUSTDOCFLAGS=--cap-lints=warn" "-w" "/opt/rustwide/workdir" "--user" "0:0" "9d7ef756b7123f05bffbe5145d55b9dea8bcdea0f7d9e2ef3d9a1a181963c80f" "/opt/rustwide/cargo-home/bin/cargo" "+1.99.0-beta.8" "test" "--frozen" "--no-run" "--message-format=json" "--release", kill_on_drop: false }`
[INFO] [stderr]    Compiling tokio v1.53.1
[INFO] [stderr]    Compiling deranged v0.5.8
[INFO] [stderr]    Compiling time-core v0.1.9
[INFO] [stderr]    Compiling num-conv v0.2.2
[INFO] [stderr]    Compiling toml_parser v1.1.2+spec-1.1.0
[INFO] [stderr]    Compiling serde v1.0.229
[INFO] [stderr]    Compiling serde_spanned v1.1.1
[INFO] [stderr]    Compiling toml_datetime v1.1.1+spec-1.1.0
[INFO] [stderr]    Compiling toml_writer v1.1.2+spec-1.1.0
[INFO] [stderr]    Compiling serde_json v1.0.151
[INFO] [stderr]    Compiling toml v1.1.3+spec-1.1.0
[INFO] [stderr]    Compiling time v0.3.54
[INFO] [stderr]    Compiling yasna v0.5.2
[INFO] [stderr]    Compiling rcgen v0.13.2
[INFO] [stderr]    Compiling tokio-util v0.7.19
[INFO] [stderr]    Compiling tokio-rustls v0.26.4
[INFO] [stderr]    Compiling fusen-register v0.9.0
[INFO] [stderr]    Compiling fusen-config v0.9.0
[INFO] [stderr]    Compiling h2 v0.4.15
[INFO] [stderr]    Compiling hyper v1.11.0
[INFO] [stderr]    Compiling hyper-util v0.1.20
[INFO] [stderr]    Compiling hyper-rustls v0.27.9
[INFO] [stderr]    Compiling fusen-rs v0.9.0 (/opt/rustwide/workdir)
[INFO] [stderr]     Finished `release` profile [optimized] target(s) in 2m 26s
[INFO] running `Command { std: "docker" "inspect" "9d7ef756b7123f05bffbe5145d55b9dea8bcdea0f7d9e2ef3d9a1a181963c80f", kill_on_drop: false }`
[INFO] running `Command { std: "docker" "exec" "-e" "SOURCE_DIR=/opt/rustwide/workdir" "-e" "CARGO_HOME=/opt/rustwide/cargo-home" "-e" "RUSTUP_HOME=/opt/rustwide/rustup-home" "-e" "CARGO_TARGET_DIR=/opt/rustwide/target" "-e" "CARGO_INCREMENTAL=0" "-e" "RUST_BACKTRACE=full" "-e" "RUSTFLAGS=--cap-lints=warn" "-e" "RUSTDOCFLAGS=--cap-lints=warn" "-w" "/opt/rustwide/workdir" "--user" "0:0" "9d7ef756b7123f05bffbe5145d55b9dea8bcdea0f7d9e2ef3d9a1a181963c80f" "/opt/rustwide/cargo-home/bin/cargo" "+1.99.0-beta.8" "test" "--frozen" "--release", kill_on_drop: false }`
[INFO] [stderr]     Finished `release` profile [optimized] target(s) in 0.24s
[INFO] [stderr]      Running unittests src/lib.rs (/opt/rustwide/target/release/deps/fusen_rs-3d45dd4ca177e66b)
[INFO] [stdout] 
[INFO] [stdout] running 177 tests
[INFO] [stdout] test client::config::tests::default_getters_match_the_runtime_contract ... ok
[INFO] [stdout] test client::endpoint_breakers::tests::snapshot_removal_evicts_only_the_missing_discovery_entry ... ok
[INFO] [stdout] test client::invocation::tests::endpoint_selection_releases_unselected_half_open_permit_without_resetting_successes ... ok
[INFO] [stdout] test client::config::tests::validation_reports_stable_kind_path_and_reason ... ok
[INFO] [stdout] test client::invocation::tests::attempt_interceptor_short_circuits_keep_zero_physical_attempts ... ok
[INFO] [stdout] test client::config::tests::independent_builders_accept_cross_field_boundaries ... ok
[INFO] [stdout] test client::invocation::tests::https_auto_attempt_context_has_no_version_before_alpn ... ok
[INFO] [stdout] test client::invocation::tests::https_auto_negotiates_when_endpoint_supports_both_http_versions ... ok
[INFO] [stdout] test client::invocation::tests::direct_and_discovery_emit_the_same_http_request_for_equal_capabilities ... ok
[INFO] [stdout] test client::invocation::tests::argument_serialization_panic_is_isolated_before_network_io ... ok
[INFO] [stdout] test client::invocation::tests::non_success_body_uses_the_configured_response_limit_before_status_fallback ... ok
[INFO] [stdout] test client::endpoint_breakers::tests::discovery_cleanup_does_not_prune_direct_or_other_owner_entries ... ok
[INFO] [stdout] test client::invocation::tests::attempt_interceptor_fallback_preserves_the_observed_failure_class ... ok
[INFO] [stdout] test client::invocation::tests::request_encoder_panic_is_local_and_does_not_sample_breakers ... ok
[INFO] [stdout] test client::invocation::tests::https_auto_attempt_metric_omits_version_when_alpn_never_completes ... ok
[INFO] [stdout] test client::invocation::tests::request_template_is_replayable_with_independent_control_headers_and_budget ... ok
[INFO] [stdout] test client::invocation::tests::custom_error_decoder_sees_semantic_headers_and_returns_a_remote_failure ... ok
[INFO] [stdout] test client::invocation::tests::head_error_decoder_panic_is_local_and_does_not_sample_breakers ... ok
[INFO] [stdout] test client::invocation::tests::interceptor_replacement_decode_failure_does_not_poison_breakers ... ok
[INFO] [stdout] test client::invocation::tests::remote_application_status_controls_breakers_without_enabling_retry ... ok
[INFO] [stdout] test client::invocation::tests::error_decoder_panic_is_local_and_does_not_sample_breakers ... ok
[INFO] [stdout] test client::invocation::tests::interceptor_replacement_preserves_the_physical_attempt_count ... ok
[INFO] [stdout] test client::invocation::tests::router_and_load_balancer_panics_are_isolated_before_network_io ... ok
[INFO] [stdout] test client::invocation::tests::infeasible_retry_after_stops_without_spending_a_retry_token ... ok
[INFO] [stdout] test client::invocation::tests::head_error_calls_custom_decoder_without_buffering_the_response_body ... ok
[INFO] [stdout] test client::invocation::tests::retry_selection_failure_preserves_the_completed_attempt_count ... ok
[INFO] [stdout] test client::invocation::tests::response_decoder_cannot_expand_body_past_runtime_limit ... ok
[INFO] [stdout] test client::runtime::tests::admitted_work_keeps_pool_access_until_it_has_drained ... ok
[INFO] [stdout] test client::runtime::tests::cancelled_waiter_does_not_cancel_shared_bounded_shutdown ... ok
[INFO] [stdout] test client::subscription::tests::activation_timeout_quarantines_until_late_activation_is_compensated ... ok
[INFO] [stdout] test client::invocation::tests::transformed_remote_body_decode_failure_does_not_poison_breakers ... ok
[INFO] [stdout] test client::subscription::tests::close_timeout_quarantines_without_starting_duplicate_cleanup ... ok
[INFO] [stdout] test client::subscription::tests::stale_snapshot_expires_to_unavailable_and_shutdown_closes_once ... ok
[INFO] [stdout] test client::subscription::tests::provider_close_keeps_ready_directory_until_logical_drain_finishes ... ok
[INFO] [stdout] test client::subscription::tests::provider_close_error_is_preserved_as_shutdown_failure ... ok
[INFO] [stdout] test client::subscription::tests::shutdown_waits_for_every_slot_before_returning_first_error ... ok
[INFO] [stdout] test client::transport::tests::configured_http2_shards_are_built_for_explicit_and_auto_pools ... ok
[INFO] [stdout] test client::subscription::tests::provider_disconnect_uses_last_good_until_one_deadline_then_recovers ... ok
[INFO] [stdout] test client::invocation::tests::zero_attempt_short_circuits_preserve_half_open_breaker_progress ... ok
[INFO] [stdout] test client::invocation::tests::typed_result_decode_failure_is_the_logical_error_terminal ... ok
[INFO] [stdout] test client::transport::tests::https_rejects_untrusted_certificates_without_plaintext_fallback ... ok
[INFO] [stdout] test client::transport::tests::requests_with_control_ids_keep_stable_shard_selection ... ok
[INFO] [stdout] test client::invocation::tests::unsupported_response_http_version_is_a_remote_protocol_failure ... ok
[INFO] [stdout] test client::invocation::tests::truncated_response_is_a_terminal_protocol_failure ... ok
[INFO] [stdout] test client::invocation::tests::retry_policy_panic_stops_after_the_first_attempt ... ok
[INFO] [stdout] test context::tests::declared_responses_project_but_context_short_circuits_do_not ... ok
[INFO] [stdout] test client::transport::tests::requests_without_control_ids_round_robin_across_shards ... ok
[INFO] [stdout] test codec::tests::encoded_request_debug_never_expands_values ... ok
[INFO] [stdout] test context::tests::payload_carrier_debug_never_expands_values ... ok
[INFO] [stdout] test client::transport::tests::https_auto_falls_back_to_http1_with_alpn ... ok
[INFO] [stdout] test client::invocation::tests::response_decoder_panic_is_local_and_does_not_sample_breakers ... ok
[INFO] [stdout] test client::transport::tests::https_rejects_hostname_mismatches ... ok
[INFO] [stdout] test client::transport::tests::https_http2_requires_the_server_to_negotiate_h2_alpn ... ok
[INFO] [stdout] test client::invocation::tests::retry_selects_from_a_newer_directory_snapshot_after_a_failed_attempt ... ok
[INFO] [stdout] test context::tests::response_attempts_are_exact_and_preserved_by_map ... ok
[INFO] [stdout] test error::invocation::tests::application_constructors_keep_kind_category_and_status_orthogonal ... ok
[INFO] [stdout] test error::invocation::tests::application_errors_cannot_be_retryable ... ok
[INFO] [stdout] test error::invocation::tests::error_codes_are_strict_snake_case ... ok
[INFO] [stdout] test error::invocation::tests::cloning_is_copy_on_write_and_debug_redacts_values ... ok
[INFO] [stdout] test interceptor::tests::synchronous_future_construction_panic_is_isolated ... ok
[INFO] [stdout] test interface::tests::http_text_decoding_prefers_the_original_string_shape ... ok
[INFO] [stdout] test projection::tests::field_tables_are_selected_by_representation_direction ... ok
[INFO] [stdout] test projection::tests::every_projection_limit_fails_the_complete_value_closed ... ok
[INFO] [stdout] test projection::tests::fixed_sequences_require_the_declared_length_and_global_array_limit ... ok
[INFO] [stdout] test projection::tests::deeply_nested_classified_values_are_checked_before_policy_dispatch ... ok
[INFO] [stdout] test error::invocation::tests::invocation_error_keeps_a_pointer_sized_public_representation ... ok
[INFO] [stdout] test projection::tests::fully_unclassified_objects_and_nonempty_arrays_are_omitted ... ok
[INFO] [stdout] test error::lifecycle::tests::debug_does_not_expose_sources ... ok
[INFO] [stdout] test projection::tests::paths_are_canonical_and_do_not_include_array_indices ... ok
[INFO] [stdout] test interface::tests::http_body_decoding_does_not_reinterpret_json_strings ... ok
[INFO] [stdout] test projection::tests::policy_panics_and_missing_schemas_fail_closed ... ok
[INFO] [stdout] test projection::tests::recursive_projection_whitelists_fields_and_arrays ... ok
[INFO] [stdout] test projection::tests::replacement_values_are_bounded ... ok
[INFO] [stdout] test projection::tests::response_input_limit_is_enforced_before_policy_dispatch ... ok
[INFO] [stdout] test resilience::breaker::tests::breaker_samples_only_health_relevant_outcomes ... ok
[INFO] [stdout] test resilience::breaker::tests::endpoint_store_is_lru_bounded_and_evicts_ten_minute_idle_entries ... ok
[INFO] [stdout] test projection::tests::response_requires_declared_origin_valid_json_and_response_schema ... ok
[INFO] [stdout] test projection::tests::structural_shape_mismatches_fail_the_complete_projection_closed ... ok
[INFO] [stdout] test resilience::breaker::tests::open_half_open_and_closed_enforce_probe_concurrency_and_successes ... ok
[INFO] [stdout] test resilience::breaker::tests::rolling_window_expires_old_failures ... ok
[INFO] [stdout] test resilience::classify::tests::application_status_controls_breaker_health_without_enabling_retry ... ok
[INFO] [stdout] test resilience::breaker::tests::touching_an_idle_endpoint_replaces_instead_of_reviving_its_breaker ... ok
[INFO] [stdout] test resilience::breaker::tests::failure_classification_separates_health_and_local_outcomes ... ok
[INFO] [stdout] test resilience::breaker::tests::transition_observer_receives_each_terminal_phase_outside_the_state_lock ... ok
[INFO] [stdout] test resilience::breaker::tests::ignored_half_open_outcomes_preserve_success_streak ... ok
[INFO] [stdout] test resilience::breaker::tests::repeated_half_open_failure_doubles_open_time_with_two_minute_cap ... ok
[INFO] [stdout] test resilience::breaker::tests::unattempted_half_open_reservation_preserves_success_streak ... ok
[INFO] [stdout] test resilience::classify::tests::remote_framework_rejections_are_not_application_failures ... ok
[INFO] [stdout] test resilience::retry::tests::retry_gate_does_not_spend_tokens_before_all_non_budget_guards_pass ... ok
[INFO] [stdout] test resilience::retry::tests::full_jitter_is_seeded_and_never_exceeds_exponential_cap ... ok
[INFO] [stdout] test resilience::classify::tests::normalized_retry_hint_controls_remote_framework_retry ... ok
[INFO] [stdout] test resilience::classify::tests::protocol_precedes_transient_status ... ok
[INFO] [stdout] test projection::tests::kind_classifies_complete_arrays_and_nulls ... ok
[INFO] [stdout] test projection::tests::optional_dtos_and_nested_sequences_preserve_their_json_structure ... ok
[INFO] [stdout] test resilience::retry::tests::standard_policy_only_retries_replayable_transient_failures ... ok
[INFO] [stdout] test resilience::retry::tests::hard_attempt_cap_cannot_be_overridden_by_configuration_or_policy ... ok
[INFO] [stdout] test resilience::retry::tests::retry_budget_preserves_fractional_refills_and_caps_capacity ... ok
[INFO] [stdout] test server::config::tests::default_getters_match_the_runtime_contract ... ok
[INFO] [stdout] test server::config::tests::independent_builders_accept_disabled_queue_boundary ... ok
[INFO] [stdout] test runtime::admission::tests::admission_is_fail_fast_and_drains_linearly ... ok
[INFO] [stdout] test runtime::budget::tests::reservations_are_bounded_and_released_by_raii ... ok
[INFO] [stdout] test runtime::metrics::tests::first_panic_disables_the_recorder ... ok
[INFO] [stdout] test sensitive::tests::default_policy_is_explicit_and_custom_kinds_fail_closed ... ok
[INFO] [stdout] test runtime::budget::tests::budgeted_writer_reserves_before_growth_and_releases_on_failure ... ok
[INFO] [stdout] test sensitive::tests::safe_value_has_consistent_human_and_structured_forms ... ok
[INFO] [stdout] test runtime::deadline::tests::one_absolute_deadline_bounds_all_work ... ok
[INFO] [stdout] test sensitive::tests::context_debug_never_formats_the_original_value ... ok
[INFO] [stdout] test server::routes::tests::http_routes_use_per_segment_precedence_independent_of_insertion_order ... ok
[INFO] [stdout] test server::routes::tests::incoming_paths_do_not_normalize_empty_segments ... ok
[INFO] [stdout] test server::routes::tests::http_routes_reject_equivalent_dynamic_shapes_across_services ... ok
[INFO] [stdout] test server::config::tests::validation_reports_stable_kind_path_and_reason ... ok
[INFO] [stdout] test server::routes::tests::http_route_tries_are_isolated_by_http_method ... ok
[INFO] [stdout] test server::routes::tests::http_routes_match_decoded_literal_and_parameter_segments ... ok
[INFO] [stdout] test server::routes::tests::http_query_cardinality_has_stable_missing_single_and_duplicate_semantics ... ok
[INFO] [stdout] test server::tests::shutdown_result_prioritizes_accept_over_registry_error ... ok
[INFO] [stdout] test server::tests::shutdown_result_prioritizes_listener_closure_over_completion_and_registry_errors ... ok
[INFO] [stdout] test server::routes::tests::http_routes_fall_back_to_a_parameter_after_a_literal_dead_end ... ok
[INFO] [stdout] test server::routes::tests::parameter_maps_restore_unclaimed_query_and_header_values ... ok
[INFO] [stdout] test server::routes::tests::query_pair_limit_is_checked_without_decoding_a_body ... ok
[INFO] [stdout] test server::tests::draining_state_waits_for_listener_closure_acknowledgement ... ok
[INFO] [stdout] test server::tests::shutdown_result_prioritizes_timeout_over_accept_and_registry_errors ... ok
[INFO] [stdout] test server::http::tests::application_headers_exclude_binding_runtime_and_hop_headers ... ok
[INFO] [stdout] test server::transport::tests::accept_backoff_starts_at_ten_ms_and_caps_at_one_second ... ok
[INFO] [stdout] test server::transport::tests::accept_failure_tracking_retries_interrupted_and_resets_after_success ... ok
[INFO] [stdout] test server::routes::tests::http_body_fields_are_extracted_from_one_json_object ... ok
[INFO] [stdout] test server::tests::shutdown_result_returns_registry_error_after_clean_transport_drain ... ok
[INFO] [stdout] test server::tests::unix_signal_child ... ok
[INFO] [stdout] test client::invocation::tests::empty_router_output_returns_no_instances_before_network_io ... ok
[INFO] [stdout] test client::invocation::tests::ready_empty_discovery_snapshot_returns_no_instances_before_network_io ... ok
[INFO] [stdout] test client::invocation::tests::custom_encoder_control_header_is_rejected_before_network_io ... ok
[INFO] [stdout] test wire::problem::tests::malformed_problem_bodies_fall_back_to_remote_http_status ... ok
[INFO] [stdout] test server::transport::tests::sixteenth_recoverable_accept_failure_is_fatal ... ok
[INFO] [stdout] test wire::problem::tests::malformed_external_problem_type_uri_references_are_rejected ... ok
[INFO] [stdout] test wire::problem::tests::encoding_only_emits_retry_after_for_local_framework_errors ... ok
[INFO] [stdout] test server::transport::tests::h1_blocked_vectored_writer_holds_response_budget ... ok
[INFO] [stdout] test server::transport::tests::h2_flow_control_holds_response_budget_until_transport_cancels ... ok
[INFO] [stdout] test wire::problem::tests::canonical_problem_validates_type_status_code_and_request_id ... ok
[INFO] [stdout] test server::transport::tests::transport_executor_drops_cancelled_tasks_including_late_spawns ... ok
[INFO] [stdout] test wire::tests::cookie_values_reject_cookie_pair_injection ... ok
[INFO] [stdout] test wire::problem::tests::problem_encoding_emits_request_id_only_with_invocation_controls ... ok
[INFO] [stdout] test wire::problem::tests::http_bindings_accept_external_problem_types_but_reserved_types_stay_strict ... ok
[INFO] [stdout] test wire::problem::tests::oversized_problem_uses_the_bounded_emergency_document ... ok
[INFO] [stdout] test wire::problem::tests::encoding_does_not_relay_remote_headers_or_details ... ok
[INFO] [stdout] test wire::problem::tests::retry_after_accepts_delta_seconds_and_http_date ... ok
[INFO] [stdout] test wire::tests::decoded_response_body_is_revalidated_and_fully_budgeted ... ok
[INFO] [stdout] test wire::problem::tests::response_request_id_strictness_follows_negotiated_controls ... ok
[INFO] [stdout] test wire::problem::tests::retry_hints_are_normalized_from_kind_status_and_headers ... ok
[INFO] [stdout] test wire::problem::tests::head_errors_are_normalized_without_a_problem_body ... ok
[INFO] [stdout] test wire::tests::buffered_response_debug_contains_only_http_semantics ... ok
[INFO] [stdout] test wire::problem::tests::problem_request_id_strictness_follows_negotiated_controls ... ok
[INFO] [stdout] test wire::tests::duplicate_control_headers_are_rejected ... ok
[INFO] [stdout] test wire::tests::decoder_headers_keep_http_semantics_but_hide_runtime_controls ... ok
[INFO] [stdout] test wire::tests::encoded_request_body_stops_at_the_configured_limit ... ok
[INFO] [stdout] test wire::tests::json_binding_accepts_only_application_json_family_media_types ... ok
[INFO] [stdout] test wire::tests::head_204_and_205_successes_suppress_the_body_and_content_type ... ok
[INFO] [stdout] test wire::tests::invalid_response_content_length_is_a_terminal_remote_protocol_error ... ok
[INFO] [stdout] test wire::tests::json_codec_accepts_204_and_205_without_content_type ... ok
[INFO] [stdout] test wire::tests::json_request_rejects_declared_parameter_and_call_header_conflicts_independent_of_values ... ok
[INFO] [stdout] test wire::tests::endpoint_uris_preserve_http_and_https_schemes ... ok
[INFO] [stdout] test wire::tests::http_query_encoding_obeys_declared_cardinality ... ok
[INFO] [stdout] test client::transport::tests::https_auto_negotiates_http2_with_alpn ... ok
[INFO] [stdout] test client::invocation::tests::router_cannot_inject_an_instance_before_network_io ... ok
[INFO] [stdout] test wire::tests::encoded_request_releases_budget_when_reservation_is_exhausted ... ok
[INFO] [stdout] test wire::tests::extracted_frame_holds_response_budget_after_body_is_dropped ... ok
[INFO] [stdout] test wire::tests::response_budget_covers_serialization_and_body ... ok
[INFO] [stdout] test wire::tests::response_body_failures_keep_remote_and_local_ownership_separate ... ok
[INFO] [stdout] test wire::tests::request_encoder_errors_are_always_attributed_locally ... ok
[INFO] [stdout] test wire::tests::parameter_maps_expand_repeated_values_ignore_null_and_reject_conflicts ... ok
[INFO] [stdout] test wire::tests::request_ids_are_strict_ascii_tokens ... ok
[INFO] [stdout] test wire::tests::request_encoder_cannot_change_the_canonical_http_method ... ok
[INFO] [stdout] test wire::tests::response_encoding_strips_framing_and_framework_control_headers ... ok
[INFO] [stdout] test wire::tests::retries_for_non_replayable_methods_are_rejected ... ok
[INFO] [stdout] test wire::tests::unsupported_response_http_versions_are_remote_protocol_errors ... ok
[INFO] [stdout] test wire::tests::response_content_type_must_be_one_json_media_type ... ok
[INFO] [stdout] test wire::tests::only_one_valid_request_id_is_trusted_for_early_error_responses ... ok
[INFO] [stdout] test client::transport::tests::https_supports_tls12_and_tls13_over_http1_and_http2 ... ok
[INFO] [stdout] test server::tests::sigint_and_sigterm_are_received_in_isolated_subprocesses ... ok
[INFO] [stdout] 
[INFO] [stdout] test result: ok. 177 passed; 0 failed; 0 ignored; 0 measured; 0 filtered out; finished in 0.09s
[INFO] [stdout] 
[INFO] [stderr]      Running tests/binding_preflight.rs (/opt/rustwide/target/release/deps/binding_preflight-3edd56cb6d017857)
[INFO] [stdout] 
[INFO] [stdout] running 6 tests
[INFO] [stderr]      Running tests/interceptor_e2e.rs (/opt/rustwide/target/release/deps/interceptor_e2e-909efd33c879a526)
[INFO] [stdout] test built_in_json_client_rejects_non_json_contract_before_io ... ok
[INFO] [stdout] test built_in_json_client_rejects_non_json_produces_before_io ... ok
[INFO] [stdout] test built_in_json_binding_accepts_json_family_media_types ... ok
[INFO] [stdout] test built_in_json_server_rejects_non_json_contract_before_bind ... ok
[INFO] [stdout] test built_in_json_server_rejects_non_json_produces_before_bind ... ok
[INFO] [stdout] test custom_client_binding_accepts_a_non_json_contract ... ok
[INFO] [stdout] 
[INFO] [stdout] test result: ok. 6 passed; 0 failed; 0 ignored; 0 measured; 0 filtered out; finished in 0.01s
[INFO] [stdout] 
[INFO] [stdout] 
[INFO] [stdout] running 5 tests
[INFO] [stdout] test server_head_rejection_does_not_poll_the_request_body ... ok
[INFO] [stdout] test declared_response_origins_are_projectable_but_context_responses_are_not ... ok
[INFO] [stdout] test four_stages_run_global_then_local_with_shared_server_extensions ... ok
[INFO] [stderr]      Running tests/public_spi.rs (/opt/rustwide/target/release/deps/public_spi-8de0cc04ebe755c5)
[INFO] [stdout] test directional_schemas_protect_all_four_projection_paths ... ok
[INFO] [stdout] test each_attempt_gets_an_isolated_clone_and_success_reports_final_attempts ... ok
[INFO] [stdout] 
[INFO] [stdout] test result: ok. 5 passed; 0 failed; 0 ignored; 0 measured; 0 filtered out; finished in 0.01s
[INFO] [stdout] 
[INFO] [stdout] 
[INFO] [stdout] running 2 tests
[INFO] [stdout] test invocation_error_dimensions_and_constructors_are_public ... ok
[INFO] [stdout] test external_implementations_are_object_safe_and_arc_forwarding_is_complete ... ok
[INFO] [stdout] 
[INFO] [stdout] test result: ok. 2 passed; 0 failed; 0 ignored; 0 measured; 0 filtered out; finished in 0.01s
[INFO] [stdout] 
[INFO] [stderr]      Running tests/runtime_e2e.rs (/opt/rustwide/target/release/deps/runtime_e2e-edfc2a2a197b3cb1)
[INFO] [stdout] 
[INFO] [stdout] running 5 tests
[INFO] [stdout] test graceful_shutdown_drains_an_inflight_h2_stream ... ok
[INFO] [stdout] test client_interceptor_runs_once_around_two_physical_attempts ... ok
[INFO] [stdout] test a_panicking_h2_stream_does_not_poison_other_streams ... ok
[INFO] [stdout] test real_h2c_and_http1_slices_round_trip ... ok
[INFO] [stderr]      Running tests/sensitive_projection.rs (/opt/rustwide/target/release/deps/sensitive_projection-5197cb2b155fc68b)
[INFO] [stdout] test graceful_shutdown_aborts_a_permanently_pending_stream_at_deadline ... ok
[INFO] [stdout] 
[INFO] [stdout] test result: ok. 5 passed; 0 failed; 0 ignored; 0 measured; 0 filtered out; finished in 0.06s
[INFO] [stdout] 
[INFO] [stdout] 
[INFO] [stdout] running 2 tests
[INFO] [stdout] test derive_tracks_directional_serde_names_aliases_and_skips ... ok
[INFO] [stderr]      Running tests/server_registry.rs (/opt/rustwide/target/release/deps/server_registry-6569ec31026e74fd)
[INFO] [stdout] test interface_discovers_derived_request_and_response_shapes ... ok
[INFO] [stdout] 
[INFO] [stdout] test result: ok. 2 passed; 0 failed; 0 ignored; 0 measured; 0 filtered out; finished in 0.00s
[INFO] [stdout] 
[INFO] [stdout] 
[INFO] [stdout] running 6 tests
[INFO] [stdout] test shutdown_closes_listener_before_registry_and_connection_drain_in_parallel ... ok
[INFO] [stdout] test registrations_follow_stable_order_and_close_in_reverse ... ok
[INFO] [stdout] test close_provider_error_does_not_skip_remaining_handles ... ok
[INFO] [stdout] test rollback_provider_error_does_not_replace_the_startup_failure ... ok
[INFO] [stdout] test activation_failure_rolls_back_every_started_handle_in_reverse ... ok
[INFO] [stdout] test one_close_operation_timeout_has_timeout_priority_and_continues_cleanup ... ok
[INFO] [stdout] 
[INFO] [stdout] test result: ok. 6 passed; 0 failed; 0 ignored; 0 measured; 0 filtered out; finished in 0.03s
[INFO] [stdout] 
[INFO] [stderr]      Running tests/server_resources.rs (/opt/rustwide/target/release/deps/server_resources-1692093b82d94e87)
[INFO] [stdout] 
[INFO] [stdout] running 13 tests
[INFO] [stdout] test not_ready_returns_without_receiving_the_declared_body ... ok
[INFO] [stdout] test graceful_shutdown_drains_an_inflight_http1_response ... ok
[INFO] [stdout] test early_route_rejection_echoes_a_valid_request_id ... ok
[INFO] [stdout] test head_rejections_return_without_receiving_the_declared_body ... ok
[INFO] [stdout] test no_body_routes_reject_chunked_http1_before_sending_continue ... ok
[INFO] [stdout] test request_byte_budget_is_restored_after_body_cancellation ... ok
[INFO] [stdout] test unknown_length_empty_http2_bodies_remain_valid_for_no_body_routes ... ok
[INFO] [stdout] test request_byte_budget_is_restored_after_handler_panic ... ok
[INFO] [stdout] test synchronous_interceptor_panic_does_not_poison_an_http1_connection ... ok
[INFO] [stdout] test no_body_routes_reject_http2_data_without_content_length ... ok
[INFO] [stdout] test pending_http2_body_validation_obeys_deadline_and_releases_resources ... FAILED
[INFO] [stdout] test request_byte_budget_is_restored_after_body_timeout ... FAILED
[INFO] [stdout] test the_1025th_request_is_rejected_while_1024_are_in_flight ... FAILED
[INFO] [stdout] 
[INFO] [stdout] failures:
[INFO] [stdout] 
[INFO] [stdout] ---- pending_http2_body_validation_obeys_deadline_and_releases_resources stdout ----
[INFO] [stdout] 
[INFO] [stdout] thread 'pending_http2_body_validation_obeys_deadline_and_releases_resources' (2992) panicked at tests/server_resources.rs:832:53:
[INFO] [stdout] called `Result::unwrap()` on an `Err` value: Os { code: 24, kind: TooManyOpenFiles, message: "Too many open files" }
[INFO] [stdout] stack backtrace:
[INFO] [stdout]    0:     0x5e4339480e11 - <<std[70759c8f55707aa4]::sys::backtrace::BacktraceLock>::print::DisplayBacktrace as core[df12db4294e9bfd3]::fmt::Display>::fmt
[INFO] [stdout]    1:     0x5e43394979ba - core[df12db4294e9bfd3]::fmt::write
[INFO] [stdout]    2:     0x5e43394859cc - <alloc[2182bb758b4b3781]::vec::Vec<u8> as core[df12db4294e9bfd3]::io::write::Write>::write_fmt
[INFO] [stdout]    3:     0x5e433945c1e6 - std[70759c8f55707aa4]::panicking::default_hook::{closure#0}
[INFO] [stdout]    4:     0x5e4339478e59 - std[70759c8f55707aa4]::panicking::default_hook
[INFO] [stdout]    5:     0x5e433917ae70 - test[9d35eded1c95d3be]::test_main_inner::<test[9d35eded1c95d3be]::test_main_static::{closure#0}>::{closure#0}
[INFO] [stdout]    6:     0x5e4339479182 - std[70759c8f55707aa4]::panicking::panic_with_hook
[INFO] [stdout]    7:     0x5e433945c292 - std[70759c8f55707aa4]::panicking::panic_handler::{closure#0}
[INFO] [stdout]    8:     0x5e4339454f39 - std[70759c8f55707aa4]::sys::backtrace::__rust_end_short_backtrace::<std[70759c8f55707aa4]::panicking::panic_handler::{closure#0}, !>
[INFO] [stdout]    9:     0x5e433945d07d - __rustc[8fa7c3cbc660c2b3]::rust_begin_unwind
[INFO] [stdout]   10:     0x5e433949811c - core[df12db4294e9bfd3]::panicking::panic_fmt
[INFO] [stdout]   11:     0x5e4339497ef2 - core[df12db4294e9bfd3]::result::unwrap_failed
[INFO] [stdout]   12:     0x5e4339094a56 - server_resources[e20e4c86f7d56eb1]::exchange::{closure#0}
[INFO] [stdout]   13:     0x5e43390a195f - server_resources[e20e4c86f7d56eb1]::pending_http2_body_validation_obeys_deadline_and_releases_resources::{closure#0}
[INFO] [stdout]   14:     0x5e4339157f71 - tokio[58b5d6b90bfa3d01]::runtime::context::runtime::enter_runtime::<<tokio[58b5d6b90bfa3d01]::runtime::scheduler::multi_thread::MultiThread>::block_on<core[df12db4294e9bfd3]::pin::Pin<&mut dyn core[df12db4294e9bfd3]::future::future::Future<Output = ()>>>::{closure#0}, ()>
[INFO] [stdout]   15:     0x5e43390d69ca - <tokio[58b5d6b90bfa3d01]::runtime::runtime::Runtime>::block_on::<core[df12db4294e9bfd3]::pin::Pin<&mut dyn core[df12db4294e9bfd3]::future::future::Future<Output = ()>>>
[INFO] [stdout]   16:     0x5e43390a7872 - <server_resources[e20e4c86f7d56eb1]::pending_http2_body_validation_obeys_deadline_and_releases_resources::{closure#0} as core[df12db4294e9bfd3]::ops::function::FnOnce<()>>::call_once
[INFO] [stdout]   17:     0x5e433916e15b - test[9d35eded1c95d3be]::__rust_begin_short_backtrace::<core[df12db4294e9bfd3]::result::Result<(), alloc[2182bb758b4b3781]::string::String>, fn() -> core[df12db4294e9bfd3]::result::Result<(), alloc[2182bb758b4b3781]::string::String>>
[INFO] [stdout]   18:     0x5e433917b7c5 - test[9d35eded1c95d3be]::run_test::{closure#0}
[INFO] [stdout]   19:     0x5e4339175084 - std[70759c8f55707aa4]::sys::backtrace::__rust_begin_short_backtrace::<test[9d35eded1c95d3be]::run_test::{closure#1}, ()>
[INFO] [stdout]   20:     0x5e433917e922 - <std[70759c8f55707aa4]::thread::lifecycle::spawn_unchecked<test[9d35eded1c95d3be]::run_test::{closure#1}, ()>::{closure#1} as core[df12db4294e9bfd3]::ops::function::FnOnce<()>>::call_once::{shim:vtable#0}
[INFO] [stdout]   21:     0x5e4339480339 - <std[70759c8f55707aa4]::sys::thread::unix::Thread>::new::thread_start
[INFO] [stdout]   22:     0x7945067f7dfa - <unknown>
[INFO] [stdout]   23:     0x79450688b3d4 - clone
[INFO] [stdout]   24:                0x0 - <unknown>
[INFO] [stdout] 
[INFO] [stdout] ---- request_byte_budget_is_restored_after_body_timeout stdout ----
[INFO] [stdout] 
[INFO] [stdout] thread 'request_byte_budget_is_restored_after_body_timeout' (2999) panicked at tests/server_resources.rs:913:10:
[INFO] [stdout] server must answer without waiting for unsent request bytes: Elapsed(())
[INFO] [stdout] stack backtrace:
[INFO] [stdout]    0:     0x5e4339480e11 - <<std[70759c8f55707aa4]::sys::backtrace::BacktraceLock>::print::DisplayBacktrace as core[df12db4294e9bfd3]::fmt::Display>::fmt
[INFO] [stdout]    1:     0x5e43394979ba - core[df12db4294e9bfd3]::fmt::write
[INFO] [stdout]    2:     0x5e43394859cc - <alloc[2182bb758b4b3781]::vec::Vec<u8> as core[df12db4294e9bfd3]::io::write::Write>::write_fmt
[INFO] [stdout]    3:     0x5e433945c1e6 - std[70759c8f55707aa4]::panicking::default_hook::{closure#0}
[INFO] [stdout]    4:     0x5e4339478e59 - std[70759c8f55707aa4]::panicking::default_hook
[INFO] [stdout]    5:     0x5e433917ae70 - test[9d35eded1c95d3be]::test_main_inner::<test[9d35eded1c95d3be]::test_main_static::{closure#0}>::{closure#0}
[INFO] [stdout]    6:     0x5e4339479182 - std[70759c8f55707aa4]::panicking::panic_with_hook
[INFO] [stdout]    7:     0x5e433945c292 - std[70759c8f55707aa4]::panicking::panic_handler::{closure#0}
[INFO] [stdout]    8:     0x5e4339454f39 - std[70759c8f55707aa4]::sys::backtrace::__rust_end_short_backtrace::<std[70759c8f55707aa4]::panicking::panic_handler::{closure#0}, !>
[INFO] [stdout]    9:     0x5e433945d07d - __rustc[8fa7c3cbc660c2b3]::rust_begin_unwind
[INFO] [stdout]   10:     0x5e433949811c - core[df12db4294e9bfd3]::panicking::panic_fmt
[INFO] [stdout]   11:     0x5e4339497ef2 - core[df12db4294e9bfd3]::result::unwrap_failed
[INFO] [stdout]   12:     0x5e43390939f5 - server_resources[e20e4c86f7d56eb1]::try_read_response::{closure#0}
[INFO] [stdout]   13:     0x5e43390936d4 - server_resources[e20e4c86f7d56eb1]::read_response::{closure#0}
[INFO] [stdout]   14:     0x5e4339094955 - server_resources[e20e4c86f7d56eb1]::exchange::{closure#0}
[INFO] [stdout]   15:     0x5e4339093dda - server_resources[e20e4c86f7d56eb1]::assert_echo_succeeds::{closure#0}
[INFO] [stdout]   16:     0x5e43390957cb - server_resources[e20e4c86f7d56eb1]::request_byte_budget_is_restored_after_body_timeout::{closure#0}
[INFO] [stdout]   17:     0x5e4339157f71 - tokio[58b5d6b90bfa3d01]::runtime::context::runtime::enter_runtime::<<tokio[58b5d6b90bfa3d01]::runtime::scheduler::multi_thread::MultiThread>::block_on<core[df12db4294e9bfd3]::pin::Pin<&mut dyn core[df12db4294e9bfd3]::future::future::Future<Output = ()>>>::{closure#0}, ()>
[INFO] [stdout]   18:     0x5e43390d69ca - <tokio[58b5d6b90bfa3d01]::runtime::runtime::Runtime>::block_on::<core[df12db4294e9bfd3]::pin::Pin<&mut dyn core[df12db4294e9bfd3]::future::future::Future<Output = ()>>>
[INFO] [stdout]   19:     0x5e43390a68a2 - <server_resources[e20e4c86f7d56eb1]::request_byte_budget_is_restored_after_body_timeout::{closure#0} as core[df12db4294e9bfd3]::ops::function::FnOnce<()>>::call_once
[INFO] [stdout]   20:     0x5e433916e15b - test[9d35eded1c95d3be]::__rust_begin_short_backtrace::<core[df12db4294e9bfd3]::result::Result<(), alloc[2182bb758b4b3781]::string::String>, fn() -> core[df12db4294e9bfd3]::result::Result<(), alloc[2182bb758b4b3781]::string::String>>
[INFO] [stdout]   21:     0x5e433917b7c5 - test[9d35eded1c95d3be]::run_test::{closure#0}
[INFO] [stdout]   22:     0x5e4339175084 - std[70759c8f55707aa4]::sys::backtrace::__rust_begin_short_backtrace::<test[9d35eded1c95d3be]::run_test::{closure#1}, ()>
[INFO] [stdout]   23:     0x5e433917e922 - <std[70759c8f55707aa4]::thread::lifecycle::spawn_unchecked<test[9d35eded1c95d3be]::run_test::{closure#1}, ()>::{closure#1} as core[df12db4294e9bfd3]::ops::function::FnOnce<()>>::call_once::{shim:vtable#0}
[INFO] [stdout]   24:     0x5e4339480339 - <std[70759c8f55707aa4]::sys::thread::unix::Thread>::new::thread_start
[INFO] [stdout]   25:     0x7945067f7dfa - <unknown>
[INFO] [stdout]   26:     0x79450688b3d4 - clone
[INFO] [stdout]   27:                0x0 - <unknown>
[INFO] [stdout] 
[INFO] [stdout] ---- the_1025th_request_is_rejected_while_1024_are_in_flight stdout ----
[INFO] [stdout] 
[INFO] [stdout] thread 'the_1025th_request_is_rejected_while_1024_are_in_flight' (3002) panicked at tests/server_resources.rs:125:9:
[INFO] [stdout] expected 1024 admitted requests to enter the handler, observed 174
[INFO] [stdout] stack backtrace:
[INFO] [stdout]    0:     0x5e4339480e11 - <<std[70759c8f55707aa4]::sys::backtrace::BacktraceLock>::print::DisplayBacktrace as core[df12db4294e9bfd3]::fmt::Display>::fmt
[INFO] [stdout]    1:     0x5e43394979ba - core[df12db4294e9bfd3]::fmt::write
[INFO] [stdout]    2:     0x5e43394859cc - <alloc[2182bb758b4b3781]::vec::Vec<u8> as core[df12db4294e9bfd3]::io::write::Write>::write_fmt
[INFO] [stdout]    3:     0x5e433945c1e6 - std[70759c8f55707aa4]::panicking::default_hook::{closure#0}
[INFO] [stdout]    4:     0x5e4339478e59 - std[70759c8f55707aa4]::panicking::default_hook
[INFO] [stdout]    5:     0x5e433917ae70 - test[9d35eded1c95d3be]::test_main_inner::<test[9d35eded1c95d3be]::test_main_static::{closure#0}>::{closure#0}
[INFO] [stdout]    6:     0x5e4339479182 - std[70759c8f55707aa4]::panicking::panic_with_hook
[INFO] [stdout]    7:     0x5e433945c292 - std[70759c8f55707aa4]::panicking::panic_handler::{closure#0}
[INFO] [stdout]    8:     0x5e4339454f39 - std[70759c8f55707aa4]::sys::backtrace::__rust_end_short_backtrace::<std[70759c8f55707aa4]::panicking::panic_handler::{closure#0}, !>
[INFO] [stdout]    9:     0x5e433945d07d - __rustc[8fa7c3cbc660c2b3]::rust_begin_unwind
[INFO] [stdout]   10:     0x5e433949811c - core[df12db4294e9bfd3]::panicking::panic_fmt
[INFO] [stdout]   11:     0x5e43390a4fd5 - <server_resources[e20e4c86f7d56eb1]::Saturation>::wait_until_entered::{closure#0}
[INFO] [stdout]   12:     0x5e433909bcd2 - server_resources[e20e4c86f7d56eb1]::the_1025th_request_is_rejected_while_1024_are_in_flight::{closure#0}
[INFO] [stdout]   13:     0x5e4339157f71 - tokio[58b5d6b90bfa3d01]::runtime::context::runtime::enter_runtime::<<tokio[58b5d6b90bfa3d01]::runtime::scheduler::multi_thread::MultiThread>::block_on<core[df12db4294e9bfd3]::pin::Pin<&mut dyn core[df12db4294e9bfd3]::future::future::Future<Output = ()>>>::{closure#0}, ()>
[INFO] [stdout]   14:     0x5e43390d69ca - <tokio[58b5d6b90bfa3d01]::runtime::runtime::Runtime>::block_on::<core[df12db4294e9bfd3]::pin::Pin<&mut dyn core[df12db4294e9bfd3]::future::future::Future<Output = ()>>>
[INFO] [stdout]   15:     0x5e43390a7142 - <server_resources[e20e4c86f7d56eb1]::the_1025th_request_is_rejected_while_1024_are_in_flight::{closure#0} as core[df12db4294e9bfd3]::ops::function::FnOnce<()>>::call_once
[INFO] [stdout]   16:     0x5e433916e15b - test[9d35eded1c95d3be]::__rust_begin_short_backtrace::<core[df12db4294e9bfd3]::result::Result<(), alloc[2182bb758b4b3781]::string::String>, fn() -> core[df12db4294e9bfd3]::result::Result<(), alloc[2182bb758b4b3781]::string::String>>
[INFO] [stdout]   17:     0x5e433917b7c5 - test[9d35eded1c95d3be]::run_test::{closure#0}
[INFO] [stdout]   18:     0x5e4339175084 - std[70759c8f55707aa4]::sys::backtrace::__rust_begin_short_backtrace::<test[9d35eded1c95d3be]::run_test::{closure#1}, ()>
[INFO] [stdout]   19:     0x5e433917e922 - <std[70759c8f55707aa4]::thread::lifecycle::spawn_unchecked<test[9d35eded1c95d3be]::run_test::{closure#1}, ()>::{closure#1} as core[df12db4294e9bfd3]::ops::function::FnOnce<()>>::call_once::{shim:vtable#0}
[INFO] [stdout]   20:     0x5e4339480339 - <std[70759c8f55707aa4]::sys::thread::unix::Thread>::new::thread_start
[INFO] [stdout]   21:     0x7945067f7dfa - <unknown>
[INFO] [stdout]   22:     0x79450688b3d4 - clone
[INFO] [stdout]   23:                0x0 - <unknown>
[INFO] [stdout] 
[INFO] [stdout] 
[INFO] [stdout] failures:
[INFO] [stdout]     pending_http2_body_validation_obeys_deadline_and_releases_resources
[INFO] [stdout]     request_byte_budget_is_restored_after_body_timeout
[INFO] [stdout]     the_1025th_request_is_rejected_while_1024_are_in_flight
[INFO] [stdout] 
[INFO] [stdout] test result: FAILED. 10 passed; 3 failed; 0 ignored; 0 measured; 0 filtered out; finished in 10.06s
[INFO] [stdout] 
[INFO] [stderr] error: test failed, to rerun pass `--test server_resources`
[INFO] running `Command { std: "docker" "inspect" "9d7ef756b7123f05bffbe5145d55b9dea8bcdea0f7d9e2ef3d9a1a181963c80f", kill_on_drop: false }`
[INFO] running `Command { std: "docker" "rm" "-f" "9d7ef756b7123f05bffbe5145d55b9dea8bcdea0f7d9e2ef3d9a1a181963c80f", kill_on_drop: false }`
[INFO] [stdout] 9d7ef756b7123f05bffbe5145d55b9dea8bcdea0f7d9e2ef3d9a1a181963c80f
