[INFO] fetching crate fuse-zstd 1.2.0...
[INFO] testing fuse-zstd-1.2.0 against 1.99.0-beta.8+cargoflags=--release for beta-release-1.100-2
[INFO] extracting crate fuse-zstd 1.2.0 into /workspace/builds/worker-6-tc1/source
[INFO] started tweaking crates.io crate fuse-zstd 1.2.0
[INFO] finished tweaking crates.io crate fuse-zstd 1.2.0
[INFO] tweaked toml for crates.io crate fuse-zstd 1.2.0 written to /workspace/builds/worker-6-tc1/source/Cargo.toml
[INFO] validating manifest of crates.io crate fuse-zstd 1.2.0 on toolchain 1.99.0-beta.8
[INFO] running `Command { std: CARGO_HOME="/workspace/cargo-home" RUSTUP_HOME="/workspace/rustup-home" "/workspace/cargo-home/bin/cargo" "+1.99.0-beta.8" "metadata" "--manifest-path" "Cargo.toml" "--no-deps", kill_on_drop: false }`
[INFO] crate crates.io crate fuse-zstd 1.2.0 already has a lockfile, it will not be regenerated
[INFO] running `Command { std: CARGO_HOME="/workspace/cargo-home" RUSTUP_HOME="/workspace/rustup-home" "/workspace/cargo-home/bin/cargo" "+1.99.0-beta.8" "fetch" "--manifest-path" "Cargo.toml", kill_on_drop: false }`
[INFO] [stderr]     Updating crates.io index
[INFO] [stderr]  Downloading crates ...
[INFO] [stderr]   Downloaded pkg-config v0.3.29
[INFO] [stderr]   Downloaded zstd-safe v7.0.0
[INFO] [stderr]   Downloaded fastrand v2.0.1
[INFO] [stderr]   Downloaded zstd v0.13.0
[INFO] [stderr]   Downloaded errno v0.3.8
[INFO] [stderr]   Downloaded sentry-log v0.32.2
[INFO] [stderr]   Downloaded itoa v1.0.10
[INFO] [stderr]   Downloaded hermit-abi v0.3.5
[INFO] [stderr]   Downloaded sentry-tracing v0.32.2
[INFO] [stderr]   Downloaded uname v0.1.1
[INFO] [stderr]   Downloaded proc-mounts v0.3.0
[INFO] [stderr]   Downloaded anstyle-parse v0.2.3
[INFO] [stderr]   Downloaded windows-targets v0.52.0
[INFO] [stderr]   Downloaded sentry-panic v0.32.2
[INFO] [stderr]   Downloaded rustc_version v0.4.0
[INFO] [stderr]   Downloaded wasm-bindgen-macro v0.2.91
[INFO] [stderr]   Downloaded wasm-bindgen-futures v0.4.41
[INFO] [stderr]   Downloaded tower-service v0.3.2
[INFO] [stderr]   Downloaded anstyle-query v1.0.2
[INFO] [stderr]   Downloaded sentry-backtrace v0.32.2
[INFO] [stderr]   Downloaded sentry-debug-images v0.32.2
[INFO] [stderr]   Downloaded sentry-contexts v0.32.2
[INFO] [stderr]   Downloaded wasm-bindgen-shared v0.2.91
[INFO] [stderr]   Downloaded futures-timer v3.0.2
[INFO] [stderr]   Downloaded partition-identity v0.3.0
[INFO] [stderr]   Downloaded anstyle v1.0.6
[INFO] [stderr]   Downloaded jobserver v0.1.28
[INFO] [stderr]   Downloaded xattr v1.3.1
[INFO] [stderr]   Downloaded lock_api v0.4.11
[INFO] [stderr]   Downloaded quote v1.0.35
[INFO] [stderr]   Downloaded time-macros v0.2.17
[INFO] [stderr]   Downloaded thiserror-impl v1.0.57
[INFO] [stderr]   Downloaded ppv-lite86 v0.2.17
[INFO] [stderr]   Downloaded security-framework-sys v2.9.1
[INFO] [stderr]   Downloaded hootbin v0.1.1
[INFO] [stderr]   Downloaded hoot v0.1.3
[INFO] [stderr]   Downloaded httparse v1.8.0
[INFO] [stderr]   Downloaded semver v1.0.21
[INFO] [stderr]   Downloaded os_info v3.7.0
[INFO] [stderr]   Downloaded wasm-bindgen-macro-support v0.2.91
[INFO] [stderr]   Downloaded wasm-bindgen-backend v0.2.91
[INFO] [stderr]   Downloaded ipnet v2.9.0
[INFO] [stderr]   Downloaded rstest v0.18.2
[INFO] [stderr]   Downloaded relative-path v1.9.2
[INFO] [stderr]   Downloaded bitflags v2.4.2
[INFO] [stderr]   Downloaded tempfile v3.10.0
[INFO] [stderr]   Downloaded smallvec v1.13.1
[INFO] [stderr]   Downloaded log v0.4.20
[INFO] [stderr]   Downloaded crossbeam-utils v0.8.19
[INFO] [stderr]   Downloaded sentry-types v0.32.2
[INFO] [stderr]   Downloaded thiserror v1.0.57
[INFO] [stderr]   Downloaded getrandom v0.2.12
[INFO] [stderr]   Downloaded sentry v0.32.2
[INFO] [stderr]   Downloaded native-tls v0.2.11
[INFO] [stderr]   Downloaded core-foundation-sys v0.8.6
[INFO] [stderr]   Downloaded schannel v0.1.23
[INFO] [stderr]   Downloaded rstest_macros v0.18.2
[INFO] [stderr]   Downloaded zerocopy-derive v0.7.32
[INFO] [stderr]   Downloaded clap v4.5.0
[INFO] [stderr]   Downloaded sentry-core v0.32.2
[INFO] [stderr]   Downloaded proc-macro2 v1.0.78
[INFO] [stderr]   Downloaded ryu v1.0.16
[INFO] [stderr]   Downloaded bytes v1.5.0
[INFO] [stderr]   Downloaded miniz_oxide v0.7.2
[INFO] [stderr]   Downloaded indexmap v2.2.3
[INFO] [stderr]   Downloaded serde v1.0.196
[INFO] [stderr]   Downloaded serde_derive v1.0.196
[INFO] [stderr]   Downloaded uuid v1.7.0
[INFO] [stderr]   Downloaded url v2.5.0
[INFO] [stderr]   Downloaded security-framework v2.9.2
[INFO] [stderr]   Downloaded openssl-sys v0.9.99
[INFO] [stderr]   Downloaded bumpalo v3.14.0
[INFO] [stderr]   Downloaded js-sys v0.3.68
[INFO] [stderr]   Downloaded utf8parse v0.2.1
[INFO] [stderr]   Downloaded strsim v0.11.0
[INFO] [stderr]   Downloaded predicates-tree v1.0.9
[INFO] [stderr]   Downloaded mio v0.8.10
[INFO] [stderr]   Downloaded memchr v2.7.1
[INFO] [stderr]   Downloaded http v0.2.11
[INFO] [stderr]   Downloaded env_filter v0.1.0
[INFO] [stderr]   Downloaded clap_lex v0.7.0
[INFO] [stderr]   Downloaded predicates-core v1.0.6
[INFO] [stderr]   Downloaded difflib v0.4.0
[INFO] [stderr]   Downloaded ureq v2.9.5
[INFO] [stderr]   Downloaded colorchoice v1.0.0
[INFO] [stderr]   Downloaded anstyle-wincon v3.0.2
[INFO] [stderr]   Downloaded termtree v0.4.1
[INFO] [stderr]   Downloaded doc-comment v0.3.3
[INFO] [stderr]   Downloaded serde_json v1.0.113
[INFO] [stderr]   Downloaded time v0.3.34
[INFO] [stderr]   Downloaded tokio-util v0.7.10
[INFO] [stderr]   Downloaded unicode-normalization v0.1.22
[INFO] [stderr]   Downloaded h2 v0.3.24
[INFO] [stderr]   Downloaded assert_cmd v2.0.13
[INFO] [stderr]   Downloaded predicates v3.1.0
[INFO] [stderr]   Downloaded reqwest v0.11.24
[INFO] [stderr]   Downloaded wasm-bindgen v0.2.91
[INFO] [stderr]   Downloaded env_logger v0.11.1
[INFO] [stderr]   Downloaded aho-corasick v1.1.2
[INFO] [stderr]   Downloaded hyper v0.14.28
[INFO] [stderr]   Downloaded anstream v0.6.11
[INFO] [stderr]   Downloaded tracing-subscriber v0.3.18
[INFO] [stderr]   Downloaded syn v2.0.48
[INFO] [stderr]   Downloaded regex v1.10.3
[INFO] [stderr]   Downloaded openssl v0.10.63
[INFO] [stderr]   Downloaded fuser v0.14.0
[INFO] [stderr]   Downloaded clap_builder v4.5.0
[INFO] [stderr]   Downloaded idna v0.5.0
[INFO] [stderr]   Downloaded regex-syntax v0.8.2
[INFO] [stderr]   Downloaded zerocopy v0.7.32
[INFO] [stderr]   Downloaded rustix v0.38.31
[INFO] [stderr]   Downloaded windows_x86_64_gnullvm v0.52.0
[INFO] [stderr]   Downloaded windows_aarch64_gnullvm v0.52.0
[INFO] [stderr]   Downloaded sled v0.34.7
[INFO] [stderr]   Downloaded bstr v1.9.0
[INFO] [stderr]   Downloaded regex-automata v0.4.5
[INFO] [stderr]   Downloaded zstd-sys v2.0.9+zstd.1.5.5
[INFO] [stderr]   Downloaded libc v0.2.153
[INFO] [stderr]   Downloaded web-sys v0.3.68
[INFO] [stderr]   Downloaded tokio v1.36.0
[INFO] [stderr]   Downloaded windows_aarch64_msvc v0.52.0
[INFO] [stderr]   Downloaded windows_x86_64_msvc v0.52.0
[INFO] [stderr]   Downloaded windows_x86_64_gnu v0.52.0
[INFO] [stderr]   Downloaded windows_i686_msvc v0.52.0
[INFO] [stderr]   Downloaded windows_i686_gnu v0.52.0
[INFO] [stderr]   Downloaded encoding_rs v0.8.33
[INFO] [stderr]   Downloaded linux-raw-sys v0.4.13
[INFO] running `Command { std: "docker" "create" "-v" "/var/lib/crater-agent-workspace/builds/worker-6-tc1/source:/opt/rustwide/workdir:ro,Z" "-v" "/var/lib/crater-agent-workspace/builds/worker-6-tc1/target:/opt/rustwide/target:rw,Z" "-v" "/var/lib/crater-agent-workspace/cargo-home:/opt/rustwide/cargo-home:ro,Z" "-v" "/var/lib/crater-agent-workspace/rustup-home:/opt/rustwide/rustup-home:ro,Z" "-m" "1610612736" "--network" "none" "ghcr.io/rust-lang/crates-build-env/linux@sha256:77db811e55d90add9212f6832c23229e3de5f1c1f9905e8cb07319ea15df73ac" "sleep" "infinity", kill_on_drop: false }`
[INFO] [stdout] 0ecd89f81d60fc6ad60df322d5a085f74523ad5b8348961b595a923fe3258c15
[INFO] running `Command { std: "docker" "start" "0ecd89f81d60fc6ad60df322d5a085f74523ad5b8348961b595a923fe3258c15", kill_on_drop: false }`
[INFO] running `Command { std: "docker" "inspect" "0ecd89f81d60fc6ad60df322d5a085f74523ad5b8348961b595a923fe3258c15", kill_on_drop: false }`
[INFO] running `Command { std: "docker" "exec" "-e" "SOURCE_DIR=/opt/rustwide/workdir" "-e" "CARGO_HOME=/opt/rustwide/cargo-home" "-e" "RUSTUP_HOME=/opt/rustwide/rustup-home" "-e" "CARGO_TARGET_DIR=/opt/rustwide/target" "-w" "/opt/rustwide/workdir" "--user" "0:0" "0ecd89f81d60fc6ad60df322d5a085f74523ad5b8348961b595a923fe3258c15" "/opt/rustwide/cargo-home/bin/cargo" "+1.99.0-beta.8" "metadata" "--no-deps" "--format-version=1", kill_on_drop: false }`
[INFO] running `Command { std: "docker" "inspect" "0ecd89f81d60fc6ad60df322d5a085f74523ad5b8348961b595a923fe3258c15", kill_on_drop: false }`
[INFO] running `Command { std: "docker" "exec" "-e" "SOURCE_DIR=/opt/rustwide/workdir" "-e" "CARGO_HOME=/opt/rustwide/cargo-home" "-e" "RUSTUP_HOME=/opt/rustwide/rustup-home" "-e" "CARGO_TARGET_DIR=/opt/rustwide/target" "-e" "CARGO_INCREMENTAL=0" "-e" "RUST_BACKTRACE=full" "-e" "RUSTFLAGS=--cap-lints=warn" "-e" "RUSTDOCFLAGS=--cap-lints=warn" "-w" "/opt/rustwide/workdir" "--user" "0:0" "0ecd89f81d60fc6ad60df322d5a085f74523ad5b8348961b595a923fe3258c15" "/opt/rustwide/cargo-home/bin/cargo" "+1.99.0-beta.8" "build" "--frozen" "--message-format=json" "--release", kill_on_drop: false }`
[INFO] [stderr]    Compiling libc v0.2.153
[INFO] [stderr]    Compiling pkg-config v0.3.29
[INFO] [stderr]    Compiling proc-macro2 v1.0.78
[INFO] [stderr]    Compiling memchr v2.7.1
[INFO] [stderr]    Compiling unicode-ident v1.0.12
[INFO] [stderr]    Compiling cfg-if v1.0.0
[INFO] [stderr]    Compiling autocfg v1.1.0
[INFO] [stderr]    Compiling utf8parse v0.2.1
[INFO] [stderr]    Compiling crossbeam-utils v0.8.19
[INFO] [stderr]    Compiling rustix v0.38.31
[INFO] [stderr]    Compiling smallvec v1.13.1
[INFO] [stderr]    Compiling log v0.4.20
[INFO] [stderr]    Compiling regex-syntax v0.8.2
[INFO] [stderr]    Compiling anstyle v1.0.6
[INFO] [stderr]    Compiling parking_lot_core v0.8.6
[INFO] [stderr]    Compiling colorchoice v1.0.0
[INFO] [stderr]    Compiling anstyle-query v1.0.2
[INFO] [stderr]    Compiling instant v0.1.12
[INFO] [stderr]    Compiling anstyle-parse v0.2.3
[INFO] [stderr]    Compiling zstd-safe v7.0.0
[INFO] [stderr]    Compiling crc32fast v1.3.2
[INFO] [stderr]    Compiling linux-raw-sys v0.4.13
[INFO] [stderr]    Compiling bitflags v2.4.2
[INFO] [stderr]    Compiling strsim v0.11.0
[INFO] [stderr]    Compiling clap_lex v0.7.0
[INFO] [stderr]    Compiling anstream v0.6.11
[INFO] [stderr]    Compiling humantime v2.1.0
[INFO] [stderr]    Compiling fastrand v2.0.1
[INFO] [stderr]    Compiling lock_api v0.4.11
[INFO] [stderr]    Compiling fuser v0.14.0
[INFO] [stderr]    Compiling clap_builder v4.5.0
[INFO] [stderr]    Compiling aho-corasick v1.1.2
[INFO] [stderr]    Compiling crossbeam-epoch v0.9.18
[INFO] [stderr]    Compiling quote v1.0.35
[INFO] [stderr]    Compiling jobserver v0.1.28
[INFO] [stderr]    Compiling page_size v0.6.0
[INFO] [stderr]    Compiling fs2 v0.4.3
[INFO] [stderr]    Compiling syn v2.0.48
[INFO] [stderr]    Compiling cc v1.0.83
[INFO] [stderr]    Compiling parking_lot v0.11.2
[INFO] [stderr]    Compiling sled v0.34.7
[INFO] [stderr]    Compiling zstd-sys v2.0.9+zstd.1.5.5
[INFO] [stderr]    Compiling regex-automata v0.4.5
[INFO] [stderr]    Compiling xattr v1.3.1
[INFO] [stderr]    Compiling tempfile v3.10.0
[INFO] [stderr]    Compiling zerocopy-derive v0.7.32
[INFO] [stderr]    Compiling zerocopy v0.7.32
[INFO] [stderr]    Compiling clap v4.5.0
[INFO] [stderr]    Compiling regex v1.10.3
[INFO] [stderr]    Compiling env_filter v0.1.0
[INFO] [stderr]    Compiling env_logger v0.11.1
[INFO] [stderr]    Compiling zstd v0.13.0
[INFO] [stderr]    Compiling fuse-zstd v1.2.0 (/opt/rustwide/workdir)
[INFO] [stderr]     Finished `release` profile [optimized] target(s) in 1m 28s
[INFO] running `Command { std: "docker" "inspect" "0ecd89f81d60fc6ad60df322d5a085f74523ad5b8348961b595a923fe3258c15", kill_on_drop: false }`
[INFO] running `Command { std: "docker" "exec" "-e" "SOURCE_DIR=/opt/rustwide/workdir" "-e" "CARGO_HOME=/opt/rustwide/cargo-home" "-e" "RUSTUP_HOME=/opt/rustwide/rustup-home" "-e" "CARGO_TARGET_DIR=/opt/rustwide/target" "-e" "CARGO_INCREMENTAL=0" "-e" "RUST_BACKTRACE=full" "-e" "RUSTFLAGS=--cap-lints=warn" "-e" "RUSTDOCFLAGS=--cap-lints=warn" "-w" "/opt/rustwide/workdir" "--user" "0:0" "0ecd89f81d60fc6ad60df322d5a085f74523ad5b8348961b595a923fe3258c15" "/opt/rustwide/cargo-home/bin/cargo" "+1.99.0-beta.8" "test" "--frozen" "--no-run" "--message-format=json" "--release", kill_on_drop: false }`
[INFO] [stderr]    Compiling semver v1.0.21
[INFO] [stderr]    Compiling slab v0.4.9
[INFO] [stderr]    Compiling futures-core v0.3.30
[INFO] [stderr]    Compiling memchr v2.7.1
[INFO] [stderr]    Compiling futures-sink v0.3.30
[INFO] [stderr]    Compiling regex-automata v0.4.5
[INFO] [stderr]    Compiling regex-syntax v0.8.2
[INFO] [stderr]    Compiling futures-io v0.3.30
[INFO] [stderr]    Compiling pin-project-lite v0.2.13
[INFO] [stderr]    Compiling futures-task v0.3.30
[INFO] [stderr]    Compiling thiserror v1.0.57
[INFO] [stderr]    Compiling syn v2.0.48
[INFO] [stderr]    Compiling doc-comment v0.3.3
[INFO] [stderr]    Compiling predicates-core v1.0.6
[INFO] [stderr]    Compiling glob v0.3.1
[INFO] [stderr]    Compiling difflib v0.4.0
[INFO] [stderr]    Compiling relative-path v1.9.2
[INFO] [stderr]    Compiling cfg-if v1.0.0
[INFO] [stderr]    Compiling futures-channel v0.3.30
[INFO] [stderr]    Compiling termtree v0.4.1
[INFO] [stderr]    Compiling wait-timeout v0.2.0
[INFO] [stderr]    Compiling futures-timer v3.0.2
[INFO] [stderr]    Compiling predicates-tree v1.0.9
[INFO] [stderr]    Compiling predicates v3.1.0
[INFO] [stderr]    Compiling rustc_version v0.4.0
[INFO] [stderr]    Compiling rstest_macros v0.18.2
[INFO] [stderr]    Compiling aho-corasick v1.1.2
[INFO] [stderr]    Compiling regex v1.10.3
[INFO] [stderr]    Compiling bstr v1.9.0
[INFO] [stderr]    Compiling env_filter v0.1.0
[INFO] [stderr]    Compiling env_logger v0.11.1
[INFO] [stderr]    Compiling futures-macro v0.3.30
[INFO] [stderr]    Compiling thiserror-impl v1.0.57
[INFO] [stderr]    Compiling zerocopy-derive v0.7.32
[INFO] [stderr]    Compiling assert_cmd v2.0.13
[INFO] [stderr]    Compiling futures-util v0.3.30
[INFO] [stderr]    Compiling zerocopy v0.7.32
[INFO] [stderr]    Compiling partition-identity v0.3.0
[INFO] [stderr]    Compiling proc-mounts v0.3.0
[INFO] [stderr]    Compiling fuser v0.14.0
[INFO] [stderr]    Compiling fuse-zstd v1.2.0 (/opt/rustwide/workdir)
[INFO] [stderr]    Compiling futures-executor v0.3.30
[INFO] [stderr]    Compiling futures v0.3.30
[INFO] [stderr]    Compiling rstest v0.18.2
[INFO] [stderr]     Finished `release` profile [optimized] target(s) in 30.47s
[INFO] running `Command { std: "docker" "inspect" "0ecd89f81d60fc6ad60df322d5a085f74523ad5b8348961b595a923fe3258c15", kill_on_drop: false }`
[INFO] running `Command { std: "docker" "exec" "-e" "SOURCE_DIR=/opt/rustwide/workdir" "-e" "CARGO_HOME=/opt/rustwide/cargo-home" "-e" "RUSTUP_HOME=/opt/rustwide/rustup-home" "-e" "CARGO_TARGET_DIR=/opt/rustwide/target" "-e" "CARGO_INCREMENTAL=0" "-e" "RUST_BACKTRACE=full" "-e" "RUSTFLAGS=--cap-lints=warn" "-e" "RUSTDOCFLAGS=--cap-lints=warn" "-w" "/opt/rustwide/workdir" "--user" "0:0" "0ecd89f81d60fc6ad60df322d5a085f74523ad5b8348961b595a923fe3258c15" "/opt/rustwide/cargo-home/bin/cargo" "+1.99.0-beta.8" "test" "--frozen" "--release", kill_on_drop: false }`
[INFO] [stderr]     Finished `release` profile [optimized] target(s) in 0.15s
[INFO] [stderr]      Running unittests src/main.rs (/opt/rustwide/target/release/deps/fuse_zstd-5f4ecf16ee82273b)
[INFO] [stderr]      Running tests/cmdline.rs (/opt/rustwide/target/release/deps/cmdline-851fdbd7ff2f6277)
[INFO] [stdout] 
[INFO] [stdout] running 0 tests
[INFO] [stdout] 
[INFO] [stdout] test result: ok. 0 passed; 0 failed; 0 ignored; 0 measured; 0 filtered out; finished in 0.00s
[INFO] [stdout] 
[INFO] [stdout] 
[INFO] [stdout] running 8 tests
[INFO] [stderr] [2026-10-18T08:58:31Z INFO  fuse_zstd] Starting fuse-zstd (1.2.0) with compression level=0, convert=false
[INFO] [stderr] [2026-10-18T08:58:31Z DEBUG fuse_zstd] Root inode index 0xffffffffffffffff
[INFO] [stderr] [2026-10-18T08:58:31Z INFO  fuser::session] Mounting /tmp/.tmpj2VVA8
[INFO] [stderr] [2026-10-18T08:58:31Z INFO  fuse_zstd] Starting fuse-zstd (1.2.0) with compression level=0, convert=false
[INFO] [stderr] [2026-10-18T08:58:31Z DEBUG fuse_zstd] Root inode index 0xffffffffffffffff
[INFO] [stderr] [2026-10-18T08:58:31Z INFO  fuser::session] Mounting /tmp/.tmpf4mygj
[INFO] [stderr] [2026-10-18T08:58:31Z INFO  fuse_zstd] Starting fuse-zstd (1.2.0) with compression level=0, convert=false
[INFO] [stderr] [2026-10-18T08:58:31Z DEBUG fuse_zstd] Root inode index 0xffffffffffffffff
[INFO] [stderr] [2026-10-18T08:58:31Z INFO  fuser::session] Mounting /tmp/.tmpzk8krM
[INFO] [stderr] [2026-10-18T08:58:31Z INFO  fuse_zstd] Starting fuse-zstd (1.2.0) with compression level=0, convert=false
[INFO] [stderr] [2026-10-18T08:58:31Z DEBUG fuse_zstd] Root inode index 0xffffffffffffffff
[INFO] [stderr] [2026-10-18T08:58:31Z INFO  fuser::session] Mounting /tmp/.tmpOdhr7Q
[INFO] [stderr] fusermount: fuse device /dev/fuse not found. Kernel module not loaded?
[INFO] [stderr] Error: Os { code: fusermount: fuse device /dev/fuse not found. Kernel module not loaded?
[INFO] [stderr] 25, kind: Uncategorized, message: "Inappropriate ioctl for device" }
[INFO] [stderr] fusermount: fuse device /dev/fuse not found. Kernel module not loaded?
[INFO] [stderr] Error: Os { code: 25, kind: Uncategorized, message: "Inappropriate ioctl for device" }[2026-10-18T08:58:31Z INFO  fuse_zstd] Starting fuse-zstd (1.2.0) with compression level=0, convert=false
[INFO] [stderr] 
[INFO] [stderr] [2026-10-18T08:58:31Z DEBUG fuse_zstd] Root inode index 0xffffffffffffffff
[INFO] [stderr] [2026-10-18T08:58:31Z INFO  fuse_zstd] Starting fuse-zstd (1.2.0) with compression level=0, convert=false
[INFO] [stderr] [2026-10-18T08:58:31Z DEBUG fuse_zstd] Root inode index 0xffffffffffffffff
[INFO] [stderr] [2026-10-18T08:58:31Z INFO  fuser::session] Mounting /tmp/.tmp8h6116
[INFO] [stderr] [2026-10-18T08:58:31Z INFO  fuser::session] Mounting /tmp/.tmppudkSr
[INFO] [stderr] Error: Os { code: 25, kind: Uncategorized, message: "Inappropriate ioctl for device" }
[INFO] [stderr] fusermount: fuse device /dev/fuse not found. Kernel module not loaded?
[INFO] [stderr] [2026-10-18T08:58:31Z INFO  fuse_zstd] Starting fuse-zstd (1.2.0) with compression level=0, convert=false
[INFO] [stderr] [2026-10-18T08:58:31Z DEBUG fuse_zstd] Root inode index 0xffffffffffffffff
[INFO] [stderr] [2026-10-18T08:58:31Z INFO  fuser::session] Mounting /tmp/.tmpQWf09g
[INFO] [stderr] Error: Os { code: 25, kind: Uncategorized, message: "Inappropriate ioctl for device" }
[INFO] [stderr] fusermount: fuse device /dev/fuse not found. Kernel module not loaded?
[INFO] [stderr] fusermount: fuse device /dev/fuse not found. Kernel module not loaded?
[INFO] [stderr] Error: Os { code: 25, kind: Uncategorized, message: "Inappropriate ioctl for device" }
[INFO] [stderr] Error: Os { code: 25, kind: Uncategorized, message: "Inappropriate ioctl for device" }
[INFO] [stderr] [2026-10-18T08:58:31Z INFO  fuse_zstd] Starting fuse-zstd (1.2.0) with compression level=0, convert=false
[INFO] [stderr] [2026-10-18T08:58:31Z DEBUG fuse_zstd] Root inode index 0xffffffffffffffff
[INFO] [stderr] [2026-10-18T08:58:31Z INFO  fuser::session] Mounting /tmp/.tmppsMsPj
[INFO] [stderr] fusermount: fuse device /dev/fuse not found. Kernel module not loaded?
[INFO] [stderr] Error: Os { code: 25, kind: Uncategorized, message: "Inappropriate ioctl for device" }
[INFO] [stderr] fusermount: fuse device /dev/fuse not found. Kernel module not loaded?
[INFO] [stderr] Error: Os { code: 25, kind: Uncategorized, message: "Inappropriate ioctl for device" }
[INFO] [stdout] test touch ... FAILED
[INFO] [stdout] test mkdir ... FAILED
[INFO] [stdout] test cat ... FAILED
[INFO] [stdout] test rmdir ... FAILED
[INFO] [stdout] test mv ... FAILED
[INFO] [stdout] test ls ... FAILED
[INFO] [stdout] test tee ... FAILED
[INFO] [stdout] test rm ... FAILED
[INFO] [stdout] 
[INFO] [stdout] failures:
[INFO] [stdout] 
[INFO] [stdout] ---- touch stdout ----
[INFO] [stdout] 
[INFO] [stdout] thread 'touch' (2343) panicked at tests/utils.rs:48:9:
[INFO] [stdout] Not mounted
[INFO] [stdout] stack backtrace:
[INFO] [stdout]    0:     0x5fa42cc695e1 - <<std[70759c8f55707aa4]::sys::backtrace::BacktraceLock>::print::DisplayBacktrace as core[df12db4294e9bfd3]::fmt::Display>::fmt
[INFO] [stdout]    1:     0x5fa42cc808da - core[df12db4294e9bfd3]::fmt::write
[INFO] [stdout]    2:     0x5fa42cc6f13c - <alloc[2182bb758b4b3781]::vec::Vec<u8> as core[df12db4294e9bfd3]::io::write::Write>::write_fmt
[INFO] [stdout]    3:     0x5fa42cc43746 - std[70759c8f55707aa4]::panicking::default_hook::{closure#0}
[INFO] [stdout]    4:     0x5fa42cc60c39 - std[70759c8f55707aa4]::panicking::default_hook
[INFO] [stdout]    5:     0x5fa42cb893b0 - test[9d35eded1c95d3be]::test_main_inner::<test[9d35eded1c95d3be]::test_main_static::{closure#0}>::{closure#0}
[INFO] [stdout]    6:     0x5fa42cc60df2 - std[70759c8f55707aa4]::panicking::panic_with_hook
[INFO] [stdout]    7:     0x5fa42cc43824 - std[70759c8f55707aa4]::panicking::panic_handler::{closure#0}
[INFO] [stdout]    8:     0x5fa42cc3c229 - std[70759c8f55707aa4]::sys::backtrace::__rust_end_short_backtrace::<std[70759c8f55707aa4]::panicking::panic_handler::{closure#0}, !>
[INFO] [stdout]    9:     0x5fa42cc443ed - __rustc[8fa7c3cbc660c2b3]::rust_begin_unwind
[INFO] [stdout]   10:     0x5fa42cc8100c - core[df12db4294e9bfd3]::panicking::panic_fmt
[INFO] [stdout]   11:     0x5fa42cb758d0 - <cmdline[d8baa721850e7a71]::utils::FuseZstdProcess>::new
[INFO] [stdout]   12:     0x5fa42cb7ab80 - <cmdline[d8baa721850e7a71]::touch::{closure#0} as core[df12db4294e9bfd3]::ops::function::FnOnce<()>>::call_once
[INFO] [stdout]   13:     0x5fa42cb7c69b - test[9d35eded1c95d3be]::__rust_begin_short_backtrace::<core[df12db4294e9bfd3]::result::Result<(), alloc[2182bb758b4b3781]::string::String>, fn() -> core[df12db4294e9bfd3]::result::Result<(), alloc[2182bb758b4b3781]::string::String>>
[INFO] [stdout]   14:     0x5fa42cb89d05 - test[9d35eded1c95d3be]::run_test::{closure#0}
[INFO] [stdout]   15:     0x5fa42cb835c4 - std[70759c8f55707aa4]::sys::backtrace::__rust_begin_short_backtrace::<test[9d35eded1c95d3be]::run_test::{closure#1}, ()>
[INFO] [stdout]   16:     0x5fa42cb8ce62 - <std[70759c8f55707aa4]::thread::lifecycle::spawn_unchecked<test[9d35eded1c95d3be]::run_test::{closure#1}, ()>::{closure#1} as core[df12db4294e9bfd3]::ops::function::FnOnce<()>>::call_once::{shim:vtable#0}
[INFO] [stdout]   17:     0x5fa42cc688d9 - <std[70759c8f55707aa4]::sys::thread::unix::Thread>::new::thread_start
[INFO] [stdout]   18:     0x7f98075c0dfa - <unknown>
[INFO] [stdout]   19:     0x7f98076543d4 - clone
[INFO] [stdout]   20:                0x0 - <unknown>
[INFO] [stdout] 
[INFO] [stdout] ---- mkdir stdout ----
[INFO] [stdout] 
[INFO] [stdout] thread 'mkdir' (2338) panicked at tests/utils.rs:48:9:
[INFO] [stdout] Not mounted
[INFO] [stdout] stack backtrace:
[INFO] [stdout]    0:     0x5fa42cc695e1 - <<std[70759c8f55707aa4]::sys::backtrace::BacktraceLock>::print::DisplayBacktrace as core[df12db4294e9bfd3]::fmt::Display>::fmt
[INFO] [stdout]    1:     0x5fa42cc808da - core[df12db4294e9bfd3]::fmt::write
[INFO] [stdout]    2:     0x5fa42cc6f13c - <alloc[2182bb758b4b3781]::vec::Vec<u8> as core[df12db4294e9bfd3]::io::write::Write>::write_fmt
[INFO] [stdout]    3:     0x5fa42cc43746 - std[70759c8f55707aa4]::panicking::default_hook::{closure#0}
[INFO] [stdout]    4:     0x5fa42cc60c39 - std[70759c8f55707aa4]::panicking::default_hook
[INFO] [stdout]    5:     0x5fa42cb893b0 - test[9d35eded1c95d3be]::test_main_inner::<test[9d35eded1c95d3be]::test_main_static::{closure#0}>::{closure#0}
[INFO] [stdout]    6:     0x5fa42cc60df2 - std[70759c8f55707aa4]::panicking::panic_with_hook
[INFO] [stdout]    7:     0x5fa42cc43824 - std[70759c8f55707aa4]::panicking::panic_handler::{closure#0}
[INFO] [stdout]    8:     0x5fa42cc3c229 - std[70759c8f55707aa4]::sys::backtrace::__rust_end_short_backtrace::<std[70759c8f55707aa4]::panicking::panic_handler::{closure#0}, !>
[INFO] [stdout]    9:     0x5fa42cc443ed - __rustc[8fa7c3cbc660c2b3]::rust_begin_unwind
[INFO] [stdout]   10:     0x5fa42cc8100c - core[df12db4294e9bfd3]::panicking::panic_fmt
[INFO] [stdout]   11:     0x5fa42cb758d0 - <cmdline[d8baa721850e7a71]::utils::FuseZstdProcess>::new
[INFO] [stdout]   12:     0x5fa42cb79fdb - <cmdline[d8baa721850e7a71]::mkdir::{closure#0} as core[df12db4294e9bfd3]::ops::function::FnOnce<()>>::call_once
[INFO] [stdout]   13:     0x5fa42cb7c69b - test[9d35eded1c95d3be]::__rust_begin_short_backtrace::<core[df12db4294e9bfd3]::result::Result<(), alloc[2182bb758b4b3781]::string::String>, fn() -> core[df12db4294e9bfd3]::result::Result<(), alloc[2182bb758b4b3781]::string::String>>
[INFO] [stdout]   14:     0x5fa42cb89d05 - test[9d35eded1c95d3be]::run_test::{closure#0}
[INFO] [stdout]   15:     0x5fa42cb835c4 - std[70759c8f55707aa4]::sys::backtrace::__rust_begin_short_backtrace::<test[9d35eded1c95d3be]::run_test::{closure#1}, ()>
[INFO] [stdout]   16:     0x5fa42cb8ce62 - <std[70759c8f55707aa4]::thread::lifecycle::spawn_unchecked<test[9d35eded1c95d3be]::run_test::{closure#1}, ()>::{closure#1} as core[df12db4294e9bfd3]::ops::function::FnOnce<()>>::call_once::{shim:vtable#0}
[INFO] [stdout]   17:     0x5fa42cc688d9 - <std[70759c8f55707aa4]::sys::thread::unix::Thread>::new::thread_start
[INFO] [stdout]   18:     0x7f98075c0dfa - <unknown>
[INFO] [stdout]   19:     0x7f98076543d4 - clone
[INFO] [stdout]   20:                0x0 - <unknown>
[INFO] [stdout] 
[INFO] [stdout] ---- cat stdout ----
[INFO] [stdout] 
[INFO] [stdout] thread 'cat' (2336) panicked at tests/utils.rs:48:9:
[INFO] [stdout] Not mounted
[INFO] [stdout] stack backtrace:
[INFO] [stdout]    0:     0x5fa42cc695e1 - <<std[70759c8f55707aa4]::sys::backtrace::BacktraceLock>::print::DisplayBacktrace as core[df12db4294e9bfd3]::fmt::Display>::fmt
[INFO] [stdout]    1:     0x5fa42cc808da - core[df12db4294e9bfd3]::fmt::write
[INFO] [stdout]    2:     0x5fa42cc6f13c - <alloc[2182bb758b4b3781]::vec::Vec<u8> as core[df12db4294e9bfd3]::io::write::Write>::write_fmt
[INFO] [stdout]    3:     0x5fa42cc43746 - std[70759c8f55707aa4]::panicking::default_hook::{closure#0}
[INFO] [stdout]    4:     0x5fa42cc60c39 - std[70759c8f55707aa4]::panicking::default_hook
[INFO] [stdout]    5:     0x5fa42cb893b0 - test[9d35eded1c95d3be]::test_main_inner::<test[9d35eded1c95d3be]::test_main_static::{closure#0}>::{closure#0}
[INFO] [stdout]    6:     0x5fa42cc60df2 - std[70759c8f55707aa4]::panicking::panic_with_hook
[INFO] [stdout]    7:     0x5fa42cc43824 - std[70759c8f55707aa4]::panicking::panic_handler::{closure#0}
[INFO] [stdout]    8:     0x5fa42cc3c229 - std[70759c8f55707aa4]::sys::backtrace::__rust_end_short_backtrace::<std[70759c8f55707aa4]::panicking::panic_handler::{closure#0}, !>
[INFO] [stdout]    9:     0x5fa42cc443ed - __rustc[8fa7c3cbc660c2b3]::rust_begin_unwind
[INFO] [stdout]   10:     0x5fa42cc8100c - core[df12db4294e9bfd3]::panicking::panic_fmt
[INFO] [stdout]   11:     0x5fa42cb758d0 - <cmdline[d8baa721850e7a71]::utils::FuseZstdProcess>::new
[INFO] [stdout]   12:     0x5fa42cb7656f - <cmdline[d8baa721850e7a71]::populated_mounted_fs>::default
[INFO] [stdout]   13:     0x5fa42cb7915e - <cmdline[d8baa721850e7a71]::cat::{closure#0} as core[df12db4294e9bfd3]::ops::function::FnOnce<()>>::call_once
[INFO] [stdout]   14:     0x5fa42cb7c69b - test[9d35eded1c95d3be]::__rust_begin_short_backtrace::<core[df12db4294e9bfd3]::result::Result<(), alloc[2182bb758b4b3781]::string::String>, fn() -> core[df12db4294e9bfd3]::result::Result<(), alloc[2182bb758b4b3781]::string::String>>
[INFO] [stdout]   15:     0x5fa42cb89d05 - test[9d35eded1c95d3be]::run_test::{closure#0}
[INFO] [stdout]   16:     0x5fa42cb835c4 - std[70759c8f55707aa4]::sys::backtrace::__rust_begin_short_backtrace::<test[9d35eded1c95d3be]::run_test::{closure#1}, ()>
[INFO] [stdout]   17:     0x5fa42cb8ce62 - <std[70759c8f55707aa4]::thread::lifecycle::spawn_unchecked<test[9d35eded1c95d3be]::run_test::{closure#1}, ()>::{closure#1} as core[df12db4294e9bfd3]::ops::function::FnOnce<()>>::call_once::{shim:vtable#0}
[INFO] [stdout]   18:     0x5fa42cc688d9 - <std[70759c8f55707aa4]::sys::thread::unix::Thread>::new::thread_start
[INFO] [stdout]   19:     0x7f98075c0dfa - <unknown>
[INFO] [stdout]   20:     0x7f98076543d4 - clone
[INFO] [stdout]   21:                0x0 - <unknown>
[INFO] [stdout] 
[INFO] [stdout] ---- rmdir stdout ----
[INFO] [stdout] 
[INFO] [stdout] thread 'rmdir' (2341) panicked at tests/utils.rs:48:9:
[INFO] [stdout] Not mounted
[INFO] [stdout] stack backtrace:
[INFO] [stdout]    0:     0x5fa42cc695e1 - <<std[70759c8f55707aa4]::sys::backtrace::BacktraceLock>::print::DisplayBacktrace as core[df12db4294e9bfd3]::fmt::Display>::fmt
[INFO] [stdout]    1:     0x5fa42cc808da - core[df12db4294e9bfd3]::fmt::write
[INFO] [stdout]    2:     0x5fa42cc6f13c - <alloc[2182bb758b4b3781]::vec::Vec<u8> as core[df12db4294e9bfd3]::io::write::Write>::write_fmt
[INFO] [stdout]    3:     0x5fa42cc43746 - std[70759c8f55707aa4]::panicking::default_hook::{closure#0}
[INFO] [stdout]    4:     0x5fa42cc60c39 - std[70759c8f55707aa4]::panicking::default_hook
[INFO] [stdout]    5:     0x5fa42cb893b0 - test[9d35eded1c95d3be]::test_main_inner::<test[9d35eded1c95d3be]::test_main_static::{closure#0}>::{closure#0}
[INFO] [stdout]    6:     0x5fa42cc60df2 - std[70759c8f55707aa4]::panicking::panic_with_hook
[INFO] [stdout]    7:     0x5fa42cc43824 - std[70759c8f55707aa4]::panicking::panic_handler::{closure#0}
[INFO] [stdout]    8:     0x5fa42cc3c229 - std[70759c8f55707aa4]::sys::backtrace::__rust_end_short_backtrace::<std[70759c8f55707aa4]::panicking::panic_handler::{closure#0}, !>
[INFO] [stdout]    9:     0x5fa42cc443ed - __rustc[8fa7c3cbc660c2b3]::rust_begin_unwind
[INFO] [stdout]   10:     0x5fa42cc8100c - core[df12db4294e9bfd3]::panicking::panic_fmt
[INFO] [stdout]   11:     0x5fa42cb758d0 - <cmdline[d8baa721850e7a71]::utils::FuseZstdProcess>::new
[INFO] [stdout]   12:     0x5fa42cb7656f - <cmdline[d8baa721850e7a71]::populated_mounted_fs>::default
[INFO] [stdout]   13:     0x5fa42cb7a2b1 - <cmdline[d8baa721850e7a71]::rmdir::{closure#0} as core[df12db4294e9bfd3]::ops::function::FnOnce<()>>::call_once
[INFO] [stdout]   14:     0x5fa42cb7c69b - test[9d35eded1c95d3be]::__rust_begin_short_backtrace::<core[df12db4294e9bfd3]::result::Result<(), alloc[2182bb758b4b3781]::string::String>, fn() -> core[df12db4294e9bfd3]::result::Result<(), alloc[2182bb758b4b3781]::string::String>>
[INFO] [stdout]   15:     0x5fa42cb89d05 - test[9d35eded1c95d3be]::run_test::{closure#0}
[INFO] [stdout]   16:     0x5fa42cb835c4 - std[70759c8f55707aa4]::sys::backtrace::__rust_begin_short_backtrace::<test[9d35eded1c95d3be]::run_test::{closure#1}, ()>
[INFO] [stdout]   17:     0x5fa42cb8ce62 - <std[70759c8f55707aa4]::thread::lifecycle::spawn_unchecked<test[9d35eded1c95d3be]::run_test::{closure#1}, ()>::{closure#1} as core[df12db4294e9bfd3]::ops::function::FnOnce<()>>::call_once::{shim:vtable#0}
[INFO] [stdout]   18:     0x5fa42cc688d9 - <std[70759c8f55707aa4]::sys::thread::unix::Thread>::new::thread_start
[INFO] [stdout]   19:     0x7f98075c0dfa - <unknown>
[INFO] [stdout]   20:     0x7f98076543d4 - clone
[INFO] [stdout]   21:                0x0 - <unknown>
[INFO] [stdout] 
[INFO] [stdout] ---- mv stdout ----
[INFO] [stdout] 
[INFO] [stdout] thread 'mv' (2339) panicked at tests/utils.rs:48:9:
[INFO] [stdout] Not mounted
[INFO] [stdout] stack backtrace:
[INFO] [stdout]    0:     0x5fa42cc695e1 - <<std[70759c8f55707aa4]::sys::backtrace::BacktraceLock>::print::DisplayBacktrace as core[df12db4294e9bfd3]::fmt::Display>::fmt
[INFO] [stdout]    1:     0x5fa42cc808da - core[df12db4294e9bfd3]::fmt::write
[INFO] [stdout]    2:     0x5fa42cc6f13c - <alloc[2182bb758b4b3781]::vec::Vec<u8> as core[df12db4294e9bfd3]::io::write::Write>::write_fmt
[INFO] [stdout]    3:     0x5fa42cc43746 - std[70759c8f55707aa4]::panicking::default_hook::{closure#0}
[INFO] [stdout]    4:     0x5fa42cc60c39 - std[70759c8f55707aa4]::panicking::default_hook
[INFO] [stdout]    5:     0x5fa42cb893b0 - test[9d35eded1c95d3be]::test_main_inner::<test[9d35eded1c95d3be]::test_main_static::{closure#0}>::{closure#0}
[INFO] [stdout]    6:     0x5fa42cc60df2 - std[70759c8f55707aa4]::panicking::panic_with_hook
[INFO] [stdout]    7:     0x5fa42cc43824 - std[70759c8f55707aa4]::panicking::panic_handler::{closure#0}
[INFO] [stdout]    8:     0x5fa42cc3c229 - std[70759c8f55707aa4]::sys::backtrace::__rust_end_short_backtrace::<std[70759c8f55707aa4]::panicking::panic_handler::{closure#0}, !>
[INFO] [stdout]    9:     0x5fa42cc443ed - __rustc[8fa7c3cbc660c2b3]::rust_begin_unwind
[INFO] [stdout]   10:     0x5fa42cc8100c - core[df12db4294e9bfd3]::panicking::panic_fmt
[INFO] [stdout]   11:     0x5fa42cb758d0 - <cmdline[d8baa721850e7a71]::utils::FuseZstdProcess>::new
[INFO] [stdout]   12:     0x5fa42cb7656f - <cmdline[d8baa721850e7a71]::populated_mounted_fs>::default
[INFO] [stdout]   13:     0x5fa42cb775f1 - <cmdline[d8baa721850e7a71]::mv::{closure#0} as core[df12db4294e9bfd3]::ops::function::FnOnce<()>>::call_once
[INFO] [stdout]   14:     0x5fa42cb7c69b - test[9d35eded1c95d3be]::__rust_begin_short_backtrace::<core[df12db4294e9bfd3]::result::Result<(), alloc[2182bb758b4b3781]::string::String>, fn() -> core[df12db4294e9bfd3]::result::Result<(), alloc[2182bb758b4b3781]::string::String>>
[INFO] [stdout]   15:     0x5fa42cb89d05 - test[9d35eded1c95d3be]::run_test::{closure#0}
[INFO] [stdout]   16:     0x5fa42cb835c4 - std[70759c8f55707aa4]::sys::backtrace::__rust_begin_short_backtrace::<test[9d35eded1c95d3be]::run_test::{closure#1}, ()>
[INFO] [stdout]   17:     0x5fa42cb8ce62 - <std[70759c8f55707aa4]::thread::lifecycle::spawn_unchecked<test[9d35eded1c95d3be]::run_test::{closure#1}, ()>::{closure#1} as core[df12db4294e9bfd3]::ops::function::FnOnce<()>>::call_once::{shim:vtable#0}
[INFO] [stdout]   18:     0x5fa42cc688d9 - <std[70759c8f55707aa4]::sys::thread::unix::Thread>::new::thread_start
[INFO] [stdout]   19:     0x7f98075c0dfa - <unknown>
[INFO] [stdout]   20:     0x7f98076543d4 - clone
[INFO] [stdout]   21:                0x0 - <unknown>
[INFO] [stdout] 
[INFO] [stdout] ---- ls stdout ----
[INFO] [stdout] 
[INFO] [stdout] thread 'ls' (2337) panicked at tests/utils.rs:48:9:
[INFO] [stdout] Not mounted
[INFO] [stdout] stack backtrace:
[INFO] [stdout]    0:     0x5fa42cc695e1 - <<std[70759c8f55707aa4]::sys::backtrace::BacktraceLock>::print::DisplayBacktrace as core[df12db4294e9bfd3]::fmt::Display>::fmt
[INFO] [stdout]    1:     0x5fa42cc808da - core[df12db4294e9bfd3]::fmt::write
[INFO] [stdout]    2:     0x5fa42cc6f13c - <alloc[2182bb758b4b3781]::vec::Vec<u8> as core[df12db4294e9bfd3]::io::write::Write>::write_fmt
[INFO] [stdout]    3:     0x5fa42cc43746 - std[70759c8f55707aa4]::panicking::default_hook::{closure#0}
[INFO] [stdout]    4:     0x5fa42cc60c39 - std[70759c8f55707aa4]::panicking::default_hook
[INFO] [stdout]    5:     0x5fa42cb893b0 - test[9d35eded1c95d3be]::test_main_inner::<test[9d35eded1c95d3be]::test_main_static::{closure#0}>::{closure#0}
[INFO] [stdout]    6:     0x5fa42cc60df2 - std[70759c8f55707aa4]::panicking::panic_with_hook
[INFO] [stdout]    7:     0x5fa42cc43824 - std[70759c8f55707aa4]::panicking::panic_handler::{closure#0}
[INFO] [stdout]    8:     0x5fa42cc3c229 - std[70759c8f55707aa4]::sys::backtrace::__rust_end_short_backtrace::<std[70759c8f55707aa4]::panicking::panic_handler::{closure#0}, !>
[INFO] [stdout]    9:     0x5fa42cc443ed - __rustc[8fa7c3cbc660c2b3]::rust_begin_unwind
[INFO] [stdout]   10:     0x5fa42cc8100c - core[df12db4294e9bfd3]::panicking::panic_fmt
[INFO] [stdout]   11:     0x5fa42cb758d0 - <cmdline[d8baa721850e7a71]::utils::FuseZstdProcess>::new
[INFO] [stdout]   12:     0x5fa42cb7656f - <cmdline[d8baa721850e7a71]::populated_mounted_fs>::default
[INFO] [stdout]   13:     0x5fa42cb76c6e - <cmdline[d8baa721850e7a71]::ls::{closure#0} as core[df12db4294e9bfd3]::ops::function::FnOnce<()>>::call_once
[INFO] [stdout]   14:     0x5fa42cb7c69b - test[9d35eded1c95d3be]::__rust_begin_short_backtrace::<core[df12db4294e9bfd3]::result::Result<(), alloc[2182bb758b4b3781]::string::String>, fn() -> core[df12db4294e9bfd3]::result::Result<(), alloc[2182bb758b4b3781]::string::String>>
[INFO] [stdout]   15:     0x5fa42cb89d05 - test[9d35eded1c95d3be]::run_test::{closure#0}
[INFO] [stdout]   16:     0x5fa42cb835c4 - std[70759c8f55707aa4]::sys::backtrace::__rust_begin_short_backtrace::<test[9d35eded1c95d3be]::run_test::{closure#1}, ()>
[INFO] [stdout]   17:     0x5fa42cb8ce62 - <std[70759c8f55707aa4]::thread::lifecycle::spawn_unchecked<test[9d35eded1c95d3be]::run_test::{closure#1}, ()>::{closure#1} as core[df12db4294e9bfd3]::ops::function::FnOnce<()>>::call_once::{shim:vtable#0}
[INFO] [stdout]   18:     0x5fa42cc688d9 - <std[70759c8f55707aa4]::sys::thread::unix::Thread>::new::thread_start
[INFO] [stdout]   19:     0x7f98075c0dfa - <unknown>
[INFO] [stdout]   20:     0x7f98076543d4 - clone
[INFO] [stdout]   21:                0x0 - <unknown>
[INFO] [stdout] 
[INFO] [stdout] ---- tee stdout ----
[INFO] [stdout] 
[INFO] [stdout] thread 'tee' (2342) panicked at tests/utils.rs:48:9:
[INFO] [stdout] Not mounted
[INFO] [stdout] stack backtrace:
[INFO] [stdout]    0:     0x5fa42cc695e1 - <<std[70759c8f55707aa4]::sys::backtrace::BacktraceLock>::print::DisplayBacktrace as core[df12db4294e9bfd3]::fmt::Display>::fmt
[INFO] [stdout]    1:     0x5fa42cc808da - core[df12db4294e9bfd3]::fmt::write
[INFO] [stdout]    2:     0x5fa42cc6f13c - <alloc[2182bb758b4b3781]::vec::Vec<u8> as core[df12db4294e9bfd3]::io::write::Write>::write_fmt
[INFO] [stdout]    3:     0x5fa42cc43746 - std[70759c8f55707aa4]::panicking::default_hook::{closure#0}
[INFO] [stdout]    4:     0x5fa42cc60c39 - std[70759c8f55707aa4]::panicking::default_hook
[INFO] [stdout]    5:     0x5fa42cb893b0 - test[9d35eded1c95d3be]::test_main_inner::<test[9d35eded1c95d3be]::test_main_static::{closure#0}>::{closure#0}
[INFO] [stdout]    6:     0x5fa42cc60df2 - std[70759c8f55707aa4]::panicking::panic_with_hook
[INFO] [stdout]    7:     0x5fa42cc43824 - std[70759c8f55707aa4]::panicking::panic_handler::{closure#0}
[INFO] [stdout]    8:     0x5fa42cc3c229 - std[70759c8f55707aa4]::sys::backtrace::__rust_end_short_backtrace::<std[70759c8f55707aa4]::panicking::panic_handler::{closure#0}, !>
[INFO] [stdout]    9:     0x5fa42cc443ed - __rustc[8fa7c3cbc660c2b3]::rust_begin_unwind
[INFO] [stdout]   10:     0x5fa42cc8100c - core[df12db4294e9bfd3]::panicking::panic_fmt
[INFO] [stdout]   11:     0x5fa42cb758d0 - <cmdline[d8baa721850e7a71]::utils::FuseZstdProcess>::new
[INFO] [stdout]   12:     0x5fa42cb7656f - <cmdline[d8baa721850e7a71]::populated_mounted_fs>::default
[INFO] [stdout]   13:     0x5fa42cb795b3 - <cmdline[d8baa721850e7a71]::tee::{closure#0} as core[df12db4294e9bfd3]::ops::function::FnOnce<()>>::call_once
[INFO] [stdout]   14:     0x5fa42cb7c69b - test[9d35eded1c95d3be]::__rust_begin_short_backtrace::<core[df12db4294e9bfd3]::result::Result<(), alloc[2182bb758b4b3781]::string::String>, fn() -> core[df12db4294e9bfd3]::result::Result<(), alloc[2182bb758b4b3781]::string::String>>
[INFO] [stdout]   15:     0x5fa42cb89d05 - test[9d35eded1c95d3be]::run_test::{closure#0}
[INFO] [stdout]   16:     0x5fa42cb835c4 - std[70759c8f55707aa4]::sys::backtrace::__rust_begin_short_backtrace::<test[9d35eded1c95d3be]::run_test::{closure#1}, ()>
[INFO] [stdout]   17:     0x5fa42cb8ce62 - <std[70759c8f55707aa4]::thread::lifecycle::spawn_unchecked<test[9d35eded1c95d3be]::run_test::{closure#1}, ()>::{closure#1} as core[df12db4294e9bfd3]::ops::function::FnOnce<()>>::call_once::{shim:vtable#0}
[INFO] [stdout]   18:     0x5fa42cc688d9 - <std[70759c8f55707aa4]::sys::thread::unix::Thread>::new::thread_start
[INFO] [stdout]   19:     0x7f98075c0dfa - <unknown>
[INFO] [stdout]   20:     0x7f98076543d4 - clone
[INFO] [stdout]   21:                0x0 - <unknown>
[INFO] [stdout] 
[INFO] [stdout] ---- rm stdout ----
[INFO] [stdout] 
[INFO] [stdout] thread 'rm' (2340) panicked at tests/utils.rs:48:9:
[INFO] [stdout] Not mounted
[INFO] [stdout] stack backtrace:
[INFO] [stdout]    0:     0x5fa42cc695e1 - <<std[70759c8f55707aa4]::sys::backtrace::BacktraceLock>::print::DisplayBacktrace as core[df12db4294e9bfd3]::fmt::Display>::fmt
[INFO] [stdout]    1:     0x5fa42cc808da - core[df12db4294e9bfd3]::fmt::write
[INFO] [stdout]    2:     0x5fa42cc6f13c - <alloc[2182bb758b4b3781]::vec::Vec<u8> as core[df12db4294e9bfd3]::io::write::Write>::write_fmt
[INFO] [stdout]    3:     0x5fa42cc43746 - std[70759c8f55707aa4]::panicking::default_hook::{closure#0}
[INFO] [stdout]    4:     0x5fa42cc60c39 - std[70759c8f55707aa4]::panicking::default_hook
[INFO] [stdout]    5:     0x5fa42cb893b0 - test[9d35eded1c95d3be]::test_main_inner::<test[9d35eded1c95d3be]::test_main_static::{closure#0}>::{closure#0}
[INFO] [stdout]    6:     0x5fa42cc60df2 - std[70759c8f55707aa4]::panicking::panic_with_hook
[INFO] [stdout]    7:     0x5fa42cc43824 - std[70759c8f55707aa4]::panicking::panic_handler::{closure#0}
[INFO] [stdout]    8:     0x5fa42cc3c229 - std[70759c8f55707aa4]::sys::backtrace::__rust_end_short_backtrace::<std[70759c8f55707aa4]::panicking::panic_handler::{closure#0}, !>
[INFO] [stdout]    9:     0x5fa42cc443ed - __rustc[8fa7c3cbc660c2b3]::rust_begin_unwind
[INFO] [stdout]   10:     0x5fa42cc8100c - core[df12db4294e9bfd3]::panicking::panic_fmt
[INFO] [stdout]   11:     0x5fa42cb758d0 - <cmdline[d8baa721850e7a71]::utils::FuseZstdProcess>::new
[INFO] [stdout]   12:     0x5fa42cb7656f - <cmdline[d8baa721850e7a71]::populated_mounted_fs>::default
[INFO] [stdout]   13:     0x5fa42cb78a71 - <cmdline[d8baa721850e7a71]::rm::{closure#0} as core[df12db4294e9bfd3]::ops::function::FnOnce<()>>::call_once
[INFO] [stdout]   14:     0x5fa42cb7c69b - test[9d35eded1c95d3be]::__rust_begin_short_backtrace::<core[df12db4294e9bfd3]::result::Result<(), alloc[2182bb758b4b3781]::string::String>, fn() -> core[df12db4294e9bfd3]::result::Result<(), alloc[2182bb758b4b3781]::string::String>>
[INFO] [stdout]   15:     0x5fa42cb89d05 - test[9d35eded1c95d3be]::run_test::{closure#0}
[INFO] [stdout]   16:     0x5fa42cb835c4 - std[70759c8f55707aa4]::sys::backtrace::__rust_begin_short_backtrace::<test[9d35eded1c95d3be]::run_test::{closure#1}, ()>
[INFO] [stdout]   17:     0x5fa42cb8ce62 - <std[70759c8f55707aa4]::thread::lifecycle::spawn_unchecked<test[9d35eded1c95d3be]::run_test::{closure#1}, ()>::{closure#1} as core[df12db4294e9bfd3]::ops::function::FnOnce<()>>::call_once::{shim:vtable#0}
[INFO] [stdout]   18:     0x5fa42cc688d9 - <std[70759c8f55707aa4]::sys::thread::unix::Thread>::new::thread_start
[INFO] [stdout]   19:     0x7f98075c0dfa - <unknown>
[INFO] [stdout]   20:     0x7f98076543d4 - clone
[INFO] [stdout]   21:                0x0 - <unknown>
[INFO] [stdout] 
[INFO] [stdout] 
[INFO] [stdout] failures:
[INFO] [stdout]     cat
[INFO] [stdout]     ls
[INFO] [stdout]     mkdir
[INFO] [stdout]     mv
[INFO] [stdout]     rm
[INFO] [stdout]     rmdir
[INFO] [stdout]     tee
[INFO] [stdout]     touch
[INFO] [stdout] 
[INFO] [stdout] test result: FAILED. 0 passed; 8 failed; 0 ignored; 0 measured; 0 filtered out; finished in 10.06s
[INFO] [stdout] 
[INFO] [stderr] error: test failed, to rerun pass `--test cmdline`
[INFO] running `Command { std: "docker" "inspect" "0ecd89f81d60fc6ad60df322d5a085f74523ad5b8348961b595a923fe3258c15", kill_on_drop: false }`
[INFO] running `Command { std: "docker" "rm" "-f" "0ecd89f81d60fc6ad60df322d5a085f74523ad5b8348961b595a923fe3258c15", kill_on_drop: false }`
[INFO] [stdout] 0ecd89f81d60fc6ad60df322d5a085f74523ad5b8348961b595a923fe3258c15
