[INFO] fetching crate funcscript 0.1.0...
[INFO] testing funcscript-0.1.0 against 1.99.0-beta.8+cargoflags=--release for beta-release-1.100-2
[INFO] extracting crate funcscript 0.1.0 into /workspace/builds/worker-4-tc1/source
[INFO] started tweaking crates.io crate funcscript 0.1.0
[INFO] removed 0 missing tests
[INFO] finished tweaking crates.io crate funcscript 0.1.0
[INFO] tweaked toml for crates.io crate funcscript 0.1.0 written to /workspace/builds/worker-4-tc1/source/Cargo.toml
[INFO] validating manifest of crates.io crate funcscript 0.1.0 on toolchain 1.99.0-beta.8
[INFO] running `Command { std: CARGO_HOME="/workspace/cargo-home" RUSTUP_HOME="/workspace/rustup-home" "/workspace/cargo-home/bin/cargo" "+1.99.0-beta.8" "metadata" "--manifest-path" "Cargo.toml" "--no-deps", kill_on_drop: false }`
[INFO] crate crates.io crate funcscript 0.1.0 already has a lockfile, it will not be regenerated
[INFO] running `Command { std: CARGO_HOME="/workspace/cargo-home" RUSTUP_HOME="/workspace/rustup-home" "/workspace/cargo-home/bin/cargo" "+1.99.0-beta.8" "fetch" "--manifest-path" "Cargo.toml", kill_on_drop: false }`
[INFO] running `Command { std: "docker" "create" "-v" "/var/lib/crater-agent-workspace/builds/worker-4-tc1/source:/opt/rustwide/workdir:ro,Z" "-v" "/var/lib/crater-agent-workspace/builds/worker-4-tc1/target:/opt/rustwide/target:rw,Z" "-v" "/var/lib/crater-agent-workspace/cargo-home:/opt/rustwide/cargo-home:ro,Z" "-v" "/var/lib/crater-agent-workspace/rustup-home:/opt/rustwide/rustup-home:ro,Z" "-m" "1610612736" "--network" "none" "ghcr.io/rust-lang/crates-build-env/linux@sha256:77db811e55d90add9212f6832c23229e3de5f1c1f9905e8cb07319ea15df73ac" "sleep" "infinity", kill_on_drop: false }`
[INFO] [stdout] 2b13e1a518a37e67b76913fb1b3d445148858f834dba2cb992816b057fc9c534
[INFO] running `Command { std: "docker" "start" "2b13e1a518a37e67b76913fb1b3d445148858f834dba2cb992816b057fc9c534", kill_on_drop: false }`
[INFO] running `Command { std: "docker" "inspect" "2b13e1a518a37e67b76913fb1b3d445148858f834dba2cb992816b057fc9c534", kill_on_drop: false }`
[INFO] running `Command { std: "docker" "exec" "-e" "SOURCE_DIR=/opt/rustwide/workdir" "-e" "CARGO_HOME=/opt/rustwide/cargo-home" "-e" "RUSTUP_HOME=/opt/rustwide/rustup-home" "-e" "CARGO_TARGET_DIR=/opt/rustwide/target" "-w" "/opt/rustwide/workdir" "--user" "0:0" "2b13e1a518a37e67b76913fb1b3d445148858f834dba2cb992816b057fc9c534" "/opt/rustwide/cargo-home/bin/cargo" "+1.99.0-beta.8" "metadata" "--no-deps" "--format-version=1", kill_on_drop: false }`
[INFO] running `Command { std: "docker" "inspect" "2b13e1a518a37e67b76913fb1b3d445148858f834dba2cb992816b057fc9c534", kill_on_drop: false }`
[INFO] running `Command { std: "docker" "exec" "-e" "SOURCE_DIR=/opt/rustwide/workdir" "-e" "CARGO_HOME=/opt/rustwide/cargo-home" "-e" "RUSTUP_HOME=/opt/rustwide/rustup-home" "-e" "CARGO_TARGET_DIR=/opt/rustwide/target" "-e" "CARGO_INCREMENTAL=0" "-e" "RUST_BACKTRACE=full" "-e" "RUSTFLAGS=--cap-lints=warn" "-e" "RUSTDOCFLAGS=--cap-lints=warn" "-w" "/opt/rustwide/workdir" "--user" "0:0" "2b13e1a518a37e67b76913fb1b3d445148858f834dba2cb992816b057fc9c534" "/opt/rustwide/cargo-home/bin/cargo" "+1.99.0-beta.8" "build" "--frozen" "--message-format=json" "--release", kill_on_drop: false }`
[INFO] [stderr]    Compiling wasm-bindgen-shared v0.2.106
[INFO] [stderr]    Compiling memchr v2.7.6
[INFO] [stderr]    Compiling bumpalo v3.19.1
[INFO] [stderr]    Compiling time-core v0.1.6
[INFO] [stderr]    Compiling num-conv v0.1.0
[INFO] [stderr]    Compiling once_cell v1.21.3
[INFO] [stderr]    Compiling num-traits v0.2.19
[INFO] [stderr]    Compiling deranged v0.5.5
[INFO] [stderr]    Compiling uuid v1.19.0
[INFO] [stderr]    Compiling syn v2.0.114
[INFO] [stderr]    Compiling wasm-bindgen v0.2.106
[INFO] [stderr]    Compiling time-macros v0.2.24
[INFO] [stderr]    Compiling num-integer v0.1.46
[INFO] [stderr]    Compiling aho-corasick v1.1.4
[INFO] [stderr]    Compiling num-bigint v0.4.6
[INFO] [stderr]    Compiling time v0.3.44
[INFO] [stderr]    Compiling regex-automata v0.4.13
[INFO] [stderr]    Compiling wasm-bindgen-macro-support v0.2.106
[INFO] [stderr]    Compiling wasm-bindgen-macro v0.2.106
[INFO] [stderr]    Compiling regex v1.12.2
[INFO] [stderr]    Compiling funcscript v0.1.0 (/opt/rustwide/workdir)
[INFO] [stderr]     Finished `release` profile [optimized] target(s) in 30.72s
[INFO] running `Command { std: "docker" "inspect" "2b13e1a518a37e67b76913fb1b3d445148858f834dba2cb992816b057fc9c534", kill_on_drop: false }`
[INFO] running `Command { std: "docker" "exec" "-e" "SOURCE_DIR=/opt/rustwide/workdir" "-e" "CARGO_HOME=/opt/rustwide/cargo-home" "-e" "RUSTUP_HOME=/opt/rustwide/rustup-home" "-e" "CARGO_TARGET_DIR=/opt/rustwide/target" "-e" "CARGO_INCREMENTAL=0" "-e" "RUST_BACKTRACE=full" "-e" "RUSTFLAGS=--cap-lints=warn" "-e" "RUSTDOCFLAGS=--cap-lints=warn" "-w" "/opt/rustwide/workdir" "--user" "0:0" "2b13e1a518a37e67b76913fb1b3d445148858f834dba2cb992816b057fc9c534" "/opt/rustwide/cargo-home/bin/cargo" "+1.99.0-beta.8" "test" "--frozen" "--no-run" "--message-format=json" "--release", kill_on_drop: false }`
[INFO] [stderr]    Compiling funcscript v0.1.0 (/opt/rustwide/workdir)
[INFO] [stderr]     Finished `release` profile [optimized] target(s) in 6.43s
[INFO] running `Command { std: "docker" "inspect" "2b13e1a518a37e67b76913fb1b3d445148858f834dba2cb992816b057fc9c534", kill_on_drop: false }`
[INFO] running `Command { std: "docker" "exec" "-e" "SOURCE_DIR=/opt/rustwide/workdir" "-e" "CARGO_HOME=/opt/rustwide/cargo-home" "-e" "RUSTUP_HOME=/opt/rustwide/rustup-home" "-e" "CARGO_TARGET_DIR=/opt/rustwide/target" "-e" "CARGO_INCREMENTAL=0" "-e" "RUST_BACKTRACE=full" "-e" "RUSTFLAGS=--cap-lints=warn" "-e" "RUSTDOCFLAGS=--cap-lints=warn" "-w" "/opt/rustwide/workdir" "--user" "0:0" "2b13e1a518a37e67b76913fb1b3d445148858f834dba2cb992816b057fc9c534" "/opt/rustwide/cargo-home/bin/cargo" "+1.99.0-beta.8" "test" "--frozen" "--release", kill_on_drop: false }`
[INFO] [stderr]     Finished `release` profile [optimized] target(s) in 0.05s
[INFO] [stderr]      Running unittests src/lib.rs (/opt/rustwide/target/release/deps/funcscript-e0ecd046e258b45b)
[INFO] [stderr]      Running unittests src/main.rs (/opt/rustwide/target/release/deps/funcscript-e0876a67d82ab3c9)
[INFO] [stdout] 
[INFO] [stdout] running 0 tests
[INFO] [stdout] 
[INFO] [stdout] test result: ok. 0 passed; 0 failed; 0 ignored; 0 measured; 0 filtered out; finished in 0.00s
[INFO] [stdout] 
[INFO] [stdout] 
[INFO] [stdout] running 0 tests
[INFO] [stdout] 
[INFO] [stdout] test result: ok. 0 passed; 0 failed; 0 ignored; 0 measured; 0 filtered out; finished in 0.00s
[INFO] [stdout] 
[INFO] [stderr]      Running tests/eval_tests.rs (/opt/rustwide/target/release/deps/eval_tests-3fa515fff857d3e1)
[INFO] [stdout] 
[INFO] [stdout] running 34 tests
[INFO] [stdout] test calling_lambda_with_missing_args_pads_nil_like_csharp ... ok
[INFO] [stdout] test huge_range_does_not_allocate_list ... ok
[INFO] [stdout] test case_expression_works ... ok
[INFO] [stdout] test if_then_else_keyword_form_works ... ok
[INFO] [stdout] test kvc_addition_merges_nested_kvcs ... ok
[INFO] [stdout] test if_expression_works ... ok
[INFO] [stdout] test kvc_addition_does_not_mutate_left_operand_semantically ... ok
[INFO] [stdout] test keyword_operators_work ... ok
[INFO] [stdout] test change_type_supports_guid_datetime_and_bytearray ... ok
[INFO] [stdout] test div_and_modulo_work ... ok
[INFO] [stdout] test kvc_addition_prefers_right_scalar_over_left_collection ... ok
[INFO] [stdout] test math_and_comparisons_work ... ok
[INFO] [stdout] test kvc_addition_replaces_lists_with_rightmost_value ... ok
[INFO] [stdout] test math_provider_and_pow_work ... ok
[INFO] [stdout] test native_functions_work ... ok
[INFO] [stdout] test null_coalesce_and_eval_if_not_null_work ... ok
[INFO] [stdout] test lists_work ... ok
[INFO] [stdout] test lambdas_can_be_called_and_use_parameters ... ok
[INFO] [stdout] test not_operator_is_boolean_only ... ok
[INFO] [stdout] test switch_expression_works ... ok
[INFO] [stdout] test template_strings_work ... ok
[INFO] [stdout] test map_operator_works ... ok
[INFO] [stdout] test maps_and_property_access_work ... ok
[INFO] [stdout] test naked_kvc_root_works ... ok
[INFO] [stdout] test vm_can_be_reused_across_multiple_interpret_calls ... ok
[INFO] [stdout] test os_functions_work ... FAILED
[INFO] [stdout] test list_functions_work ... ok
[INFO] [stdout] test reduce_works_prefix_and_infix ... ok
[INFO] [stdout] test safe_member_access_works ... ok
[INFO] [stdout] test selector_item_sugar_works ... ok
[INFO] [stdout] test regex_parse_format_and_htmlencode_work ... ok
[INFO] [stdout] test text_functions_work ... ok
[INFO] [stdout] test strings_concatenate_with_plus ... ok
[INFO] [stdout] test sum_of_huge_range_is_approx_only ... ok
[INFO] [stdout] 
[INFO] [stdout] failures:
[INFO] [stdout] 
[INFO] [stdout] ---- os_functions_work stdout ----
[INFO] [stdout] 
[INFO] [stdout] thread 'os_functions_work' (810) panicked at tests/eval_tests.rs:355:36:
[INFO] [stdout] called `Result::unwrap()` on an `Err` value: Os { code: 30, kind: ReadOnlyFilesystem, message: "Read-only file system" }
[INFO] [stdout] stack backtrace:
[INFO] [stdout]    0:     0x594d025130d1 - <<std[70759c8f55707aa4]::sys::backtrace::BacktraceLock>::print::DisplayBacktrace as core[df12db4294e9bfd3]::fmt::Display>::fmt
[INFO] [stdout]    1:     0x594d0252ac4a - core[df12db4294e9bfd3]::fmt::write
[INFO] [stdout]    2:     0x594d0251783c - <alloc[2182bb758b4b3781]::vec::Vec<u8> as core[df12db4294e9bfd3]::io::write::Write>::write_fmt
[INFO] [stdout]    3:     0x594d024edc66 - std[70759c8f55707aa4]::panicking::default_hook::{closure#0}
[INFO] [stdout]    4:     0x594d0250a9f9 - std[70759c8f55707aa4]::panicking::default_hook
[INFO] [stdout]    5:     0x594d02377320 - test[9d35eded1c95d3be]::test_main_inner::<test[9d35eded1c95d3be]::test_main_static::{closure#0}>::{closure#0}
[INFO] [stdout]    6:     0x594d0250abb2 - std[70759c8f55707aa4]::panicking::panic_with_hook
[INFO] [stdout]    7:     0x594d024edd12 - std[70759c8f55707aa4]::panicking::panic_handler::{closure#0}
[INFO] [stdout]    8:     0x594d024e6749 - std[70759c8f55707aa4]::sys::backtrace::__rust_end_short_backtrace::<std[70759c8f55707aa4]::panicking::panic_handler::{closure#0}, !>
[INFO] [stdout]    9:     0x594d024ee90d - __rustc[8fa7c3cbc660c2b3]::rust_begin_unwind
[INFO] [stdout]   10:     0x594d0252b42c - core[df12db4294e9bfd3]::panicking::panic_fmt
[INFO] [stdout]   11:     0x594d0252b202 - core[df12db4294e9bfd3]::result::unwrap_failed
[INFO] [stdout]   12:     0x594d0235d3b8 - <eval_tests[284d37487bfa38bc]::os_functions_work::{closure#0} as core[df12db4294e9bfd3]::ops::function::FnOnce<()>>::call_once
[INFO] [stdout]   13:     0x594d0236a60b - test[9d35eded1c95d3be]::__rust_begin_short_backtrace::<core[df12db4294e9bfd3]::result::Result<(), alloc[2182bb758b4b3781]::string::String>, fn() -> core[df12db4294e9bfd3]::result::Result<(), alloc[2182bb758b4b3781]::string::String>>
[INFO] [stdout]   14:     0x594d02377c75 - test[9d35eded1c95d3be]::run_test::{closure#0}
[INFO] [stdout]   15:     0x594d02371534 - std[70759c8f55707aa4]::sys::backtrace::__rust_begin_short_backtrace::<test[9d35eded1c95d3be]::run_test::{closure#1}, ()>
[INFO] [stdout]   16:     0x594d0237add2 - <std[70759c8f55707aa4]::thread::lifecycle::spawn_unchecked<test[9d35eded1c95d3be]::run_test::{closure#1}, ()>::{closure#1} as core[df12db4294e9bfd3]::ops::function::FnOnce<()>>::call_once::{shim:vtable#0}
[INFO] [stdout]   17:     0x594d02512449 - <std[70759c8f55707aa4]::sys::thread::unix::Thread>::new::thread_start
[INFO] [stdout]   18:     0x7c84e2f86dfa - <unknown>
[INFO] [stdout]   19:     0x7c84e301a3d4 - clone
[INFO] [stdout]   20:                0x0 - <unknown>
[INFO] [stdout] 
[INFO] [stdout] 
[INFO] [stdout] failures:
[INFO] [stdout]     os_functions_work
[INFO] [stdout] 
[INFO] [stdout] test result: FAILED. 33 passed; 1 failed; 0 ignored; 0 measured; 0 filtered out; finished in 0.01s
[INFO] [stdout] 
[INFO] [stderr] error: test failed, to rerun pass `--test eval_tests`
[INFO] running `Command { std: "docker" "inspect" "2b13e1a518a37e67b76913fb1b3d445148858f834dba2cb992816b057fc9c534", kill_on_drop: false }`
[INFO] running `Command { std: "docker" "rm" "-f" "2b13e1a518a37e67b76913fb1b3d445148858f834dba2cb992816b057fc9c534", kill_on_drop: false }`
[INFO] [stdout] 2b13e1a518a37e67b76913fb1b3d445148858f834dba2cb992816b057fc9c534
