[INFO] fetching crate fuller 0.1.6...
[INFO] testing fuller-0.1.6 against 1.99.0-beta.8+cargoflags=--release for beta-release-1.100-2
[INFO] extracting crate fuller 0.1.6 into /workspace/builds/worker-7-tc1/source
[INFO] started tweaking crates.io crate fuller 0.1.6
[INFO] finished tweaking crates.io crate fuller 0.1.6
[INFO] tweaked toml for crates.io crate fuller 0.1.6 written to /workspace/builds/worker-7-tc1/source/Cargo.toml
[INFO] validating manifest of crates.io crate fuller 0.1.6 on toolchain 1.99.0-beta.8
[INFO] running `Command { std: CARGO_HOME="/workspace/cargo-home" RUSTUP_HOME="/workspace/rustup-home" "/workspace/cargo-home/bin/cargo" "+1.99.0-beta.8" "metadata" "--manifest-path" "Cargo.toml" "--no-deps", kill_on_drop: false }`
[INFO] crate crates.io crate fuller 0.1.6 already has a lockfile, it will not be regenerated
[INFO] running `Command { std: CARGO_HOME="/workspace/cargo-home" RUSTUP_HOME="/workspace/rustup-home" "/workspace/cargo-home/bin/cargo" "+1.99.0-beta.8" "fetch" "--manifest-path" "Cargo.toml", kill_on_drop: false }`
[INFO] [stderr]     Updating crates.io index
[INFO] [stderr]  Downloading crates ...
[INFO] [stderr]   Downloaded tempfile v3.10.0
[INFO] [stderr]   Downloaded cc v1.0.86
[INFO] [stderr]   Downloaded hermit-abi v0.3.6
[INFO] [stderr]   Downloaded inquire v0.6.2
[INFO] [stderr]   Downloaded syn v2.0.50
[INFO] [stderr]   Downloaded rustix v0.38.31
[INFO] [stderr]   Downloaded errno v0.3.8
[INFO] [stderr]   Downloaded newline-converter v0.2.2
[INFO] [stderr]   Downloaded dyn-clone v1.0.16
[INFO] [stderr]   Downloaded fuller_config v0.1.6
[INFO] [stderr]   Downloaded toml_edit v0.22.6
[INFO] [stderr]   Downloaded indexmap v2.2.3
[INFO] [stderr]   Downloaded hashbrown v0.14.3
[INFO] [stderr]   Downloaded toml v0.8.10
[INFO] [stderr]   Downloaded wasm-bindgen-shared v0.2.91
[INFO] [stderr]   Downloaded bumpalo v3.15.1
[INFO] [stderr]   Downloaded crossterm v0.25.0
[INFO] [stderr]   Downloaded winnow v0.6.5
[INFO] [stderr]   Downloaded redox_users v0.4.4
[INFO] [stderr]   Downloaded fuller_canvas_auth v0.1.6
[INFO] [stderr]   Downloaded fuller_canvas_api v0.1.6
[INFO] [stderr]   Downloaded wasm-bindgen-macro v0.2.91
[INFO] [stderr]   Downloaded wasm-bindgen-macro-support v0.2.91
[INFO] [stderr]   Downloaded wasm-bindgen-backend v0.2.91
[INFO] [stderr]   Downloaded js-sys v0.3.68
[INFO] [stderr]   Downloaded wasm-bindgen-futures v0.4.41
[INFO] [stderr]   Downloaded security-framework-sys v2.9.1
[INFO] [stderr]   Downloaded libredox v0.0.1
[INFO] [stderr]   Downloaded security-framework v2.9.2
[INFO] [stderr]   Downloaded reqwest v0.11.24
[INFO] [stderr]   Downloaded wasm-bindgen v0.2.91
[INFO] [stderr]   Downloaded web-sys v0.3.68
[INFO] [stderr]   Downloaded openssl-sys v0.9.100
[INFO] [stderr]   Downloaded openssl v0.10.64
[INFO] [stderr]   Downloaded hyper v0.14.28
[INFO] [stderr]   Downloaded http v0.2.11
[INFO] [stderr]   Downloaded tokio-util v0.7.10
[INFO] [stderr]   Downloaded h2 v0.3.24
[INFO] [stderr]   Downloaded html2text v0.12.4
[INFO] [stderr]   Downloaded markup5ever v0.11.0
[INFO] [stderr]   Downloaded phf_codegen v0.10.0
[INFO] [stderr]   Downloaded dashmap v5.4.0
[INFO] [stderr]   Downloaded html5ever v0.26.0
[INFO] [stderr]   Downloaded clap v4.5.2
[INFO] [stderr]   Downloaded chrono v0.4.34
[INFO] [stderr]   Downloaded encoding_rs v0.8.33
[INFO] [stderr]   Downloaded clap_derive v4.5.0
[INFO] [stderr]   Downloaded anyhow v1.0.80
[INFO] running `Command { std: "docker" "create" "-v" "/var/lib/crater-agent-workspace/builds/worker-7-tc1/source:/opt/rustwide/workdir:ro,Z" "-v" "/var/lib/crater-agent-workspace/builds/worker-7-tc1/target:/opt/rustwide/target:rw,Z" "-v" "/var/lib/crater-agent-workspace/cargo-home:/opt/rustwide/cargo-home:ro,Z" "-v" "/var/lib/crater-agent-workspace/rustup-home:/opt/rustwide/rustup-home:ro,Z" "-m" "1610612736" "--network" "none" "ghcr.io/rust-lang/crates-build-env/linux@sha256:77db811e55d90add9212f6832c23229e3de5f1c1f9905e8cb07319ea15df73ac" "sleep" "infinity", kill_on_drop: false }`
[INFO] [stdout] 8f263c7b12cce5f9511ad35accc422965c0e0c300639b8ecec80f31b8bd1e9b6
[INFO] running `Command { std: "docker" "start" "8f263c7b12cce5f9511ad35accc422965c0e0c300639b8ecec80f31b8bd1e9b6", kill_on_drop: false }`
[INFO] running `Command { std: "docker" "inspect" "8f263c7b12cce5f9511ad35accc422965c0e0c300639b8ecec80f31b8bd1e9b6", kill_on_drop: false }`
[INFO] running `Command { std: "docker" "exec" "-e" "SOURCE_DIR=/opt/rustwide/workdir" "-e" "CARGO_HOME=/opt/rustwide/cargo-home" "-e" "RUSTUP_HOME=/opt/rustwide/rustup-home" "-e" "CARGO_TARGET_DIR=/opt/rustwide/target" "-w" "/opt/rustwide/workdir" "--user" "0:0" "8f263c7b12cce5f9511ad35accc422965c0e0c300639b8ecec80f31b8bd1e9b6" "/opt/rustwide/cargo-home/bin/cargo" "+1.99.0-beta.8" "metadata" "--no-deps" "--format-version=1", kill_on_drop: false }`
[INFO] running `Command { std: "docker" "inspect" "8f263c7b12cce5f9511ad35accc422965c0e0c300639b8ecec80f31b8bd1e9b6", kill_on_drop: false }`
[INFO] running `Command { std: "docker" "exec" "-e" "SOURCE_DIR=/opt/rustwide/workdir" "-e" "CARGO_HOME=/opt/rustwide/cargo-home" "-e" "RUSTUP_HOME=/opt/rustwide/rustup-home" "-e" "CARGO_TARGET_DIR=/opt/rustwide/target" "-e" "CARGO_INCREMENTAL=0" "-e" "RUST_BACKTRACE=full" "-e" "RUSTFLAGS=--cap-lints=warn" "-e" "RUSTDOCFLAGS=--cap-lints=warn" "-w" "/opt/rustwide/workdir" "--user" "0:0" "8f263c7b12cce5f9511ad35accc422965c0e0c300639b8ecec80f31b8bd1e9b6" "/opt/rustwide/cargo-home/bin/cargo" "+1.99.0-beta.8" "build" "--frozen" "--message-format=json" "--release", kill_on_drop: false }`
[INFO] [stderr]    Compiling libc v0.2.153
[INFO] [stderr]    Compiling proc-macro2 v1.0.78
[INFO] [stderr]    Compiling smallvec v1.13.1
[INFO] [stderr]    Compiling serde v1.0.197
[INFO] [stderr]    Compiling pin-project-lite v0.2.13
[INFO] [stderr]    Compiling ppv-lite86 v0.2.17
[INFO] [stderr]    Compiling cc v1.0.86
[INFO] [stderr]    Compiling lock_api v0.4.11
[INFO] [stderr]    Compiling tracing-core v0.1.32
[INFO] [stderr]    Compiling hashbrown v0.14.3
[INFO] [stderr]    Compiling siphasher v0.3.11
[INFO] [stderr]    Compiling bytes v1.5.0
[INFO] [stderr]    Compiling unicase v2.7.0
[INFO] [stderr]    Compiling itoa v1.0.10
[INFO] [stderr]    Compiling bitflags v2.4.2
[INFO] [stderr]    Compiling futures-core v0.3.30
[INFO] [stderr]    Compiling slab v0.4.9
[INFO] [stderr]    Compiling thiserror v1.0.57
[INFO] [stderr]    Compiling syn v1.0.109
[INFO] [stderr]    Compiling phf_shared v0.10.0
[INFO] [stderr]    Compiling new_debug_unreachable v1.0.4
[INFO] [stderr]    Compiling option-ext v0.2.0
[INFO] [stderr]    Compiling openssl v0.10.64
[INFO] [stderr]    Compiling futures-task v0.3.30
[INFO] [stderr]    Compiling futures-sink v0.3.30
[INFO] [stderr]    Compiling native-tls v0.2.11
[INFO] [stderr]    Compiling mac v0.1.1
[INFO] [stderr]    Compiling httparse v1.8.0
[INFO] [stderr]    Compiling futures-util v0.3.30
[INFO] [stderr]    Compiling futf v0.1.5
[INFO] [stderr]    Compiling winnow v0.6.5
[INFO] [stderr]    Compiling precomputed-hash v0.1.1
[INFO] [stderr]    Compiling phf v0.10.1
[INFO] [stderr]    Compiling mime_guess v2.0.4
[INFO] [stderr]    Compiling unicode-normalization v0.1.23
[INFO] [stderr]    Compiling tendril v0.4.3
[INFO] [stderr]    Compiling indexmap v2.2.3
[INFO] [stderr]    Compiling futures-channel v0.3.30
[INFO] [stderr]    Compiling num-traits v0.2.18
[INFO] [stderr]    Compiling http v0.2.11
[INFO] [stderr]    Compiling httpdate v1.0.3
[INFO] [stderr]    Compiling rustix v0.38.31
[INFO] [stderr]    Compiling serde_json v1.0.114
[INFO] [stderr]    Compiling quote v1.0.35
[INFO] [stderr]    Compiling parking_lot_core v0.9.9
[INFO] [stderr]    Compiling signal-hook-registry v1.4.1
[INFO] [stderr]    Compiling mio v0.8.10
[INFO] [stderr]    Compiling syn v2.0.50
[INFO] [stderr]    Compiling socket2 v0.5.5
[INFO] [stderr]    Compiling getrandom v0.2.12
[INFO] [stderr]    Compiling num_cpus v1.16.0
[INFO] [stderr]    Compiling dirs-sys v0.4.1
[INFO] [stderr]    Compiling openssl-sys v0.9.100
[INFO] [stderr]    Compiling parking_lot v0.12.1
[INFO] [stderr]    Compiling rand_core v0.6.4
[INFO] [stderr]    Compiling dirs v5.0.1
[INFO] [stderr]    Compiling tower-service v0.3.2
[INFO] [stderr]    Compiling fuller_config v0.1.6
[INFO] [stderr]    Compiling rand_chacha v0.3.1
[INFO] [stderr]    Compiling signal-hook v0.3.17
[INFO] [stderr]    Compiling idna v0.5.0
[INFO] [stderr]    Compiling rand v0.8.5
[INFO] [stderr]    Compiling linux-raw-sys v0.4.13
[INFO] [stderr]    Compiling unicode-width v0.1.11
[INFO] [stderr]    Compiling http-body v0.4.6
[INFO] [stderr]    Compiling hashbrown v0.12.3
[INFO] [stderr]    Compiling anstyle v1.0.6
[INFO] [stderr]    Compiling url v2.5.0
[INFO] [stderr]    Compiling rustls-pemfile v1.0.4
[INFO] [stderr]    Compiling anstream v0.6.13
[INFO] [stderr]    Compiling signal-hook-mio v0.2.3
[INFO] [stderr]    Compiling encoding_rs v0.8.33
[INFO] [stderr]    Compiling unicode-segmentation v1.11.0
[INFO] [stderr]    Compiling sync_wrapper v0.1.2
[INFO] [stderr]    Compiling ipnet v2.9.0
[INFO] [stderr]    Compiling overload v0.1.1
[INFO] [stderr]    Compiling dashmap v5.4.0
[INFO] [stderr]    Compiling strsim v0.11.0
[INFO] [stderr]    Compiling phf_generator v0.10.0
[INFO] [stderr]    Compiling phf_codegen v0.10.0
[INFO] [stderr]    Compiling string_cache_codegen v0.5.2
[INFO] [stderr]    Compiling fastrand v2.0.1
[INFO] [stderr]    Compiling iana-time-zone v0.1.60
[INFO] [stderr]    Compiling crossterm v0.25.0
[INFO] [stderr]    Compiling newline-converter v0.2.2
[INFO] [stderr]    Compiling clap_builder v4.5.2
[INFO] [stderr]    Compiling markup5ever v0.11.0
[INFO] [stderr]    Compiling nu-ansi-term v0.46.0
[INFO] [stderr]    Compiling sharded-slab v0.1.7
[INFO] [stderr]    Compiling tracing-log v0.2.0
[INFO] [stderr]    Compiling thread_local v1.1.8
[INFO] [stderr]    Compiling dyn-clone v1.0.16
[INFO] [stderr]    Compiling tracing-subscriber v0.3.18
[INFO] [stderr]    Compiling tempfile v3.10.0
[INFO] [stderr]    Compiling serde_derive v1.0.197
[INFO] [stderr]    Compiling tracing-attributes v0.1.27
[INFO] [stderr]    Compiling tokio-macros v2.2.0
[INFO] [stderr]    Compiling openssl-macros v0.1.1
[INFO] [stderr]    Compiling thiserror-impl v1.0.57
[INFO] [stderr]    Compiling clap_derive v4.5.0
[INFO] [stderr]    Compiling tokio v1.36.0
[INFO] [stderr]    Compiling tracing v0.1.40
[INFO] [stderr]    Compiling inquire v0.6.2
[INFO] [stderr]    Compiling html5ever v0.26.0
[INFO] [stderr]    Compiling clap v4.5.2
[INFO] [stderr]    Compiling toml_datetime v0.6.5
[INFO] [stderr]    Compiling serde_spanned v0.6.5
[INFO] [stderr]    Compiling string_cache v0.8.7
[INFO] [stderr]    Compiling serde_urlencoded v0.7.1
[INFO] [stderr]    Compiling chrono v0.4.34
[INFO] [stderr]    Compiling toml_edit v0.22.6
[INFO] [stderr]    Compiling tokio-util v0.7.10
[INFO] [stderr]    Compiling tokio-native-tls v0.3.1
[INFO] [stderr]    Compiling h2 v0.3.24
[INFO] [stderr]    Compiling html2text v0.12.4
[INFO] [stderr]    Compiling toml v0.8.10
[INFO] [stderr]    Compiling fuller_canvas_auth v0.1.6
[INFO] [stderr]    Compiling hyper v0.14.28
[INFO] [stderr]    Compiling hyper-tls v0.5.0
[INFO] [stderr]    Compiling reqwest v0.11.24
[INFO] [stderr]    Compiling fuller_canvas_api v0.1.6
[INFO] [stderr]    Compiling fuller v0.1.6 (/opt/rustwide/workdir)
[INFO] [stderr]     Finished `release` profile [optimized] target(s) in 1m 47s
[INFO] running `Command { std: "docker" "inspect" "8f263c7b12cce5f9511ad35accc422965c0e0c300639b8ecec80f31b8bd1e9b6", kill_on_drop: false }`
[INFO] running `Command { std: "docker" "exec" "-e" "SOURCE_DIR=/opt/rustwide/workdir" "-e" "CARGO_HOME=/opt/rustwide/cargo-home" "-e" "RUSTUP_HOME=/opt/rustwide/rustup-home" "-e" "CARGO_TARGET_DIR=/opt/rustwide/target" "-e" "CARGO_INCREMENTAL=0" "-e" "RUST_BACKTRACE=full" "-e" "RUSTFLAGS=--cap-lints=warn" "-e" "RUSTDOCFLAGS=--cap-lints=warn" "-w" "/opt/rustwide/workdir" "--user" "0:0" "8f263c7b12cce5f9511ad35accc422965c0e0c300639b8ecec80f31b8bd1e9b6" "/opt/rustwide/cargo-home/bin/cargo" "+1.99.0-beta.8" "test" "--frozen" "--no-run" "--message-format=json" "--release", kill_on_drop: false }`
[INFO] [stderr]    Compiling anyhow v1.0.80
[INFO] [stderr]    Compiling either v1.10.0
[INFO] [stderr]    Compiling itertools v0.12.1
[INFO] [stderr]    Compiling fuller v0.1.6 (/opt/rustwide/workdir)
[INFO] [stderr]     Finished `release` profile [optimized] target(s) in 13.38s
[INFO] running `Command { std: "docker" "inspect" "8f263c7b12cce5f9511ad35accc422965c0e0c300639b8ecec80f31b8bd1e9b6", kill_on_drop: false }`
[INFO] running `Command { std: "docker" "exec" "-e" "SOURCE_DIR=/opt/rustwide/workdir" "-e" "CARGO_HOME=/opt/rustwide/cargo-home" "-e" "RUSTUP_HOME=/opt/rustwide/rustup-home" "-e" "CARGO_TARGET_DIR=/opt/rustwide/target" "-e" "CARGO_INCREMENTAL=0" "-e" "RUST_BACKTRACE=full" "-e" "RUSTFLAGS=--cap-lints=warn" "-e" "RUSTDOCFLAGS=--cap-lints=warn" "-w" "/opt/rustwide/workdir" "--user" "0:0" "8f263c7b12cce5f9511ad35accc422965c0e0c300639b8ecec80f31b8bd1e9b6" "/opt/rustwide/cargo-home/bin/cargo" "+1.99.0-beta.8" "test" "--frozen" "--release", kill_on_drop: false }`
[INFO] [stderr]     Finished `release` profile [optimized] target(s) in 0.24s
[INFO] [stderr]      Running unittests src/main.rs (/opt/rustwide/target/release/deps/fuller-63e2c20f0ec4232e)
[INFO] [stdout] 
[INFO] [stderr]      Running tests/fetch.rs (/opt/rustwide/target/release/deps/fetch-3d9a056ee8547fcc)
[INFO] [stdout] running 0 tests
[INFO] [stdout] 
[INFO] [stdout] test result: ok. 0 passed; 0 failed; 0 ignored; 0 measured; 0 filtered out; finished in 0.00s
[INFO] [stdout] 
[INFO] [stdout] 
[INFO] [stdout] running 9 tests
[INFO] [stdout] test test_discussion_replies_list ... FAILED
[INFO] [stdout] test test_conversations ... FAILED
[INFO] [stdout] test test_discussions_list ... FAILED
[INFO] [stderr] error: test failed, to rerun pass `--test fetch`
[INFO] [stdout] test test_todo ... FAILED
[INFO] [stdout] test test_course_assignments ... FAILED
[INFO] [stdout] test test_modules_items_list ... FAILED
[INFO] [stdout] test test_modules_list ... FAILED
[INFO] [stdout] test test_self_info ... FAILED
[INFO] [stdout] test test_course_list ... FAILED
[INFO] [stdout] 
[INFO] [stdout] failures:
[INFO] [stdout] 
[INFO] [stdout] ---- test_discussion_replies_list stdout ----
[INFO] [stdout] Error: Null token
[INFO] [stdout] 
[INFO] [stdout] Stack backtrace:
[INFO] [stdout]    0: <anyhow::Error as core::convert::From<fuller_canvas_auth::types::errors::AuthError>>::from
[INFO] [stdout]    1: fetch::setup::{closure#0}
[INFO] [stdout]    2: fetch::test_discussion_replies_list::{closure#0}
[INFO] [stdout]    3: <tokio::runtime::scheduler::current_thread::CurrentThread>::block_on::<core::pin::Pin<&mut dyn core::future::future::Future<Output = core::result::Result<(), anyhow::Error>>>>
[INFO] [stdout]    4: <tokio::runtime::runtime::Runtime>::block_on::<core::pin::Pin<&mut dyn core::future::future::Future<Output = core::result::Result<(), anyhow::Error>>>>
[INFO] [stdout]    5: <fetch::test_discussion_replies_list::{closure#0} as core::ops::function::FnOnce<()>>::call_once
[INFO] [stdout]    6: test::__rust_begin_short_backtrace::<core::result::Result<(), alloc::string::String>, fn() -> core::result::Result<(), alloc::string::String>>
[INFO] [stdout]    7: test::run_test::{closure#0}
[INFO] [stdout]    8: std::sys::backtrace::__rust_begin_short_backtrace::<test::run_test::{closure#1}, ()>
[INFO] [stdout]    9: <std::thread::lifecycle::spawn_unchecked<test::run_test::{closure#1}, ()>::{closure#1} as core::ops::function::FnOnce<()>>::call_once::{shim:vtable#0}
[INFO] [stdout]   10: <std::sys::thread::unix::Thread>::new::thread_start
[INFO] [stdout]   11: <unknown>
[INFO] [stdout]   12: clone
[INFO] [stdout] 
[INFO] [stdout] ---- test_conversations stdout ----
[INFO] [stdout] Error: Null token
[INFO] [stdout] 
[INFO] [stdout] Stack backtrace:
[INFO] [stdout]    0: <anyhow::Error as core::convert::From<fuller_canvas_auth::types::errors::AuthError>>::from
[INFO] [stdout]    1: fetch::setup::{closure#0}
[INFO] [stdout]    2: fetch::test_conversations::{closure#0}
[INFO] [stdout]    3: <tokio::runtime::scheduler::current_thread::CurrentThread>::block_on::<core::pin::Pin<&mut dyn core::future::future::Future<Output = core::result::Result<(), anyhow::Error>>>>
[INFO] [stdout]    4: <tokio::runtime::runtime::Runtime>::block_on::<core::pin::Pin<&mut dyn core::future::future::Future<Output = core::result::Result<(), anyhow::Error>>>>
[INFO] [stdout]    5: <fetch::test_conversations::{closure#0} as core::ops::function::FnOnce<()>>::call_once
[INFO] [stdout]    6: test::__rust_begin_short_backtrace::<core::result::Result<(), alloc::string::String>, fn() -> core::result::Result<(), alloc::string::String>>
[INFO] [stdout]    7: test::run_test::{closure#0}
[INFO] [stdout]    8: std::sys::backtrace::__rust_begin_short_backtrace::<test::run_test::{closure#1}, ()>
[INFO] [stdout]    9: <std::thread::lifecycle::spawn_unchecked<test::run_test::{closure#1}, ()>::{closure#1} as core::ops::function::FnOnce<()>>::call_once::{shim:vtable#0}
[INFO] [stdout]   10: <std::sys::thread::unix::Thread>::new::thread_start
[INFO] [stdout]   11: <unknown>
[INFO] [stdout]   12: clone
[INFO] [stdout] 
[INFO] [stdout] ---- test_discussions_list stdout ----
[INFO] [stdout] Error: Null token
[INFO] [stdout] 
[INFO] [stdout] Stack backtrace:
[INFO] [stdout]    0: <anyhow::Error as core::convert::From<fuller_canvas_auth::types::errors::AuthError>>::from
[INFO] [stdout]    1: fetch::setup::{closure#0}
[INFO] [stdout]    2: fetch::test_discussions_list::{closure#0}
[INFO] [stdout]    3: <tokio::runtime::scheduler::current_thread::CurrentThread>::block_on::<core::pin::Pin<&mut dyn core::future::future::Future<Output = core::result::Result<(), anyhow::Error>>>>
[INFO] [stdout]    4: <tokio::runtime::runtime::Runtime>::block_on::<core::pin::Pin<&mut dyn core::future::future::Future<Output = core::result::Result<(), anyhow::Error>>>>
[INFO] [stdout]    5: <fetch::test_discussions_list::{closure#0} as core::ops::function::FnOnce<()>>::call_once
[INFO] [stdout]    6: test::__rust_begin_short_backtrace::<core::result::Result<(), alloc::string::String>, fn() -> core::result::Result<(), alloc::string::String>>
[INFO] [stdout]    7: test::run_test::{closure#0}
[INFO] [stdout]    8: std::sys::backtrace::__rust_begin_short_backtrace::<test::run_test::{closure#1}, ()>
[INFO] [stdout]    9: <std::thread::lifecycle::spawn_unchecked<test::run_test::{closure#1}, ()>::{closure#1} as core::ops::function::FnOnce<()>>::call_once::{shim:vtable#0}
[INFO] [stdout]   10: <std::sys::thread::unix::Thread>::new::thread_start
[INFO] [stdout]   11: <unknown>
[INFO] [stdout]   12: clone
[INFO] [stdout] 
[INFO] [stdout] ---- test_todo stdout ----
[INFO] [stdout] Error: Null token
[INFO] [stdout] 
[INFO] [stdout] Stack backtrace:
[INFO] [stdout]    0: <anyhow::Error as core::convert::From<fuller_canvas_auth::types::errors::AuthError>>::from
[INFO] [stdout]    1: fetch::setup::{closure#0}
[INFO] [stdout]    2: fetch::test_todo::{closure#0}
[INFO] [stdout]    3: <tokio::runtime::scheduler::current_thread::CurrentThread>::block_on::<core::pin::Pin<&mut dyn core::future::future::Future<Output = core::result::Result<(), anyhow::Error>>>>
[INFO] [stdout]    4: <tokio::runtime::runtime::Runtime>::block_on::<core::pin::Pin<&mut dyn core::future::future::Future<Output = core::result::Result<(), anyhow::Error>>>>
[INFO] [stdout]    5: <fetch::test_todo::{closure#0} as core::ops::function::FnOnce<()>>::call_once
[INFO] [stdout]    6: test::__rust_begin_short_backtrace::<core::result::Result<(), alloc::string::String>, fn() -> core::result::Result<(), alloc::string::String>>
[INFO] [stdout]    7: test::run_test::{closure#0}
[INFO] [stdout]    8: std::sys::backtrace::__rust_begin_short_backtrace::<test::run_test::{closure#1}, ()>
[INFO] [stdout]    9: <std::thread::lifecycle::spawn_unchecked<test::run_test::{closure#1}, ()>::{closure#1} as core::ops::function::FnOnce<()>>::call_once::{shim:vtable#0}
[INFO] [stdout]   10: <std::sys::thread::unix::Thread>::new::thread_start
[INFO] [stdout]   11: <unknown>
[INFO] [stdout]   12: clone
[INFO] [stdout] 
[INFO] [stdout] ---- test_course_assignments stdout ----
[INFO] [stdout] Error: Null token
[INFO] [stdout] 
[INFO] [stdout] Stack backtrace:
[INFO] [stdout]    0: <anyhow::Error as core::convert::From<fuller_canvas_auth::types::errors::AuthError>>::from
[INFO] [stdout]    1: fetch::setup::{closure#0}
[INFO] [stdout]    2: fetch::test_course_assignments::{closure#0}
[INFO] [stdout]    3: <tokio::runtime::scheduler::current_thread::CurrentThread>::block_on::<core::pin::Pin<&mut dyn core::future::future::Future<Output = core::result::Result<(), anyhow::Error>>>>
[INFO] [stdout]    4: <tokio::runtime::runtime::Runtime>::block_on::<core::pin::Pin<&mut dyn core::future::future::Future<Output = core::result::Result<(), anyhow::Error>>>>
[INFO] [stdout]    5: <fetch::test_course_assignments::{closure#0} as core::ops::function::FnOnce<()>>::call_once
[INFO] [stdout]    6: test::__rust_begin_short_backtrace::<core::result::Result<(), alloc::string::String>, fn() -> core::result::Result<(), alloc::string::String>>
[INFO] [stdout]    7: test::run_test::{closure#0}
[INFO] [stdout]    8: std::sys::backtrace::__rust_begin_short_backtrace::<test::run_test::{closure#1}, ()>
[INFO] [stdout]    9: <std::thread::lifecycle::spawn_unchecked<test::run_test::{closure#1}, ()>::{closure#1} as core::ops::function::FnOnce<()>>::call_once::{shim:vtable#0}
[INFO] [stdout]   10: <std::sys::thread::unix::Thread>::new::thread_start
[INFO] [stdout]   11: <unknown>
[INFO] [stdout]   12: clone
[INFO] [stdout] 
[INFO] [stdout] ---- test_modules_items_list stdout ----
[INFO] [stdout] Error: Null token
[INFO] [stdout] 
[INFO] [stdout] Stack backtrace:
[INFO] [stdout]    0: <anyhow::Error as core::convert::From<fuller_canvas_auth::types::errors::AuthError>>::from
[INFO] [stdout]    1: fetch::setup::{closure#0}
[INFO] [stdout]    2: fetch::test_modules_items_list::{closure#0}
[INFO] [stdout]    3: <tokio::runtime::scheduler::current_thread::CurrentThread>::block_on::<core::pin::Pin<&mut dyn core::future::future::Future<Output = core::result::Result<(), anyhow::Error>>>>
[INFO] [stdout]    4: <tokio::runtime::runtime::Runtime>::block_on::<core::pin::Pin<&mut dyn core::future::future::Future<Output = core::result::Result<(), anyhow::Error>>>>
[INFO] [stdout]    5: <fetch::test_modules_items_list::{closure#0} as core::ops::function::FnOnce<()>>::call_once
[INFO] [stdout]    6: test::__rust_begin_short_backtrace::<core::result::Result<(), alloc::string::String>, fn() -> core::result::Result<(), alloc::string::String>>
[INFO] [stdout]    7: test::run_test::{closure#0}
[INFO] [stdout]    8: std::sys::backtrace::__rust_begin_short_backtrace::<test::run_test::{closure#1}, ()>
[INFO] [stdout]    9: <std::thread::lifecycle::spawn_unchecked<test::run_test::{closure#1}, ()>::{closure#1} as core::ops::function::FnOnce<()>>::call_once::{shim:vtable#0}
[INFO] [stdout]   10: <std::sys::thread::unix::Thread>::new::thread_start
[INFO] [stdout]   11: <unknown>
[INFO] [stdout]   12: clone
[INFO] [stdout] 
[INFO] [stdout] ---- test_modules_list stdout ----
[INFO] [stdout] Error: Null token
[INFO] [stdout] 
[INFO] [stdout] Stack backtrace:
[INFO] [stdout]    0: <anyhow::Error as core::convert::From<fuller_canvas_auth::types::errors::AuthError>>::from
[INFO] [stdout]    1: fetch::setup::{closure#0}
[INFO] [stdout]    2: fetch::test_modules_list::{closure#0}
[INFO] [stdout]    3: <tokio::runtime::scheduler::current_thread::CurrentThread>::block_on::<core::pin::Pin<&mut dyn core::future::future::Future<Output = core::result::Result<(), anyhow::Error>>>>
[INFO] [stdout]    4: <tokio::runtime::runtime::Runtime>::block_on::<core::pin::Pin<&mut dyn core::future::future::Future<Output = core::result::Result<(), anyhow::Error>>>>
[INFO] [stdout]    5: <fetch::test_modules_list::{closure#0} as core::ops::function::FnOnce<()>>::call_once
[INFO] [stdout]    6: test::__rust_begin_short_backtrace::<core::result::Result<(), alloc::string::String>, fn() -> core::result::Result<(), alloc::string::String>>
[INFO] [stdout]    7: test::run_test::{closure#0}
[INFO] [stdout]    8: std::sys::backtrace::__rust_begin_short_backtrace::<test::run_test::{closure#1}, ()>
[INFO] [stdout]    9: <std::thread::lifecycle::spawn_unchecked<test::run_test::{closure#1}, ()>::{closure#1} as core::ops::function::FnOnce<()>>::call_once::{shim:vtable#0}
[INFO] [stdout]   10: <std::sys::thread::unix::Thread>::new::thread_start
[INFO] [stdout]   11: <unknown>
[INFO] [stdout]   12: clone
[INFO] [stdout] 
[INFO] [stdout] ---- test_self_info stdout ----
[INFO] [stdout] Error: Null token
[INFO] [stdout] 
[INFO] [stdout] Stack backtrace:
[INFO] [stdout]    0: <anyhow::Error as core::convert::From<fuller_canvas_auth::types::errors::AuthError>>::from
[INFO] [stdout]    1: fetch::setup::{closure#0}
[INFO] [stdout]    2: fetch::test_self_info::{closure#0}
[INFO] [stdout]    3: <tokio::runtime::scheduler::current_thread::CurrentThread>::block_on::<core::pin::Pin<&mut dyn core::future::future::Future<Output = core::result::Result<(), anyhow::Error>>>>
[INFO] [stdout]    4: <tokio::runtime::runtime::Runtime>::block_on::<core::pin::Pin<&mut dyn core::future::future::Future<Output = core::result::Result<(), anyhow::Error>>>>
[INFO] [stdout]    5: <fetch::test_self_info::{closure#0} as core::ops::function::FnOnce<()>>::call_once
[INFO] [stdout]    6: test::__rust_begin_short_backtrace::<core::result::Result<(), alloc::string::String>, fn() -> core::result::Result<(), alloc::string::String>>
[INFO] [stdout]    7: test::run_test::{closure#0}
[INFO] [stdout]    8: std::sys::backtrace::__rust_begin_short_backtrace::<test::run_test::{closure#1}, ()>
[INFO] [stdout]    9: <std::thread::lifecycle::spawn_unchecked<test::run_test::{closure#1}, ()>::{closure#1} as core::ops::function::FnOnce<()>>::call_once::{shim:vtable#0}
[INFO] [stdout]   10: <std::sys::thread::unix::Thread>::new::thread_start
[INFO] [stdout]   11: <unknown>
[INFO] [stdout]   12: clone
[INFO] [stdout] 
[INFO] [stdout] ---- test_course_list stdout ----
[INFO] [stdout] Error: Null token
[INFO] [stdout] 
[INFO] [stdout] Stack backtrace:
[INFO] [stdout]    0: <anyhow::Error as core::convert::From<fuller_canvas_auth::types::errors::AuthError>>::from
[INFO] [stdout]    1: fetch::setup::{closure#0}
[INFO] [stdout]    2: fetch::test_course_list::{closure#0}
[INFO] [stdout]    3: <tokio::runtime::scheduler::current_thread::CurrentThread>::block_on::<core::pin::Pin<&mut dyn core::future::future::Future<Output = core::result::Result<(), anyhow::Error>>>>
[INFO] [stdout]    4: <tokio::runtime::runtime::Runtime>::block_on::<core::pin::Pin<&mut dyn core::future::future::Future<Output = core::result::Result<(), anyhow::Error>>>>
[INFO] [stdout]    5: <fetch::test_course_list::{closure#0} as core::ops::function::FnOnce<()>>::call_once
[INFO] [stdout]    6: test::__rust_begin_short_backtrace::<core::result::Result<(), alloc::string::String>, fn() -> core::result::Result<(), alloc::string::String>>
[INFO] [stdout]    7: test::run_test::{closure#0}
[INFO] [stdout]    8: std::sys::backtrace::__rust_begin_short_backtrace::<test::run_test::{closure#1}, ()>
[INFO] [stdout]    9: <std::thread::lifecycle::spawn_unchecked<test::run_test::{closure#1}, ()>::{closure#1} as core::ops::function::FnOnce<()>>::call_once::{shim:vtable#0}
[INFO] [stdout]   10: <std::sys::thread::unix::Thread>::new::thread_start
[INFO] [stdout]   11: <unknown>
[INFO] [stdout]   12: clone
[INFO] [stdout] 
[INFO] [stdout] 
[INFO] [stdout] failures:
[INFO] [stdout]     test_conversations
[INFO] [stdout]     test_course_assignments
[INFO] [stdout]     test_course_list
[INFO] [stdout]     test_discussion_replies_list
[INFO] [stdout]     test_discussions_list
[INFO] [stdout]     test_modules_items_list
[INFO] [stdout]     test_modules_list
[INFO] [stdout]     test_self_info
[INFO] [stdout]     test_todo
[INFO] [stdout] 
[INFO] [stdout] test result: FAILED. 0 passed; 9 failed; 0 ignored; 0 measured; 0 filtered out; finished in 0.01s
[INFO] [stdout] 
[INFO] running `Command { std: "docker" "inspect" "8f263c7b12cce5f9511ad35accc422965c0e0c300639b8ecec80f31b8bd1e9b6", kill_on_drop: false }`
[INFO] running `Command { std: "docker" "rm" "-f" "8f263c7b12cce5f9511ad35accc422965c0e0c300639b8ecec80f31b8bd1e9b6", kill_on_drop: false }`
[INFO] [stdout] 8f263c7b12cce5f9511ad35accc422965c0e0c300639b8ecec80f31b8bd1e9b6
