[INFO] fetching crate fulid 0.1.0...
[INFO] testing fulid-0.1.0 against 1.99.0-beta.8+cargoflags=--release for beta-release-1.100-2
[INFO] extracting crate fulid 0.1.0 into /workspace/builds/worker-3-tc1/source
[INFO] started tweaking crates.io crate fulid 0.1.0
[INFO] removed 0 missing examples
[INFO] finished tweaking crates.io crate fulid 0.1.0
[INFO] tweaked toml for crates.io crate fulid 0.1.0 written to /workspace/builds/worker-3-tc1/source/Cargo.toml
[INFO] validating manifest of crates.io crate fulid 0.1.0 on toolchain 1.99.0-beta.8
[INFO] running `Command { std: CARGO_HOME="/workspace/cargo-home" RUSTUP_HOME="/workspace/rustup-home" "/workspace/cargo-home/bin/cargo" "+1.99.0-beta.8" "metadata" "--manifest-path" "Cargo.toml" "--no-deps", kill_on_drop: false }`
[INFO] crate crates.io crate fulid 0.1.0 already has a lockfile, it will not be regenerated
[INFO] running `Command { std: CARGO_HOME="/workspace/cargo-home" RUSTUP_HOME="/workspace/rustup-home" "/workspace/cargo-home/bin/cargo" "+1.99.0-beta.8" "fetch" "--manifest-path" "Cargo.toml", kill_on_drop: false }`
[INFO] [stderr]     Updating crates.io index
[INFO] [stderr]  Downloading crates ...
[INFO] [stderr]   Downloaded serde v1.0.218
[INFO] [stderr]   Downloaded serde_derive v1.0.218
[INFO] [stderr]   Downloaded typeid v1.0.2
[INFO] [stderr]   Downloaded plotly_derive v0.12.1
[INFO] [stderr]   Downloaded dyn-clone v1.0.18
[INFO] [stderr]   Downloaded erased-serde v0.4.5
[INFO] [stderr]   Downloaded rinja v0.3.5
[INFO] [stderr]   Downloaded rinja_parser v0.3.5
[INFO] [stderr]   Downloaded rinja_derive v0.3.5
[INFO] [stderr]   Downloaded serde_json v1.0.139
[INFO] [stderr]   Downloaded cc v1.2.15
[INFO] [stderr]   Downloaded libc v0.2.170
[INFO] [stderr]   Downloaded plotly v0.12.1
[INFO] running `Command { std: "docker" "create" "-v" "/var/lib/crater-agent-workspace/builds/worker-3-tc1/source:/opt/rustwide/workdir:ro,Z" "-v" "/var/lib/crater-agent-workspace/builds/worker-3-tc1/target:/opt/rustwide/target:rw,Z" "-v" "/var/lib/crater-agent-workspace/cargo-home:/opt/rustwide/cargo-home:ro,Z" "-v" "/var/lib/crater-agent-workspace/rustup-home:/opt/rustwide/rustup-home:ro,Z" "-m" "1610612736" "--network" "none" "ghcr.io/rust-lang/crates-build-env/linux@sha256:77db811e55d90add9212f6832c23229e3de5f1c1f9905e8cb07319ea15df73ac" "sleep" "infinity", kill_on_drop: false }`
[INFO] [stdout] ea8ede933b76d4b4c341c89a9898e9d1c6f8e73977d94d5b91302cbf2a91f5c1
[INFO] running `Command { std: "docker" "start" "ea8ede933b76d4b4c341c89a9898e9d1c6f8e73977d94d5b91302cbf2a91f5c1", kill_on_drop: false }`
[INFO] running `Command { std: "docker" "inspect" "ea8ede933b76d4b4c341c89a9898e9d1c6f8e73977d94d5b91302cbf2a91f5c1", kill_on_drop: false }`
[INFO] running `Command { std: "docker" "exec" "-e" "SOURCE_DIR=/opt/rustwide/workdir" "-e" "CARGO_HOME=/opt/rustwide/cargo-home" "-e" "RUSTUP_HOME=/opt/rustwide/rustup-home" "-e" "CARGO_TARGET_DIR=/opt/rustwide/target" "-w" "/opt/rustwide/workdir" "--user" "0:0" "ea8ede933b76d4b4c341c89a9898e9d1c6f8e73977d94d5b91302cbf2a91f5c1" "/opt/rustwide/cargo-home/bin/cargo" "+1.99.0-beta.8" "metadata" "--no-deps" "--format-version=1", kill_on_drop: false }`
[INFO] running `Command { std: "docker" "inspect" "ea8ede933b76d4b4c341c89a9898e9d1c6f8e73977d94d5b91302cbf2a91f5c1", kill_on_drop: false }`
[INFO] running `Command { std: "docker" "exec" "-e" "SOURCE_DIR=/opt/rustwide/workdir" "-e" "CARGO_HOME=/opt/rustwide/cargo-home" "-e" "RUSTUP_HOME=/opt/rustwide/rustup-home" "-e" "CARGO_TARGET_DIR=/opt/rustwide/target" "-e" "CARGO_INCREMENTAL=0" "-e" "RUST_BACKTRACE=full" "-e" "RUSTFLAGS=--cap-lints=warn" "-e" "RUSTDOCFLAGS=--cap-lints=warn" "-w" "/opt/rustwide/workdir" "--user" "0:0" "ea8ede933b76d4b4c341c89a9898e9d1c6f8e73977d94d5b91302cbf2a91f5c1" "/opt/rustwide/cargo-home/bin/cargo" "+1.99.0-beta.8" "build" "--frozen" "--message-format=json" "--release", kill_on_drop: false }`
[INFO] [stderr]    Compiling proc-macro2 v1.0.93
[INFO] [stderr]    Compiling unicode-ident v1.0.17
[INFO] [stderr]    Compiling libc v0.2.170
[INFO] [stderr]    Compiling serde v1.0.218
[INFO] [stderr]    Compiling memchr v2.7.4
[INFO] [stderr]    Compiling minimal-lexical v0.2.1
[INFO] [stderr]    Compiling libm v0.2.11
[INFO] [stderr]    Compiling serde_json v1.0.139
[INFO] [stderr]    Compiling mime v0.3.17
[INFO] [stderr]    Compiling typeid v1.0.2
[INFO] [stderr]    Compiling rustc-hash v2.1.1
[INFO] [stderr]    Compiling itoa v1.0.14
[INFO] [stderr]    Compiling ryu v1.0.19
[INFO] [stderr]    Compiling mime_guess v2.0.5
[INFO] [stderr]    Compiling dyn-clone v1.0.18
[INFO] [stderr]    Compiling once_cell v1.20.3
[INFO] [stderr]    Compiling nom v7.1.3
[INFO] [stderr]    Compiling quote v1.0.38
[INFO] [stderr]    Compiling humansize v2.1.3
[INFO] [stderr]    Compiling syn v2.0.98
[INFO] [stderr]    Compiling getrandom v0.2.15
[INFO] [stderr]    Compiling rand_core v0.6.4
[INFO] [stderr]    Compiling darling_core v0.20.10
[INFO] [stderr]    Compiling serde_derive v1.0.218
[INFO] [stderr]    Compiling zerocopy-derive v0.7.35
[INFO] [stderr]    Compiling serde_repr v0.1.19
[INFO] [stderr]    Compiling zerocopy v0.7.35
[INFO] [stderr]    Compiling ppv-lite86 v0.2.20
[INFO] [stderr]    Compiling rand_chacha v0.3.1
[INFO] [stderr]    Compiling rand v0.8.5
[INFO] [stderr]    Compiling darling_macro v0.20.10
[INFO] [stderr]    Compiling darling v0.20.10
[INFO] [stderr]    Compiling serde_with_macros v3.12.0
[INFO] [stderr]    Compiling plotly_derive v0.12.1
[INFO] [stderr]    Compiling erased-serde v0.4.5
[INFO] [stderr]    Compiling serde_with v3.12.0
[INFO] [stderr]    Compiling basic-toml v0.1.9
[INFO] [stderr]    Compiling rinja_parser v0.3.5
[INFO] [stderr]    Compiling rinja_derive v0.3.5
[INFO] [stderr]    Compiling rinja v0.3.5
[INFO] [stderr]    Compiling plotly v0.12.1
[INFO] [stderr]    Compiling fulid v0.1.0 (/opt/rustwide/workdir)
[INFO] [stderr]     Finished `release` profile [optimized] target(s) in 40.36s
[INFO] running `Command { std: "docker" "inspect" "ea8ede933b76d4b4c341c89a9898e9d1c6f8e73977d94d5b91302cbf2a91f5c1", kill_on_drop: false }`
[INFO] running `Command { std: "docker" "exec" "-e" "SOURCE_DIR=/opt/rustwide/workdir" "-e" "CARGO_HOME=/opt/rustwide/cargo-home" "-e" "RUSTUP_HOME=/opt/rustwide/rustup-home" "-e" "CARGO_TARGET_DIR=/opt/rustwide/target" "-e" "CARGO_INCREMENTAL=0" "-e" "RUST_BACKTRACE=full" "-e" "RUSTFLAGS=--cap-lints=warn" "-e" "RUSTDOCFLAGS=--cap-lints=warn" "-w" "/opt/rustwide/workdir" "--user" "0:0" "ea8ede933b76d4b4c341c89a9898e9d1c6f8e73977d94d5b91302cbf2a91f5c1" "/opt/rustwide/cargo-home/bin/cargo" "+1.99.0-beta.8" "test" "--frozen" "--no-run" "--message-format=json" "--release", kill_on_drop: false }`
[INFO] [stderr]    Compiling fulid v0.1.0 (/opt/rustwide/workdir)
[INFO] [stderr]     Finished `release` profile [optimized] target(s) in 4.86s
[INFO] running `Command { std: "docker" "inspect" "ea8ede933b76d4b4c341c89a9898e9d1c6f8e73977d94d5b91302cbf2a91f5c1", kill_on_drop: false }`
[INFO] running `Command { std: "docker" "exec" "-e" "SOURCE_DIR=/opt/rustwide/workdir" "-e" "CARGO_HOME=/opt/rustwide/cargo-home" "-e" "RUSTUP_HOME=/opt/rustwide/rustup-home" "-e" "CARGO_TARGET_DIR=/opt/rustwide/target" "-e" "CARGO_INCREMENTAL=0" "-e" "RUST_BACKTRACE=full" "-e" "RUSTFLAGS=--cap-lints=warn" "-e" "RUSTDOCFLAGS=--cap-lints=warn" "-w" "/opt/rustwide/workdir" "--user" "0:0" "ea8ede933b76d4b4c341c89a9898e9d1c6f8e73977d94d5b91302cbf2a91f5c1" "/opt/rustwide/cargo-home/bin/cargo" "+1.99.0-beta.8" "test" "--frozen" "--release", kill_on_drop: false }`
[INFO] [stderr]     Finished `release` profile [optimized] target(s) in 0.07s
[INFO] [stderr]      Running unittests src/lib.rs (/opt/rustwide/target/release/deps/fulid-aadf9e7edf7ca2a9)
[INFO] [stdout] 
[INFO] [stdout] running 6 tests
[INFO] [stdout] test strategy_engine::tests::test_strategy_performance ... ok
[INFO] [stdout] test strategy_engine::tests::test_empty_strategy_engine ... ok
[INFO] [stdout] test simulator::tests::test_simulator_with_empty_strategies ... FAILED
[INFO] [stdout] test simulator::tests::test_simulator_with_multiple_strategies ... FAILED
[INFO] [stdout] test simulator::tests::test_simulator_with_single_strategy ... FAILED
[INFO] [stdout] test strategy_engine::tests::test_strategy_engine ... FAILED
[INFO] [stderr] error: test failed, to rerun pass `--lib`
[INFO] [stdout] 
[INFO] [stdout] failures:
[INFO] [stdout] 
[INFO] [stdout] ---- simulator::tests::test_simulator_with_empty_strategies stdout ----
[INFO] [stdout] 
[INFO] [stdout] thread 'simulator::tests::test_simulator_with_empty_strategies' (1049) panicked at /opt/rustwide/cargo-home/registry/src/index.crates.io-1949cf8c6b5b557f/plotly-0.12.1/src/plot.rs:326:36:
[INFO] [stdout] Provided filepath does not exist or is not accessible: Os { code: 30, kind: ReadOnlyFilesystem, message: "Read-only file system" }
[INFO] [stdout] stack backtrace:
[INFO] [stdout]    0:     0x5b29dd80ca11 - <<std[70759c8f55707aa4]::sys::backtrace::BacktraceLock>::print::DisplayBacktrace as core[df12db4294e9bfd3]::fmt::Display>::fmt
[INFO] [stdout]    1:     0x5b29dd820fba - core[df12db4294e9bfd3]::fmt::write
[INFO] [stdout]    2:     0x5b29dd810eac - <alloc[2182bb758b4b3781]::vec::Vec<u8> as core[df12db4294e9bfd3]::io::write::Write>::write_fmt
[INFO] [stdout]    3:     0x5b29dd7e9006 - std[70759c8f55707aa4]::panicking::default_hook::{closure#0}
[INFO] [stdout]    4:     0x5b29dd805179 - std[70759c8f55707aa4]::panicking::default_hook
[INFO] [stdout]    5:     0x5b29dd777d70 - test[9d35eded1c95d3be]::test_main_inner::<test[9d35eded1c95d3be]::test_main_static::{closure#0}>::{closure#0}
[INFO] [stdout]    6:     0x5b29dd805332 - std[70759c8f55707aa4]::panicking::panic_with_hook
[INFO] [stdout]    7:     0x5b29dd7e90b2 - std[70759c8f55707aa4]::panicking::panic_handler::{closure#0}
[INFO] [stdout]    8:     0x5b29dd7e1e39 - std[70759c8f55707aa4]::sys::backtrace::__rust_end_short_backtrace::<std[70759c8f55707aa4]::panicking::panic_handler::{closure#0}, !>
[INFO] [stdout]    9:     0x5b29dd7e9cad - __rustc[8fa7c3cbc660c2b3]::rust_begin_unwind
[INFO] [stdout]   10:     0x5b29dd8216ec - core[df12db4294e9bfd3]::panicking::panic_fmt
[INFO] [stdout]   11:     0x5b29dd8214c2 - core[df12db4294e9bfd3]::result::unwrap_failed
[INFO] [stdout]   12:     0x5b29dd75c283 - <plotly[70032a29333bb8e2]::plot::Plot>::write_html::<&str>
[INFO] [stdout]   13:     0x5b29dd756bba - <fulid[87b26aeb61ac750d]::simulator::Simulator>::simulate
[INFO] [stdout]   14:     0x5b29dd7630ce - fulid[87b26aeb61ac750d]::simulator::tests::test_simulator_with_empty_strategies
[INFO] [stdout]   15:     0x5b29dd76afa9 - <fulid[87b26aeb61ac750d]::simulator::tests::test_simulator_with_empty_strategies::{closure#0} as core[df12db4294e9bfd3]::ops::function::FnOnce<()>>::call_once
[INFO] [stdout]   16:     0x5b29dd76b05b - test[9d35eded1c95d3be]::__rust_begin_short_backtrace::<core[df12db4294e9bfd3]::result::Result<(), alloc[2182bb758b4b3781]::string::String>, fn() -> core[df12db4294e9bfd3]::result::Result<(), alloc[2182bb758b4b3781]::string::String>>
[INFO] [stdout]   17:     0x5b29dd7786c5 - test[9d35eded1c95d3be]::run_test::{closure#0}
[INFO] [stdout]   18:     0x5b29dd771f84 - std[70759c8f55707aa4]::sys::backtrace::__rust_begin_short_backtrace::<test[9d35eded1c95d3be]::run_test::{closure#1}, ()>
[INFO] [stdout]   19:     0x5b29dd77b822 - <std[70759c8f55707aa4]::thread::lifecycle::spawn_unchecked<test[9d35eded1c95d3be]::run_test::{closure#1}, ()>::{closure#1} as core[df12db4294e9bfd3]::ops::function::FnOnce<()>>::call_once::{shim:vtable#0}
[INFO] [stdout]   20:     0x5b29dd80c2e9 - <std[70759c8f55707aa4]::sys::thread::unix::Thread>::new::thread_start
[INFO] [stdout]   21:     0x78dbc6c22dfa - <unknown>
[INFO] [stdout]   22:     0x78dbc6cb63d4 - clone
[INFO] [stdout]   23:                0x0 - <unknown>
[INFO] [stdout] 
[INFO] [stdout] ---- simulator::tests::test_simulator_with_multiple_strategies stdout ----
[INFO] [stdout] 
[INFO] [stdout] thread 'simulator::tests::test_simulator_with_multiple_strategies' (1050) panicked at /opt/rustwide/cargo-home/registry/src/index.crates.io-1949cf8c6b5b557f/plotly-0.12.1/src/plot.rs:326:36:
[INFO] [stdout] Provided filepath does not exist or is not accessible: Os { code: 30, kind: ReadOnlyFilesystem, message: "Read-only file system" }
[INFO] [stdout] stack backtrace:
[INFO] [stdout]    0:     0x5b29dd80ca11 - <<std[70759c8f55707aa4]::sys::backtrace::BacktraceLock>::print::DisplayBacktrace as core[df12db4294e9bfd3]::fmt::Display>::fmt
[INFO] [stdout]    1:     0x5b29dd820fba - core[df12db4294e9bfd3]::fmt::write
[INFO] [stdout]    2:     0x5b29dd810eac - <alloc[2182bb758b4b3781]::vec::Vec<u8> as core[df12db4294e9bfd3]::io::write::Write>::write_fmt
[INFO] [stdout]    3:     0x5b29dd7e9006 - std[70759c8f55707aa4]::panicking::default_hook::{closure#0}
[INFO] [stdout]    4:     0x5b29dd805179 - std[70759c8f55707aa4]::panicking::default_hook
[INFO] [stdout]    5:     0x5b29dd777d70 - test[9d35eded1c95d3be]::test_main_inner::<test[9d35eded1c95d3be]::test_main_static::{closure#0}>::{closure#0}
[INFO] [stdout]    6:     0x5b29dd805332 - std[70759c8f55707aa4]::panicking::panic_with_hook
[INFO] [stdout]    7:     0x5b29dd7e90b2 - std[70759c8f55707aa4]::panicking::panic_handler::{closure#0}
[INFO] [stdout]    8:     0x5b29dd7e1e39 - std[70759c8f55707aa4]::sys::backtrace::__rust_end_short_backtrace::<std[70759c8f55707aa4]::panicking::panic_handler::{closure#0}, !>
[INFO] [stdout]    9:     0x5b29dd7e9cad - __rustc[8fa7c3cbc660c2b3]::rust_begin_unwind
[INFO] [stdout]   10:     0x5b29dd8216ec - core[df12db4294e9bfd3]::panicking::panic_fmt
[INFO] [stdout]   11:     0x5b29dd8214c2 - core[df12db4294e9bfd3]::result::unwrap_failed
[INFO] [stdout]   12:     0x5b29dd75c283 - <plotly[70032a29333bb8e2]::plot::Plot>::write_html::<&str>
[INFO] [stdout]   13:     0x5b29dd756bba - <fulid[87b26aeb61ac750d]::simulator::Simulator>::simulate
[INFO] [stdout]   14:     0x5b29dd763d49 - fulid[87b26aeb61ac750d]::simulator::tests::test_simulator_with_multiple_strategies
[INFO] [stdout]   15:     0x5b29dd76afc9 - <fulid[87b26aeb61ac750d]::simulator::tests::test_simulator_with_multiple_strategies::{closure#0} as core[df12db4294e9bfd3]::ops::function::FnOnce<()>>::call_once
[INFO] [stdout]   16:     0x5b29dd76b05b - test[9d35eded1c95d3be]::__rust_begin_short_backtrace::<core[df12db4294e9bfd3]::result::Result<(), alloc[2182bb758b4b3781]::string::String>, fn() -> core[df12db4294e9bfd3]::result::Result<(), alloc[2182bb758b4b3781]::string::String>>
[INFO] [stdout]   17:     0x5b29dd7786c5 - test[9d35eded1c95d3be]::run_test::{closure#0}
[INFO] [stdout]   18:     0x5b29dd771f84 - std[70759c8f55707aa4]::sys::backtrace::__rust_begin_short_backtrace::<test[9d35eded1c95d3be]::run_test::{closure#1}, ()>
[INFO] [stdout]   19:     0x5b29dd77b822 - <std[70759c8f55707aa4]::thread::lifecycle::spawn_unchecked<test[9d35eded1c95d3be]::run_test::{closure#1}, ()>::{closure#1} as core[df12db4294e9bfd3]::ops::function::FnOnce<()>>::call_once::{shim:vtable#0}
[INFO] [stdout]   20:     0x5b29dd80c2e9 - <std[70759c8f55707aa4]::sys::thread::unix::Thread>::new::thread_start
[INFO] [stdout]   21:     0x78dbc6c22dfa - <unknown>
[INFO] [stdout]   22:     0x78dbc6cb63d4 - clone
[INFO] [stdout]   23:                0x0 - <unknown>
[INFO] [stdout] 
[INFO] [stdout] ---- simulator::tests::test_simulator_with_single_strategy stdout ----
[INFO] [stdout] 
[INFO] [stdout] thread 'simulator::tests::test_simulator_with_single_strategy' (1051) panicked at /opt/rustwide/cargo-home/registry/src/index.crates.io-1949cf8c6b5b557f/plotly-0.12.1/src/plot.rs:326:36:
[INFO] [stdout] Provided filepath does not exist or is not accessible: Os { code: 30, kind: ReadOnlyFilesystem, message: "Read-only file system" }
[INFO] [stdout] stack backtrace:
[INFO] [stdout]    0:     0x5b29dd80ca11 - <<std[70759c8f55707aa4]::sys::backtrace::BacktraceLock>::print::DisplayBacktrace as core[df12db4294e9bfd3]::fmt::Display>::fmt
[INFO] [stdout]    1:     0x5b29dd820fba - core[df12db4294e9bfd3]::fmt::write
[INFO] [stdout]    2:     0x5b29dd810eac - <alloc[2182bb758b4b3781]::vec::Vec<u8> as core[df12db4294e9bfd3]::io::write::Write>::write_fmt
[INFO] [stdout]    3:     0x5b29dd7e9006 - std[70759c8f55707aa4]::panicking::default_hook::{closure#0}
[INFO] [stdout]    4:     0x5b29dd805179 - std[70759c8f55707aa4]::panicking::default_hook
[INFO] [stdout]    5:     0x5b29dd777d70 - test[9d35eded1c95d3be]::test_main_inner::<test[9d35eded1c95d3be]::test_main_static::{closure#0}>::{closure#0}
[INFO] [stdout]    6:     0x5b29dd805332 - std[70759c8f55707aa4]::panicking::panic_with_hook
[INFO] [stdout]    7:     0x5b29dd7e90b2 - std[70759c8f55707aa4]::panicking::panic_handler::{closure#0}
[INFO] [stdout]    8:     0x5b29dd7e1e39 - std[70759c8f55707aa4]::sys::backtrace::__rust_end_short_backtrace::<std[70759c8f55707aa4]::panicking::panic_handler::{closure#0}, !>
[INFO] [stdout]    9:     0x5b29dd7e9cad - __rustc[8fa7c3cbc660c2b3]::rust_begin_unwind
[INFO] [stdout]   10:     0x5b29dd8216ec - core[df12db4294e9bfd3]::panicking::panic_fmt
[INFO] [stdout]   11:     0x5b29dd8214c2 - core[df12db4294e9bfd3]::result::unwrap_failed
[INFO] [stdout]   12:     0x5b29dd75c283 - <plotly[70032a29333bb8e2]::plot::Plot>::write_html::<&str>
[INFO] [stdout]   13:     0x5b29dd756bba - <fulid[87b26aeb61ac750d]::simulator::Simulator>::simulate
[INFO] [stdout]   14:     0x5b29dd762ead - fulid[87b26aeb61ac750d]::simulator::tests::test_simulator_with_single_strategy
[INFO] [stdout]   15:     0x5b29dd76af89 - <fulid[87b26aeb61ac750d]::simulator::tests::test_simulator_with_single_strategy::{closure#0} as core[df12db4294e9bfd3]::ops::function::FnOnce<()>>::call_once
[INFO] [stdout]   16:     0x5b29dd76b05b - test[9d35eded1c95d3be]::__rust_begin_short_backtrace::<core[df12db4294e9bfd3]::result::Result<(), alloc[2182bb758b4b3781]::string::String>, fn() -> core[df12db4294e9bfd3]::result::Result<(), alloc[2182bb758b4b3781]::string::String>>
[INFO] [stdout]   17:     0x5b29dd7786c5 - test[9d35eded1c95d3be]::run_test::{closure#0}
[INFO] [stdout]   18:     0x5b29dd771f84 - std[70759c8f55707aa4]::sys::backtrace::__rust_begin_short_backtrace::<test[9d35eded1c95d3be]::run_test::{closure#1}, ()>
[INFO] [stdout]   19:     0x5b29dd77b822 - <std[70759c8f55707aa4]::thread::lifecycle::spawn_unchecked<test[9d35eded1c95d3be]::run_test::{closure#1}, ()>::{closure#1} as core[df12db4294e9bfd3]::ops::function::FnOnce<()>>::call_once::{shim:vtable#0}
[INFO] [stdout]   20:     0x5b29dd80c2e9 - <std[70759c8f55707aa4]::sys::thread::unix::Thread>::new::thread_start
[INFO] [stdout]   21:     0x78dbc6c22dfa - <unknown>
[INFO] [stdout]   22:     0x78dbc6cb63d4 - clone
[INFO] [stdout]   23:                0x0 - <unknown>
[INFO] [stdout] 
[INFO] [stdout] ---- strategy_engine::tests::test_strategy_engine stdout ----
[INFO] [stdout] 
[INFO] [stdout] thread 'strategy_engine::tests::test_strategy_engine' (1053) panicked at src/breakout.rs:30:45:
[INFO] [stdout] called `Option::unwrap()` on a `None` value
[INFO] [stdout] stack backtrace:
[INFO] [stdout]    0:     0x5b29dd80ca11 - <<std[70759c8f55707aa4]::sys::backtrace::BacktraceLock>::print::DisplayBacktrace as core[df12db4294e9bfd3]::fmt::Display>::fmt
[INFO] [stdout]    1:     0x5b29dd820fba - core[df12db4294e9bfd3]::fmt::write
[INFO] [stdout]    2:     0x5b29dd810eac - <alloc[2182bb758b4b3781]::vec::Vec<u8> as core[df12db4294e9bfd3]::io::write::Write>::write_fmt
[INFO] [stdout]    3:     0x5b29dd7e9006 - std[70759c8f55707aa4]::panicking::default_hook::{closure#0}
[INFO] [stdout]    4:     0x5b29dd805179 - std[70759c8f55707aa4]::panicking::default_hook
[INFO] [stdout]    5:     0x5b29dd777d70 - test[9d35eded1c95d3be]::test_main_inner::<test[9d35eded1c95d3be]::test_main_static::{closure#0}>::{closure#0}
[INFO] [stdout]    6:     0x5b29dd805332 - std[70759c8f55707aa4]::panicking::panic_with_hook
[INFO] [stdout]    7:     0x5b29dd7e90e4 - std[70759c8f55707aa4]::panicking::panic_handler::{closure#0}
[INFO] [stdout]    8:     0x5b29dd7e1e39 - std[70759c8f55707aa4]::sys::backtrace::__rust_end_short_backtrace::<std[70759c8f55707aa4]::panicking::panic_handler::{closure#0}, !>
[INFO] [stdout]    9:     0x5b29dd7e9cad - __rustc[8fa7c3cbc660c2b3]::rust_begin_unwind
[INFO] [stdout]   10:     0x5b29dd8216ec - core[df12db4294e9bfd3]::panicking::panic_fmt
[INFO] [stdout]   11:     0x5b29dd8216b2 - core[df12db4294e9bfd3]::panicking::panic
[INFO] [stdout]   12:     0x5b29dd821469 - core[df12db4294e9bfd3]::option::unwrap_failed
[INFO] [stdout]   13:     0x5b29dd76859c - <fulid[87b26aeb61ac750d]::breakout::Breakout as fulid[87b26aeb61ac750d]::strategy_engine::Strategy>::evaluate
[INFO] [stdout]   14:     0x5b29dd761c4d - <fulid[87b26aeb61ac750d]::strategy_engine::StrategyEngine>::backtest
[INFO] [stdout]   15:     0x5b29dd769acc - <fulid[87b26aeb61ac750d]::strategy_engine::tests::test_strategy_engine::{closure#0} as core[df12db4294e9bfd3]::ops::function::FnOnce<()>>::call_once
[INFO] [stdout]   16:     0x5b29dd76b05b - test[9d35eded1c95d3be]::__rust_begin_short_backtrace::<core[df12db4294e9bfd3]::result::Result<(), alloc[2182bb758b4b3781]::string::String>, fn() -> core[df12db4294e9bfd3]::result::Result<(), alloc[2182bb758b4b3781]::string::String>>
[INFO] [stdout]   17:     0x5b29dd7786c5 - test[9d35eded1c95d3be]::run_test::{closure#0}
[INFO] [stdout]   18:     0x5b29dd771f84 - std[70759c8f55707aa4]::sys::backtrace::__rust_begin_short_backtrace::<test[9d35eded1c95d3be]::run_test::{closure#1}, ()>
[INFO] [stdout]   19:     0x5b29dd77b822 - <std[70759c8f55707aa4]::thread::lifecycle::spawn_unchecked<test[9d35eded1c95d3be]::run_test::{closure#1}, ()>::{closure#1} as core[df12db4294e9bfd3]::ops::function::FnOnce<()>>::call_once::{shim:vtable#0}
[INFO] [stdout]   20:     0x5b29dd80c2e9 - <std[70759c8f55707aa4]::sys::thread::unix::Thread>::new::thread_start
[INFO] [stdout]   21:     0x78dbc6c22dfa - <unknown>
[INFO] [stdout]   22:     0x78dbc6cb63d4 - clone
[INFO] [stdout]   23:                0x0 - <unknown>
[INFO] [stdout] 
[INFO] [stdout] 
[INFO] [stdout] failures:
[INFO] [stdout]     simulator::tests::test_simulator_with_empty_strategies
[INFO] [stdout]     simulator::tests::test_simulator_with_multiple_strategies
[INFO] [stdout]     simulator::tests::test_simulator_with_single_strategy
[INFO] [stdout]     strategy_engine::tests::test_strategy_engine
[INFO] [stdout] 
[INFO] [stdout] test result: FAILED. 2 passed; 4 failed; 0 ignored; 0 measured; 0 filtered out; finished in 0.00s
[INFO] [stdout] 
[INFO] running `Command { std: "docker" "inspect" "ea8ede933b76d4b4c341c89a9898e9d1c6f8e73977d94d5b91302cbf2a91f5c1", kill_on_drop: false }`
[INFO] running `Command { std: "docker" "rm" "-f" "ea8ede933b76d4b4c341c89a9898e9d1c6f8e73977d94d5b91302cbf2a91f5c1", kill_on_drop: false }`
[INFO] [stdout] ea8ede933b76d4b4c341c89a9898e9d1c6f8e73977d94d5b91302cbf2a91f5c1
