[INFO] fetching crate fuga 1.1.0...
[INFO] testing fuga-1.1.0 against 1.100.0-beta.1+cargoflags=--release for beta-release-1.100-2
[INFO] extracting crate fuga 1.1.0 into /workspace/builds/worker-5-tc2/source
[INFO] started tweaking crates.io crate fuga 1.1.0
[INFO] removed 0 missing tests
[INFO] finished tweaking crates.io crate fuga 1.1.0
[INFO] tweaked toml for crates.io crate fuga 1.1.0 written to /workspace/builds/worker-5-tc2/source/Cargo.toml
[INFO] validating manifest of crates.io crate fuga 1.1.0 on toolchain 1.100.0-beta.1
[INFO] running `Command { std: CARGO_HOME="/workspace/cargo-home" RUSTUP_HOME="/workspace/rustup-home" "/workspace/cargo-home/bin/cargo" "+1.100.0-beta.1" "metadata" "--manifest-path" "Cargo.toml" "--no-deps", kill_on_drop: false }`
[INFO] crate crates.io crate fuga 1.1.0 already has a lockfile, it will not be regenerated
[INFO] running `Command { std: CARGO_HOME="/workspace/cargo-home" RUSTUP_HOME="/workspace/rustup-home" "/workspace/cargo-home/bin/cargo" "+1.100.0-beta.1" "fetch" "--manifest-path" "Cargo.toml", kill_on_drop: false }`
[INFO] running `Command { std: "docker" "create" "-v" "/var/lib/crater-agent-workspace/builds/worker-5-tc2/source:/opt/rustwide/workdir:ro,Z" "-v" "/var/lib/crater-agent-workspace/builds/worker-5-tc2/target:/opt/rustwide/target:rw,Z" "-v" "/var/lib/crater-agent-workspace/cargo-home:/opt/rustwide/cargo-home:ro,Z" "-v" "/var/lib/crater-agent-workspace/rustup-home:/opt/rustwide/rustup-home:ro,Z" "-m" "1610612736" "--network" "none" "ghcr.io/rust-lang/crates-build-env/linux@sha256:77db811e55d90add9212f6832c23229e3de5f1c1f9905e8cb07319ea15df73ac" "sleep" "infinity", kill_on_drop: false }`
[INFO] [stdout] 3b522ae31281542044e2b55069615b8f2e5bd5c0fa3c6c137836949dbc9d311a
[INFO] running `Command { std: "docker" "start" "3b522ae31281542044e2b55069615b8f2e5bd5c0fa3c6c137836949dbc9d311a", kill_on_drop: false }`
[INFO] running `Command { std: "docker" "inspect" "3b522ae31281542044e2b55069615b8f2e5bd5c0fa3c6c137836949dbc9d311a", kill_on_drop: false }`
[INFO] running `Command { std: "docker" "exec" "-e" "SOURCE_DIR=/opt/rustwide/workdir" "-e" "CARGO_HOME=/opt/rustwide/cargo-home" "-e" "RUSTUP_HOME=/opt/rustwide/rustup-home" "-e" "CARGO_TARGET_DIR=/opt/rustwide/target" "-w" "/opt/rustwide/workdir" "--user" "0:0" "3b522ae31281542044e2b55069615b8f2e5bd5c0fa3c6c137836949dbc9d311a" "/opt/rustwide/cargo-home/bin/cargo" "+1.100.0-beta.1" "metadata" "--no-deps" "--format-version=1", kill_on_drop: false }`
[INFO] running `Command { std: "docker" "inspect" "3b522ae31281542044e2b55069615b8f2e5bd5c0fa3c6c137836949dbc9d311a", kill_on_drop: false }`
[INFO] running `Command { std: "docker" "exec" "-e" "SOURCE_DIR=/opt/rustwide/workdir" "-e" "CARGO_HOME=/opt/rustwide/cargo-home" "-e" "RUSTUP_HOME=/opt/rustwide/rustup-home" "-e" "CARGO_TARGET_DIR=/opt/rustwide/target" "-e" "CARGO_INCREMENTAL=0" "-e" "RUST_BACKTRACE=full" "-e" "RUSTFLAGS=--cap-lints=warn" "-e" "RUSTDOCFLAGS=--cap-lints=warn" "-w" "/opt/rustwide/workdir" "--user" "0:0" "3b522ae31281542044e2b55069615b8f2e5bd5c0fa3c6c137836949dbc9d311a" "/opt/rustwide/cargo-home/bin/cargo" "+1.100.0-beta.1" "build" "--frozen" "--message-format=json" "--release", kill_on_drop: false }`
[INFO] [stderr]    Compiling unicode-segmentation v1.12.0
[INFO] [stderr]    Compiling clap_lex v0.7.6
[INFO] [stderr]    Compiling portable-atomic v1.11.1
[INFO] [stderr]    Compiling syn v2.0.108
[INFO] [stderr]    Compiling parking_lot_core v0.9.12
[INFO] [stderr]    Compiling mio v1.1.0
[INFO] [stderr]    Compiling anstream v0.6.21
[INFO] [stderr]    Compiling instability v0.3.9
[INFO] [stderr]    Compiling rustix v1.1.2
[INFO] [stderr]    Compiling toml_datetime v0.7.3
[INFO] [stderr]    Compiling phf_shared v0.13.1
[INFO] [stderr]    Compiling serde_spanned v1.0.3
[INFO] [stderr]    Compiling toml_parser v1.0.4
[INFO] [stderr]    Compiling toml_writer v1.0.4
[INFO] [stderr]    Compiling dirs-sys v0.5.0
[INFO] [stderr]    Compiling compact_str v0.8.1
[INFO] [stderr]    Compiling console v0.16.1
[INFO] [stderr]    Compiling etcetera v0.10.0
[INFO] [stderr]    Compiling convert_case v0.7.1
[INFO] [stderr]    Compiling parking_lot v0.12.5
[INFO] [stderr]    Compiling phf v0.13.1
[INFO] [stderr]    Compiling document-features v0.2.12
[INFO] [stderr]    Compiling unit-prefix v0.5.1
[INFO] [stderr]    Compiling dirs v6.0.0
[INFO] [stderr]    Compiling fs_extra v1.3.0
[INFO] [stderr]    Compiling clap_builder v4.5.51
[INFO] [stderr]    Compiling emojis v0.8.0
[INFO] [stderr]    Compiling signal-hook-mio v0.2.5
[INFO] [stderr]    Compiling crossterm v0.28.1
[INFO] [stderr]    Compiling toml v0.9.8
[INFO] [stderr]    Compiling indicatif v0.18.2
[INFO] [stderr]    Compiling darling_core v0.20.11
[INFO] [stderr]    Compiling serde_derive v1.0.228
[INFO] [stderr]    Compiling strum_macros v0.26.4
[INFO] [stderr]    Compiling derive_more-impl v2.0.1
[INFO] [stderr]    Compiling clap_derive v4.5.49
[INFO] [stderr]    Compiling thiserror-impl v2.0.17
[INFO] [stderr]    Compiling derive_more v2.0.1
[INFO] [stderr]    Compiling crossterm v0.29.0
[INFO] [stderr]    Compiling thiserror v2.0.17
[INFO] [stderr]    Compiling strum v0.26.3
[INFO] [stderr]    Compiling darling_macro v0.20.11
[INFO] [stderr]    Compiling darling v0.20.11
[INFO] [stderr]    Compiling clap v4.5.51
[INFO] [stderr]    Compiling clap_complete v4.5.60
[INFO] [stderr]    Compiling ratatui v0.29.0
[INFO] [stderr]    Compiling serde v1.0.228
[INFO] [stderr]    Compiling confy v2.0.0
[INFO] [stderr]    Compiling fuga v1.1.0 (/opt/rustwide/workdir)
[INFO] [stderr]     Finished `release` profile [optimized] target(s) in 41.93s
[INFO] running `Command { std: "docker" "inspect" "3b522ae31281542044e2b55069615b8f2e5bd5c0fa3c6c137836949dbc9d311a", kill_on_drop: false }`
[INFO] running `Command { std: "docker" "exec" "-e" "SOURCE_DIR=/opt/rustwide/workdir" "-e" "CARGO_HOME=/opt/rustwide/cargo-home" "-e" "RUSTUP_HOME=/opt/rustwide/rustup-home" "-e" "CARGO_TARGET_DIR=/opt/rustwide/target" "-e" "CARGO_INCREMENTAL=0" "-e" "RUST_BACKTRACE=full" "-e" "RUSTFLAGS=--cap-lints=warn" "-e" "RUSTDOCFLAGS=--cap-lints=warn" "-w" "/opt/rustwide/workdir" "--user" "0:0" "3b522ae31281542044e2b55069615b8f2e5bd5c0fa3c6c137836949dbc9d311a" "/opt/rustwide/cargo-home/bin/cargo" "+1.100.0-beta.1" "test" "--frozen" "--no-run" "--message-format=json" "--release", kill_on_drop: false }`
[INFO] [stderr]    Compiling aho-corasick v1.1.4
[INFO] [stderr]    Compiling num-traits v0.2.19
[INFO] [stderr]    Compiling rustix v1.1.2
[INFO] [stderr]    Compiling crossbeam-epoch v0.9.18
[INFO] [stderr]    Compiling predicates-core v1.0.9
[INFO] [stderr]    Compiling termtree v0.5.1
[INFO] [stderr]    Compiling normalize-line-endings v0.3.0
[INFO] [stderr]    Compiling getrandom v0.3.4
[INFO] [stderr]    Compiling assert_cmd v2.1.1
[INFO] [stderr]    Compiling wait-timeout v0.2.1
[INFO] [stderr]    Compiling predicates-tree v1.0.12
[INFO] [stderr]    Compiling crossbeam-deque v0.8.6
[INFO] [stderr]    Compiling float-cmp v0.10.0
[INFO] [stderr]    Compiling regex-automata v0.4.13
[INFO] [stderr]    Compiling crossterm v0.29.0
[INFO] [stderr]    Compiling tempfile v3.23.0
[INFO] [stderr]    Compiling fuga v1.1.0 (/opt/rustwide/workdir)
[INFO] [stderr]    Compiling bstr v1.12.1
[INFO] [stderr]    Compiling regex v1.12.2
[INFO] [stderr]    Compiling globset v0.4.18
[INFO] [stderr]    Compiling predicates v3.1.3
[INFO] [stderr]    Compiling ignore v0.4.24
[INFO] [stderr]    Compiling globwalk v0.9.1
[INFO] [stderr]    Compiling assert_fs v1.1.3
[INFO] [stderr]     Finished `release` profile [optimized] target(s) in 28.23s
[INFO] running `Command { std: "docker" "inspect" "3b522ae31281542044e2b55069615b8f2e5bd5c0fa3c6c137836949dbc9d311a", kill_on_drop: false }`
[INFO] running `Command { std: "docker" "exec" "-e" "SOURCE_DIR=/opt/rustwide/workdir" "-e" "CARGO_HOME=/opt/rustwide/cargo-home" "-e" "RUSTUP_HOME=/opt/rustwide/rustup-home" "-e" "CARGO_TARGET_DIR=/opt/rustwide/target" "-e" "CARGO_INCREMENTAL=0" "-e" "RUST_BACKTRACE=full" "-e" "RUSTFLAGS=--cap-lints=warn" "-e" "RUSTDOCFLAGS=--cap-lints=warn" "-w" "/opt/rustwide/workdir" "--user" "0:0" "3b522ae31281542044e2b55069615b8f2e5bd5c0fa3c6c137836949dbc9d311a" "/opt/rustwide/cargo-home/bin/cargo" "+1.100.0-beta.1" "test" "--frozen" "--release", kill_on_drop: false }`
[INFO] [stderr]     Finished `release` profile [optimized] target(s) in 0.16s
[INFO] [stderr]      Running unittests src/lib.rs (/opt/rustwide/target/release/build/fuga/0e52a726d3da24e9/out/fuga-0e52a726d3da24e9)
[INFO] [stdout] 
[INFO] [stdout] running 9 tests
[INFO] [stdout] test ui::formatting::tests::emoji_icons_toggle_via_env ... ok
[INFO] [stdout] test commands::completion::tests::test_completion_command_execute ... ok
[INFO] [stdout] test commands::completion::tests::test_different_shells ... ok
[INFO] [stdout] test commands::preset::tests::load_preset_replaces_marks ... ok
[INFO] [stdout] test commands::preset::tests::list_presets_succeeds_when_empty ... ok
[INFO] [stdout] test commands::preset::tests::save_preset_persists_current_marks ... ok
[INFO] [stdout] test commands::preset::tests::load_missing_preset_returns_error ... ok
[INFO] [stdout] test commands::completion::tests::test_completion_command_creation ... ok
[INFO] [stdout] test commands::preset::tests::delete_missing_preset_returns_error ... ok
[INFO] [stdout] 
[INFO] [stdout] test result: ok. 9 passed; 0 failed; 0 ignored; 0 measured; 0 filtered out; finished in 0.01s
[INFO] [stdout] 
[INFO] [stderr]      Running unittests src/main.rs (/opt/rustwide/target/release/build/fuga/369330ae93d6331f/out/fuga-369330ae93d6331f)
[INFO] [stdout] 
[INFO] [stdout] running 16 tests
[INFO] [stdout] test commands::preset::tests::delete_missing_preset_returns_error ... ok
[INFO] [stdout] test commands::preset::tests::load_preset_replaces_marks ... ok
[INFO] [stdout] test commands::preset::tests::list_presets_succeeds_when_empty ... ok
[INFO] [stdout] test commands::preset::tests::save_preset_persists_current_marks ... ok
[INFO] [stderr]      Running tests/cli_flows.rs (/opt/rustwide/target/release/build/fuga/19f75a5ce50c9843/out/cli_flows-19f75a5ce50c9843)
[INFO] [stdout] test tui::dashboard::tests::clear_filter_resets_query_and_selection ... ok
[INFO] [stdout] test commands::completion::tests::test_completion_command_creation ... ok
[INFO] [stdout] test commands::preset::tests::load_missing_preset_returns_error ... ok
[INFO] [stdout] test tui::dashboard::tests::dedupe_preserving_order_removes_duplicate_entries ... ok
[INFO] [stdout] test tui::dashboard::tests::fuzzy_match_matches_subsequence_in_order ... ok
[INFO] [stdout] test tui::dashboard::tests::copy_key_uses_current_directory_for_exit ... ok
[INFO] [stdout] test tui::dashboard::tests::open_preset_loader_populates_popup ... ok
[INFO] [stdout] test commands::completion::tests::test_completion_command_execute ... ok
[INFO] [stdout] test tui::dashboard::tests::preset_loader_enter_loads_selected_preset ... ok
[INFO] [stdout] test tui::dashboard::tests::toggle_mark_adds_and_removes_targets ... ok
[INFO] [stdout] test ui::formatting::tests::emoji_icons_toggle_via_env ... ok
[INFO] [stdout] test commands::completion::tests::test_different_shells ... ok
[INFO] [stdout] 
[INFO] [stdout] test result: ok. 16 passed; 0 failed; 0 ignored; 0 measured; 0 filtered out; finished in 0.01s
[INFO] [stdout] 
[INFO] [stdout] 
[INFO] [stdout] running 10 tests
[INFO] [stdout] test copy_requires_marked_targets ... ok
[INFO] [stdout] test copy_detects_duplicate_destination ... ok
[INFO] [stdout] test legacy_single_target_is_migrated_to_targets ... ok
[INFO] [stdout] test multi_target_to_single_destination_is_error ... ok
[INFO] [stdout] test move_resets_mark_list_after_success ... ok
[INFO] [stdout] test link_command_creates_symlinks_for_multiple_targets ... ok
[INFO] [stdout] test mark_missing_path_fails_with_error ... ok
[INFO] [stdout] test copy_copies_multiple_targets_into_current_directory ... ok
[INFO] [stdout] test mark_reports_permission_denied ... FAILED
[INFO] [stdout] test mark_add_and_list_targets ... ok
[INFO] [stdout] 
[INFO] [stdout] failures:
[INFO] [stdout] 
[INFO] [stdout] ---- mark_reports_permission_denied stdout ----
[INFO] [stdout] 
[INFO] [stdout] thread 'mark_reports_permission_denied' (1820) panicked at /rustc/e3feeb59cd1bdd011a2bfcc0747b55125d9b8527/library/core/src/ops/function.rs:250:5:
[INFO] [stdout] Unexpected success
[INFO] [stdout] command=`FUGA_DISABLE_EMOJI="1" XDG_CONFIG_HOME="/tmp/.tmpFpZpK3" "/opt/rustwide/target/release/fuga" "mark" "/tmp/.tmpeHJeTC/restricted/secret.txt"`
[INFO] [stdout] code=0
[INFO] [stdout] stdout=```
[INFO] [stdout] ✅ : [FILE] \x1b[38;5;10m\x1b[1m/tmp/.tmpeHJeTC/restricted/secret.txt\x1b[0m marked.
[INFO] [stdout] [i]  : Mark list now tracks 1 target(s).
[INFO] [stdout] ```
[INFO] [stdout] 
[INFO] [stdout] stderr=""
[INFO] [stdout] 
[INFO] [stdout] stack backtrace:
[INFO] [stdout]    0:     0x58be45f3ed51 - <<std[617be2ca0a6fd877]::sys::backtrace::BacktraceLock>::print::DisplayBacktrace as core[a373ad73a504971]::fmt::Display>::fmt
[INFO] [stdout]    1:     0x58be45f550fa - core[a373ad73a504971]::fmt::write
[INFO] [stdout]    2:     0x58be45f445dc - <alloc[2e1b2a31b91974c5]::vec::Vec<u8> as core[a373ad73a504971]::io::write::Write>::write_fmt
[INFO] [stdout]    3:     0x58be45f18db6 - std[617be2ca0a6fd877]::panicking::default_hook::{closure#0}
[INFO] [stdout]    4:     0x58be45f36309 - std[617be2ca0a6fd877]::panicking::default_hook
[INFO] [stdout]    5:     0x58be45ebf080 - test[aada8e7e76ba119b]::test_main_inner::{closure#0}
[INFO] [stdout]    6:     0x58be45f364c2 - std[617be2ca0a6fd877]::panicking::panic_with_hook
[INFO] [stdout]    7:     0x58be45f18e62 - std[617be2ca0a6fd877]::panicking::panic_handler::{closure#0}
[INFO] [stderr] error: test failed, to rerun pass `--test cli_flows`
[INFO] [stdout]    8:     0x58be45f118c9 - std[617be2ca0a6fd877]::sys::backtrace::__rust_end_short_backtrace::<std[617be2ca0a6fd877]::panicking::panic_handler::{closure#0}, !>
[INFO] [stdout]    9:     0x58be45f19b2d - __rustc[ea4f61d10b84890b]::rust_begin_unwind
[INFO] [stdout]   10:     0x58be45f558ac - core[a373ad73a504971]::panicking::panic_fmt
[INFO] [stdout]   11:     0x58be45ef5023 - <assert_cmd[95a9b1af5aae2e22]::assert::AssertError>::panic::<assert_cmd[95a9b1af5aae2e22]::assert::Assert>
[INFO] [stdout]   12:     0x58be45ef5a83 - <assert_cmd[95a9b1af5aae2e22]::assert::Assert>::failure
[INFO] [stdout]   13:     0x58be45eabc65 - <cli_flows[5d128d182d61b445]::mark_reports_permission_denied::{closure#0} as core[a373ad73a504971]::ops::function::FnOnce<()>>::call_once
[INFO] [stdout]   14:     0x58be45eb24cb - test[aada8e7e76ba119b]::__rust_begin_short_backtrace::<core[a373ad73a504971]::result::Result<(), alloc[2e1b2a31b91974c5]::string::String>, fn() -> core[a373ad73a504971]::result::Result<(), alloc[2e1b2a31b91974c5]::string::String>>
[INFO] [stdout]   15:     0x58be45ebf6a5 - test[aada8e7e76ba119b]::run_test::{closure#0}
[INFO] [stdout]   16:     0x58be45eb8f94 - std[617be2ca0a6fd877]::sys::backtrace::__rust_begin_short_backtrace::<test[aada8e7e76ba119b]::run_test::{closure#1}, ()>
[INFO] [stdout]   17:     0x58be45ec2732 - <std[617be2ca0a6fd877]::thread::lifecycle::spawn_unchecked<test[aada8e7e76ba119b]::run_test::{closure#1}, ()>::{closure#1} as core[a373ad73a504971]::ops::function::FnOnce<()>>::call_once::{shim:vtable#0}
[INFO] [stdout]   18:     0x58be45f3dfef - <std[617be2ca0a6fd877]::sys::thread::unix::Thread>::new::thread_start
[INFO] [stdout]   19:     0x7d39450f4dfa - <unknown>
[INFO] [stdout]   20:     0x7d39451883d4 - clone
[INFO] [stdout]   21:                0x0 - <unknown>
[INFO] [stdout] 
[INFO] [stdout] 
[INFO] [stdout] failures:
[INFO] [stdout]     mark_reports_permission_denied
[INFO] [stdout] 
[INFO] [stdout] test result: FAILED. 9 passed; 1 failed; 0 ignored; 0 measured; 0 filtered out; finished in 0.08s
[INFO] [stdout] 
[INFO] running `Command { std: "docker" "inspect" "3b522ae31281542044e2b55069615b8f2e5bd5c0fa3c6c137836949dbc9d311a", kill_on_drop: false }`
[INFO] running `Command { std: "docker" "rm" "-f" "3b522ae31281542044e2b55069615b8f2e5bd5c0fa3c6c137836949dbc9d311a", kill_on_drop: false }`
[INFO] [stdout] 3b522ae31281542044e2b55069615b8f2e5bd5c0fa3c6c137836949dbc9d311a
