[INFO] fetching crate fuels-macros 0.77.0...
[INFO] testing fuels-macros-0.77.0 against 1.99.0-beta.8+cargoflags=--release for beta-release-1.100-2
[INFO] extracting crate fuels-macros 0.77.0 into /workspace/builds/worker-7-tc1/source
[INFO] started tweaking crates.io crate fuels-macros 0.77.0
[INFO] removed 0 missing tests
[INFO] finished tweaking crates.io crate fuels-macros 0.77.0
[INFO] tweaked toml for crates.io crate fuels-macros 0.77.0 written to /workspace/builds/worker-7-tc1/source/Cargo.toml
[INFO] validating manifest of crates.io crate fuels-macros 0.77.0 on toolchain 1.99.0-beta.8
[INFO] running `Command { std: CARGO_HOME="/workspace/cargo-home" RUSTUP_HOME="/workspace/rustup-home" "/workspace/cargo-home/bin/cargo" "+1.99.0-beta.8" "metadata" "--manifest-path" "Cargo.toml" "--no-deps", kill_on_drop: false }`
[INFO] crate crates.io crate fuels-macros 0.77.0 already has a lockfile, it will not be regenerated
[INFO] running `Command { std: CARGO_HOME="/workspace/cargo-home" RUSTUP_HOME="/workspace/rustup-home" "/workspace/cargo-home/bin/cargo" "+1.99.0-beta.8" "fetch" "--manifest-path" "Cargo.toml", kill_on_drop: false }`
[INFO] [stderr]     Updating crates.io index
[INFO] [stderr]  Downloading crates ...
[INFO] [stderr]   Downloaded fuels-code-gen v0.77.0
[INFO] [stderr]   Downloaded toml_edit v0.25.10+spec-1.1.0
[INFO] [stderr]   Downloaded fuel-abi-types v0.15.3
[INFO] [stderr]   Downloaded rstest v0.25.0
[INFO] [stderr]   Downloaded rstest_macros v0.25.0
[INFO] running `Command { std: "docker" "create" "-v" "/var/lib/crater-agent-workspace/builds/worker-7-tc1/source:/opt/rustwide/workdir:ro,Z" "-v" "/var/lib/crater-agent-workspace/builds/worker-7-tc1/target:/opt/rustwide/target:rw,Z" "-v" "/var/lib/crater-agent-workspace/cargo-home:/opt/rustwide/cargo-home:ro,Z" "-v" "/var/lib/crater-agent-workspace/rustup-home:/opt/rustwide/rustup-home:ro,Z" "-m" "1610612736" "--network" "none" "ghcr.io/rust-lang/crates-build-env/linux@sha256:77db811e55d90add9212f6832c23229e3de5f1c1f9905e8cb07319ea15df73ac" "sleep" "infinity", kill_on_drop: false }`
[INFO] [stdout] f385ac8b2c6b62d0345374d6660680348452b1e7ecdfee5cd10a746c4b08f9f6
[INFO] running `Command { std: "docker" "start" "f385ac8b2c6b62d0345374d6660680348452b1e7ecdfee5cd10a746c4b08f9f6", kill_on_drop: false }`
[INFO] running `Command { std: "docker" "inspect" "f385ac8b2c6b62d0345374d6660680348452b1e7ecdfee5cd10a746c4b08f9f6", kill_on_drop: false }`
[INFO] running `Command { std: "docker" "exec" "-e" "SOURCE_DIR=/opt/rustwide/workdir" "-e" "CARGO_HOME=/opt/rustwide/cargo-home" "-e" "RUSTUP_HOME=/opt/rustwide/rustup-home" "-e" "CARGO_TARGET_DIR=/opt/rustwide/target" "-w" "/opt/rustwide/workdir" "--user" "0:0" "f385ac8b2c6b62d0345374d6660680348452b1e7ecdfee5cd10a746c4b08f9f6" "/opt/rustwide/cargo-home/bin/cargo" "+1.99.0-beta.8" "metadata" "--no-deps" "--format-version=1", kill_on_drop: false }`
[INFO] running `Command { std: "docker" "inspect" "f385ac8b2c6b62d0345374d6660680348452b1e7ecdfee5cd10a746c4b08f9f6", kill_on_drop: false }`
[INFO] running `Command { std: "docker" "exec" "-e" "SOURCE_DIR=/opt/rustwide/workdir" "-e" "CARGO_HOME=/opt/rustwide/cargo-home" "-e" "RUSTUP_HOME=/opt/rustwide/rustup-home" "-e" "CARGO_TARGET_DIR=/opt/rustwide/target" "-e" "CARGO_INCREMENTAL=0" "-e" "RUST_BACKTRACE=full" "-e" "RUSTFLAGS=--cap-lints=warn" "-e" "RUSTDOCFLAGS=--cap-lints=warn" "-w" "/opt/rustwide/workdir" "--user" "0:0" "f385ac8b2c6b62d0345374d6660680348452b1e7ecdfee5cd10a746c4b08f9f6" "/opt/rustwide/cargo-home/bin/cargo" "+1.99.0-beta.8" "build" "--frozen" "--message-format=json" "--release", kill_on_drop: false }`
[INFO] [stderr]    Compiling syn v2.0.117
[INFO] [stderr]    Compiling memchr v2.8.0
[INFO] [stderr]    Compiling winnow v1.0.1
[INFO] [stderr]    Compiling regex-syntax v0.8.10
[INFO] [stderr]    Compiling relative-path v1.9.3
[INFO] [stderr]    Compiling futures-core v0.3.32
[INFO] [stderr]    Compiling slab v0.4.12
[INFO] [stderr]    Compiling glob v0.3.3
[INFO] [stderr]    Compiling either v1.15.0
[INFO] [stderr]    Compiling indexmap v2.13.1
[INFO] [stderr]    Compiling pin-project-lite v0.2.17
[INFO] [stderr]    Compiling rstest_macros v0.25.0
[INFO] [stderr]    Compiling futures-task v0.3.32
[INFO] [stderr]    Compiling serde_json v1.0.149
[INFO] [stderr]    Compiling futures-timer v3.0.3
[INFO] [stderr]    Compiling itertools v0.10.5
[INFO] [stderr]    Compiling itertools v0.12.1
[INFO] [stderr]    Compiling aho-corasick v1.1.4
[INFO] [stderr]    Compiling toml_parser v1.1.2+spec-1.1.0
[INFO] [stderr]    Compiling toml_edit v0.25.10+spec-1.1.0
[INFO] [stderr]    Compiling regex-automata v0.4.14
[INFO] [stderr]    Compiling proc-macro-crate v3.5.0
[INFO] [stderr]    Compiling regex v1.12.3
[INFO] [stderr]    Compiling Inflector v0.11.4
[INFO] [stderr]    Compiling futures-macro v0.3.32
[INFO] [stderr]    Compiling serde_derive v1.0.228
[INFO] [stderr]    Compiling thiserror-impl v1.0.69
[INFO] [stderr]    Compiling futures-util v0.3.32
[INFO] [stderr]    Compiling thiserror v1.0.69
[INFO] [stderr]    Compiling serde v1.0.228
[INFO] [stderr]    Compiling rstest v0.25.0
[INFO] [stderr]    Compiling fuel-abi-types v0.15.3
[INFO] [stderr]    Compiling fuels-code-gen v0.77.0
[INFO] [stderr]    Compiling fuels-macros v0.77.0 (/opt/rustwide/workdir)
[INFO] [stderr]     Finished `release` profile [optimized] target(s) in 28.22s
[INFO] running `Command { std: "docker" "inspect" "f385ac8b2c6b62d0345374d6660680348452b1e7ecdfee5cd10a746c4b08f9f6", kill_on_drop: false }`
[INFO] running `Command { std: "docker" "exec" "-e" "SOURCE_DIR=/opt/rustwide/workdir" "-e" "CARGO_HOME=/opt/rustwide/cargo-home" "-e" "RUSTUP_HOME=/opt/rustwide/rustup-home" "-e" "CARGO_TARGET_DIR=/opt/rustwide/target" "-e" "CARGO_INCREMENTAL=0" "-e" "RUST_BACKTRACE=full" "-e" "RUSTFLAGS=--cap-lints=warn" "-e" "RUSTDOCFLAGS=--cap-lints=warn" "-w" "/opt/rustwide/workdir" "--user" "0:0" "f385ac8b2c6b62d0345374d6660680348452b1e7ecdfee5cd10a746c4b08f9f6" "/opt/rustwide/cargo-home/bin/cargo" "+1.99.0-beta.8" "test" "--frozen" "--no-run" "--message-format=json" "--release", kill_on_drop: false }`
[INFO] [stderr]    Compiling serde_core v1.0.228
[INFO] [stderr]    Compiling target-triple v1.0.0
[INFO] [stderr]    Compiling aho-corasick v1.1.4
[INFO] [stderr]    Compiling futures-core v0.3.32
[INFO] [stderr]    Compiling serde v1.0.228
[INFO] [stderr]    Compiling futures-timer v3.0.3
[INFO] [stderr]    Compiling toml_writer v1.1.1+spec-1.1.0
[INFO] [stderr]    Compiling winnow v1.0.1
[INFO] [stderr]    Compiling syn v2.0.117
[INFO] [stderr]    Compiling thiserror v1.0.69
[INFO] [stderr]    Compiling toml_datetime v1.1.1+spec-1.1.0
[INFO] [stderr]    Compiling termcolor v1.4.1
[INFO] [stderr]    Compiling itertools v0.12.1
[INFO] [stderr]    Compiling futures-util v0.3.32
[INFO] [stderr]    Compiling toml_parser v1.1.2+spec-1.1.0
[INFO] [stderr]    Compiling toml v1.1.2+spec-1.1.0
[INFO] [stderr]    Compiling regex-automata v0.4.14
[INFO] [stderr]    Compiling trybuild v1.0.116
[INFO] [stderr]    Compiling serde_json v1.0.149
[INFO] [stderr]    Compiling serde_spanned v1.1.1
[INFO] [stderr]    Compiling toml_edit v0.25.10+spec-1.1.0
[INFO] [stderr]    Compiling proc-macro-crate v3.5.0
[INFO] [stderr]    Compiling rstest_macros v0.25.0
[INFO] [stderr]    Compiling regex v1.12.3
[INFO] [stderr]    Compiling Inflector v0.11.4
[INFO] [stderr]    Compiling rstest v0.25.0
[INFO] [stderr]    Compiling fuel-abi-types v0.15.3
[INFO] [stderr]    Compiling fuels-code-gen v0.77.0
[INFO] [stderr]    Compiling fuels-macros v0.77.0 (/opt/rustwide/workdir)
[INFO] [stderr]     Finished `release` profile [optimized] target(s) in 42.55s
[INFO] running `Command { std: "docker" "inspect" "f385ac8b2c6b62d0345374d6660680348452b1e7ecdfee5cd10a746c4b08f9f6", kill_on_drop: false }`
[INFO] running `Command { std: "docker" "exec" "-e" "SOURCE_DIR=/opt/rustwide/workdir" "-e" "CARGO_HOME=/opt/rustwide/cargo-home" "-e" "RUSTUP_HOME=/opt/rustwide/rustup-home" "-e" "CARGO_TARGET_DIR=/opt/rustwide/target" "-e" "CARGO_INCREMENTAL=0" "-e" "RUST_BACKTRACE=full" "-e" "RUSTFLAGS=--cap-lints=warn" "-e" "RUSTDOCFLAGS=--cap-lints=warn" "-w" "/opt/rustwide/workdir" "--user" "0:0" "f385ac8b2c6b62d0345374d6660680348452b1e7ecdfee5cd10a746c4b08f9f6" "/opt/rustwide/cargo-home/bin/cargo" "+1.99.0-beta.8" "test" "--frozen" "--release", kill_on_drop: false }`
[INFO] [stderr]     Finished `release` profile [optimized] target(s) in 0.08s
[INFO] [stderr]      Running unittests src/lib.rs (/opt/rustwide/target/release/deps/fuels_macros-7322625609773ae5)
[INFO] [stdout] 
[INFO] [stdout] running 13 tests
[INFO] [stdout] test parse_utils::unique_name_values::tests::cannot_get_lit_str_if_type_is_wrong ... ok
[INFO] [stdout] test parse_utils::command::tests::command_name_is_properly_extracted ... ok
[INFO] [stdout] test parse_utils::unique_lit_strs::tests::correctly_reads_lit_strs ... ok
[INFO] [stdout] test parse_utils::unique_name_values::tests::can_get_lit_strs ... ok
[INFO] [stdout] test parse_utils::unique_lit_strs::tests::doesnt_allow_duplicates ... ok
[INFO] [stdout] test parse_utils::unique_name_values::tests::catches_incorrect_names ... ok
[INFO] [stdout] test parse_utils::unique_name_values::tests::duplicates_cause_errors ... ok
[INFO] [stdout] test parse_utils::unique_lit_strs::tests::only_strings_allowed ... ok
[INFO] [stdout] test parse_utils::unique_name_values::tests::attr_names_cannot_be_paths ... ok
[INFO] [stdout] test parse_utils::unique_name_values::tests::only_name_value_is_accepted ... ok
[INFO] [stdout] test parse_utils::unique_name_values::tests::lit_str_getter_complains_value_is_missing ... ok
[INFO] [stdout] test parse_utils::unique_name_values::tests::name_values_correctly_parsed ... ok
[INFO] [stdout] test parse_utils::unique_name_values::tests::validates_correct_names ... ok
[INFO] [stdout] 
[INFO] [stdout] test result: ok. 13 passed; 0 failed; 0 ignored; 0 measured; 0 filtered out; finished in 0.01s
[INFO] [stdout] 
[INFO] [stderr]      Running tests/macro_usage.rs (/opt/rustwide/target/release/deps/macro_usage-eb9698f1ab235b91)
[INFO] [stdout] 
[INFO] [stdout] running 1 test
[INFO] [stderr]    Compiling proc-macro2 v1.0.106
[INFO] [stderr]    Compiling quote v1.0.45
[INFO] [stderr]    Compiling unicode-ident v1.0.24
[INFO] [stderr]    Compiling memchr v2.8.0
[INFO] [stderr]    Compiling serde_core v1.0.228
[INFO] [stderr]    Compiling zmij v1.0.21
[INFO] [stderr]    Compiling semver v1.0.28
[INFO] [stderr]    Compiling hashbrown v0.16.1
[INFO] [stderr]    Compiling winnow v1.0.1
[INFO] [stderr]    Compiling equivalent v1.0.2
[INFO] [stderr]    Compiling regex-syntax v0.8.10
[INFO] [stderr]    Compiling toml_datetime v1.1.1+spec-1.1.0
[INFO] [stderr]    Compiling thiserror v1.0.69
[INFO] [stderr]    Compiling serde v1.0.228
[INFO] [stderr]    Compiling serde_json v1.0.149
[INFO] [stderr]    Compiling cfg-if v1.0.4
[INFO] [stderr]    Compiling glob v0.3.3
[INFO] [stderr]    Compiling relative-path v1.9.3
[INFO] [stderr]    Compiling either v1.15.0
[INFO] [stderr]    Compiling slab v0.4.12
[INFO] [stderr]    Compiling futures-core v0.3.32
[INFO] [stderr]    Compiling rustc_version v0.4.1
[INFO] [stderr]    Compiling pin-project-lite v0.2.17
[INFO] [stderr]    Compiling futures-task v0.3.32
[INFO] [stderr]    Compiling indexmap v2.13.1
[INFO] [stderr]    Compiling futures-timer v3.0.3
[INFO] [stderr]    Compiling itoa v1.0.18
[INFO] [stderr]    Compiling lazy_static v1.5.0
[INFO] [stderr]    Compiling itertools v0.10.5
[INFO] [stderr]    Compiling rstest_macros v0.25.0
[INFO] [stderr]    Compiling itertools v0.12.1
[INFO] [stderr]     Checking syn v2.0.117
[INFO] [stderr]     Checking aho-corasick v1.1.4
[INFO] [stderr]    Compiling toml_parser v1.1.2+spec-1.1.0
[INFO] [stderr]     Checking regex-automata v0.4.14
[INFO] [stderr]    Compiling toml_edit v0.25.10+spec-1.1.0
[INFO] [stderr]    Compiling proc-macro-crate v3.5.0
[INFO] [stderr]     Checking regex v1.12.3
[INFO] [stderr]     Checking Inflector v0.11.4
[INFO] [stderr]    Compiling futures-macro v0.3.32
[INFO] [stderr]    Compiling serde_derive v1.0.228
[INFO] [stderr]    Compiling thiserror-impl v1.0.69
[INFO] [stderr]    Compiling futures-util v0.3.32
[INFO] [stderr]     Checking rstest v0.25.0
[INFO] [stderr]    Compiling fuel-abi-types v0.15.3
[INFO] [stderr]     Checking fuels-code-gen v0.77.0
[INFO] [stderr]    Compiling fuels-macros v0.77.0 (/opt/rustwide/workdir)
[INFO] [stderr]     Checking fuels-macros-tests v0.0.0 (/opt/rustwide/target/tests/trybuild/fuels-macros)
[INFO] [stderr]     Finished `dev` profile [unoptimized + debuginfo] target(s) in 37.80s
[INFO] [stderr] 
[INFO] [stderr] 
[INFO] [stderr] test tests/ui/abigen/duplicate_attribute.rs ... ok
[INFO] [stderr] test tests/ui/abigen/invalid_abi_path.rs ... mismatch
[INFO] [stderr] 
[INFO] [stderr] EXPECTED:
[INFO] [stderr] ┈┈┈┈┈┈┈┈┈┈┈┈┈┈┈┈┈┈┈┈┈┈┈┈┈┈┈┈┈┈┈┈┈┈┈┈┈┈┈┈┈┈┈┈┈┈┈┈┈┈┈┈┈┈┈┈┈┈┈┈
[INFO] [stderr] error: failed to read `abi` file with path $WORKSPACE/target/tests/trybuild/fuels-macros/some_abi.json: No such file or directory (os error 2)
[INFO] [stderr]  --> tests/ui/abigen/invalid_abi_path.rs:3:43
[INFO] [stderr]   |
[INFO] [stderr] 3 | abigen!(Contract(name = "SomeName", abi = "some_abi.json"));
[INFO] [stderr]   |                                           ^^^^^^^^^^^^^^^
[INFO] [stderr] ┈┈┈┈┈┈┈┈┈┈┈┈┈┈┈┈┈┈┈┈┈┈┈┈┈┈┈┈┈┈┈┈┈┈┈┈┈┈┈┈┈┈┈┈┈┈┈┈┈┈┈┈┈┈┈┈┈┈┈┈
[INFO] [stderr] 
[INFO] [stderr] ACTUAL OUTPUT:
[INFO] [stderr] ┈┈┈┈┈┈┈┈┈┈┈┈┈┈┈┈┈┈┈┈┈┈┈┈┈┈┈┈┈┈┈┈┈┈┈┈┈┈┈┈┈┈┈┈┈┈┈┈┈┈┈┈┈┈┈┈┈┈┈┈
[INFO] [stderr] error: failed to read `abi` file with path /opt/rustwide/target/tests/trybuild/fuels-macros/some_abi.json: No such file or directory (os error 2)
[INFO] [stderr]  --> tests/ui/abigen/invalid_abi_path.rs:3:43
[INFO] [stderr]   |
[INFO] [stderr] 3 | abigen!(Contract(name = "SomeName", abi = "some_abi.json"));
[INFO] [stderr]   |                                           ^^^^^^^^^^^^^^^
[INFO] [stderr] ┈┈┈┈┈┈┈┈┈┈┈┈┈┈┈┈┈┈┈┈┈┈┈┈┈┈┈┈┈┈┈┈┈┈┈┈┈┈┈┈┈┈┈┈┈┈┈┈┈┈┈┈┈┈┈┈┈┈┈┈
[INFO] [stderr] note: If the actual output is the correct output you can bless it by rerunning
[INFO] [stderr]       your test with the environment variable TRYBUILD=overwrite
[INFO] [stderr] 
[INFO] [stderr] test tests/ui/abigen/invalid_abi_value.rs ... ok
[INFO] [stdout] test tests::ui ... FAILED
[INFO] [stderr] test tests/ui/abigen/invalid_name_value.rs ... ok
[INFO] [stdout] 
[INFO] [stderr] test tests/ui/abigen/invalid_program_type.rs ... ok
[INFO] [stdout] failures:
[INFO] [stderr] test tests/ui/abigen/malformed_abi.rs ... ok
[INFO] [stdout] 
[INFO] [stderr] test tests/ui/abigen/missing_abi_attribute.rs ... ok
[INFO] [stdout] ---- tests::ui stdout ----
[INFO] [stderr] test tests/ui/abigen/missing_name_attr.rs ... ok
[INFO] [stdout] 
[INFO] [stderr] test tests/ui/abigen/unrecognized_attribute.rs ... ok
[INFO] [stdout] thread 'tests::ui' (1478) panicked at /opt/rustwide/cargo-home/registry/src/index.crates.io-1949cf8c6b5b557f/trybuild-1.0.116/src/run.rs:102:13:
[INFO] [stderr] test tests/ui/setup_program_test/abigen_command_is_missing.rs ... ok
[INFO] [stdout] 2 of 27 tests failed
[INFO] [stderr] test tests/ui/setup_program_test/duplicate_wallet_command.rs ... ok
[INFO] [stdout] stack backtrace:
[INFO] [stderr] test tests/ui/setup_program_test/duplicate_wallet_names.rs ... ok
[INFO] [stdout]    0:     0x61aee976b9f1 - <<std[70759c8f55707aa4]::sys::backtrace::BacktraceLock>::print::DisplayBacktrace as core[df12db4294e9bfd3]::fmt::Display>::fmt
[INFO] [stderr] test tests/ui/setup_program_test/invalid_path.rs ... ok
[INFO] [stdout]    1:     0x61aee978207a - core[df12db4294e9bfd3]::fmt::write
[INFO] [stderr] test tests/ui/setup_program_test/invalid_project_path.rs ... mismatch
[INFO] [stdout]    2:     0x61aee97704bc - <alloc[2182bb758b4b3781]::vec::Vec<u8> as core[df12db4294e9bfd3]::io::write::Write>::write_fmt
[INFO] [stderr] 
[INFO] [stdout]    3:     0x61aee9744ed6 - std[70759c8f55707aa4]::panicking::default_hook::{closure#0}
[INFO] [stderr] EXPECTED:
[INFO] [stdout]    4:     0x61aee9763069 - std[70759c8f55707aa4]::panicking::default_hook
[INFO] [stderr] ┈┈┈┈┈┈┈┈┈┈┈┈┈┈┈┈┈┈┈┈┈┈┈┈┈┈┈┈┈┈┈┈┈┈┈┈┈┈┈┈┈┈┈┈┈┈┈┈┈┈┈┈┈┈┈┈┈┈┈┈
[INFO] [stdout]    5:     0x61aee96fc340 - test[9d35eded1c95d3be]::test_main_inner::<test[9d35eded1c95d3be]::test_main_static::{closure#0}>::{closure#0}
[INFO] [stderr] error: failed to read `abi` file with path $WORKSPACE/target/tests/trybuild/fuels-macros/out/release/fuels-macros-abi.json: No such file or directory (os error 2)
[INFO] [stdout]    6:     0x61aee9763222 - std[70759c8f55707aa4]::panicking::panic_with_hook
[INFO] [stderr]  --> tests/ui/setup_program_test/invalid_project_path.rs:3:68
[INFO] [stdout]    7:     0x61aee9744f82 - std[70759c8f55707aa4]::panicking::panic_handler::{closure#0}
[INFO] [stderr]   |
[INFO] [stdout]    8:     0x61aee973d849 - std[70759c8f55707aa4]::sys::backtrace::__rust_end_short_backtrace::<std[70759c8f55707aa4]::panicking::panic_handler::{closure#0}, !>
[INFO] [stderr] 3 | setup_program_test!(Abigen(Contract(name = "MyContract", project = ".")));
[INFO] [stdout]    9:     0x61aee9745b7d - __rustc[8fa7c3cbc660c2b3]::rust_begin_unwind
[INFO] [stderr]   |                                                                    ^^^
[INFO] [stdout]   10:     0x61aee97827ec - core[df12db4294e9bfd3]::panicking::panic_fmt
[INFO] [stderr] ┈┈┈┈┈┈┈┈┈┈┈┈┈┈┈┈┈┈┈┈┈┈┈┈┈┈┈┈┈┈┈┈┈┈┈┈┈┈┈┈┈┈┈┈┈┈┈┈┈┈┈┈┈┈┈┈┈┈┈┈
[INFO] [stdout]   11:     0x61aee964c428 - <trybuild[5ce4c17ca1dbd6e7]::Runner>::run
[INFO] [stderr] 
[INFO] [stdout]   12:     0x61aee964ff30 - <trybuild[5ce4c17ca1dbd6e7]::TestCases as core[df12db4294e9bfd3]::ops::drop::Drop>::drop
[INFO] [stderr] ACTUAL OUTPUT:
[INFO] [stdout]   13:     0x61aee96470ee - <macro_usage[5288e6872e387840]::tests::ui::{closure#0} as core[df12db4294e9bfd3]::ops::function::FnOnce<()>>::call_once
[INFO] [stderr] ┈┈┈┈┈┈┈┈┈┈┈┈┈┈┈┈┈┈┈┈┈┈┈┈┈┈┈┈┈┈┈┈┈┈┈┈┈┈┈┈┈┈┈┈┈┈┈┈┈┈┈┈┈┈┈┈┈┈┈┈
[INFO] [stdout]   14:     0x61aee96ef62b - test[9d35eded1c95d3be]::__rust_begin_short_backtrace::<core[df12db4294e9bfd3]::result::Result<(), alloc[2182bb758b4b3781]::string::String>, fn() -> core[df12db4294e9bfd3]::result::Result<(), alloc[2182bb758b4b3781]::string::String>>
[INFO] [stderr] error: failed to read `abi` file with path /opt/rustwide/target/tests/trybuild/fuels-macros/out/release/fuels-macros-abi.json: No such file or directory (os error 2)
[INFO] [stdout]   15:     0x61aee96fcc95 - test[9d35eded1c95d3be]::run_test::{closure#0}
[INFO] [stderr]  --> tests/ui/setup_program_test/invalid_project_path.rs:3:68
[INFO] [stdout]   16:     0x61aee96f6554 - std[70759c8f55707aa4]::sys::backtrace::__rust_begin_short_backtrace::<test[9d35eded1c95d3be]::run_test::{closure#1}, ()>
[INFO] [stderr]   |
[INFO] [stdout]   17:     0x61aee96ffdf2 - <std[70759c8f55707aa4]::thread::lifecycle::spawn_unchecked<test[9d35eded1c95d3be]::run_test::{closure#1}, ()>::{closure#1} as core[df12db4294e9bfd3]::ops::function::FnOnce<()>>::call_once::{shim:vtable#0}
[INFO] [stderr] 3 | setup_program_test!(Abigen(Contract(name = "MyContract", project = ".")));
[INFO] [stdout]   18:     0x61aee976aca9 - <std[70759c8f55707aa4]::sys::thread::unix::Thread>::new::thread_start
[INFO] [stderr]   |                                                                    ^^^
[INFO] [stdout]   19:     0x76fa3bf76dfa - <unknown>
[INFO] [stderr] ┈┈┈┈┈┈┈┈┈┈┈┈┈┈┈┈┈┈┈┈┈┈┈┈┈┈┈┈┈┈┈┈┈┈┈┈┈┈┈┈┈┈┈┈┈┈┈┈┈┈┈┈┈┈┈┈┈┈┈┈
[INFO] [stdout]   20:     0x76fa3c00a3d4 - clone
[INFO] [stderr] note: If the actual output is the correct output you can bless it by rerunning
[INFO] [stdout]   21:                0x0 - <unknown>
[INFO] [stderr]       your test with the environment variable TRYBUILD=overwrite
[INFO] [stdout] 
[INFO] [stderr] 
[INFO] [stdout] 
[INFO] [stderr] test tests/ui/setup_program_test/unknown_command.rs ... ok
[INFO] [stdout] failures:
[INFO] [stderr] test tests/ui/setup_program_test/unknown_contract.rs ... ok
[INFO] [stdout]     tests::ui
[INFO] [stderr] test tests/ui/setup_program_test/unknown_options_key.rs ... ok
[INFO] [stdout] 
[INFO] [stderr] test tests/ui/setup_program_test/unknown_options_value.rs ... ok
[INFO] [stdout] test result: FAILED. 0 passed; 1 failed; 0 ignored; 0 measured; 0 filtered out; finished in 47.43s
[INFO] [stderr] test tests/ui/derive/parameterize/attribute_must_be_named_value.rs ... ok
[INFO] [stdout] 
[INFO] [stderr] test tests/ui/derive/parameterize/only_generic_types_are_supported.rs ... ok
[INFO] [stderr] test tests/ui/derive/parameterize/only_one_variant_element_supported.rs ... ok
[INFO] [stderr] test tests/ui/derive/parameterize/struct_like_enum_variants_not_supported.rs ... ok
[INFO] [stderr] test tests/ui/derive/parameterize/tuple_like_structs_not_supported.rs ... ok
[INFO] [stderr] test tests/ui/derive/tokenizable/only_generic_types_are_supported.rs ... ok
[INFO] [stderr] test tests/ui/derive/tokenizable/only_one_variant_element_supported.rs ... ok
[INFO] [stderr] test tests/ui/derive/tokenizable/struct_like_enum_variants_not_supported.rs ... ok
[INFO] [stderr] test tests/ui/derive/tokenizable/tuple_like_structs_not_supported.rs ... ok
[INFO] [stderr] 
[INFO] [stderr] 
[INFO] [stderr] error: test failed, to rerun pass `--test macro_usage`
[INFO] running `Command { std: "docker" "inspect" "f385ac8b2c6b62d0345374d6660680348452b1e7ecdfee5cd10a746c4b08f9f6", kill_on_drop: false }`
[INFO] running `Command { std: "docker" "rm" "-f" "f385ac8b2c6b62d0345374d6660680348452b1e7ecdfee5cd10a746c4b08f9f6", kill_on_drop: false }`
[INFO] [stdout] f385ac8b2c6b62d0345374d6660680348452b1e7ecdfee5cd10a746c4b08f9f6
