[INFO] fetching crate fuel-sequencer-proto 0.1.0...
[INFO] testing fuel-sequencer-proto-0.1.0 against 1.99.0-beta.8+cargoflags=--release for beta-release-1.100-2
[INFO] extracting crate fuel-sequencer-proto 0.1.0 into /workspace/builds/worker-5-tc1/source
[INFO] started tweaking crates.io crate fuel-sequencer-proto 0.1.0
[INFO] finished tweaking crates.io crate fuel-sequencer-proto 0.1.0
[INFO] tweaked toml for crates.io crate fuel-sequencer-proto 0.1.0 written to /workspace/builds/worker-5-tc1/source/Cargo.toml
[INFO] validating manifest of crates.io crate fuel-sequencer-proto 0.1.0 on toolchain 1.99.0-beta.8
[INFO] running `Command { std: CARGO_HOME="/workspace/cargo-home" RUSTUP_HOME="/workspace/rustup-home" "/workspace/cargo-home/bin/cargo" "+1.99.0-beta.8" "metadata" "--manifest-path" "Cargo.toml" "--no-deps", kill_on_drop: false }`
[INFO] running `Command { std: CARGO_HOME="/workspace/cargo-home" RUSTUP_HOME="/workspace/rustup-home" "/workspace/cargo-home/bin/cargo" "+1.99.0-beta.8" "generate-lockfile" "--manifest-path" "Cargo.toml", kill_on_drop: false }`
[INFO] [stderr]     Updating crates.io index
[INFO] [stderr]      Locking 95 packages to highest compatible versions
[INFO] [stderr]       Adding prost v0.12.6 (available: v0.14.4)
[INFO] [stderr]       Adding prost-types v0.12.6 (available: v0.14.4)
[INFO] [stderr]       Adding tonic v0.11.0 (available: v0.14.6)
[INFO] running `Command { std: CARGO_HOME="/workspace/cargo-home" RUSTUP_HOME="/workspace/rustup-home" "/workspace/cargo-home/bin/cargo" "+1.99.0-beta.8" "fetch" "--manifest-path" "Cargo.toml", kill_on_drop: false }`
[INFO] [stderr]  Downloading crates ...
[INFO] [stderr]   Downloaded tonic v0.11.0
[INFO] running `Command { std: "docker" "create" "-v" "/var/lib/crater-agent-workspace/builds/worker-5-tc1/source:/opt/rustwide/workdir:ro,Z" "-v" "/var/lib/crater-agent-workspace/builds/worker-5-tc1/target:/opt/rustwide/target:rw,Z" "-v" "/var/lib/crater-agent-workspace/cargo-home:/opt/rustwide/cargo-home:ro,Z" "-v" "/var/lib/crater-agent-workspace/rustup-home:/opt/rustwide/rustup-home:ro,Z" "-m" "1610612736" "--network" "none" "ghcr.io/rust-lang/crates-build-env/linux@sha256:77db811e55d90add9212f6832c23229e3de5f1c1f9905e8cb07319ea15df73ac" "sleep" "infinity", kill_on_drop: false }`
[INFO] [stdout] bfa29b5c920bb98dad1d28824ee647eaeaa6d12e805f47ee4ba51f27ef631382
[INFO] running `Command { std: "docker" "start" "bfa29b5c920bb98dad1d28824ee647eaeaa6d12e805f47ee4ba51f27ef631382", kill_on_drop: false }`
[INFO] running `Command { std: "docker" "inspect" "bfa29b5c920bb98dad1d28824ee647eaeaa6d12e805f47ee4ba51f27ef631382", kill_on_drop: false }`
[INFO] running `Command { std: "docker" "exec" "-e" "SOURCE_DIR=/opt/rustwide/workdir" "-e" "CARGO_HOME=/opt/rustwide/cargo-home" "-e" "RUSTUP_HOME=/opt/rustwide/rustup-home" "-e" "CARGO_TARGET_DIR=/opt/rustwide/target" "-w" "/opt/rustwide/workdir" "--user" "0:0" "bfa29b5c920bb98dad1d28824ee647eaeaa6d12e805f47ee4ba51f27ef631382" "/opt/rustwide/cargo-home/bin/cargo" "+1.99.0-beta.8" "metadata" "--no-deps" "--format-version=1", kill_on_drop: false }`
[INFO] running `Command { std: "docker" "inspect" "bfa29b5c920bb98dad1d28824ee647eaeaa6d12e805f47ee4ba51f27ef631382", kill_on_drop: false }`
[INFO] running `Command { std: "docker" "exec" "-e" "SOURCE_DIR=/opt/rustwide/workdir" "-e" "CARGO_HOME=/opt/rustwide/cargo-home" "-e" "RUSTUP_HOME=/opt/rustwide/rustup-home" "-e" "CARGO_TARGET_DIR=/opt/rustwide/target" "-e" "CARGO_INCREMENTAL=0" "-e" "RUST_BACKTRACE=full" "-e" "RUSTFLAGS=--cap-lints=warn" "-e" "RUSTDOCFLAGS=--cap-lints=warn" "-w" "/opt/rustwide/workdir" "--user" "0:0" "bfa29b5c920bb98dad1d28824ee647eaeaa6d12e805f47ee4ba51f27ef631382" "/opt/rustwide/cargo-home/bin/cargo" "+1.99.0-beta.8" "build" "--frozen" "--message-format=json" "--release", kill_on_drop: false }`
[INFO] [stderr]    Compiling futures-core v0.3.34
[INFO] [stderr]    Compiling zerocopy v0.8.63
[INFO] [stderr]    Compiling futures-task v0.3.34
[INFO] [stderr]    Compiling syn v2.0.119
[INFO] [stderr]    Compiling socket2 v0.6.5
[INFO] [stderr]    Compiling mio v1.2.4
[INFO] [stderr]    Compiling http v0.2.12
[INFO] [stderr]    Compiling futures-sink v0.3.34
[INFO] [stderr]    Compiling indexmap v1.9.3
[INFO] [stderr]    Compiling futures-util v0.3.34
[INFO] [stderr]    Compiling anyhow v1.0.104
[INFO] [stderr]    Compiling either v1.19.0
[INFO] [stderr]    Compiling want v0.3.2
[INFO] [stderr]    Compiling aho-corasick v1.1.5
[INFO] [stderr]    Compiling tokio v1.53.3
[INFO] [stderr]    Compiling itertools v0.12.1
[INFO] [stderr]    Compiling http-body v0.4.6
[INFO] [stderr]    Compiling futures-channel v0.3.34
[INFO] [stderr]    Compiling axum-core v0.3.4
[INFO] [stderr]    Compiling syn v3.0.9
[INFO] [stderr]    Compiling socket2 v0.5.10
[INFO] [stderr]    Compiling regex-automata v0.4.18
[INFO] [stderr]    Compiling axum v0.6.20
[INFO] [stderr]    Compiling sync_wrapper v0.1.2
[INFO] [stderr]    Compiling matchit v0.7.3
[INFO] [stderr]    Compiling tracing-attributes v0.1.31
[INFO] [stderr]    Compiling pin-project-internal v1.1.13
[INFO] [stderr]    Compiling prost-derive v0.12.6
[INFO] [stderr]    Compiling async-stream-impl v0.3.6
[INFO] [stderr]    Compiling async-stream v0.3.6
[INFO] [stderr]    Compiling regex v1.13.1
[INFO] [stderr]    Compiling pin-project v1.1.13
[INFO] [stderr]    Compiling tracing v0.1.44
[INFO] [stderr]    Compiling tokio-util v0.7.20
[INFO] [stderr]    Compiling ppv-lite86 v0.2.21
[INFO] [stderr]    Compiling tokio-io-timeout v1.2.1
[INFO] [stderr]    Compiling fuel-sequencer-proto v0.1.0 (/opt/rustwide/workdir)
[INFO] [stderr]    Compiling tokio-stream v0.1.19
[INFO] [stderr]    Compiling prost v0.12.6
[INFO] [stderr]    Compiling rand_chacha v0.3.1
[INFO] [stderr]    Compiling prost-types v0.12.6
[INFO] [stderr]    Compiling async-trait v0.1.92
[INFO] [stderr]    Compiling rand v0.8.8
[INFO] [stderr]    Compiling h2 v0.3.27
[INFO] [stderr]    Compiling tower v0.4.13
[INFO] [stderr]    Compiling hyper v0.14.32
[INFO] [stderr]    Compiling hyper-timeout v0.4.1
[INFO] [stderr]    Compiling tonic v0.11.0
[INFO] [stderr]     Finished `release` profile [optimized] target(s) in 1m 39s
[INFO] running `Command { std: "docker" "inspect" "bfa29b5c920bb98dad1d28824ee647eaeaa6d12e805f47ee4ba51f27ef631382", kill_on_drop: false }`
[INFO] running `Command { std: "docker" "exec" "-e" "SOURCE_DIR=/opt/rustwide/workdir" "-e" "CARGO_HOME=/opt/rustwide/cargo-home" "-e" "RUSTUP_HOME=/opt/rustwide/rustup-home" "-e" "CARGO_TARGET_DIR=/opt/rustwide/target" "-e" "CARGO_INCREMENTAL=0" "-e" "RUST_BACKTRACE=full" "-e" "RUSTFLAGS=--cap-lints=warn" "-e" "RUSTDOCFLAGS=--cap-lints=warn" "-w" "/opt/rustwide/workdir" "--user" "0:0" "bfa29b5c920bb98dad1d28824ee647eaeaa6d12e805f47ee4ba51f27ef631382" "/opt/rustwide/cargo-home/bin/cargo" "+1.99.0-beta.8" "test" "--frozen" "--no-run" "--message-format=json" "--release", kill_on_drop: false }`
[INFO] [stderr]    Compiling fuel-sequencer-proto v0.1.0 (/opt/rustwide/workdir)
[INFO] [stderr]     Finished `release` profile [optimized] target(s) in 1.94s
[INFO] running `Command { std: "docker" "inspect" "bfa29b5c920bb98dad1d28824ee647eaeaa6d12e805f47ee4ba51f27ef631382", kill_on_drop: false }`
[INFO] running `Command { std: "docker" "exec" "-e" "SOURCE_DIR=/opt/rustwide/workdir" "-e" "CARGO_HOME=/opt/rustwide/cargo-home" "-e" "RUSTUP_HOME=/opt/rustwide/rustup-home" "-e" "CARGO_TARGET_DIR=/opt/rustwide/target" "-e" "CARGO_INCREMENTAL=0" "-e" "RUST_BACKTRACE=full" "-e" "RUSTFLAGS=--cap-lints=warn" "-e" "RUSTDOCFLAGS=--cap-lints=warn" "-w" "/opt/rustwide/workdir" "--user" "0:0" "bfa29b5c920bb98dad1d28824ee647eaeaa6d12e805f47ee4ba51f27ef631382" "/opt/rustwide/cargo-home/bin/cargo" "+1.99.0-beta.8" "test" "--frozen" "--release", kill_on_drop: false }`
[INFO] [stderr]     Finished `release` profile [optimized] target(s) in 0.09s
[INFO] [stderr]      Running unittests src/lib.rs (/opt/rustwide/target/release/deps/fuel_sequencer_proto-832972a675e24f24)
[INFO] [stdout] 
[INFO] [stdout] running 0 tests
[INFO] [stdout] 
[INFO] [stdout] test result: ok. 0 passed; 0 failed; 0 ignored; 0 measured; 0 filtered out; finished in 0.00s
[INFO] [stdout] 
[INFO] [stderr]    Doc-tests fuel_sequencer_proto
[INFO] [stdout] 
[INFO] [stdout] running 7 tests
[INFO] [stdout] test /opt/rustwide/target/release/build/fuel-sequencer-proto-84bac694086c1d7e/out/protos.rs - protos::google::api::HttpRule (line 4190) ... FAILED
[INFO] [stdout] test /opt/rustwide/target/release/build/fuel-sequencer-proto-84bac694086c1d7e/out/protos.rs - protos::google::api::HttpRule (line 4276) ... FAILED
[INFO] [stdout] test /opt/rustwide/target/release/build/fuel-sequencer-proto-84bac694086c1d7e/out/protos.rs - protos::google::api::HttpRule (line 4214) ... FAILED
[INFO] [stdout] test /opt/rustwide/target/release/build/fuel-sequencer-proto-84bac694086c1d7e/out/protos.rs - protos::google::api::HttpRule (line 4401) ... FAILED
[INFO] [stdout] test /opt/rustwide/target/release/build/fuel-sequencer-proto-84bac694086c1d7e/out/protos.rs - protos::google::api::HttpRule (line 4306) ... FAILED
[INFO] [stdout] test /opt/rustwide/target/release/build/fuel-sequencer-proto-84bac694086c1d7e/out/protos.rs - protos::google::api::HttpRule (line 4347) ... FAILED
[INFO] [stdout] test /opt/rustwide/target/release/build/fuel-sequencer-proto-84bac694086c1d7e/out/protos.rs - protos::google::api::HttpRule (line 4249) ... FAILED
[INFO] [stdout] 
[INFO] [stdout] failures:
[INFO] [stdout] 
[INFO] [stdout] ---- /opt/rustwide/target/release/build/fuel-sequencer-proto-84bac694086c1d7e/out/protos.rs - protos::google::api::HttpRule (line 4190) stdout ----
[INFO] [stdout] error: expected one of `!` or `::`, found `Messaging`
[INFO] [stdout]     --> /opt/rustwide/target/release/build/fuel-sequencer-proto-84bac694086c1d7e/out/protos.rs:4191:10
[INFO] [stdout]      |
[INFO] [stdout] 4191 |  service Messaging {
[INFO] [stdout]      |          ^^^^^^^^^ expected one of `!` or `::`
[INFO] [stdout] 
[INFO] [stdout] error: aborting due to 1 previous error
[INFO] [stdout] 
[INFO] [stdout] Couldn't compile the test.
[INFO] [stdout] ---- /opt/rustwide/target/release/build/fuel-sequencer-proto-84bac694086c1d7e/out/protos.rs - protos::google::api::HttpRule (line 4276) stdout ----
[INFO] [stdout] error: expected one of `!` or `::`, found `Messaging`
[INFO] [stdout]     --> /opt/rustwide/target/release/build/fuel-sequencer-proto-84bac694086c1d7e/out/protos.rs:4277:10
[INFO] [stdout]      |
[INFO] [stdout] 4277 |  service Messaging {
[INFO] [stdout]      |          ^^^^^^^^^ expected one of `!` or `::`
[INFO] [stdout] 
[INFO] [stdout] error: aborting due to 1 previous error
[INFO] [stdout] 
[INFO] [stdout] Couldn't compile the test.
[INFO] [stdout] ---- /opt/rustwide/target/release/build/fuel-sequencer-proto-84bac694086c1d7e/out/protos.rs - protos::google::api::HttpRule (line 4214) stdout ----
[INFO] [stdout] error: expected one of `!` or `::`, found `Messaging`
[INFO] [stdout]     --> /opt/rustwide/target/release/build/fuel-sequencer-proto-84bac694086c1d7e/out/protos.rs:4215:10
[INFO] [stdout]      |
[INFO] [stdout] 4215 |  service Messaging {
[INFO] [stdout]      |          ^^^^^^^^^ expected one of `!` or `::`
[INFO] [stdout] 
[INFO] [stdout] error: aborting due to 1 previous error
[INFO] [stdout] 
[INFO] [stdout] Couldn't compile the test.
[INFO] [stdout] ---- /opt/rustwide/target/release/build/fuel-sequencer-proto-84bac694086c1d7e/out/protos.rs - protos::google::api::HttpRule (line 4401) stdout ----
[INFO] [stdout] error: expected one of `!` or `::`, found `:`
[INFO] [stdout]     --> /opt/rustwide/target/release/build/fuel-sequencer-proto-84bac694086c1d7e/out/protos.rs:4402:6
[INFO] [stdout]      |
[INFO] [stdout] 4402 |  http:
[INFO] [stdout]      |      ^ expected one of `!` or `::`
[INFO] [stdout] 
[INFO] [stdout] error: aborting due to 1 previous error
[INFO] [stdout] 
[INFO] [stdout] Couldn't compile the test.
[INFO] [stdout] ---- /opt/rustwide/target/release/build/fuel-sequencer-proto-84bac694086c1d7e/out/protos.rs - protos::google::api::HttpRule (line 4306) stdout ----
[INFO] [stdout] error: expected one of `!` or `::`, found `Messaging`
[INFO] [stdout]     --> /opt/rustwide/target/release/build/fuel-sequencer-proto-84bac694086c1d7e/out/protos.rs:4307:10
[INFO] [stdout]      |
[INFO] [stdout] 4307 |  service Messaging {
[INFO] [stdout]      |          ^^^^^^^^^ expected one of `!` or `::`
[INFO] [stdout] 
[INFO] [stdout] error: aborting due to 1 previous error
[INFO] [stdout] 
[INFO] [stdout] Couldn't compile the test.
[INFO] [stdout] ---- /opt/rustwide/target/release/build/fuel-sequencer-proto-84bac694086c1d7e/out/protos.rs - protos::google::api::HttpRule (line 4347) stdout ----
[INFO] [stdout] error: unknown start of token: \
[INFO] [stdout]     --> /opt/rustwide/target/release/build/fuel-sequencer-proto-84bac694086c1d7e/out/protos.rs:4348:26
[INFO] [stdout]      |
[INFO] [stdout] 4348 |  Template = "/" Segments \[ Verb \] ;
[INFO] [stdout]      |                          ^
[INFO] [stdout] 
[INFO] [stdout] error: unknown start of token: \
[INFO] [stdout]     --> /opt/rustwide/target/release/build/fuel-sequencer-proto-84bac694086c1d7e/out/protos.rs:4348:34
[INFO] [stdout]      |
[INFO] [stdout] 4348 |  Template = "/" Segments \[ Verb \] ;
[INFO] [stdout]      |                                  ^
[INFO] [stdout] 
[INFO] [stdout] error: unknown start of token: \
[INFO] [stdout]     --> /opt/rustwide/target/release/build/fuel-sequencer-proto-84bac694086c1d7e/out/protos.rs:4351:27
[INFO] [stdout]      |
[INFO] [stdout] 4351 |  Variable = "{" FieldPath \[ "=" Segments \] "}" ;
[INFO] [stdout]      |                           ^
[INFO] [stdout] 
[INFO] [stdout] error: unknown start of token: \
[INFO] [stdout]     --> /opt/rustwide/target/release/build/fuel-sequencer-proto-84bac694086c1d7e/out/protos.rs:4351:43
[INFO] [stdout]      |
[INFO] [stdout] 4351 |  Variable = "{" FieldPath \[ "=" Segments \] "}" ;
[INFO] [stdout]      |                                           ^
[INFO] [stdout] 
[INFO] [stdout] error: expected one of `!` or `::`, found `=`
[INFO] [stdout]     --> /opt/rustwide/target/release/build/fuel-sequencer-proto-84bac694086c1d7e/out/protos.rs:4348:11
[INFO] [stdout]      |
[INFO] [stdout] 4348 |  Template = "/" Segments \[ Verb \] ;
[INFO] [stdout]      |           ^ expected one of `!` or `::`
[INFO] [stdout] 
[INFO] [stdout] error: aborting due to 5 previous errors
[INFO] [stdout] 
[INFO] [stdout] Couldn't compile the test.
[INFO] [stdout] ---- /opt/rustwide/target/release/build/fuel-sequencer-proto-84bac694086c1d7e/out/protos.rs - protos::google::api::HttpRule (line 4249) stdout ----
[INFO] [stdout] error: expected one of `!` or `::`, found `Messaging`
[INFO] [stdout]     --> /opt/rustwide/target/release/build/fuel-sequencer-proto-84bac694086c1d7e/out/protos.rs:4250:10
[INFO] [stdout]      |
[INFO] [stdout] 4250 |  service Messaging {
[INFO] [stdout]      |          ^^^^^^^^^ expected one of `!` or `::`
[INFO] [stdout] 
[INFO] [stdout] error: aborting due to 1 previous error
[INFO] [stdout] 
[INFO] [stdout] Couldn't compile the test.
[INFO] [stdout] 
[INFO] [stdout] failures:
[INFO] [stdout]     /opt/rustwide/target/release/build/fuel-sequencer-proto-84bac694086c1d7e/out/protos.rs - protos::google::api::HttpRule (line 4190)
[INFO] [stdout]     /opt/rustwide/target/release/build/fuel-sequencer-proto-84bac694086c1d7e/out/protos.rs - protos::google::api::HttpRule (line 4214)
[INFO] [stdout]     /opt/rustwide/target/release/build/fuel-sequencer-proto-84bac694086c1d7e/out/protos.rs - protos::google::api::HttpRule (line 4249)
[INFO] [stdout]     /opt/rustwide/target/release/build/fuel-sequencer-proto-84bac694086c1d7e/out/protos.rs - protos::google::api::HttpRule (line 4276)
[INFO] [stdout]     /opt/rustwide/target/release/build/fuel-sequencer-proto-84bac694086c1d7e/out/protos.rs - protos::google::api::HttpRule (line 4306)
[INFO] [stdout]     /opt/rustwide/target/release/build/fuel-sequencer-proto-84bac694086c1d7e/out/protos.rs - protos::google::api::HttpRule (line 4347)
[INFO] [stdout]     /opt/rustwide/target/release/build/fuel-sequencer-proto-84bac694086c1d7e/out/protos.rs - protos::google::api::HttpRule (line 4401)
[INFO] [stdout] 
[INFO] [stdout] test result: FAILED. 0 passed; 7 failed; 0 ignored; 0 measured; 0 filtered out; finished in 0.11s
[INFO] [stdout] 
[INFO] [stderr] error: doctest failed, to rerun pass `--doc`
[INFO] running `Command { std: "docker" "inspect" "bfa29b5c920bb98dad1d28824ee647eaeaa6d12e805f47ee4ba51f27ef631382", kill_on_drop: false }`
[INFO] running `Command { std: "docker" "rm" "-f" "bfa29b5c920bb98dad1d28824ee647eaeaa6d12e805f47ee4ba51f27ef631382", kill_on_drop: false }`
[INFO] [stdout] bfa29b5c920bb98dad1d28824ee647eaeaa6d12e805f47ee4ba51f27ef631382
