[INFO] fetching crate fuel-message-broker 0.0.29...
[INFO] testing fuel-message-broker-0.0.29 against 1.100.0-beta.1+cargoflags=--release for beta-release-1.100-2
[INFO] extracting crate fuel-message-broker 0.0.29 into /workspace/builds/worker-3-tc2/source
[INFO] started tweaking crates.io crate fuel-message-broker 0.0.29
[INFO] finished tweaking crates.io crate fuel-message-broker 0.0.29
[INFO] tweaked toml for crates.io crate fuel-message-broker 0.0.29 written to /workspace/builds/worker-3-tc2/source/Cargo.toml
[INFO] validating manifest of crates.io crate fuel-message-broker 0.0.29 on toolchain 1.100.0-beta.1
[INFO] running `Command { std: CARGO_HOME="/workspace/cargo-home" RUSTUP_HOME="/workspace/rustup-home" "/workspace/cargo-home/bin/cargo" "+1.100.0-beta.1" "metadata" "--manifest-path" "Cargo.toml" "--no-deps", kill_on_drop: false }`
[INFO] crate crates.io crate fuel-message-broker 0.0.29 already has a lockfile, it will not be regenerated
[INFO] running `Command { std: CARGO_HOME="/workspace/cargo-home" RUSTUP_HOME="/workspace/rustup-home" "/workspace/cargo-home/bin/cargo" "+1.100.0-beta.1" "fetch" "--manifest-path" "Cargo.toml", kill_on_drop: false }`
[INFO] running `Command { std: "docker" "create" "-v" "/var/lib/crater-agent-workspace/builds/worker-3-tc2/source:/opt/rustwide/workdir:ro,Z" "-v" "/var/lib/crater-agent-workspace/builds/worker-3-tc2/target:/opt/rustwide/target:rw,Z" "-v" "/var/lib/crater-agent-workspace/cargo-home:/opt/rustwide/cargo-home:ro,Z" "-v" "/var/lib/crater-agent-workspace/rustup-home:/opt/rustwide/rustup-home:ro,Z" "-m" "1610612736" "--network" "none" "ghcr.io/rust-lang/crates-build-env/linux@sha256:77db811e55d90add9212f6832c23229e3de5f1c1f9905e8cb07319ea15df73ac" "sleep" "infinity", kill_on_drop: false }`
[INFO] [stdout] 1c91e0ff932940a92ebced6a639d6d354d33526ba51c9c356467570cd2409597
[INFO] running `Command { std: "docker" "start" "1c91e0ff932940a92ebced6a639d6d354d33526ba51c9c356467570cd2409597", kill_on_drop: false }`
[INFO] running `Command { std: "docker" "inspect" "1c91e0ff932940a92ebced6a639d6d354d33526ba51c9c356467570cd2409597", kill_on_drop: false }`
[INFO] running `Command { std: "docker" "exec" "-e" "SOURCE_DIR=/opt/rustwide/workdir" "-e" "CARGO_HOME=/opt/rustwide/cargo-home" "-e" "RUSTUP_HOME=/opt/rustwide/rustup-home" "-e" "CARGO_TARGET_DIR=/opt/rustwide/target" "-w" "/opt/rustwide/workdir" "--user" "0:0" "1c91e0ff932940a92ebced6a639d6d354d33526ba51c9c356467570cd2409597" "/opt/rustwide/cargo-home/bin/cargo" "+1.100.0-beta.1" "metadata" "--no-deps" "--format-version=1", kill_on_drop: false }`
[INFO] running `Command { std: "docker" "inspect" "1c91e0ff932940a92ebced6a639d6d354d33526ba51c9c356467570cd2409597", kill_on_drop: false }`
[INFO] running `Command { std: "docker" "exec" "-e" "SOURCE_DIR=/opt/rustwide/workdir" "-e" "CARGO_HOME=/opt/rustwide/cargo-home" "-e" "RUSTUP_HOME=/opt/rustwide/rustup-home" "-e" "CARGO_TARGET_DIR=/opt/rustwide/target" "-e" "CARGO_INCREMENTAL=0" "-e" "RUST_BACKTRACE=full" "-e" "RUSTFLAGS=--cap-lints=warn" "-e" "RUSTDOCFLAGS=--cap-lints=warn" "-w" "/opt/rustwide/workdir" "--user" "0:0" "1c91e0ff932940a92ebced6a639d6d354d33526ba51c9c356467570cd2409597" "/opt/rustwide/cargo-home/bin/cargo" "+1.100.0-beta.1" "build" "--frozen" "--message-format=json" "--release", kill_on_drop: false }`
[INFO] [stderr]    Compiling proc-macro2 v1.0.94
[INFO] [stderr]    Compiling unicode-ident v1.0.18
[INFO] [stderr]    Compiling libc v0.2.170
[INFO] [stderr]    Compiling cfg-if v1.0.0
[INFO] [stderr]    Compiling typenum v1.18.0
[INFO] [stderr]    Compiling stable_deref_trait v1.2.0
[INFO] [stderr]    Compiling serde v1.0.219
[INFO] [stderr]    Compiling zerocopy v0.8.23
[INFO] [stderr]    Compiling memchr v2.7.4
[INFO] [stderr]    Compiling litemap v0.7.5
[INFO] [stderr]    Compiling semver v1.0.26
[INFO] [stderr]    Compiling pin-project-lite v0.2.16
[INFO] [stderr]    Compiling shlex v1.3.0
[INFO] [stderr]    Compiling writeable v0.5.5
[INFO] [stderr]    Compiling autocfg v1.4.0
[INFO] [stderr]    Compiling zeroize v1.8.1
[INFO] [stderr]    Compiling futures-sink v0.3.31
[INFO] [stderr]    Compiling icu_locid_transform_data v1.5.0
[INFO] [stderr]    Compiling futures-core v0.3.31
[INFO] [stderr]    Compiling base64ct v1.6.0
[INFO] [stderr]    Compiling cc v1.2.16
[INFO] [stderr]    Compiling rustls-pki-types v1.11.0
[INFO] [stderr]    Compiling icu_properties_data v1.5.0
[INFO] [stderr]    Compiling futures-channel v0.3.31
[INFO] [stderr]    Compiling smallvec v1.14.0
[INFO] [stderr]    Compiling write16 v1.0.0
[INFO] [stderr]    Compiling futures-io v0.3.31
[INFO] [stderr]    Compiling slab v0.4.9
[INFO] [stderr]    Compiling icu_normalizer_data v1.5.0
[INFO] [stderr]    Compiling getrandom v0.3.1
[INFO] [stderr]    Compiling once_cell v1.21.0
[INFO] [stderr]    Compiling futures-task v0.3.31
[INFO] [stderr]    Compiling utf16_iter v1.0.5
[INFO] [stderr]    Compiling rustls v0.23.23
[INFO] [stderr]    Compiling portable-atomic v1.11.0
[INFO] [stderr]    Compiling percent-encoding v2.3.1
[INFO] [stderr]    Compiling rustc_version v0.4.1
[INFO] [stderr]    Compiling serde_json v1.0.140
[INFO] [stderr]    Compiling regex-syntax v0.8.5
[INFO] [stderr]    Compiling pem-rfc7468 v0.7.0
[INFO] [stderr]    Compiling itoa v1.0.15
[INFO] [stderr]    Compiling form_urlencoded v1.2.1
[INFO] [stderr]    Compiling rustls-pemfile v2.2.0
[INFO] [stderr]    Compiling quote v1.0.39
[INFO] [stderr]    Compiling der v0.7.9
[INFO] [stderr]    Compiling curve25519-dalek v4.1.3
[INFO] [stderr]    Compiling tracing-core v0.1.33
[INFO] [stderr]    Compiling openssl-probe v0.1.6
[INFO] [stderr]    Compiling thiserror v2.0.12
[INFO] [stderr]    Compiling getrandom v0.2.15
[INFO] [stderr]    Compiling mio v1.0.3
[INFO] [stderr]    Compiling socket2 v0.5.8
[INFO] [stderr]    Compiling syn v2.0.100
[INFO] [stderr]    Compiling rand_core v0.6.4
[INFO] [stderr]    Compiling log v0.4.26
[INFO] [stderr]    Compiling aho-corasick v1.1.3
[INFO] [stderr]    Compiling generic-array v0.14.7
[INFO] [stderr]    Compiling rand_core v0.9.3
[INFO] [stderr]    Compiling ryu v1.0.20
[INFO] [stderr]    Compiling data-encoding v2.8.0
[INFO] [stderr]    Compiling num-conv v0.1.0
[INFO] [stderr]    Compiling time-core v0.1.4
[INFO] [stderr]    Compiling rustls-native-certs v0.7.3
[INFO] [stderr]    Compiling dotenvy v0.15.7
[INFO] [stderr]    Compiling ring v0.17.13
[INFO] [stderr]    Compiling block-buffer v0.10.4
[INFO] [stderr]    Compiling crypto-common v0.1.6
[INFO] [stderr]    Compiling spki v0.7.3
[INFO] [stderr]    Compiling ppv-lite86 v0.2.21
[INFO] [stderr]    Compiling digest v0.10.7
[INFO] [stderr]    Compiling pkcs8 v0.10.2
[INFO] [stderr]    Compiling signature v2.2.0
[INFO] [stderr]    Compiling ed25519 v2.2.3
[INFO] [stderr]    Compiling sha2 v0.10.8
[INFO] [stderr]    Compiling signatory v0.27.1
[INFO] [stderr]    Compiling rand_chacha v0.3.1
[INFO] [stderr]    Compiling rand_chacha v0.9.0
[INFO] [stderr]    Compiling rand v0.9.0
[INFO] [stderr]    Compiling rand v0.8.5
[INFO] [stderr]    Compiling regex-automata v0.4.9
[INFO] [stderr]    Compiling nuid v0.5.0
[INFO] [stderr]    Compiling synstructure v0.13.1
[INFO] [stderr]    Compiling zerofrom-derive v0.1.6
[INFO] [stderr]    Compiling yoke-derive v0.7.5
[INFO] [stderr]    Compiling zerovec-derive v0.10.3
[INFO] [stderr]    Compiling serde_derive v1.0.219
[INFO] [stderr]    Compiling displaydoc v0.2.5
[INFO] [stderr]    Compiling icu_provider_macros v1.5.0
[INFO] [stderr]    Compiling futures-macro v0.3.31
[INFO] [stderr]    Compiling tokio-macros v2.5.0
[INFO] [stderr]    Compiling curve25519-dalek-derive v0.1.1
[INFO] [stderr]    Compiling thiserror-impl v1.0.69
[INFO] [stderr]    Compiling tracing-attributes v0.1.28
[INFO] [stderr]    Compiling pin-project-internal v1.1.10
[INFO] [stderr]    Compiling thiserror-impl v2.0.12
[INFO] [stderr]    Compiling serde_repr v0.1.20
[INFO] [stderr]    Compiling regex v1.11.1
[INFO] [stderr]    Compiling async-trait v0.1.88
[INFO] [stderr]    Compiling futures-util v0.3.31
[INFO] [stderr]    Compiling pin-project v1.1.10
[INFO] [stderr]    Compiling ed25519-dalek v2.1.1
[INFO] [stderr]    Compiling thiserror v1.0.69
[INFO] [stderr]    Compiling zerofrom v0.1.6
[INFO] [stderr]    Compiling yoke v0.7.5
[INFO] [stderr]    Compiling tracing v0.1.41
[INFO] [stderr]    Compiling nkeys v0.4.4
[INFO] [stderr]    Compiling zerovec v0.10.4
[INFO] [stderr]    Compiling tinystr v0.7.6
[INFO] [stderr]    Compiling icu_collections v1.5.0
[INFO] [stderr]    Compiling icu_locid v1.5.0
[INFO] [stderr]    Compiling icu_provider v1.5.0
[INFO] [stderr]    Compiling icu_locid_transform v1.5.0
[INFO] [stderr]    Compiling icu_properties v1.5.1
[INFO] [stderr]    Compiling futures-executor v0.3.31
[INFO] [stderr]    Compiling futures v0.3.31
[INFO] [stderr]    Compiling icu_normalizer v1.5.0
[INFO] [stderr]    Compiling bytes v1.10.1
[INFO] [stderr]    Compiling deranged v0.4.1
[INFO] [stderr]    Compiling serde_nanos v0.1.4
[INFO] [stderr]    Compiling idna_adapter v1.2.0
[INFO] [stderr]    Compiling idna v1.0.3
[INFO] [stderr]    Compiling tokio v1.44.1
[INFO] [stderr]    Compiling url v2.5.4
[INFO] [stderr]    Compiling time v0.3.41
[INFO] [stderr]    Compiling rustls-webpki v0.102.8
[INFO] [stderr]    Compiling tryhard v0.5.1
[INFO] [stderr]    Compiling tokio-util v0.7.13
[INFO] [stderr]    Compiling tokio-rustls v0.26.2
[INFO] [stderr]    Compiling async-nats v0.40.0
[INFO] [stderr]    Compiling fuel-message-broker v0.0.29 (/opt/rustwide/workdir)
[INFO] [stderr]     Finished `release` profile [optimized] target(s) in 1m 32s
[INFO] running `Command { std: "docker" "inspect" "1c91e0ff932940a92ebced6a639d6d354d33526ba51c9c356467570cd2409597", kill_on_drop: false }`
[INFO] running `Command { std: "docker" "exec" "-e" "SOURCE_DIR=/opt/rustwide/workdir" "-e" "CARGO_HOME=/opt/rustwide/cargo-home" "-e" "RUSTUP_HOME=/opt/rustwide/rustup-home" "-e" "CARGO_TARGET_DIR=/opt/rustwide/target" "-e" "CARGO_INCREMENTAL=0" "-e" "RUST_BACKTRACE=full" "-e" "RUSTFLAGS=--cap-lints=warn" "-e" "RUSTDOCFLAGS=--cap-lints=warn" "-w" "/opt/rustwide/workdir" "--user" "0:0" "1c91e0ff932940a92ebced6a639d6d354d33526ba51c9c356467570cd2409597" "/opt/rustwide/cargo-home/bin/cargo" "+1.100.0-beta.1" "test" "--frozen" "--no-run" "--message-format=json" "--release", kill_on_drop: false }`
[INFO] [stderr]    Compiling tokio v1.44.1
[INFO] [stderr]    Compiling tryhard v0.5.1
[INFO] [stderr]    Compiling tokio-rustls v0.26.2
[INFO] [stderr]    Compiling tokio-util v0.7.13
[INFO] [stderr]    Compiling async-nats v0.40.0
[INFO] [stderr]    Compiling fuel-message-broker v0.0.29 (/opt/rustwide/workdir)
[INFO] [stderr]     Finished `release` profile [optimized] target(s) in 37.73s
[INFO] running `Command { std: "docker" "inspect" "1c91e0ff932940a92ebced6a639d6d354d33526ba51c9c356467570cd2409597", kill_on_drop: false }`
[INFO] running `Command { std: "docker" "exec" "-e" "SOURCE_DIR=/opt/rustwide/workdir" "-e" "CARGO_HOME=/opt/rustwide/cargo-home" "-e" "RUSTUP_HOME=/opt/rustwide/rustup-home" "-e" "CARGO_TARGET_DIR=/opt/rustwide/target" "-e" "CARGO_INCREMENTAL=0" "-e" "RUST_BACKTRACE=full" "-e" "RUSTFLAGS=--cap-lints=warn" "-e" "RUSTDOCFLAGS=--cap-lints=warn" "-w" "/opt/rustwide/workdir" "--user" "0:0" "1c91e0ff932940a92ebced6a639d6d354d33526ba51c9c356467570cd2409597" "/opt/rustwide/cargo-home/bin/cargo" "+1.100.0-beta.1" "test" "--frozen" "--release", kill_on_drop: false }`
[INFO] [stderr]     Finished `release` profile [optimized] target(s) in 0.16s
[INFO] [stderr]      Running unittests src/lib.rs (/opt/rustwide/target/release/build/fuel-message-broker/094ae6a3a892105d/out/fuel_message_broker-094ae6a3a892105d)
[INFO] [stdout] 
[INFO] [stdout] running 5 tests
[INFO] [stdout] test nats::tests::test_broker_connection ... FAILED
[INFO] [stdout] test nats::tests::test_pub_sub ... FAILED
[INFO] [stdout] test nats::tests::test_work_queue_multiple_consumers ... FAILED
[INFO] [stdout] test nats::tests::test_work_queue_batch_size_limiting ... FAILED
[INFO] [stdout] test nats::tests::test_work_queue_unacked_message_redelivery ... FAILED
[INFO] [stdout] 
[INFO] [stdout] failures:
[INFO] [stdout] 
[INFO] [stdout] ---- nats::tests::test_broker_connection stdout ----
[INFO] [stdout] 
[INFO] [stdout] thread 'nats::tests::test_broker_connection' (2741) panicked at src/nats_opts.rs:69:14:
[INFO] [stdout] NATS_ADMIN_USER must be set: EnvVar(NotPresent)
[INFO] [stdout] stack backtrace:
[INFO] [stdout]    0:     0x591623cfdb41 - <<std[617be2ca0a6fd877]::sys::backtrace::BacktraceLock>::print::DisplayBacktrace as core[a373ad73a504971]::fmt::Display>::fmt
[INFO] [stdout]    1:     0x591623d1445a - core[a373ad73a504971]::fmt::write
[INFO] [stdout]    2:     0x591623d025fc - <alloc[2e1b2a31b91974c5]::vec::Vec<u8> as core[a373ad73a504971]::io::write::Write>::write_fmt
[INFO] [stdout]    3:     0x591623cd8a56 - std[617be2ca0a6fd877]::panicking::default_hook::{closure#0}
[INFO] [stdout]    4:     0x591623cf57b9 - std[617be2ca0a6fd877]::panicking::default_hook
[INFO] [stdout]    5:     0x591623b2f680 - test[aada8e7e76ba119b]::test_main_inner::{closure#0}
[INFO] [stdout]    6:     0x591623cf5ae2 - std[617be2ca0a6fd877]::panicking::panic_with_hook
[INFO] [stdout]    7:     0x591623cd8b02 - std[617be2ca0a6fd877]::panicking::panic_handler::{closure#0}
[INFO] [stdout]    8:     0x591623cd1459 - std[617be2ca0a6fd877]::sys::backtrace::__rust_end_short_backtrace::<std[617be2ca0a6fd877]::panicking::panic_handler::{closure#0}, !>
[INFO] [stdout]    9:     0x591623cd999d - __rustc[ea4f61d10b84890b]::rust_begin_unwind
[INFO] [stdout]   10:     0x591623d14bbc - core[a373ad73a504971]::panicking::panic_fmt
[INFO] [stdout]   11:     0x591623d14992 - core[a373ad73a504971]::result::unwrap_failed
[INFO] [stdout]   12:     0x591623ad74e4 - <fuel_message_broker[d67a09e76a0afdfe]::nats_opts::NatsOpts>::connect_opts
[INFO] [stdout]   13:     0x591623ab25f1 - fuel_message_broker[d67a09e76a0afdfe]::nats::tests::setup_broker::{closure#0}
[INFO] [stdout]   14:     0x591623ab5fff - fuel_message_broker[d67a09e76a0afdfe]::nats::tests::test_broker_connection::{closure#0}
[INFO] [stdout]   15:     0x591623af4a0d - <tokio[61408cd10a82638d]::runtime::scheduler::current_thread::Context>::enter::<core[a373ad73a504971]::task::poll::Poll<core[a373ad73a504971]::result::Result<(), fuel_message_broker[d67a09e76a0afdfe]::msg_broker::MessageBrokerError>>, <tokio[61408cd10a82638d]::runtime::scheduler::current_thread::CoreGuard>::block_on<core[a373ad73a504971]::pin::Pin<&mut core[a373ad73a504971]::pin::Pin<&mut dyn core[a373ad73a504971]::future::future::Future<Output = core[a373ad73a504971]::result::Result<(), fuel_message_broker[d67a09e76a0afdfe]::msg_broker::MessageBrokerError>>>>>::{closure#0}::{closure#0}>
[INFO] [stdout]   16:     0x591623ae23e8 - <std[617be2ca0a6fd877]::thread::local::LocalKey<tokio[61408cd10a82638d]::runtime::context::Context>>::with::<tokio[61408cd10a82638d]::runtime::context::set_scheduler<(alloc[2e1b2a31b91974c5]::boxed::Box<tokio[61408cd10a82638d]::runtime::scheduler::current_thread::Core>, core[a373ad73a504971]::option::Option<core[a373ad73a504971]::result::Result<(), fuel_message_broker[d67a09e76a0afdfe]::msg_broker::MessageBrokerError>>), <tokio[61408cd10a82638d]::runtime::scheduler::current_thread::CoreGuard>::enter<<tokio[61408cd10a82638d]::runtime::scheduler::current_thread::CoreGuard>::block_on<core[a373ad73a504971]::pin::Pin<&mut core[a373ad73a504971]::pin::Pin<&mut dyn core[a373ad73a504971]::future::future::Future<Output = core[a373ad73a504971]::result::Result<(), fuel_message_broker[d67a09e76a0afdfe]::msg_broker::MessageBrokerError>>>>>::{closure#0}, core[a373ad73a504971]::option::Option<core[a373ad73a504971]::result::Result<(), fuel_message_broker[d67a09e76a0afdfe]::msg_broker::MessageBrokerError>>>::{closure#0}>::{closure#0}, (alloc[2e1b2a31b91974c5]::boxed::Box<tokio[61408cd10a82638d]::runtime::scheduler::current_thread::Core>, core[a373ad73a504971]::option::Option<core[a373ad73a504971]::result::Result<(), fuel_message_broker[d67a09e76a0afdfe]::msg_broker::MessageBrokerError>>)>
[INFO] [stdout]   17:     0x591623af424e - <tokio[61408cd10a82638d]::runtime::scheduler::current_thread::CurrentThread>::block_on::<core[a373ad73a504971]::pin::Pin<&mut dyn core[a373ad73a504971]::future::future::Future<Output = core[a373ad73a504971]::result::Result<(), fuel_message_broker[d67a09e76a0afdfe]::msg_broker::MessageBrokerError>>>>
[INFO] [stdout]   18:     0x591623b1734e - <tokio[61408cd10a82638d]::runtime::runtime::Runtime>::block_on::<core[a373ad73a504971]::pin::Pin<&mut dyn core[a373ad73a504971]::future::future::Future<Output = core[a373ad73a504971]::result::Result<(), fuel_message_broker[d67a09e76a0afdfe]::msg_broker::MessageBrokerError>>>>
[INFO] [stdout]   19:     0x591623ab90e4 - <fuel_message_broker[d67a09e76a0afdfe]::nats::tests::test_broker_connection::{closure#0} as core[a373ad73a504971]::ops::function::FnOnce<()>>::call_once
[INFO] [stdout]   20:     0x591623b22acb - test[aada8e7e76ba119b]::__rust_begin_short_backtrace::<core[a373ad73a504971]::result::Result<(), alloc[2e1b2a31b91974c5]::string::String>, fn() -> core[a373ad73a504971]::result::Result<(), alloc[2e1b2a31b91974c5]::string::String>>
[INFO] [stdout]   21:     0x591623b2fca5 - test[aada8e7e76ba119b]::run_test::{closure#0}
[INFO] [stdout]   22:     0x591623b29594 - std[617be2ca0a6fd877]::sys::backtrace::__rust_begin_short_backtrace::<test[aada8e7e76ba119b]::run_test::{closure#1}, ()>
[INFO] [stdout]   23:     0x591623b32d32 - <std[617be2ca0a6fd877]::thread::lifecycle::spawn_unchecked<test[aada8e7e76ba119b]::run_test::{closure#1}, ()>::{closure#1} as core[a373ad73a504971]::ops::function::FnOnce<()>>::call_once::{shim:vtable#0}
[INFO] [stdout]   24:     0x591623cfcfef - <std[617be2ca0a6fd877]::sys::thread::unix::Thread>::new::thread_start
[INFO] [stdout]   25:     0x7b8f412bcdfa - <unknown>
[INFO] [stdout]   26:     0x7b8f413503d4 - clone
[INFO] [stdout]   27:                0x0 - <unknown>
[INFO] [stdout] 
[INFO] [stdout] ---- nats::tests::test_pub_sub stdout ----
[INFO] [stdout] 
[INFO] [stdout] thread 'nats::tests::test_pub_sub' (2742) panicked at src/nats_opts.rs:69:14:
[INFO] [stdout] NATS_ADMIN_USER must be set: EnvVar(NotPresent)
[INFO] [stdout] stack backtrace:
[INFO] [stdout]    0:     0x591623cfdb41 - <<std[617be2ca0a6fd877]::sys::backtrace::BacktraceLock>::print::DisplayBacktrace as core[a373ad73a504971]::fmt::Display>::fmt
[INFO] [stdout]    1:     0x591623d1445a - core[a373ad73a504971]::fmt::write
[INFO] [stdout]    2:     0x591623d025fc - <alloc[2e1b2a31b91974c5]::vec::Vec<u8> as core[a373ad73a504971]::io::write::Write>::write_fmt
[INFO] [stdout]    3:     0x591623cd8a56 - std[617be2ca0a6fd877]::panicking::default_hook::{closure#0}
[INFO] [stdout]    4:     0x591623cf57b9 - std[617be2ca0a6fd877]::panicking::default_hook
[INFO] [stdout]    5:     0x591623b2f680 - test[aada8e7e76ba119b]::test_main_inner::{closure#0}
[INFO] [stdout]    6:     0x591623cf5ae2 - std[617be2ca0a6fd877]::panicking::panic_with_hook
[INFO] [stdout]    7:     0x591623cd8b02 - std[617be2ca0a6fd877]::panicking::panic_handler::{closure#0}
[INFO] [stdout]    8:     0x591623cd1459 - std[617be2ca0a6fd877]::sys::backtrace::__rust_end_short_backtrace::<std[617be2ca0a6fd877]::panicking::panic_handler::{closure#0}, !>
[INFO] [stdout]    9:     0x591623cd999d - __rustc[ea4f61d10b84890b]::rust_begin_unwind
[INFO] [stdout]   10:     0x591623d14bbc - core[a373ad73a504971]::panicking::panic_fmt
[INFO] [stdout]   11:     0x591623d14992 - core[a373ad73a504971]::result::unwrap_failed
[INFO] [stdout]   12:     0x591623ad74e4 - <fuel_message_broker[d67a09e76a0afdfe]::nats_opts::NatsOpts>::connect_opts
[INFO] [stdout]   13:     0x591623ab25f1 - fuel_message_broker[d67a09e76a0afdfe]::nats::tests::setup_broker::{closure#0}
[INFO] [stdout]   14:     0x591623ab4c19 - fuel_message_broker[d67a09e76a0afdfe]::nats::tests::test_pub_sub::{closure#0}
[INFO] [stderr] error: test failed, to rerun pass `--lib`
[INFO] [stdout]   15:     0x591623afcb15 - <tokio[61408cd10a82638d]::runtime::park::CachedParkThread>::block_on::<core[a373ad73a504971]::pin::Pin<&mut dyn core[a373ad73a504971]::future::future::Future<Output = core[a373ad73a504971]::result::Result<(), fuel_message_broker[d67a09e76a0afdfe]::msg_broker::MessageBrokerError>>>>
[INFO] [stdout]   16:     0x591623af7de3 - tokio[61408cd10a82638d]::runtime::context::runtime::enter_runtime::<<tokio[61408cd10a82638d]::runtime::scheduler::multi_thread::MultiThread>::block_on<core[a373ad73a504971]::pin::Pin<&mut dyn core[a373ad73a504971]::future::future::Future<Output = core[a373ad73a504971]::result::Result<(), fuel_message_broker[d67a09e76a0afdfe]::msg_broker::MessageBrokerError>>>>::{closure#0}, core[a373ad73a504971]::result::Result<(), fuel_message_broker[d67a09e76a0afdfe]::msg_broker::MessageBrokerError>>
[INFO] [stdout]   17:     0x591623b1732f - <tokio[61408cd10a82638d]::runtime::runtime::Runtime>::block_on::<core[a373ad73a504971]::pin::Pin<&mut dyn core[a373ad73a504971]::future::future::Future<Output = core[a373ad73a504971]::result::Result<(), fuel_message_broker[d67a09e76a0afdfe]::msg_broker::MessageBrokerError>>>>
[INFO] [stdout]   18:     0x591623ab8eb5 - <fuel_message_broker[d67a09e76a0afdfe]::nats::tests::test_pub_sub::{closure#0} as core[a373ad73a504971]::ops::function::FnOnce<()>>::call_once
[INFO] [stdout]   19:     0x591623b22acb - test[aada8e7e76ba119b]::__rust_begin_short_backtrace::<core[a373ad73a504971]::result::Result<(), alloc[2e1b2a31b91974c5]::string::String>, fn() -> core[a373ad73a504971]::result::Result<(), alloc[2e1b2a31b91974c5]::string::String>>
[INFO] [stdout]   20:     0x591623b2fca5 - test[aada8e7e76ba119b]::run_test::{closure#0}
[INFO] [stdout]   21:     0x591623b29594 - std[617be2ca0a6fd877]::sys::backtrace::__rust_begin_short_backtrace::<test[aada8e7e76ba119b]::run_test::{closure#1}, ()>
[INFO] [stdout]   22:     0x591623b32d32 - <std[617be2ca0a6fd877]::thread::lifecycle::spawn_unchecked<test[aada8e7e76ba119b]::run_test::{closure#1}, ()>::{closure#1} as core[a373ad73a504971]::ops::function::FnOnce<()>>::call_once::{shim:vtable#0}
[INFO] [stdout]   23:     0x591623cfcfef - <std[617be2ca0a6fd877]::sys::thread::unix::Thread>::new::thread_start
[INFO] [stdout]   24:     0x7b8f412bcdfa - <unknown>
[INFO] [stdout]   25:     0x7b8f413503d4 - clone
[INFO] [stdout]   26:                0x0 - <unknown>
[INFO] [stdout] 
[INFO] [stdout] ---- nats::tests::test_work_queue_multiple_consumers stdout ----
[INFO] [stdout] 
[INFO] [stdout] thread 'nats::tests::test_work_queue_multiple_consumers' (2744) panicked at src/nats_opts.rs:69:14:
[INFO] [stdout] NATS_ADMIN_USER must be set: EnvVar(NotPresent)
[INFO] [stdout] stack backtrace:
[INFO] [stdout]    0:     0x591623cfdb41 - <<std[617be2ca0a6fd877]::sys::backtrace::BacktraceLock>::print::DisplayBacktrace as core[a373ad73a504971]::fmt::Display>::fmt
[INFO] [stdout]    1:     0x591623d1445a - core[a373ad73a504971]::fmt::write
[INFO] [stdout]    2:     0x591623d025fc - <alloc[2e1b2a31b91974c5]::vec::Vec<u8> as core[a373ad73a504971]::io::write::Write>::write_fmt
[INFO] [stdout]    3:     0x591623cd8a56 - std[617be2ca0a6fd877]::panicking::default_hook::{closure#0}
[INFO] [stdout]    4:     0x591623cf57b9 - std[617be2ca0a6fd877]::panicking::default_hook
[INFO] [stdout]    5:     0x591623b2f680 - test[aada8e7e76ba119b]::test_main_inner::{closure#0}
[INFO] [stdout]    6:     0x591623cf5ae2 - std[617be2ca0a6fd877]::panicking::panic_with_hook
[INFO] [stdout]    7:     0x591623cd8b02 - std[617be2ca0a6fd877]::panicking::panic_handler::{closure#0}
[INFO] [stdout]    8:     0x591623cd1459 - std[617be2ca0a6fd877]::sys::backtrace::__rust_end_short_backtrace::<std[617be2ca0a6fd877]::panicking::panic_handler::{closure#0}, !>
[INFO] [stdout]    9:     0x591623cd999d - __rustc[ea4f61d10b84890b]::rust_begin_unwind
[INFO] [stdout]   10:     0x591623d14bbc - core[a373ad73a504971]::panicking::panic_fmt
[INFO] [stdout]   11:     0x591623d14992 - core[a373ad73a504971]::result::unwrap_failed
[INFO] [stdout]   12:     0x591623ad74e4 - <fuel_message_broker[d67a09e76a0afdfe]::nats_opts::NatsOpts>::connect_opts
[INFO] [stdout]   13:     0x591623ab25f1 - fuel_message_broker[d67a09e76a0afdfe]::nats::tests::setup_broker::{closure#0}
[INFO] [stdout]   14:     0x591623ab619b - fuel_message_broker[d67a09e76a0afdfe]::nats::tests::test_work_queue_multiple_consumers::{closure#0}
[INFO] [stdout]   15:     0x591623afcb15 - <tokio[61408cd10a82638d]::runtime::park::CachedParkThread>::block_on::<core[a373ad73a504971]::pin::Pin<&mut dyn core[a373ad73a504971]::future::future::Future<Output = core[a373ad73a504971]::result::Result<(), fuel_message_broker[d67a09e76a0afdfe]::msg_broker::MessageBrokerError>>>>
[INFO] [stdout]   16:     0x591623af7de3 - tokio[61408cd10a82638d]::runtime::context::runtime::enter_runtime::<<tokio[61408cd10a82638d]::runtime::scheduler::multi_thread::MultiThread>::block_on<core[a373ad73a504971]::pin::Pin<&mut dyn core[a373ad73a504971]::future::future::Future<Output = core[a373ad73a504971]::result::Result<(), fuel_message_broker[d67a09e76a0afdfe]::msg_broker::MessageBrokerError>>>>::{closure#0}, core[a373ad73a504971]::result::Result<(), fuel_message_broker[d67a09e76a0afdfe]::msg_broker::MessageBrokerError>>
[INFO] [stdout]   17:     0x591623b1732f - <tokio[61408cd10a82638d]::runtime::runtime::Runtime>::block_on::<core[a373ad73a504971]::pin::Pin<&mut dyn core[a373ad73a504971]::future::future::Future<Output = core[a373ad73a504971]::result::Result<(), fuel_message_broker[d67a09e76a0afdfe]::msg_broker::MessageBrokerError>>>>
[INFO] [stdout]   18:     0x591623ab9335 - <fuel_message_broker[d67a09e76a0afdfe]::nats::tests::test_work_queue_multiple_consumers::{closure#0} as core[a373ad73a504971]::ops::function::FnOnce<()>>::call_once
[INFO] [stdout]   19:     0x591623b22acb - test[aada8e7e76ba119b]::__rust_begin_short_backtrace::<core[a373ad73a504971]::result::Result<(), alloc[2e1b2a31b91974c5]::string::String>, fn() -> core[a373ad73a504971]::result::Result<(), alloc[2e1b2a31b91974c5]::string::String>>
[INFO] [stdout]   20:     0x591623b2fca5 - test[aada8e7e76ba119b]::run_test::{closure#0}
[INFO] [stdout]   21:     0x591623b29594 - std[617be2ca0a6fd877]::sys::backtrace::__rust_begin_short_backtrace::<test[aada8e7e76ba119b]::run_test::{closure#1}, ()>
[INFO] [stdout]   22:     0x591623b32d32 - <std[617be2ca0a6fd877]::thread::lifecycle::spawn_unchecked<test[aada8e7e76ba119b]::run_test::{closure#1}, ()>::{closure#1} as core[a373ad73a504971]::ops::function::FnOnce<()>>::call_once::{shim:vtable#0}
[INFO] [stdout]   23:     0x591623cfcfef - <std[617be2ca0a6fd877]::sys::thread::unix::Thread>::new::thread_start
[INFO] [stdout]   24:     0x7b8f412bcdfa - <unknown>
[INFO] [stdout]   25:     0x7b8f413503d4 - clone
[INFO] [stdout]   26:                0x0 - <unknown>
[INFO] [stdout] 
[INFO] [stdout] ---- nats::tests::test_work_queue_batch_size_limiting stdout ----
[INFO] [stdout] 
[INFO] [stdout] thread 'nats::tests::test_work_queue_batch_size_limiting' (2743) panicked at src/nats_opts.rs:69:14:
[INFO] [stdout] NATS_ADMIN_USER must be set: EnvVar(NotPresent)
[INFO] [stdout] stack backtrace:
[INFO] [stdout]    0:     0x591623cfdb41 - <<std[617be2ca0a6fd877]::sys::backtrace::BacktraceLock>::print::DisplayBacktrace as core[a373ad73a504971]::fmt::Display>::fmt
[INFO] [stdout]    1:     0x591623d1445a - core[a373ad73a504971]::fmt::write
[INFO] [stdout]    2:     0x591623d025fc - <alloc[2e1b2a31b91974c5]::vec::Vec<u8> as core[a373ad73a504971]::io::write::Write>::write_fmt
[INFO] [stdout]    3:     0x591623cd8a56 - std[617be2ca0a6fd877]::panicking::default_hook::{closure#0}
[INFO] [stdout]    4:     0x591623cf57b9 - std[617be2ca0a6fd877]::panicking::default_hook
[INFO] [stdout]    5:     0x591623b2f680 - test[aada8e7e76ba119b]::test_main_inner::{closure#0}
[INFO] [stdout]    6:     0x591623cf5ae2 - std[617be2ca0a6fd877]::panicking::panic_with_hook
[INFO] [stdout]    7:     0x591623cd8b02 - std[617be2ca0a6fd877]::panicking::panic_handler::{closure#0}
[INFO] [stdout]    8:     0x591623cd1459 - std[617be2ca0a6fd877]::sys::backtrace::__rust_end_short_backtrace::<std[617be2ca0a6fd877]::panicking::panic_handler::{closure#0}, !>
[INFO] [stdout]    9:     0x591623cd999d - __rustc[ea4f61d10b84890b]::rust_begin_unwind
[INFO] [stdout]   10:     0x591623d14bbc - core[a373ad73a504971]::panicking::panic_fmt
[INFO] [stdout]   11:     0x591623d14992 - core[a373ad73a504971]::result::unwrap_failed
[INFO] [stdout]   12:     0x591623ad74e4 - <fuel_message_broker[d67a09e76a0afdfe]::nats_opts::NatsOpts>::connect_opts
[INFO] [stdout]   13:     0x591623ab25f1 - fuel_message_broker[d67a09e76a0afdfe]::nats::tests::setup_broker::{closure#0}
[INFO] [stdout]   14:     0x591623ab6a29 - fuel_message_broker[d67a09e76a0afdfe]::nats::tests::test_work_queue_batch_size_limiting::{closure#0}
[INFO] [stdout]   15:     0x591623afcb15 - <tokio[61408cd10a82638d]::runtime::park::CachedParkThread>::block_on::<core[a373ad73a504971]::pin::Pin<&mut dyn core[a373ad73a504971]::future::future::Future<Output = core[a373ad73a504971]::result::Result<(), fuel_message_broker[d67a09e76a0afdfe]::msg_broker::MessageBrokerError>>>>
[INFO] [stdout]   16:     0x591623af7de3 - tokio[61408cd10a82638d]::runtime::context::runtime::enter_runtime::<<tokio[61408cd10a82638d]::runtime::scheduler::multi_thread::MultiThread>::block_on<core[a373ad73a504971]::pin::Pin<&mut dyn core[a373ad73a504971]::future::future::Future<Output = core[a373ad73a504971]::result::Result<(), fuel_message_broker[d67a09e76a0afdfe]::msg_broker::MessageBrokerError>>>>::{closure#0}, core[a373ad73a504971]::result::Result<(), fuel_message_broker[d67a09e76a0afdfe]::msg_broker::MessageBrokerError>>
[INFO] [stdout]   17:     0x591623b1732f - <tokio[61408cd10a82638d]::runtime::runtime::Runtime>::block_on::<core[a373ad73a504971]::pin::Pin<&mut dyn core[a373ad73a504971]::future::future::Future<Output = core[a373ad73a504971]::result::Result<(), fuel_message_broker[d67a09e76a0afdfe]::msg_broker::MessageBrokerError>>>>
[INFO] [stdout]   18:     0x591623ab9575 - <fuel_message_broker[d67a09e76a0afdfe]::nats::tests::test_work_queue_batch_size_limiting::{closure#0} as core[a373ad73a504971]::ops::function::FnOnce<()>>::call_once
[INFO] [stdout]   19:     0x591623b22acb - test[aada8e7e76ba119b]::__rust_begin_short_backtrace::<core[a373ad73a504971]::result::Result<(), alloc[2e1b2a31b91974c5]::string::String>, fn() -> core[a373ad73a504971]::result::Result<(), alloc[2e1b2a31b91974c5]::string::String>>
[INFO] [stdout]   20:     0x591623b2fca5 - test[aada8e7e76ba119b]::run_test::{closure#0}
[INFO] [stdout]   21:     0x591623b29594 - std[617be2ca0a6fd877]::sys::backtrace::__rust_begin_short_backtrace::<test[aada8e7e76ba119b]::run_test::{closure#1}, ()>
[INFO] [stdout]   22:     0x591623b32d32 - <std[617be2ca0a6fd877]::thread::lifecycle::spawn_unchecked<test[aada8e7e76ba119b]::run_test::{closure#1}, ()>::{closure#1} as core[a373ad73a504971]::ops::function::FnOnce<()>>::call_once::{shim:vtable#0}
[INFO] [stdout]   23:     0x591623cfcfef - <std[617be2ca0a6fd877]::sys::thread::unix::Thread>::new::thread_start
[INFO] [stdout]   24:     0x7b8f412bcdfa - <unknown>
[INFO] [stdout]   25:     0x7b8f413503d4 - clone
[INFO] [stdout]   26:                0x0 - <unknown>
[INFO] [stdout] 
[INFO] [stdout] ---- nats::tests::test_work_queue_unacked_message_redelivery stdout ----
[INFO] [stdout] 
[INFO] [stdout] thread 'nats::tests::test_work_queue_unacked_message_redelivery' (2745) panicked at src/nats_opts.rs:69:14:
[INFO] [stdout] NATS_ADMIN_USER must be set: EnvVar(NotPresent)
[INFO] [stdout] stack backtrace:
[INFO] [stdout]    0:     0x591623cfdb41 - <<std[617be2ca0a6fd877]::sys::backtrace::BacktraceLock>::print::DisplayBacktrace as core[a373ad73a504971]::fmt::Display>::fmt
[INFO] [stdout]    1:     0x591623d1445a - core[a373ad73a504971]::fmt::write
[INFO] [stdout]    2:     0x591623d025fc - <alloc[2e1b2a31b91974c5]::vec::Vec<u8> as core[a373ad73a504971]::io::write::Write>::write_fmt
[INFO] [stdout]    3:     0x591623cd8a56 - std[617be2ca0a6fd877]::panicking::default_hook::{closure#0}
[INFO] [stdout]    4:     0x591623cf57b9 - std[617be2ca0a6fd877]::panicking::default_hook
[INFO] [stdout]    5:     0x591623b2f680 - test[aada8e7e76ba119b]::test_main_inner::{closure#0}
[INFO] [stdout]    6:     0x591623cf5ae2 - std[617be2ca0a6fd877]::panicking::panic_with_hook
[INFO] [stdout]    7:     0x591623cd8b02 - std[617be2ca0a6fd877]::panicking::panic_handler::{closure#0}
[INFO] [stdout]    8:     0x591623cd1459 - std[617be2ca0a6fd877]::sys::backtrace::__rust_end_short_backtrace::<std[617be2ca0a6fd877]::panicking::panic_handler::{closure#0}, !>
[INFO] [stdout]    9:     0x591623cd999d - __rustc[ea4f61d10b84890b]::rust_begin_unwind
[INFO] [stdout]   10:     0x591623d14bbc - core[a373ad73a504971]::panicking::panic_fmt
[INFO] [stdout]   11:     0x591623d14992 - core[a373ad73a504971]::result::unwrap_failed
[INFO] [stdout]   12:     0x591623ad74e4 - <fuel_message_broker[d67a09e76a0afdfe]::nats_opts::NatsOpts>::connect_opts
[INFO] [stdout]   13:     0x591623ab25f1 - fuel_message_broker[d67a09e76a0afdfe]::nats::tests::setup_broker::{closure#0}
[INFO] [stdout]   14:     0x591623ab74f7 - fuel_message_broker[d67a09e76a0afdfe]::nats::tests::test_work_queue_unacked_message_redelivery::{closure#0}
[INFO] [stdout]   15:     0x591623afcb15 - <tokio[61408cd10a82638d]::runtime::park::CachedParkThread>::block_on::<core[a373ad73a504971]::pin::Pin<&mut dyn core[a373ad73a504971]::future::future::Future<Output = core[a373ad73a504971]::result::Result<(), fuel_message_broker[d67a09e76a0afdfe]::msg_broker::MessageBrokerError>>>>
[INFO] [stdout]   16:     0x591623af7de3 - tokio[61408cd10a82638d]::runtime::context::runtime::enter_runtime::<<tokio[61408cd10a82638d]::runtime::scheduler::multi_thread::MultiThread>::block_on<core[a373ad73a504971]::pin::Pin<&mut dyn core[a373ad73a504971]::future::future::Future<Output = core[a373ad73a504971]::result::Result<(), fuel_message_broker[d67a09e76a0afdfe]::msg_broker::MessageBrokerError>>>>::{closure#0}, core[a373ad73a504971]::result::Result<(), fuel_message_broker[d67a09e76a0afdfe]::msg_broker::MessageBrokerError>>
[INFO] [stdout]   17:     0x591623b1732f - <tokio[61408cd10a82638d]::runtime::runtime::Runtime>::block_on::<core[a373ad73a504971]::pin::Pin<&mut dyn core[a373ad73a504971]::future::future::Future<Output = core[a373ad73a504971]::result::Result<(), fuel_message_broker[d67a09e76a0afdfe]::msg_broker::MessageBrokerError>>>>
[INFO] [stdout]   18:     0x591623ab97b5 - <fuel_message_broker[d67a09e76a0afdfe]::nats::tests::test_work_queue_unacked_message_redelivery::{closure#0} as core[a373ad73a504971]::ops::function::FnOnce<()>>::call_once
[INFO] [stdout]   19:     0x591623b22acb - test[aada8e7e76ba119b]::__rust_begin_short_backtrace::<core[a373ad73a504971]::result::Result<(), alloc[2e1b2a31b91974c5]::string::String>, fn() -> core[a373ad73a504971]::result::Result<(), alloc[2e1b2a31b91974c5]::string::String>>
[INFO] [stdout]   20:     0x591623b2fca5 - test[aada8e7e76ba119b]::run_test::{closure#0}
[INFO] [stdout]   21:     0x591623b29594 - std[617be2ca0a6fd877]::sys::backtrace::__rust_begin_short_backtrace::<test[aada8e7e76ba119b]::run_test::{closure#1}, ()>
[INFO] [stdout]   22:     0x591623b32d32 - <std[617be2ca0a6fd877]::thread::lifecycle::spawn_unchecked<test[aada8e7e76ba119b]::run_test::{closure#1}, ()>::{closure#1} as core[a373ad73a504971]::ops::function::FnOnce<()>>::call_once::{shim:vtable#0}
[INFO] [stdout]   23:     0x591623cfcfef - <std[617be2ca0a6fd877]::sys::thread::unix::Thread>::new::thread_start
[INFO] [stdout]   24:     0x7b8f412bcdfa - <unknown>
[INFO] [stdout]   25:     0x7b8f413503d4 - clone
[INFO] [stdout]   26:                0x0 - <unknown>
[INFO] [stdout] 
[INFO] [stdout] 
[INFO] [stdout] failures:
[INFO] [stdout]     nats::tests::test_broker_connection
[INFO] [stdout]     nats::tests::test_pub_sub
[INFO] [stdout]     nats::tests::test_work_queue_batch_size_limiting
[INFO] [stdout]     nats::tests::test_work_queue_multiple_consumers
[INFO] [stdout]     nats::tests::test_work_queue_unacked_message_redelivery
[INFO] [stdout] 
[INFO] [stdout] test result: FAILED. 0 passed; 5 failed; 0 ignored; 0 measured; 0 filtered out; finished in 0.01s
[INFO] [stdout] 
[INFO] running `Command { std: "docker" "inspect" "1c91e0ff932940a92ebced6a639d6d354d33526ba51c9c356467570cd2409597", kill_on_drop: false }`
[INFO] running `Command { std: "docker" "rm" "-f" "1c91e0ff932940a92ebced6a639d6d354d33526ba51c9c356467570cd2409597", kill_on_drop: false }`
[INFO] [stdout] 1c91e0ff932940a92ebced6a639d6d354d33526ba51c9c356467570cd2409597
