[INFO] fetching crate fuckport 0.2.3...
[INFO] testing fuckport-0.2.3 against 1.99.0-beta.8+cargoflags=--release for beta-release-1.100-2
[INFO] extracting crate fuckport 0.2.3 into /workspace/builds/worker-3-tc1/source
[INFO] started tweaking crates.io crate fuckport 0.2.3
[INFO] removed 0 missing examples
[INFO] removed 0 missing tests
[INFO] finished tweaking crates.io crate fuckport 0.2.3
[INFO] tweaked toml for crates.io crate fuckport 0.2.3 written to /workspace/builds/worker-3-tc1/source/Cargo.toml
[INFO] validating manifest of crates.io crate fuckport 0.2.3 on toolchain 1.99.0-beta.8
[INFO] running `Command { std: CARGO_HOME="/workspace/cargo-home" RUSTUP_HOME="/workspace/rustup-home" "/workspace/cargo-home/bin/cargo" "+1.99.0-beta.8" "metadata" "--manifest-path" "Cargo.toml" "--no-deps", kill_on_drop: false }`
[INFO] crate crates.io crate fuckport 0.2.3 already has a lockfile, it will not be regenerated
[INFO] running `Command { std: CARGO_HOME="/workspace/cargo-home" RUSTUP_HOME="/workspace/rustup-home" "/workspace/cargo-home/bin/cargo" "+1.99.0-beta.8" "fetch" "--manifest-path" "Cargo.toml", kill_on_drop: false }`
[INFO] [stderr]     Updating crates.io index
[INFO] [stderr]  Downloading crates ...
[INFO] [stderr]   Downloaded instability v0.3.10
[INFO] [stderr]   Downloaded sysinfo v0.38.4
[INFO] [stderr]   Downloaded netstat2 v0.11.2
[INFO] running `Command { std: "docker" "create" "-v" "/var/lib/crater-agent-workspace/builds/worker-3-tc1/source:/opt/rustwide/workdir:ro,Z" "-v" "/var/lib/crater-agent-workspace/builds/worker-3-tc1/target:/opt/rustwide/target:rw,Z" "-v" "/var/lib/crater-agent-workspace/cargo-home:/opt/rustwide/cargo-home:ro,Z" "-v" "/var/lib/crater-agent-workspace/rustup-home:/opt/rustwide/rustup-home:ro,Z" "-m" "1610612736" "--network" "none" "ghcr.io/rust-lang/crates-build-env/linux@sha256:77db811e55d90add9212f6832c23229e3de5f1c1f9905e8cb07319ea15df73ac" "sleep" "infinity", kill_on_drop: false }`
[INFO] [stdout] b22077d46e99be0a9df83cd21df5c846b5db9d0e58fd308a12db0292492d193a
[INFO] running `Command { std: "docker" "start" "b22077d46e99be0a9df83cd21df5c846b5db9d0e58fd308a12db0292492d193a", kill_on_drop: false }`
[INFO] running `Command { std: "docker" "inspect" "b22077d46e99be0a9df83cd21df5c846b5db9d0e58fd308a12db0292492d193a", kill_on_drop: false }`
[INFO] running `Command { std: "docker" "exec" "-e" "SOURCE_DIR=/opt/rustwide/workdir" "-e" "CARGO_HOME=/opt/rustwide/cargo-home" "-e" "RUSTUP_HOME=/opt/rustwide/rustup-home" "-e" "CARGO_TARGET_DIR=/opt/rustwide/target" "-w" "/opt/rustwide/workdir" "--user" "0:0" "b22077d46e99be0a9df83cd21df5c846b5db9d0e58fd308a12db0292492d193a" "/opt/rustwide/cargo-home/bin/cargo" "+1.99.0-beta.8" "metadata" "--no-deps" "--format-version=1", kill_on_drop: false }`
[INFO] running `Command { std: "docker" "inspect" "b22077d46e99be0a9df83cd21df5c846b5db9d0e58fd308a12db0292492d193a", kill_on_drop: false }`
[INFO] running `Command { std: "docker" "exec" "-e" "SOURCE_DIR=/opt/rustwide/workdir" "-e" "CARGO_HOME=/opt/rustwide/cargo-home" "-e" "RUSTUP_HOME=/opt/rustwide/rustup-home" "-e" "CARGO_TARGET_DIR=/opt/rustwide/target" "-e" "CARGO_INCREMENTAL=0" "-e" "RUST_BACKTRACE=full" "-e" "RUSTFLAGS=--cap-lints=warn" "-e" "RUSTDOCFLAGS=--cap-lints=warn" "-w" "/opt/rustwide/workdir" "--user" "0:0" "b22077d46e99be0a9df83cd21df5c846b5db9d0e58fd308a12db0292492d193a" "/opt/rustwide/cargo-home/bin/cargo" "+1.99.0-beta.8" "build" "--frozen" "--message-format=json" "--release", kill_on_drop: false }`
[INFO] [stderr]    Compiling libc v0.2.185
[INFO] [stderr]    Compiling bitflags v2.11.1
[INFO] [stderr]    Compiling cfg-if v1.0.4
[INFO] [stderr]    Compiling allocator-api2 v0.2.21
[INFO] [stderr]    Compiling equivalent v1.0.2
[INFO] [stderr]    Compiling foldhash v0.2.0
[INFO] [stderr]    Compiling glob v0.3.3
[INFO] [stderr]    Compiling either v1.15.0
[INFO] [stderr]    Compiling darling_core v0.20.11
[INFO] [stderr]    Compiling log v0.4.29
[INFO] [stderr]    Compiling smallvec v1.15.1
[INFO] [stderr]    Compiling strum_macros v0.27.2
[INFO] [stderr]    Compiling thiserror v2.0.18
[INFO] [stderr]    Compiling memchr v2.8.0
[INFO] [stderr]    Compiling castaway v0.2.4
[INFO] [stderr]    Compiling anyhow v1.0.102
[INFO] [stderr]    Compiling unicode-segmentation v1.13.2
[INFO] [stderr]    Compiling ryu v1.0.23
[INFO] [stderr]    Compiling regex-syntax v0.8.10
[INFO] [stderr]    Compiling instability v0.3.10
[INFO] [stderr]    Compiling static_assertions v1.1.0
[INFO] [stderr]    Compiling clang-sys v1.8.1
[INFO] [stderr]    Compiling itoa v1.0.18
[INFO] [stderr]    Compiling unicode-width v0.2.2
[INFO] [stderr]    Compiling libloading v0.8.9
[INFO] [stderr]    Compiling thiserror-impl v1.0.69
[INFO] [stderr]    Compiling powerfmt v0.2.0
[INFO] [stderr]    Compiling itertools v0.14.0
[INFO] [stderr]    Compiling scopeguard v1.2.0
[INFO] [stderr]    Compiling lock_api v0.4.14
[INFO] [stderr]    Compiling compact_str v0.9.0
[INFO] [stderr]    Compiling itertools v0.13.0
[INFO] [stderr]    Compiling deranged v0.5.8
[INFO] [stderr]    Compiling derive_more-impl v2.1.1
[INFO] [stderr]    Compiling bindgen v0.72.1
[INFO] [stderr]    Compiling prettyplease v0.2.37
[INFO] [stderr]    Compiling hashbrown v0.16.1
[INFO] [stderr]    Compiling nom v7.1.3
[INFO] [stderr]    Compiling utf8parse v0.2.2
[INFO] [stderr]    Compiling linux-raw-sys v0.12.1
[INFO] [stderr]    Compiling byteorder v1.5.0
[INFO] [stderr]    Compiling errno v0.3.14
[INFO] [stderr]    Compiling mio v1.2.0
[INFO] [stderr]    Compiling signal-hook-registry v1.4.8
[INFO] [stderr]    Compiling parking_lot_core v0.9.12
[INFO] [stderr]    Compiling num_threads v0.1.7
[INFO] [stderr]    Compiling regex-automata v0.4.14
[INFO] [stderr]    Compiling signal-hook v0.3.18
[INFO] [stderr]    Compiling num-conv v0.1.0
[INFO] [stderr]    Compiling kasuari v0.4.12
[INFO] [stderr]    Compiling lru v0.16.4
[INFO] [stderr]    Compiling thiserror v1.0.69
[INFO] [stderr]    Compiling rustc-hash v2.1.2
[INFO] [stderr]    Compiling time-core v0.1.7
[INFO] [stderr]    Compiling netlink-packet-utils v0.5.2
[INFO] [stderr]    Compiling parking_lot v0.12.5
[INFO] [stderr]    Compiling time v0.3.45
[INFO] [stderr]    Compiling signal-hook-mio v0.2.5
[INFO] [stderr]    Compiling rustix v1.1.4
[INFO] [stderr]    Compiling derive_more v2.1.1
[INFO] [stderr]    Compiling anstyle-parse v1.0.0
[INFO] [stderr]    Compiling line-clipping v0.3.7
[INFO] [stderr]    Compiling anstyle-query v1.1.5
[INFO] [stderr]    Compiling is_terminal_polyfill v1.70.2
[INFO] [stderr]    Compiling colorchoice v1.0.5
[INFO] [stderr]    Compiling anstyle v1.0.14
[INFO] [stderr]    Compiling netlink-packet-core v0.7.0
[INFO] [stderr]    Compiling strsim v0.11.1
[INFO] [stderr]    Compiling clap_lex v1.1.0
[INFO] [stderr]    Compiling bytes v1.11.1
[INFO] [stderr]    Compiling anstream v1.0.0
[INFO] [stderr]    Compiling strum v0.27.2
[INFO] [stderr]    Compiling bitflags v1.3.2
[INFO] [stderr]    Compiling clap_derive v4.6.1
[INFO] [stderr]    Compiling netlink-packet-sock-diag v0.4.2
[INFO] [stderr]    Compiling cexpr v0.6.0
[INFO] [stderr]    Compiling darling_macro v0.20.11
[INFO] [stderr]    Compiling clap_builder v4.6.0
[INFO] [stderr]    Compiling darling v0.20.11
[INFO] [stderr]    Compiling unicode-truncate v2.0.1
[INFO] [stderr]    Compiling crossterm v0.29.0
[INFO] [stderr]    Compiling ratatui-core v0.1.0
[INFO] [stderr]    Compiling netlink-sys v0.8.8
[INFO] [stderr]    Compiling sysinfo v0.38.4
[INFO] [stderr]    Compiling regex v1.12.3
[INFO] [stderr]    Compiling ratatui-widgets v0.3.0
[INFO] [stderr]    Compiling ratatui-crossterm v0.1.0
[INFO] [stderr]    Compiling clap v4.6.1
[INFO] [stderr]    Compiling ratatui-macros v0.7.0
[INFO] [stderr]    Compiling ratatui v0.30.0
[INFO] [stderr]    Compiling netstat2 v0.11.2
[INFO] [stderr]    Compiling fuckport v0.2.3 (/opt/rustwide/workdir)
[INFO] [stderr]     Finished `release` profile [optimized] target(s) in 54.98s
[INFO] running `Command { std: "docker" "inspect" "b22077d46e99be0a9df83cd21df5c846b5db9d0e58fd308a12db0292492d193a", kill_on_drop: false }`
[INFO] running `Command { std: "docker" "exec" "-e" "SOURCE_DIR=/opt/rustwide/workdir" "-e" "CARGO_HOME=/opt/rustwide/cargo-home" "-e" "RUSTUP_HOME=/opt/rustwide/rustup-home" "-e" "CARGO_TARGET_DIR=/opt/rustwide/target" "-e" "CARGO_INCREMENTAL=0" "-e" "RUST_BACKTRACE=full" "-e" "RUSTFLAGS=--cap-lints=warn" "-e" "RUSTDOCFLAGS=--cap-lints=warn" "-w" "/opt/rustwide/workdir" "--user" "0:0" "b22077d46e99be0a9df83cd21df5c846b5db9d0e58fd308a12db0292492d193a" "/opt/rustwide/cargo-home/bin/cargo" "+1.99.0-beta.8" "test" "--frozen" "--no-run" "--message-format=json" "--release", kill_on_drop: false }`
[INFO] [stderr]    Compiling libc v0.2.185
[INFO] [stderr]    Compiling bitflags v2.11.1
[INFO] [stderr]    Compiling cfg-if v1.0.4
[INFO] [stderr]    Compiling equivalent v1.0.2
[INFO] [stderr]    Compiling allocator-api2 v0.2.21
[INFO] [stderr]    Compiling foldhash v0.2.0
[INFO] [stderr]    Compiling thiserror v2.0.18
[INFO] [stderr]    Compiling either v1.15.0
[INFO] [stderr]    Compiling log v0.4.29
[INFO] [stderr]    Compiling smallvec v1.15.1
[INFO] [stderr]    Compiling castaway v0.2.4
[INFO] [stderr]    Compiling itoa v1.0.18
[INFO] [stderr]    Compiling unicode-width v0.2.2
[INFO] [stderr]    Compiling static_assertions v1.1.0
[INFO] [stderr]    Compiling ryu v1.0.23
[INFO] [stderr]    Compiling unicode-segmentation v1.13.2
[INFO] [stderr]    Compiling strum v0.27.2
[INFO] [stderr]    Compiling powerfmt v0.2.0
[INFO] [stderr]    Compiling scopeguard v1.2.0
[INFO] [stderr]    Compiling anyhow v1.0.102
[INFO] [stderr]    Compiling thiserror v1.0.69
[INFO] [stderr]    Compiling linux-raw-sys v0.12.1
[INFO] [stderr]    Compiling num-conv v0.1.0
[INFO] [stderr]    Compiling lock_api v0.4.14
[INFO] [stderr]    Compiling byteorder v1.5.0
[INFO] [stderr]    Compiling num_threads v0.1.7
[INFO] [stderr]    Compiling itertools v0.14.0
[INFO] [stderr]    Compiling compact_str v0.9.0
[INFO] [stderr]    Compiling utf8parse v0.2.2
[INFO] [stderr]    Compiling deranged v0.5.8
[INFO] [stderr]    Compiling time-core v0.1.7
[INFO] [stderr]    Compiling anstyle-parse v1.0.0
[INFO] [stderr]    Compiling line-clipping v0.3.7
[INFO] [stderr]    Compiling derive_more v2.1.1
[INFO] [stderr]    Compiling anstyle-query v1.1.5
[INFO] [stderr]    Compiling is_terminal_polyfill v1.70.2
[INFO] [stderr]    Compiling colorchoice v1.0.5
[INFO] [stderr]    Compiling hashbrown v0.16.1
[INFO] [stderr]    Compiling netlink-packet-utils v0.5.2
[INFO] [stderr]    Compiling anstyle v1.0.14
[INFO] [stderr]    Compiling clap_lex v1.1.0
[INFO] [stderr]    Compiling bytes v1.11.1
[INFO] [stderr]    Compiling bitflags v1.3.2
[INFO] [stderr]    Compiling strsim v0.11.1
[INFO] [stderr]    Compiling memchr v2.8.0
[INFO] [stderr]    Compiling netlink-packet-core v0.7.0
[INFO] [stderr]    Compiling rustix v1.1.4
[INFO] [stderr]    Compiling anstream v1.0.0
[INFO] [stderr]    Compiling clap_builder v4.6.0
[INFO] [stderr]    Compiling lru v0.16.4
[INFO] [stderr]    Compiling kasuari v0.4.12
[INFO] [stderr]    Compiling errno v0.3.14
[INFO] [stderr]    Compiling mio v1.2.0
[INFO] [stderr]    Compiling parking_lot_core v0.9.12
[INFO] [stderr]    Compiling netlink-sys v0.8.8
[INFO] [stderr]    Compiling netlink-packet-sock-diag v0.4.2
[INFO] [stderr]    Compiling sysinfo v0.38.4
[INFO] [stderr]    Compiling parking_lot v0.12.5
[INFO] [stderr]    Compiling signal-hook-registry v1.4.8
[INFO] [stderr]    Compiling signal-hook v0.3.18
[INFO] [stderr]    Compiling time v0.3.45
[INFO] [stderr]    Compiling signal-hook-mio v0.2.5
[INFO] [stderr]    Compiling crossterm v0.29.0
[INFO] [stderr]    Compiling netstat2 v0.11.2
[INFO] [stderr]    Compiling unicode-truncate v2.0.1
[INFO] [stderr]    Compiling ratatui-core v0.1.0
[INFO] [stderr]    Compiling ratatui-widgets v0.3.0
[INFO] [stderr]    Compiling ratatui-crossterm v0.1.0
[INFO] [stderr]    Compiling clap v4.6.1
[INFO] [stderr]    Compiling ratatui-macros v0.7.0
[INFO] [stderr]    Compiling ratatui v0.30.0
[INFO] [stderr]    Compiling fuckport v0.2.3 (/opt/rustwide/workdir)
[INFO] [stderr]     Finished `release` profile [optimized] target(s) in 43.18s
[INFO] running `Command { std: "docker" "inspect" "b22077d46e99be0a9df83cd21df5c846b5db9d0e58fd308a12db0292492d193a", kill_on_drop: false }`
[INFO] running `Command { std: "docker" "exec" "-e" "SOURCE_DIR=/opt/rustwide/workdir" "-e" "CARGO_HOME=/opt/rustwide/cargo-home" "-e" "RUSTUP_HOME=/opt/rustwide/rustup-home" "-e" "CARGO_TARGET_DIR=/opt/rustwide/target" "-e" "CARGO_INCREMENTAL=0" "-e" "RUST_BACKTRACE=full" "-e" "RUSTFLAGS=--cap-lints=warn" "-e" "RUSTDOCFLAGS=--cap-lints=warn" "-w" "/opt/rustwide/workdir" "--user" "0:0" "b22077d46e99be0a9df83cd21df5c846b5db9d0e58fd308a12db0292492d193a" "/opt/rustwide/cargo-home/bin/cargo" "+1.99.0-beta.8" "test" "--frozen" "--release", kill_on_drop: false }`
[INFO] [stderr]     Finished `release` profile [optimized] target(s) in 0.19s
[INFO] [stderr]      Running unittests src/lib.rs (/opt/rustwide/target/release/deps/fuckport-86519f111a708d6f)
[INFO] [stdout] 
[INFO] [stdout] running 33 tests
[INFO] [stdout] test input::tests::parses_mixed_targets ... ok
[INFO] [stdout] test interactive::tests::ctrl_a_selects_all_filtered_records ... ok
[INFO] [stdout] test interactive::tests::state_resets_cursor_on_filter_change ... ok
[INFO] [stdout] test interactive::tests::ctrl_a_toggles_off_when_all_filtered_records_are_selected ... ok
[INFO] [stdout] test interactive::tests::memory_format_uses_human_units ... ok
[INFO] [stdout] test killer::tests::backoff_stays_within_timeout ... ok
[INFO] [stdout] test interactive::tests::fuzzy_filter_matches_app_name_and_ports ... ok
[INFO] [stdout] test interactive::tests::contains_filter_prefers_literal_substrings ... ok
[INFO] [stdout] test interactive::tests::flexible_widths_expand_toward_targets ... ok
[INFO] [stdout] test interactive::tests::wrapped_ports_break_after_every_two_entries ... ok
[INFO] [stdout] test interactive::tests::cell_text_wraps_across_multiple_lines ... ok
[INFO] [stdout] test interactive::tests::search_mode_toggles_between_contains_and_fuzzy ... ok
[INFO] [stdout] test input::tests::keeps_invalid_port_like_input_as_name ... ok
[INFO] [stdout] test interactive::tests::truncate_handles_cjk_characters_safely ... ok
[INFO] [stdout] test input::tests::detects_out_of_range_and_empty_port_targets ... ok
[INFO] [stdout] test killer::tests::backoff_grows_then_caps ... ok
[INFO] [stdout] test process::tests::directory_matching_includes_descendants ... ok
[INFO] [stdout] test process::tests::command_line_is_part_of_the_search_space ... ok
[INFO] [stdout] test process::tests::directory_matching_excludes_siblings ... ok
[INFO] [stdout] test interactive::tests::sort_mode_switches ... ok
[INFO] [stdout] test process::tests::explicit_case_sensitive_matching_respects_case ... ok
[INFO] [stdout] test killer::tests::zero_timeout_has_no_wait_intervals ... ok
[INFO] [stdout] test process::tests::smart_case_becomes_sensitive_for_uppercase_queries ... ok
[INFO] [stdout] test process::tests::name_matching_is_case_insensitive_by_default ... ok
[INFO] [stdout] test process::tests::file_handle_owners_finds_open_file_holder ... FAILED
[INFO] [stdout] test process::tests::killable_target_excludes_system_and_current_processes ... ok
[INFO] [stdout] test process::tests::invalid_port_target_returns_clear_error_in_resolve_targets ... ok
[INFO] [stdout] test process::tests::socket_enumeration_failure_reports_clear_error_for_port_targets ... ok
[INFO] [stdout] test killer::tests::sudo_escalation_force_mode_passes_kill_signal ... ok
[INFO] [stdout] test killer::tests::sudo_escalation_triggers_when_standard_kill_fails ... ok
[INFO] [stdout] test killer::tests::pid_recycling_refuses_to_kill_replaced_process ... ok
[INFO] [stdout] test killer::tests::standard_kill_success_does_not_trigger_sudo ... ok
[INFO] [stdout] test killer::tests::sudo_escalation_reports_error_when_sudo_fails ... ok
[INFO] [stdout] 
[INFO] [stdout] failures:
[INFO] [stdout] 
[INFO] [stdout] ---- process::tests::file_handle_owners_finds_open_file_holder stdout ----
[INFO] [stdout] 
[INFO] [stdout] thread 'process::tests::file_handle_owners_finds_open_file_holder' (5603) panicked at src/process.rs:899:53:
[INFO] [stdout] lsof execution failed: 'lsof' command not found; cannot inspect open file handles on Unix
[INFO] [stdout] 
[INFO] [stdout] Stack backtrace:
[INFO] [stdout]    0: <anyhow::Error>::msg::<&str>
[INFO] [stdout]    1: fuckport::process::parse_lsof_output
[INFO] [stdout]    2: fuckport::process::file_handle_owners
[INFO] [stdout]    3: fuckport::process::tests::file_handle_owners_finds_open_file_holder
[INFO] [stdout]    4: <fuckport::process::tests::file_handle_owners_finds_open_file_holder::{closure#0} as core::ops::function::FnOnce<()>>::call_once
[INFO] [stdout]    5: test::__rust_begin_short_backtrace::<core::result::Result<(), alloc::string::String>, fn() -> core::result::Result<(), alloc::string::String>>
[INFO] [stdout]    6: test::run_test::{closure#0}
[INFO] [stdout]    7: std::sys::backtrace::__rust_begin_short_backtrace::<test::run_test::{closure#1}, ()>
[INFO] [stdout]    8: <std::thread::lifecycle::spawn_unchecked<test::run_test::{closure#1}, ()>::{closure#1} as core::ops::function::FnOnce<()>>::call_once::{shim:vtable#0}
[INFO] [stdout]    9: <std::sys::thread::unix::Thread>::new::thread_start
[INFO] [stdout]   10: <unknown>
[INFO] [stdout]   11: clone
[INFO] [stdout] stack backtrace:
[INFO] [stdout]    0:     0x59dc7504fba1 - <<std[70759c8f55707aa4]::sys::backtrace::BacktraceLock>::print::DisplayBacktrace as core[df12db4294e9bfd3]::fmt::Display>::fmt
[INFO] [stdout]    1:     0x59dc75065c6a - core[df12db4294e9bfd3]::fmt::write
[INFO] [stdout]    2:     0x59dc750548cc - <alloc[2182bb758b4b3781]::vec::Vec<u8> as core[df12db4294e9bfd3]::io::write::Write>::write_fmt
[INFO] [stdout]    3:     0x59dc75029b26 - std[70759c8f55707aa4]::panicking::default_hook::{closure#0}
[INFO] [stdout]    4:     0x59dc75047679 - std[70759c8f55707aa4]::panicking::default_hook
[INFO] [stdout]    5:     0x59dc74fbe1f0 - test[9d35eded1c95d3be]::test_main_inner::<test[9d35eded1c95d3be]::test_main_static::{closure#0}>::{closure#0}
[INFO] [stdout]    6:     0x59dc75047832 - std[70759c8f55707aa4]::panicking::panic_with_hook
[INFO] [stdout]    7:     0x59dc75029bd2 - std[70759c8f55707aa4]::panicking::panic_handler::{closure#0}
[INFO] [stdout]    8:     0x59dc75022209 - std[70759c8f55707aa4]::sys::backtrace::__rust_end_short_backtrace::<std[70759c8f55707aa4]::panicking::panic_handler::{closure#0}, !>
[INFO] [stdout]    9:     0x59dc7502a8dd - __rustc[8fa7c3cbc660c2b3]::rust_begin_unwind
[INFO] [stdout]   10:     0x59dc7506639c - core[df12db4294e9bfd3]::panicking::panic_fmt
[INFO] [stdout]   11:     0x59dc75066172 - core[df12db4294e9bfd3]::result::unwrap_failed
[INFO] [stdout]   12:     0x59dc74f9fba0 - fuckport[309a2ae0e9aff98d]::process::tests::file_handle_owners_finds_open_file_holder
[INFO] [stdout]   13:     0x59dc74fb0dd9 - <fuckport[309a2ae0e9aff98d]::process::tests::file_handle_owners_finds_open_file_holder::{closure#0} as core[df12db4294e9bfd3]::ops::function::FnOnce<()>>::call_once
[INFO] [stdout]   14:     0x59dc74fb14db - test[9d35eded1c95d3be]::__rust_begin_short_backtrace::<core[df12db4294e9bfd3]::result::Result<(), alloc[2182bb758b4b3781]::string::String>, fn() -> core[df12db4294e9bfd3]::result::Result<(), alloc[2182bb758b4b3781]::string::String>>
[INFO] [stdout]   15:     0x59dc74fbeb45 - test[9d35eded1c95d3be]::run_test::{closure#0}
[INFO] [stdout]   16:     0x59dc74fb8404 - std[70759c8f55707aa4]::sys::backtrace::__rust_begin_short_backtrace::<test[9d35eded1c95d3be]::run_test::{closure#1}, ()>
[INFO] [stdout]   17:     0x59dc74fc1ca2 - <std[70759c8f55707aa4]::thread::lifecycle::spawn_unchecked<test[9d35eded1c95d3be]::run_test::{closure#1}, ()>::{closure#1} as core[df12db4294e9bfd3]::ops::function::FnOnce<()>>::call_once::{shim:vtable#0}
[INFO] [stdout]   18:     0x59dc7504f479 - <std[70759c8f55707aa4]::sys::thread::unix::Thread>::new::thread_start
[INFO] [stdout]   19:     0x733b79b52dfa - <unknown>
[INFO] [stdout]   20:     0x733b79be63d4 - clone
[INFO] [stdout]   21:                0x0 - <unknown>
[INFO] [stdout] 
[INFO] [stdout] 
[INFO] [stdout] failures:
[INFO] [stdout]     process::tests::file_handle_owners_finds_open_file_holder
[INFO] [stdout] 
[INFO] [stdout] test result: FAILED. 32 passed; 1 failed; 0 ignored; 0 measured; 0 filtered out; finished in 0.57s
[INFO] [stdout] 
[INFO] [stderr] error: test failed, to rerun pass `--lib`
[INFO] running `Command { std: "docker" "inspect" "b22077d46e99be0a9df83cd21df5c846b5db9d0e58fd308a12db0292492d193a", kill_on_drop: false }`
[INFO] running `Command { std: "docker" "rm" "-f" "b22077d46e99be0a9df83cd21df5c846b5db9d0e58fd308a12db0292492d193a", kill_on_drop: false }`
[INFO] [stdout] b22077d46e99be0a9df83cd21df5c846b5db9d0e58fd308a12db0292492d193a
