[INFO] fetching crate ftx 0.5.0...
[INFO] testing ftx-0.5.0 against 1.100.0-beta.1+cargoflags=--release for beta-release-1.100-2
[INFO] extracting crate ftx 0.5.0 into /workspace/builds/worker-1-tc2/source
[INFO] started tweaking crates.io crate ftx 0.5.0
[INFO] finished tweaking crates.io crate ftx 0.5.0
[INFO] tweaked toml for crates.io crate ftx 0.5.0 written to /workspace/builds/worker-1-tc2/source/Cargo.toml
[INFO] validating manifest of crates.io crate ftx 0.5.0 on toolchain 1.100.0-beta.1
[INFO] running `Command { std: CARGO_HOME="/workspace/cargo-home" RUSTUP_HOME="/workspace/rustup-home" "/workspace/cargo-home/bin/cargo" "+1.100.0-beta.1" "metadata" "--manifest-path" "Cargo.toml" "--no-deps", kill_on_drop: false }`
[INFO] crate crates.io crate ftx 0.5.0 already has a lockfile, it will not be regenerated
[INFO] running `Command { std: CARGO_HOME="/workspace/cargo-home" RUSTUP_HOME="/workspace/rustup-home" "/workspace/cargo-home/bin/cargo" "+1.100.0-beta.1" "fetch" "--manifest-path" "Cargo.toml", kill_on_drop: false }`
[INFO] running `Command { std: "docker" "create" "-v" "/var/lib/crater-agent-workspace/builds/worker-1-tc2/source:/opt/rustwide/workdir:ro,Z" "-v" "/var/lib/crater-agent-workspace/builds/worker-1-tc2/target:/opt/rustwide/target:rw,Z" "-v" "/var/lib/crater-agent-workspace/cargo-home:/opt/rustwide/cargo-home:ro,Z" "-v" "/var/lib/crater-agent-workspace/rustup-home:/opt/rustwide/rustup-home:ro,Z" "-m" "1610612736" "--network" "none" "ghcr.io/rust-lang/crates-build-env/linux@sha256:77db811e55d90add9212f6832c23229e3de5f1c1f9905e8cb07319ea15df73ac" "sleep" "infinity", kill_on_drop: false }`
[INFO] [stdout] efa6efc790f0527d09efc4a3811454e45f7df7f7e501dbd0b0bd3bb1c037774f
[INFO] running `Command { std: "docker" "start" "efa6efc790f0527d09efc4a3811454e45f7df7f7e501dbd0b0bd3bb1c037774f", kill_on_drop: false }`
[INFO] running `Command { std: "docker" "inspect" "efa6efc790f0527d09efc4a3811454e45f7df7f7e501dbd0b0bd3bb1c037774f", kill_on_drop: false }`
[INFO] running `Command { std: "docker" "exec" "-e" "SOURCE_DIR=/opt/rustwide/workdir" "-e" "CARGO_HOME=/opt/rustwide/cargo-home" "-e" "RUSTUP_HOME=/opt/rustwide/rustup-home" "-e" "CARGO_TARGET_DIR=/opt/rustwide/target" "-w" "/opt/rustwide/workdir" "--user" "0:0" "efa6efc790f0527d09efc4a3811454e45f7df7f7e501dbd0b0bd3bb1c037774f" "/opt/rustwide/cargo-home/bin/cargo" "+1.100.0-beta.1" "metadata" "--no-deps" "--format-version=1", kill_on_drop: false }`
[INFO] running `Command { std: "docker" "inspect" "efa6efc790f0527d09efc4a3811454e45f7df7f7e501dbd0b0bd3bb1c037774f", kill_on_drop: false }`
[INFO] running `Command { std: "docker" "exec" "-e" "SOURCE_DIR=/opt/rustwide/workdir" "-e" "CARGO_HOME=/opt/rustwide/cargo-home" "-e" "RUSTUP_HOME=/opt/rustwide/rustup-home" "-e" "CARGO_TARGET_DIR=/opt/rustwide/target" "-e" "CARGO_INCREMENTAL=0" "-e" "RUST_BACKTRACE=full" "-e" "RUSTFLAGS=--cap-lints=warn" "-e" "RUSTDOCFLAGS=--cap-lints=warn" "-w" "/opt/rustwide/workdir" "--user" "0:0" "efa6efc790f0527d09efc4a3811454e45f7df7f7e501dbd0b0bd3bb1c037774f" "/opt/rustwide/cargo-home/bin/cargo" "+1.100.0-beta.1" "build" "--frozen" "--message-format=json" "--release", kill_on_drop: false }`
[INFO] [stderr]    Compiling autocfg v1.0.1
[INFO] [stderr]    Compiling proc-macro2 v1.0.29
[INFO] [stderr]    Compiling unicode-xid v0.2.2
[INFO] [stderr]    Compiling syn v1.0.80
[INFO] [stderr]    Compiling libc v0.2.103
[INFO] [stderr]    Compiling log v0.4.14
[INFO] [stderr]    Compiling memchr v2.4.1
[INFO] [stderr]    Compiling serde_derive v1.0.130
[INFO] [stderr]    Compiling pin-project-lite v0.2.7
[INFO] [stderr]    Compiling serde v1.0.130
[INFO] [stderr]    Compiling bytes v1.1.0
[INFO] [stderr]    Compiling pkg-config v0.3.20
[INFO] [stderr]    Compiling cc v1.0.71
[INFO] [stderr]    Compiling futures-core v0.3.17
[INFO] [stderr]    Compiling proc-macro-hack v0.5.19
[INFO] [stderr]    Compiling once_cell v1.8.0
[INFO] [stderr]    Compiling parking_lot_core v0.8.5
[INFO] [stderr]    Compiling instant v0.1.11
[INFO] [stderr]    Compiling scopeguard v1.1.0
[INFO] [stderr]    Compiling smallvec v1.7.0
[INFO] [stderr]    Compiling itoa v0.4.8
[INFO] [stderr]    Compiling proc-macro-nested v0.1.7
[INFO] [stderr]    Compiling futures-sink v0.3.17
[INFO] [stderr]    Compiling futures-task v0.3.17
[INFO] [stderr]    Compiling futures-channel v0.3.17
[INFO] [stderr]    Compiling num-traits v0.2.14
[INFO] [stderr]    Compiling futures-macro v0.3.17
[INFO] [stderr]    Compiling futures-util v0.3.17
[INFO] [stderr]    Compiling tokio v1.12.0
[INFO] [stderr]    Compiling lock_api v0.4.5
[INFO] [stderr]    Compiling openssl v0.10.36
[INFO] [stderr]    Compiling futures-io v0.3.17
[INFO] [stderr]    Compiling version_check v0.9.3
[INFO] [stderr]    Compiling typenum v1.14.0
[INFO] [stderr]    Compiling foreign-types-shared v0.1.1
[INFO] [stderr]    Compiling slab v0.4.4
[INFO] [stderr]    Compiling foreign-types v0.3.2
[INFO] [stderr]    Compiling tinyvec_macros v0.1.0
[INFO] [stderr]    Compiling percent-encoding v2.1.0
[INFO] [stderr]    Compiling httparse v1.5.1
[INFO] [stderr]    Compiling matches v0.1.9
[INFO] [stderr]    Compiling quote v1.0.10
[INFO] [stderr]    Compiling native-tls v0.2.8
[INFO] [stderr]    Compiling generic-array v0.14.4
[INFO] [stderr]    Compiling tinyvec v1.5.0
[INFO] [stderr]    Compiling http v0.2.5
[INFO] [stderr]    Compiling indexmap v1.7.0
[INFO] [stderr]    Compiling lazy_static v1.4.0
[INFO] [stderr]    Compiling openssl-probe v0.1.4
[INFO] [stderr]    Compiling form_urlencoded v1.0.1
[INFO] [stderr]    Compiling tracing-core v0.1.21
[INFO] [stderr]    Compiling hashbrown v0.11.2
[INFO] [stderr]    Compiling ryu v1.0.5
[INFO] [stderr]    Compiling mio v0.7.13
[INFO] [stderr]    Compiling signal-hook-registry v1.4.0
[INFO] [stderr]    Compiling num_cpus v1.13.0
[INFO] [stderr]    Compiling getrandom v0.2.3
[INFO] [stderr]    Compiling strsim v0.10.0
[INFO] [stderr]    Compiling parking_lot v0.11.2
[INFO] [stderr]    Compiling openssl-sys v0.9.67
[INFO] [stderr]    Compiling unicode-bidi v0.3.7
[INFO] [stderr]    Compiling rand_core v0.6.3
[INFO] [stderr]    Compiling tracing v0.1.29
[INFO] [stderr]    Compiling num-integer v0.1.44
[INFO] [stderr]    Compiling try-lock v0.2.3
[INFO] [stderr]    Compiling ppv-lite86 v0.2.10
[INFO] [stderr]    Compiling want v0.3.0
[INFO] [stderr]    Compiling unicode-normalization v0.1.19
[INFO] [stderr]    Compiling socket2 v0.4.2
[INFO] [stderr]    Compiling digest v0.9.0
[INFO] [stderr]    Compiling block-buffer v0.9.0
[INFO] [stderr]    Compiling rand_chacha v0.3.1
[INFO] [stderr]    Compiling tower-service v0.3.1
[INFO] [stderr]    Compiling cpufeatures v0.2.1
[INFO] [stderr]    Compiling opaque-debug v0.3.0
[INFO] [stderr]    Compiling serde_json v1.0.68
[INFO] [stderr]    Compiling base64 v0.13.0
[INFO] [stderr]    Compiling encoding_rs v0.8.28
[INFO] [stderr]    Compiling rustversion v1.0.5
[INFO] [stderr]    Compiling httpdate v1.0.1
[INFO] [stderr]    Compiling sha-1 v0.9.8
[INFO] [stderr]    Compiling idna v0.2.3
[INFO] [stderr]    Compiling rand v0.8.4
[INFO] [stderr]    Compiling time v0.1.44
[INFO] [stderr]    Compiling input_buffer v0.4.0
[INFO] [stderr]    Compiling arrayvec v0.5.2
[INFO] [stderr]    Compiling url v2.2.2
[INFO] [stderr]    Compiling crc32fast v1.2.1
[INFO] [stderr]    Compiling mime v0.3.16
[INFO] [stderr]    Compiling ipnet v2.3.1
[INFO] [stderr]    Compiling http-body v0.4.3
[INFO] [stderr]    Compiling dotenv v0.15.0
[INFO] [stderr]    Compiling hex v0.4.3
[INFO] [stderr]    Compiling hmac-sha256 v0.1.7
[INFO] [stderr]    Compiling darling_core v0.13.0
[INFO] [stderr]    Compiling tokio-macros v1.4.1
[INFO] [stderr]    Compiling thiserror-impl v1.0.30
[INFO] [stderr]    Compiling pin-project-internal v1.0.8
[INFO] [stderr]    Compiling thiserror v1.0.30
[INFO] [stderr]    Compiling tungstenite v0.13.0
[INFO] [stderr]    Compiling pin-project v1.0.8
[INFO] [stderr]    Compiling darling_macro v0.13.0
[INFO] [stderr]    Compiling darling v0.13.0
[INFO] [stderr]    Compiling serde_with_macros v1.5.0
[INFO] [stderr]    Compiling futures-executor v0.3.17
[INFO] [stderr]    Compiling futures v0.3.17
[INFO] [stderr]    Compiling tokio-util v0.6.8
[INFO] [stderr]    Compiling tokio-native-tls v0.3.0
[INFO] [stderr]    Compiling tokio-tungstenite v0.14.0
[INFO] [stderr]    Compiling rust_decimal v1.16.0
[INFO] [stderr]    Compiling h2 v0.3.6
[INFO] [stderr]    Compiling rust_decimal_macros v1.16.0
[INFO] [stderr]    Compiling serde_urlencoded v0.7.0
[INFO] [stderr]    Compiling chrono v0.4.19
[INFO] [stderr]    Compiling serde_qs v0.8.5
[INFO] [stderr]    Compiling serde_with v1.10.0
[INFO] [stderr]    Compiling hyper v0.14.13
[INFO] [stderr]    Compiling hyper-tls v0.5.0
[INFO] [stderr]    Compiling reqwest v0.11.5
[INFO] [stderr]    Compiling ftx v0.5.0 (/opt/rustwide/workdir)
[INFO] [stderr] warning: unused dependency `dotenv`
[INFO] [stderr]  --> Cargo.toml:8:15
[INFO] [stderr]   |
[INFO] [stderr] 8 | [dependencies.dotenv]
[INFO] [stderr]   |               ^^^^^^^
[INFO] [stderr]   |
[INFO] [stderr]   = note: `cargo::unused_dependencies` is set to `warn` by default
[INFO] [stderr] help: consider removing the dependency on `dotenv`
[INFO] [stderr] warning: `ftx` (manifest) generated 1 warning
[INFO] [stderr]     Finished `release` profile [optimized] target(s) in 57.25s
[INFO] running `Command { std: "docker" "inspect" "efa6efc790f0527d09efc4a3811454e45f7df7f7e501dbd0b0bd3bb1c037774f", kill_on_drop: false }`
[INFO] running `Command { std: "docker" "exec" "-e" "SOURCE_DIR=/opt/rustwide/workdir" "-e" "CARGO_HOME=/opt/rustwide/cargo-home" "-e" "RUSTUP_HOME=/opt/rustwide/rustup-home" "-e" "CARGO_TARGET_DIR=/opt/rustwide/target" "-e" "CARGO_INCREMENTAL=0" "-e" "RUST_BACKTRACE=full" "-e" "RUSTFLAGS=--cap-lints=warn" "-e" "RUSTDOCFLAGS=--cap-lints=warn" "-w" "/opt/rustwide/workdir" "--user" "0:0" "efa6efc790f0527d09efc4a3811454e45f7df7f7e501dbd0b0bd3bb1c037774f" "/opt/rustwide/cargo-home/bin/cargo" "+1.100.0-beta.1" "test" "--frozen" "--no-run" "--message-format=json" "--release", kill_on_drop: false }`
[INFO] [stderr]    Compiling aho-corasick v0.7.18
[INFO] [stderr]    Compiling regex-syntax v0.6.25
[INFO] [stderr]    Compiling atty v0.2.14
[INFO] [stderr]    Compiling termcolor v1.1.2
[INFO] [stderr]    Compiling regex v1.5.4
[INFO] [stderr]    Compiling env_logger v0.9.0
[INFO] [stderr]    Compiling ftx v0.5.0 (/opt/rustwide/workdir)
[INFO] [stderr] warning: unused dependency `dotenv`
[INFO] [stderr]  --> Cargo.toml:8:15
[INFO] [stderr]   |
[INFO] [stderr] 8 | [dependencies.dotenv]
[INFO] [stderr]   |               ^^^^^^^
[INFO] [stderr]   |
[INFO] [stderr]   = note: `cargo::unused_dependencies` is set to `warn` by default
[INFO] [stderr] help: consider removing the dependency on `dotenv`
[INFO] [stderr] help: to still use for development builds, move to `dev-dependencies`
[INFO] [stderr] warning: `ftx` (manifest) generated 1 warning
[INFO] [stderr]     Finished `release` profile [optimized] target(s) in 43.42s
[INFO] running `Command { std: "docker" "inspect" "efa6efc790f0527d09efc4a3811454e45f7df7f7e501dbd0b0bd3bb1c037774f", kill_on_drop: false }`
[INFO] running `Command { std: "docker" "exec" "-e" "SOURCE_DIR=/opt/rustwide/workdir" "-e" "CARGO_HOME=/opt/rustwide/cargo-home" "-e" "RUSTUP_HOME=/opt/rustwide/rustup-home" "-e" "CARGO_TARGET_DIR=/opt/rustwide/target" "-e" "CARGO_INCREMENTAL=0" "-e" "RUST_BACKTRACE=full" "-e" "RUSTFLAGS=--cap-lints=warn" "-e" "RUSTDOCFLAGS=--cap-lints=warn" "-w" "/opt/rustwide/workdir" "--user" "0:0" "efa6efc790f0527d09efc4a3811454e45f7df7f7e501dbd0b0bd3bb1c037774f" "/opt/rustwide/cargo-home/bin/cargo" "+1.100.0-beta.1" "test" "--frozen" "--release", kill_on_drop: false }`
[INFO] [stderr] warning: unused dependency `dotenv`
[INFO] [stderr]  --> Cargo.toml:8:15
[INFO] [stderr]   |
[INFO] [stderr] 8 | [dependencies.dotenv]
[INFO] [stderr]   |               ^^^^^^^
[INFO] [stderr]   |
[INFO] [stderr]   = note: `cargo::unused_dependencies` is set to `warn` by default
[INFO] [stderr] help: consider removing the dependency on `dotenv`
[INFO] [stderr] help: to still use for development builds, move to `dev-dependencies`
[INFO] [stderr] warning: `ftx` (manifest) generated 1 warning
[INFO] [stderr]     Finished `release` profile [optimized] target(s) in 0.23s
[INFO] [stderr]      Running unittests src/lib.rs (/opt/rustwide/target/release/build/ftx/97dbd54b514eafd0/out/ftx-97dbd54b514eafd0)
[INFO] [stdout] 
[INFO] [stdout] running 30 tests
[INFO] [stdout] test rest::tests::change_subaccount_name ... ignored
[INFO] [stdout] test rest::tests::create_subaccount ... ignored
[INFO] [stdout] test rest::tests::delete_subaccount ... ignored
[INFO] [stdout] test rest::tests::get_fills ... ignored
[INFO] [stdout] test rest::tests::account_deserialization ... ok
[INFO] [stdout] test rest::tests::get_open_orders ... ignored
[INFO] [stdout] test rest::tests::get_subaccount_balances ... ignored
[INFO] [stdout] test rest::tests::get_subaccounts ... ignored
[INFO] [stdout] test rest::tests::place_modify_cancel_orders ... ignored
[INFO] [stdout] test rest::tests::transfer_between_subaccounts ... ignored
[INFO] [stdout] test ws::tests::fills ... ignored
[INFO] [stdout] test ws::tests::orders ... ignored
[INFO] [stdout] test ws::tests::order_book_helpers ... ok
[INFO] [stdout] test ws::tests::order_book_checksum ... FAILED
[INFO] [stdout] test ws::tests::order_book_update ... FAILED
[INFO] [stdout] test ws::tests::subscribe_unsubscribe_trades ... FAILED
[INFO] [stdout] test ws::tests::subscribe_authenticated_updates_on_unauthenticated_channel ... FAILED
[INFO] [stdout] test ws::tests::trades ... FAILED
[INFO] [stdout] test rest::tests::get_orderbook ... FAILED
[INFO] [stdout] test rest::tests::get_trades ... FAILED
[INFO] [stdout] test rest::tests::get_historical_index ... FAILED
[INFO] [stdout] test rest::tests::get_futures ... FAILED
[INFO] [stdout] test rest::tests::get_funding_rates ... FAILED
[INFO] [stdout] test rest::tests::get_index_weights ... FAILED
[INFO] [stdout] test rest::tests::get_historical_prices ... FAILED
[INFO] [stdout] test rest::tests::get_expired_futures ... FAILED
[INFO] [stdout] test rest::tests::get_markets ... FAILED
[INFO] [stdout] test rest::tests::get_market ... FAILED
[INFO] [stdout] test rest::tests::get_coins ... FAILED
[INFO] [stdout] test rest::tests::get_future ... FAILED
[INFO] [stdout] 
[INFO] [stdout] failures:
[INFO] [stdout] 
[INFO] [stdout] ---- ws::tests::order_book_checksum stdout ----
[INFO] [stdout] 
[INFO] [stdout] thread 'ws::tests::order_book_checksum' (3162) panicked at src/ws/tests.rs:16:10:
[INFO] [stdout] Connection failed.: Tungstenite(Io(Custom { kind: Uncategorized, error: "failed to lookup address information: Temporary failure in name resolution" }))
[INFO] [stdout] stack backtrace:
[INFO] [stdout]    0:     0x61302e2e2df1 - <<std[617be2ca0a6fd877]::sys::backtrace::BacktraceLock>::print::DisplayBacktrace as core[a373ad73a504971]::fmt::Display>::fmt
[INFO] [stdout]    1:     0x61302e2f9b5a - core[a373ad73a504971]::fmt::write
[INFO] [stdout]    2:     0x61302e2e79cc - <alloc[2e1b2a31b91974c5]::vec::Vec<u8> as core[a373ad73a504971]::io::write::Write>::write_fmt
[INFO] [stdout]    3:     0x61302e2be076 - std[617be2ca0a6fd877]::panicking::default_hook::{closure#0}
[INFO] [stdout]    4:     0x61302e2dacf9 - std[617be2ca0a6fd877]::panicking::default_hook
[INFO] [stdout]    5:     0x61302e114d40 - test[aada8e7e76ba119b]::test_main_inner::{closure#0}
[INFO] [stdout]    6:     0x61302e2db022 - std[617be2ca0a6fd877]::panicking::panic_with_hook
[INFO] [stdout]    7:     0x61302e2be122 - std[617be2ca0a6fd877]::panicking::panic_handler::{closure#0}
[INFO] [stdout]    8:     0x61302e2b6b19 - std[617be2ca0a6fd877]::sys::backtrace::__rust_end_short_backtrace::<std[617be2ca0a6fd877]::panicking::panic_handler::{closure#0}, !>
[INFO] [stdout]    9:     0x61302e2befbd - __rustc[ea4f61d10b84890b]::rust_begin_unwind
[INFO] [stdout]   10:     0x61302e2fa2bc - core[a373ad73a504971]::panicking::panic_fmt
[INFO] [stdout]   11:     0x61302e2fa092 - core[a373ad73a504971]::result::unwrap_failed
[INFO] [stdout]   12:     0x61302e079015 - ftx[f63e949e9fb81c1c]::ws::tests::init_unauthenticated_ws::{closure#0}
[INFO] [stdout]   13:     0x61302e082ad3 - <core[a373ad73a504971]::pin::Pin<&mut ftx[f63e949e9fb81c1c]::ws::tests::order_book_checksum::{closure#0}> as core[a373ad73a504971]::future::future::Future>::poll
[INFO] [stdout]   14:     0x61302e0fa607 - <tokio[b261a721efe6c763]::macros::scoped_tls::ScopedKey<tokio[b261a721efe6c763]::runtime::basic_scheduler::Context>>::set::<tokio[b261a721efe6c763]::runtime::basic_scheduler::enter<<tokio[b261a721efe6c763]::runtime::basic_scheduler::Inner<tokio[b261a721efe6c763]::runtime::driver::Driver>>::block_on<core[a373ad73a504971]::pin::Pin<&mut ftx[f63e949e9fb81c1c]::ws::tests::order_book_checksum::{closure#0}>>::{closure#0}, (), tokio[b261a721efe6c763]::runtime::driver::Driver>::{closure#0}, ()>
[INFO] [stdout]   15:     0x61302e0a6e2a - <tokio[b261a721efe6c763]::runtime::basic_scheduler::BasicScheduler<tokio[b261a721efe6c763]::runtime::driver::Driver>>::block_on::<ftx[f63e949e9fb81c1c]::ws::tests::order_book_checksum::{closure#0}>
[INFO] [stdout]   16:     0x61302e0b38e6 - <tokio[b261a721efe6c763]::runtime::Runtime>::block_on::<ftx[f63e949e9fb81c1c]::ws::tests::order_book_checksum::{closure#0}>
[INFO] [stdout]   17:     0x61302e0d72d5 - <ftx[f63e949e9fb81c1c]::ws::tests::order_book_checksum::{closure#0} as core[a373ad73a504971]::ops::function::FnOnce<()>>::call_once
[INFO] [stdout]   18:     0x61302e10818b - test[aada8e7e76ba119b]::__rust_begin_short_backtrace::<core[a373ad73a504971]::result::Result<(), alloc[2e1b2a31b91974c5]::string::String>, fn() -> core[a373ad73a504971]::result::Result<(), alloc[2e1b2a31b91974c5]::string::String>>
[INFO] [stdout]   19:     0x61302e115365 - test[aada8e7e76ba119b]::run_test::{closure#0}
[INFO] [stdout]   20:     0x61302e10ec54 - std[617be2ca0a6fd877]::sys::backtrace::__rust_begin_short_backtrace::<test[aada8e7e76ba119b]::run_test::{closure#1}, ()>
[INFO] [stdout]   21:     0x61302e1183f2 - <std[617be2ca0a6fd877]::thread::lifecycle::spawn_unchecked<test[aada8e7e76ba119b]::run_test::{closure#1}, ()>::{closure#1} as core[a373ad73a504971]::ops::function::FnOnce<()>>::call_once::{shim:vtable#0}
[INFO] [stdout]   22:     0x61302e2e229f - <std[617be2ca0a6fd877]::sys::thread::unix::Thread>::new::thread_start
[INFO] [stdout]   23:     0x7b3c58946dfa - <unknown>
[INFO] [stdout]   24:     0x7b3c589da3d4 - clone
[INFO] [stdout]   25:                0x0 - <unknown>
[INFO] [stdout] 
[INFO] [stdout] ---- ws::tests::order_book_update stdout ----
[INFO] [stdout] 
[INFO] [stdout] thread 'ws::tests::order_book_update' (3164) panicked at src/ws/tests.rs:16:10:
[INFO] [stdout] Connection failed.: Tungstenite(Io(Custom { kind: Uncategorized, error: "failed to lookup address information: Temporary failure in name resolution" }))
[INFO] [stdout] stack backtrace:
[INFO] [stdout]    0:     0x61302e2e2df1 - <<std[617be2ca0a6fd877]::sys::backtrace::BacktraceLock>::print::DisplayBacktrace as core[a373ad73a504971]::fmt::Display>::fmt
[INFO] [stdout]    1:     0x61302e2f9b5a - core[a373ad73a504971]::fmt::write
[INFO] [stdout]    2:     0x61302e2e79cc - <alloc[2e1b2a31b91974c5]::vec::Vec<u8> as core[a373ad73a504971]::io::write::Write>::write_fmt
[INFO] [stdout]    3:     0x61302e2be076 - std[617be2ca0a6fd877]::panicking::default_hook::{closure#0}
[INFO] [stdout]    4:     0x61302e2dacf9 - std[617be2ca0a6fd877]::panicking::default_hook
[INFO] [stdout]    5:     0x61302e114d40 - test[aada8e7e76ba119b]::test_main_inner::{closure#0}
[INFO] [stdout]    6:     0x61302e2db022 - std[617be2ca0a6fd877]::panicking::panic_with_hook
[INFO] [stdout]    7:     0x61302e2be122 - std[617be2ca0a6fd877]::panicking::panic_handler::{closure#0}
[INFO] [stdout]    8:     0x61302e2b6b19 - std[617be2ca0a6fd877]::sys::backtrace::__rust_end_short_backtrace::<std[617be2ca0a6fd877]::panicking::panic_handler::{closure#0}, !>
[INFO] [stdout]    9:     0x61302e2befbd - __rustc[ea4f61d10b84890b]::rust_begin_unwind
[INFO] [stdout]   10:     0x61302e2fa2bc - core[a373ad73a504971]::panicking::panic_fmt
[INFO] [stdout]   11:     0x61302e2fa092 - core[a373ad73a504971]::result::unwrap_failed
[INFO] [stdout]   12:     0x61302e079015 - ftx[f63e949e9fb81c1c]::ws::tests::init_unauthenticated_ws::{closure#0}
[INFO] [stdout]   13:     0x61302e07f296 - <core[a373ad73a504971]::pin::Pin<&mut ftx[f63e949e9fb81c1c]::ws::tests::order_book_update::{closure#0}> as core[a373ad73a504971]::future::future::Future>::poll
[INFO] [stdout]   14:     0x61302e0f9cc7 - <tokio[b261a721efe6c763]::macros::scoped_tls::ScopedKey<tokio[b261a721efe6c763]::runtime::basic_scheduler::Context>>::set::<tokio[b261a721efe6c763]::runtime::basic_scheduler::enter<<tokio[b261a721efe6c763]::runtime::basic_scheduler::Inner<tokio[b261a721efe6c763]::runtime::driver::Driver>>::block_on<core[a373ad73a504971]::pin::Pin<&mut ftx[f63e949e9fb81c1c]::ws::tests::order_book_update::{closure#0}>>::{closure#0}, (), tokio[b261a721efe6c763]::runtime::driver::Driver>::{closure#0}, ()>
[INFO] [stdout]   15:     0x61302e0a662a - <tokio[b261a721efe6c763]::runtime::basic_scheduler::BasicScheduler<tokio[b261a721efe6c763]::runtime::driver::Driver>>::block_on::<ftx[f63e949e9fb81c1c]::ws::tests::order_book_update::{closure#0}>
[INFO] [stdout]   16:     0x61302e0b3736 - <tokio[b261a721efe6c763]::runtime::Runtime>::block_on::<ftx[f63e949e9fb81c1c]::ws::tests::order_book_update::{closure#0}>
[INFO] [stdout]   17:     0x61302e0d703d - <ftx[f63e949e9fb81c1c]::ws::tests::order_book_update::{closure#0} as core[a373ad73a504971]::ops::function::FnOnce<()>>::call_once
[INFO] [stdout]   18:     0x61302e10818b - test[aada8e7e76ba119b]::__rust_begin_short_backtrace::<core[a373ad73a504971]::result::Result<(), alloc[2e1b2a31b91974c5]::string::String>, fn() -> core[a373ad73a504971]::result::Result<(), alloc[2e1b2a31b91974c5]::string::String>>
[INFO] [stdout]   19:     0x61302e115365 - test[aada8e7e76ba119b]::run_test::{closure#0}
[INFO] [stdout]   20:     0x61302e10ec54 - std[617be2ca0a6fd877]::sys::backtrace::__rust_begin_short_backtrace::<test[aada8e7e76ba119b]::run_test::{closure#1}, ()>
[INFO] [stdout]   21:     0x61302e1183f2 - <std[617be2ca0a6fd877]::thread::lifecycle::spawn_unchecked<test[aada8e7e76ba119b]::run_test::{closure#1}, ()>::{closure#1} as core[a373ad73a504971]::ops::function::FnOnce<()>>::call_once::{shim:vtable#0}
[INFO] [stdout]   22:     0x61302e2e229f - <std[617be2ca0a6fd877]::sys::thread::unix::Thread>::new::thread_start
[INFO] [stdout]   23:     0x7b3c58946dfa - <unknown>
[INFO] [stdout]   24:     0x7b3c589da3d4 - clone
[INFO] [stdout]   25:                0x0 - <unknown>
[INFO] [stdout] 
[INFO] [stdout] ---- ws::tests::subscribe_unsubscribe_trades stdout ----
[INFO] [stdout] 
[INFO] [stdout] thread 'ws::tests::subscribe_unsubscribe_trades' (3166) panicked at src/ws/tests.rs:16:10:
[INFO] [stdout] Connection failed.: Tungstenite(Io(Custom { kind: Uncategorized, error: "failed to lookup address information: Temporary failure in name resolution" }))
[INFO] [stdout] stack backtrace:
[INFO] [stdout]    0:     0x61302e2e2df1 - <<std[617be2ca0a6fd877]::sys::backtrace::BacktraceLock>::print::DisplayBacktrace as core[a373ad73a504971]::fmt::Display>::fmt
[INFO] [stdout]    1:     0x61302e2f9b5a - core[a373ad73a504971]::fmt::write
[INFO] [stdout]    2:     0x61302e2e79cc - <alloc[2e1b2a31b91974c5]::vec::Vec<u8> as core[a373ad73a504971]::io::write::Write>::write_fmt
[INFO] [stdout]    3:     0x61302e2be076 - std[617be2ca0a6fd877]::panicking::default_hook::{closure#0}
[INFO] [stdout]    4:     0x61302e2dacf9 - std[617be2ca0a6fd877]::panicking::default_hook
[INFO] [stdout]    5:     0x61302e114d40 - test[aada8e7e76ba119b]::test_main_inner::{closure#0}
[INFO] [stdout]    6:     0x61302e2db022 - std[617be2ca0a6fd877]::panicking::panic_with_hook
[INFO] [stdout]    7:     0x61302e2be122 - std[617be2ca0a6fd877]::panicking::panic_handler::{closure#0}
[INFO] [stdout]    8:     0x61302e2b6b19 - std[617be2ca0a6fd877]::sys::backtrace::__rust_end_short_backtrace::<std[617be2ca0a6fd877]::panicking::panic_handler::{closure#0}, !>
[INFO] [stdout]    9:     0x61302e2befbd - __rustc[ea4f61d10b84890b]::rust_begin_unwind
[INFO] [stdout]   10:     0x61302e2fa2bc - core[a373ad73a504971]::panicking::panic_fmt
[INFO] [stdout]   11:     0x61302e2fa092 - core[a373ad73a504971]::result::unwrap_failed
[INFO] [stdout]   12:     0x61302e079015 - ftx[f63e949e9fb81c1c]::ws::tests::init_unauthenticated_ws::{closure#0}
[INFO] [stdout]   13:     0x61302e08341f - <core[a373ad73a504971]::pin::Pin<&mut ftx[f63e949e9fb81c1c]::ws::tests::subscribe_unsubscribe_trades::{closure#0}> as core[a373ad73a504971]::future::future::Future>::poll
[INFO] [stdout]   14:     0x61302e0faaa7 - <tokio[b261a721efe6c763]::macros::scoped_tls::ScopedKey<tokio[b261a721efe6c763]::runtime::basic_scheduler::Context>>::set::<tokio[b261a721efe6c763]::runtime::basic_scheduler::enter<<tokio[b261a721efe6c763]::runtime::basic_scheduler::Inner<tokio[b261a721efe6c763]::runtime::driver::Driver>>::block_on<core[a373ad73a504971]::pin::Pin<&mut ftx[f63e949e9fb81c1c]::ws::tests::subscribe_unsubscribe_trades::{closure#0}>>::{closure#0}, (), tokio[b261a721efe6c763]::runtime::driver::Driver>::{closure#0}, ()>
[INFO] [stdout]   15:     0x61302e0a723a - <tokio[b261a721efe6c763]::runtime::basic_scheduler::BasicScheduler<tokio[b261a721efe6c763]::runtime::driver::Driver>>::block_on::<ftx[f63e949e9fb81c1c]::ws::tests::subscribe_unsubscribe_trades::{closure#0}>
[INFO] [stdout]   16:     0x61302e0b39a6 - <tokio[b261a721efe6c763]::runtime::Runtime>::block_on::<ftx[f63e949e9fb81c1c]::ws::tests::subscribe_unsubscribe_trades::{closure#0}>
[INFO] [stdout]   17:     0x61302e0d745d - <ftx[f63e949e9fb81c1c]::ws::tests::subscribe_unsubscribe_trades::{closure#0} as core[a373ad73a504971]::ops::function::FnOnce<()>>::call_once
[INFO] [stdout]   18:     0x61302e10818b - test[aada8e7e76ba119b]::__rust_begin_short_backtrace::<core[a373ad73a504971]::result::Result<(), alloc[2e1b2a31b91974c5]::string::String>, fn() -> core[a373ad73a504971]::result::Result<(), alloc[2e1b2a31b91974c5]::string::String>>
[INFO] [stdout]   19:     0x61302e115365 - test[aada8e7e76ba119b]::run_test::{closure#0}
[INFO] [stdout]   20:     0x61302e10ec54 - std[617be2ca0a6fd877]::sys::backtrace::__rust_begin_short_backtrace::<test[aada8e7e76ba119b]::run_test::{closure#1}, ()>
[INFO] [stdout]   21:     0x61302e1183f2 - <std[617be2ca0a6fd877]::thread::lifecycle::spawn_unchecked<test[aada8e7e76ba119b]::run_test::{closure#1}, ()>::{closure#1} as core[a373ad73a504971]::ops::function::FnOnce<()>>::call_once::{shim:vtable#0}
[INFO] [stdout]   22:     0x61302e2e229f - <std[617be2ca0a6fd877]::sys::thread::unix::Thread>::new::thread_start
[INFO] [stdout]   23:     0x7b3c58946dfa - <unknown>
[INFO] [stdout]   24:     0x7b3c589da3d4 - clone
[INFO] [stdout]   25:                0x0 - <unknown>
[INFO] [stdout] 
[INFO] [stdout] ---- ws::tests::subscribe_authenticated_updates_on_unauthenticated_channel stdout ----
[INFO] [stdout] 
[INFO] [stdout] thread 'ws::tests::subscribe_authenticated_updates_on_unauthenticated_channel' (3165) panicked at src/ws/tests.rs:16:10:
[INFO] [stdout] Connection failed.: Tungstenite(Io(Custom { kind: Uncategorized, error: "failed to lookup address information: Temporary failure in name resolution" }))
[INFO] [stdout] stack backtrace:
[INFO] [stdout]    0:     0x61302e2e2df1 - <<std[617be2ca0a6fd877]::sys::backtrace::BacktraceLock>::print::DisplayBacktrace as core[a373ad73a504971]::fmt::Display>::fmt
[INFO] [stdout]    1:     0x61302e2f9b5a - core[a373ad73a504971]::fmt::write
[INFO] [stdout]    2:     0x61302e2e79cc - <alloc[2e1b2a31b91974c5]::vec::Vec<u8> as core[a373ad73a504971]::io::write::Write>::write_fmt
[INFO] [stdout]    3:     0x61302e2be076 - std[617be2ca0a6fd877]::panicking::default_hook::{closure#0}
[INFO] [stdout]    4:     0x61302e2dacf9 - std[617be2ca0a6fd877]::panicking::default_hook
[INFO] [stdout]    5:     0x61302e114d40 - test[aada8e7e76ba119b]::test_main_inner::{closure#0}
[INFO] [stdout]    6:     0x61302e2db022 - std[617be2ca0a6fd877]::panicking::panic_with_hook
[INFO] [stdout]    7:     0x61302e2be122 - std[617be2ca0a6fd877]::panicking::panic_handler::{closure#0}
[INFO] [stdout]    8:     0x61302e2b6b19 - std[617be2ca0a6fd877]::sys::backtrace::__rust_end_short_backtrace::<std[617be2ca0a6fd877]::panicking::panic_handler::{closure#0}, !>
[INFO] [stdout]    9:     0x61302e2befbd - __rustc[ea4f61d10b84890b]::rust_begin_unwind
[INFO] [stdout]   10:     0x61302e2fa2bc - core[a373ad73a504971]::panicking::panic_fmt
[INFO] [stdout]   11:     0x61302e2fa092 - core[a373ad73a504971]::result::unwrap_failed
[INFO] [stdout]   12:     0x61302e079015 - ftx[f63e949e9fb81c1c]::ws::tests::init_unauthenticated_ws::{closure#0}
[INFO] [stdout]   13:     0x61302e083f1f - <core[a373ad73a504971]::pin::Pin<&mut ftx[f63e949e9fb81c1c]::ws::tests::subscribe_authenticated_updates_on_unauthenticated_channel::{closure#0}> as core[a373ad73a504971]::future::future::Future>::poll
[INFO] [stdout]   14:     0x61302e0faf47 - <tokio[b261a721efe6c763]::macros::scoped_tls::ScopedKey<tokio[b261a721efe6c763]::runtime::basic_scheduler::Context>>::set::<tokio[b261a721efe6c763]::runtime::basic_scheduler::enter<<tokio[b261a721efe6c763]::runtime::basic_scheduler::Inner<tokio[b261a721efe6c763]::runtime::driver::Driver>>::block_on<core[a373ad73a504971]::pin::Pin<&mut ftx[f63e949e9fb81c1c]::ws::tests::subscribe_authenticated_updates_on_unauthenticated_channel::{closure#0}>>::{closure#0}, (), tokio[b261a721efe6c763]::runtime::driver::Driver>::{closure#0}, ()>
[INFO] [stdout]   15:     0x61302e0a764a - <tokio[b261a721efe6c763]::runtime::basic_scheduler::BasicScheduler<tokio[b261a721efe6c763]::runtime::driver::Driver>>::block_on::<ftx[f63e949e9fb81c1c]::ws::tests::subscribe_authenticated_updates_on_unauthenticated_channel::{closure#0}>
[INFO] [stdout]   16:     0x61302e0b3a66 - <tokio[b261a721efe6c763]::runtime::Runtime>::block_on::<ftx[f63e949e9fb81c1c]::ws::tests::subscribe_authenticated_updates_on_unauthenticated_channel::{closure#0}>
[INFO] [stdout]   17:     0x61302e0d75d5 - <ftx[f63e949e9fb81c1c]::ws::tests::subscribe_authenticated_updates_on_unauthenticated_channel::{closure#0} as core[a373ad73a504971]::ops::function::FnOnce<()>>::call_once
[INFO] [stdout]   18:     0x61302e10818b - test[aada8e7e76ba119b]::__rust_begin_short_backtrace::<core[a373ad73a504971]::result::Result<(), alloc[2e1b2a31b91974c5]::string::String>, fn() -> core[a373ad73a504971]::result::Result<(), alloc[2e1b2a31b91974c5]::string::String>>
[INFO] [stdout]   19:     0x61302e115365 - test[aada8e7e76ba119b]::run_test::{closure#0}
[INFO] [stdout]   20:     0x61302e10ec54 - std[617be2ca0a6fd877]::sys::backtrace::__rust_begin_short_backtrace::<test[aada8e7e76ba119b]::run_test::{closure#1}, ()>
[INFO] [stdout]   21:     0x61302e1183f2 - <std[617be2ca0a6fd877]::thread::lifecycle::spawn_unchecked<test[aada8e7e76ba119b]::run_test::{closure#1}, ()>::{closure#1} as core[a373ad73a504971]::ops::function::FnOnce<()>>::call_once::{shim:vtable#0}
[INFO] [stdout]   22:     0x61302e2e229f - <std[617be2ca0a6fd877]::sys::thread::unix::Thread>::new::thread_start
[INFO] [stdout]   23:     0x7b3c58946dfa - <unknown>
[INFO] [stdout]   24:     0x7b3c589da3d4 - clone
[INFO] [stdout]   25:                0x0 - <unknown>
[INFO] [stdout] 
[INFO] [stdout] ---- ws::tests::trades stdout ----
[INFO] [stdout] 
[INFO] [stdout] thread 'ws::tests::trades' (3171) panicked at src/ws/tests.rs:16:10:
[INFO] [stdout] Connection failed.: Tungstenite(Io(Custom { kind: Uncategorized, error: "failed to lookup address information: Temporary failure in name resolution" }))
[INFO] [stdout] stack backtrace:
[INFO] [stdout]    0:     0x61302e2e2df1 - <<std[617be2ca0a6fd877]::sys::backtrace::BacktraceLock>::print::DisplayBacktrace as core[a373ad73a504971]::fmt::Display>::fmt
[INFO] [stdout]    1:     0x61302e2f9b5a - core[a373ad73a504971]::fmt::write
[INFO] [stdout]    2:     0x61302e2e79cc - <alloc[2e1b2a31b91974c5]::vec::Vec<u8> as core[a373ad73a504971]::io::write::Write>::write_fmt
[INFO] [stdout]    3:     0x61302e2be076 - std[617be2ca0a6fd877]::panicking::default_hook::{closure#0}
[INFO] [stdout]    4:     0x61302e2dacf9 - std[617be2ca0a6fd877]::panicking::default_hook
[INFO] [stdout]    5:     0x61302e114d40 - test[aada8e7e76ba119b]::test_main_inner::{closure#0}
[INFO] [stdout]    6:     0x61302e2db022 - std[617be2ca0a6fd877]::panicking::panic_with_hook
[INFO] [stdout]    7:     0x61302e2be122 - std[617be2ca0a6fd877]::panicking::panic_handler::{closure#0}
[INFO] [stdout]    8:     0x61302e2b6b19 - std[617be2ca0a6fd877]::sys::backtrace::__rust_end_short_backtrace::<std[617be2ca0a6fd877]::panicking::panic_handler::{closure#0}, !>
[INFO] [stdout]    9:     0x61302e2befbd - __rustc[ea4f61d10b84890b]::rust_begin_unwind
[INFO] [stdout]   10:     0x61302e2fa2bc - core[a373ad73a504971]::panicking::panic_fmt
[INFO] [stdout]   11:     0x61302e2fa092 - core[a373ad73a504971]::result::unwrap_failed
[INFO] [stdout]   12:     0x61302e079015 - ftx[f63e949e9fb81c1c]::ws::tests::init_unauthenticated_ws::{closure#0}
[INFO] [stdout]   13:     0x61302e08580f - <core[a373ad73a504971]::pin::Pin<&mut ftx[f63e949e9fb81c1c]::ws::tests::trades::{closure#0}> as core[a373ad73a504971]::future::future::Future>::poll
[INFO] [stdout]   14:     0x61302e0fbd27 - <tokio[b261a721efe6c763]::macros::scoped_tls::ScopedKey<tokio[b261a721efe6c763]::runtime::basic_scheduler::Context>>::set::<tokio[b261a721efe6c763]::runtime::basic_scheduler::enter<<tokio[b261a721efe6c763]::runtime::basic_scheduler::Inner<tokio[b261a721efe6c763]::runtime::driver::Driver>>::block_on<core[a373ad73a504971]::pin::Pin<&mut ftx[f63e949e9fb81c1c]::ws::tests::trades::{closure#0}>>::{closure#0}, (), tokio[b261a721efe6c763]::runtime::driver::Driver>::{closure#0}, ()>
[INFO] [stdout]   15:     0x61302e0a827a - <tokio[b261a721efe6c763]::runtime::basic_scheduler::BasicScheduler<tokio[b261a721efe6c763]::runtime::driver::Driver>>::block_on::<ftx[f63e949e9fb81c1c]::ws::tests::trades::{closure#0}>
[INFO] [stdout]   16:     0x61302e0b3cb6 - <tokio[b261a721efe6c763]::runtime::Runtime>::block_on::<ftx[f63e949e9fb81c1c]::ws::tests::trades::{closure#0}>
[INFO] [stdout]   17:     0x61302e0d7a6d - <ftx[f63e949e9fb81c1c]::ws::tests::trades::{closure#0} as core[a373ad73a504971]::ops::function::FnOnce<()>>::call_once
[INFO] [stdout]   18:     0x61302e10818b - test[aada8e7e76ba119b]::__rust_begin_short_backtrace::<core[a373ad73a504971]::result::Result<(), alloc[2e1b2a31b91974c5]::string::String>, fn() -> core[a373ad73a504971]::result::Result<(), alloc[2e1b2a31b91974c5]::string::String>>
[INFO] [stdout]   19:     0x61302e115365 - test[aada8e7e76ba119b]::run_test::{closure#0}
[INFO] [stdout]   20:     0x61302e10ec54 - std[617be2ca0a6fd877]::sys::backtrace::__rust_begin_short_backtrace::<test[aada8e7e76ba119b]::run_test::{closure#1}, ()>
[INFO] [stdout]   21:     0x61302e1183f2 - <std[617be2ca0a6fd877]::thread::lifecycle::spawn_unchecked<test[aada8e7e76ba119b]::run_test::{closure#1}, ()>::{closure#1} as core[a373ad73a504971]::ops::function::FnOnce<()>>::call_once::{shim:vtable#0}
[INFO] [stdout]   22:     0x61302e2e229f - <std[617be2ca0a6fd877]::sys::thread::unix::Thread>::new::thread_start
[INFO] [stdout]   23:     0x7b3c58946dfa - <unknown>
[INFO] [stdout]   24:     0x7b3c589da3d4 - clone
[INFO] [stdout]   25:                0x0 - <unknown>
[INFO] [stdout] 
[INFO] [stdout] ---- rest::tests::get_orderbook stdout ----
[INFO] [stdout] 
[INFO] [stdout] thread 'rest::tests::get_orderbook' (3160) panicked at src/rest/tests.rs:127:10:
[INFO] [stdout] called `Result::unwrap()` on an `Err` value: Reqwest(reqwest::Error { kind: Request, url: Url { scheme: "https", cannot_be_a_base: false, username: "", password: None, host: Some(Domain("ftx.com")), port: None, path: "/api/markets/BTC/USD/orderbook", query: None, fragment: None }, source: hyper::Error(Connect, ConnectError("dns error", Custom { kind: Uncategorized, error: "failed to lookup address information: Temporary failure in name resolution" })) })
[INFO] [stdout] stack backtrace:
[INFO] [stdout]    0:     0x61302e2e2df1 - <<std[617be2ca0a6fd877]::sys::backtrace::BacktraceLock>::print::DisplayBacktrace as core[a373ad73a504971]::fmt::Display>::fmt
[INFO] [stdout]    1:     0x61302e2f9b5a - core[a373ad73a504971]::fmt::write
[INFO] [stdout]    2:     0x61302e2e79cc - <alloc[2e1b2a31b91974c5]::vec::Vec<u8> as core[a373ad73a504971]::io::write::Write>::write_fmt
[INFO] [stdout]    3:     0x61302e2be076 - std[617be2ca0a6fd877]::panicking::default_hook::{closure#0}
[INFO] [stdout]    4:     0x61302e2dacf9 - std[617be2ca0a6fd877]::panicking::default_hook
[INFO] [stdout]    5:     0x61302e114d40 - test[aada8e7e76ba119b]::test_main_inner::{closure#0}
[INFO] [stdout]    6:     0x61302e2db022 - std[617be2ca0a6fd877]::panicking::panic_with_hook
[INFO] [stdout]    7:     0x61302e2be122 - std[617be2ca0a6fd877]::panicking::panic_handler::{closure#0}
[INFO] [stdout]    8:     0x61302e2b6b19 - std[617be2ca0a6fd877]::sys::backtrace::__rust_end_short_backtrace::<std[617be2ca0a6fd877]::panicking::panic_handler::{closure#0}, !>
[INFO] [stdout]    9:     0x61302e2befbd - __rustc[ea4f61d10b84890b]::rust_begin_unwind
[INFO] [stdout]   10:     0x61302e2fa2bc - core[a373ad73a504971]::panicking::panic_fmt
[INFO] [stdout]   11:     0x61302e2fa092 - core[a373ad73a504971]::result::unwrap_failed
[INFO] [stdout]   12:     0x61302e08b988 - <core[a373ad73a504971]::pin::Pin<&mut ftx[f63e949e9fb81c1c]::rest::tests::get_orderbook::{closure#0}> as core[a373ad73a504971]::future::future::Future>::poll
[INFO] [stdout]   13:     0x61302e0fd8e7 - <tokio[b261a721efe6c763]::macros::scoped_tls::ScopedKey<tokio[b261a721efe6c763]::runtime::basic_scheduler::Context>>::set::<tokio[b261a721efe6c763]::runtime::basic_scheduler::enter<<tokio[b261a721efe6c763]::runtime::basic_scheduler::Inner<tokio[b261a721efe6c763]::runtime::driver::Driver>>::block_on<core[a373ad73a504971]::pin::Pin<&mut ftx[f63e949e9fb81c1c]::rest::tests::get_orderbook::{closure#0}>>::{closure#0}, (), tokio[b261a721efe6c763]::runtime::driver::Driver>::{closure#0}, ()>
[INFO] [stdout]   14:     0x61302e0a9afa - <tokio[b261a721efe6c763]::runtime::basic_scheduler::BasicScheduler<tokio[b261a721efe6c763]::runtime::driver::Driver>>::block_on::<ftx[f63e949e9fb81c1c]::rest::tests::get_orderbook::{closure#0}>
[INFO] [stdout]   15:     0x61302e0b4136 - <tokio[b261a721efe6c763]::runtime::Runtime>::block_on::<ftx[f63e949e9fb81c1c]::rest::tests::get_orderbook::{closure#0}>
[INFO] [stdout]   16:     0x61302e0ed1ce - <ftx[f63e949e9fb81c1c]::rest::tests::get_orderbook::{closure#0} as core[a373ad73a504971]::ops::function::FnOnce<()>>::call_once
[INFO] [stdout]   17:     0x61302e10818b - test[aada8e7e76ba119b]::__rust_begin_short_backtrace::<core[a373ad73a504971]::result::Result<(), alloc[2e1b2a31b91974c5]::string::String>, fn() -> core[a373ad73a504971]::result::Result<(), alloc[2e1b2a31b91974c5]::string::String>>
[INFO] [stdout]   18:     0x61302e115365 - test[aada8e7e76ba119b]::run_test::{closure#0}
[INFO] [stdout]   19:     0x61302e10ec54 - std[617be2ca0a6fd877]::sys::backtrace::__rust_begin_short_backtrace::<test[aada8e7e76ba119b]::run_test::{closure#1}, ()>
[INFO] [stdout]   20:     0x61302e1183f2 - <std[617be2ca0a6fd877]::thread::lifecycle::spawn_unchecked<test[aada8e7e76ba119b]::run_test::{closure#1}, ()>::{closure#1} as core[a373ad73a504971]::ops::function::FnOnce<()>>::call_once::{shim:vtable#0}
[INFO] [stdout]   21:     0x61302e2e229f - <std[617be2ca0a6fd877]::sys::thread::unix::Thread>::new::thread_start
[INFO] [stdout]   22:     0x7b3c58946dfa - <unknown>
[INFO] [stdout]   23:     0x7b3c589da3d4 - clone
[INFO] [stdout]   24:                0x0 - <unknown>
[INFO] [stdout] 
[INFO] [stdout] ---- rest::tests::get_trades stdout ----
[INFO] [stdout] 
[INFO] [stdout] thread 'rest::tests::get_trades' (3161) panicked at src/rest/tests.rs:141:10:
[INFO] [stdout] called `Result::unwrap()` on an `Err` value: Reqwest(reqwest::Error { kind: Request, url: Url { scheme: "https", cannot_be_a_base: false, username: "", password: None, host: Some(Domain("ftx.com")), port: None, path: "/api/markets/BTC/USD/trades", query: None, fragment: None }, source: hyper::Error(Connect, ConnectError("dns error", Custom { kind: Uncategorized, error: "failed to lookup address information: Temporary failure in name resolution" })) })
[INFO] [stdout] stack backtrace:
[INFO] [stdout]    0:     0x61302e2e2df1 - <<std[617be2ca0a6fd877]::sys::backtrace::BacktraceLock>::print::DisplayBacktrace as core[a373ad73a504971]::fmt::Display>::fmt
[INFO] [stdout]    1:     0x61302e2f9b5a - core[a373ad73a504971]::fmt::write
[INFO] [stdout]    2:     0x61302e2e79cc - <alloc[2e1b2a31b91974c5]::vec::Vec<u8> as core[a373ad73a504971]::io::write::Write>::write_fmt
[INFO] [stdout]    3:     0x61302e2be076 - std[617be2ca0a6fd877]::panicking::default_hook::{closure#0}
[INFO] [stdout]    4:     0x61302e2dacf9 - std[617be2ca0a6fd877]::panicking::default_hook
[INFO] [stdout]    5:     0x61302e114d40 - test[aada8e7e76ba119b]::test_main_inner::{closure#0}
[INFO] [stdout]    6:     0x61302e2db022 - std[617be2ca0a6fd877]::panicking::panic_with_hook
[INFO] [stdout]    7:     0x61302e2be122 - std[617be2ca0a6fd877]::panicking::panic_handler::{closure#0}
[INFO] [stdout]    8:     0x61302e2b6b19 - std[617be2ca0a6fd877]::sys::backtrace::__rust_end_short_backtrace::<std[617be2ca0a6fd877]::panicking::panic_handler::{closure#0}, !>
[INFO] [stdout]    9:     0x61302e2befbd - __rustc[ea4f61d10b84890b]::rust_begin_unwind
[INFO] [stdout]   10:     0x61302e2fa2bc - core[a373ad73a504971]::panicking::panic_fmt
[INFO] [stdout]   11:     0x61302e2fa092 - core[a373ad73a504971]::result::unwrap_failed
[INFO] [stdout]   12:     0x61302e0887a1 - <core[a373ad73a504971]::pin::Pin<&mut ftx[f63e949e9fb81c1c]::rest::tests::get_trades::{closure#0}> as core[a373ad73a504971]::future::future::Future>::poll
[INFO] [stdout]   13:     0x61302e0fcb07 - <tokio[b261a721efe6c763]::macros::scoped_tls::ScopedKey<tokio[b261a721efe6c763]::runtime::basic_scheduler::Context>>::set::<tokio[b261a721efe6c763]::runtime::basic_scheduler::enter<<tokio[b261a721efe6c763]::runtime::basic_scheduler::Inner<tokio[b261a721efe6c763]::runtime::driver::Driver>>::block_on<core[a373ad73a504971]::pin::Pin<&mut ftx[f63e949e9fb81c1c]::rest::tests::get_trades::{closure#0}>>::{closure#0}, (), tokio[b261a721efe6c763]::runtime::driver::Driver>::{closure#0}, ()>
[INFO] [stdout]   14:     0x61302e0a8eaa - <tokio[b261a721efe6c763]::runtime::basic_scheduler::BasicScheduler<tokio[b261a721efe6c763]::runtime::driver::Driver>>::block_on::<ftx[f63e949e9fb81c1c]::rest::tests::get_trades::{closure#0}>
[INFO] [stdout]   15:     0x61302e0b3ef6 - <tokio[b261a721efe6c763]::runtime::Runtime>::block_on::<ftx[f63e949e9fb81c1c]::rest::tests::get_trades::{closure#0}>
[INFO] [stdout]   16:     0x61302e0ecd7e - <ftx[f63e949e9fb81c1c]::rest::tests::get_trades::{closure#0} as core[a373ad73a504971]::ops::function::FnOnce<()>>::call_once
[INFO] [stdout]   17:     0x61302e10818b - test[aada8e7e76ba119b]::__rust_begin_short_backtrace::<core[a373ad73a504971]::result::Result<(), alloc[2e1b2a31b91974c5]::string::String>, fn() -> core[a373ad73a504971]::result::Result<(), alloc[2e1b2a31b91974c5]::string::String>>
[INFO] [stdout]   18:     0x61302e115365 - test[aada8e7e76ba119b]::run_test::{closure#0}
[INFO] [stdout]   19:     0x61302e10ec54 - std[617be2ca0a6fd877]::sys::backtrace::__rust_begin_short_backtrace::<test[aada8e7e76ba119b]::run_test::{closure#1}, ()>
[INFO] [stdout]   20:     0x61302e1183f2 - <std[617be2ca0a6fd877]::thread::lifecycle::spawn_unchecked<test[aada8e7e76ba119b]::run_test::{closure#1}, ()>::{closure#1} as core[a373ad73a504971]::ops::function::FnOnce<()>>::call_once::{shim:vtable#0}
[INFO] [stdout]   21:     0x61302e2e229f - <std[617be2ca0a6fd877]::sys::thread::unix::Thread>::new::thread_start
[INFO] [stdout]   22:     0x7b3c58946dfa - <unknown>
[INFO] [stdout]   23:     0x7b3c589da3d4 - clone
[INFO] [stdout]   24:                0x0 - <unknown>
[INFO] [stdout] 
[INFO] [stdout] ---- rest::tests::get_historical_index stdout ----
[INFO] [stdout] 
[INFO] [stdout] thread 'rest::tests::get_historical_index' (3155) panicked at src/rest/tests.rs:215:10:
[INFO] [stdout] called `Result::unwrap()` on an `Err` value: Reqwest(reqwest::Error { kind: Request, url: Url { scheme: "https", cannot_be_a_base: false, username: "", password: None, host: Some(Domain("ftx.com")), port: None, path: "/api/indexes/BTC/candles", query: Some("market_name=BTC&resolution=60"), fragment: None }, source: hyper::Error(Connect, ConnectError("dns error", Custom { kind: Uncategorized, error: "failed to lookup address information: Temporary failure in name resolution" })) })
[INFO] [stdout] stack backtrace:
[INFO] [stdout]    0:     0x61302e2e2df1 - <<std[617be2ca0a6fd877]::sys::backtrace::BacktraceLock>::print::DisplayBacktrace as core[a373ad73a504971]::fmt::Display>::fmt
[INFO] [stdout]    1:     0x61302e2f9b5a - core[a373ad73a504971]::fmt::write
[INFO] [stdout]    2:     0x61302e2e79cc - <alloc[2e1b2a31b91974c5]::vec::Vec<u8> as core[a373ad73a504971]::io::write::Write>::write_fmt
[INFO] [stdout]    3:     0x61302e2be076 - std[617be2ca0a6fd877]::panicking::default_hook::{closure#0}
[INFO] [stdout]    4:     0x61302e2dacf9 - std[617be2ca0a6fd877]::panicking::default_hook
[INFO] [stdout]    5:     0x61302e114d40 - test[aada8e7e76ba119b]::test_main_inner::{closure#0}
[INFO] [stdout]    6:     0x61302e2db022 - std[617be2ca0a6fd877]::panicking::panic_with_hook
[INFO] [stdout]    7:     0x61302e2be122 - std[617be2ca0a6fd877]::panicking::panic_handler::{closure#0}
[INFO] [stdout]    8:     0x61302e2b6b19 - std[617be2ca0a6fd877]::sys::backtrace::__rust_end_short_backtrace::<std[617be2ca0a6fd877]::panicking::panic_handler::{closure#0}, !>
[INFO] [stdout]    9:     0x61302e2befbd - __rustc[ea4f61d10b84890b]::rust_begin_unwind
[INFO] [stdout]   10:     0x61302e2fa2bc - core[a373ad73a504971]::panicking::panic_fmt
[INFO] [stdout]   11:     0x61302e2fa092 - core[a373ad73a504971]::result::unwrap_failed
[INFO] [stdout]   12:     0x61302e094261 - <core[a373ad73a504971]::pin::Pin<&mut ftx[f63e949e9fb81c1c]::rest::tests::get_historical_index::{closure#0}> as core[a373ad73a504971]::future::future::Future>::poll
[INFO] [stdout]   13:     0x61302e0ffde7 - <tokio[b261a721efe6c763]::macros::scoped_tls::ScopedKey<tokio[b261a721efe6c763]::runtime::basic_scheduler::Context>>::set::<tokio[b261a721efe6c763]::runtime::basic_scheduler::enter<<tokio[b261a721efe6c763]::runtime::basic_scheduler::Inner<tokio[b261a721efe6c763]::runtime::driver::Driver>>::block_on<core[a373ad73a504971]::pin::Pin<&mut ftx[f63e949e9fb81c1c]::rest::tests::get_historical_index::{closure#0}>>::{closure#0}, (), tokio[b261a721efe6c763]::runtime::driver::Driver>::{closure#0}, ()>
[INFO] [stdout]   14:     0x61302e0abb7a - <tokio[b261a721efe6c763]::runtime::basic_scheduler::BasicScheduler<tokio[b261a721efe6c763]::runtime::driver::Driver>>::block_on::<ftx[f63e949e9fb81c1c]::rest::tests::get_historical_index::{closure#0}>
[INFO] [stdout]   15:     0x61302e0b4736 - <tokio[b261a721efe6c763]::runtime::Runtime>::block_on::<ftx[f63e949e9fb81c1c]::rest::tests::get_historical_index::{closure#0}>
[INFO] [stdout]   16:     0x61302e0edd4e - <ftx[f63e949e9fb81c1c]::rest::tests::get_historical_index::{closure#0} as core[a373ad73a504971]::ops::function::FnOnce<()>>::call_once
[INFO] [stdout]   17:     0x61302e10818b - test[aada8e7e76ba119b]::__rust_begin_short_backtrace::<core[a373ad73a504971]::result::Result<(), alloc[2e1b2a31b91974c5]::string::String>, fn() -> core[a373ad73a504971]::result::Result<(), alloc[2e1b2a31b91974c5]::string::String>>
[INFO] [stdout]   18:     0x61302e115365 - test[aada8e7e76ba119b]::run_test::{closure#0}
[INFO] [stdout]   19:     0x61302e10ec54 - std[617be2ca0a6fd877]::sys::backtrace::__rust_begin_short_backtrace::<test[aada8e7e76ba119b]::run_test::{closure#1}, ()>
[INFO] [stdout]   20:     0x61302e1183f2 - <std[617be2ca0a6fd877]::thread::lifecycle::spawn_unchecked<test[aada8e7e76ba119b]::run_test::{closure#1}, ()>::{closure#1} as core[a373ad73a504971]::ops::function::FnOnce<()>>::call_once::{shim:vtable#0}
[INFO] [stdout]   21:     0x61302e2e229f - <std[617be2ca0a6fd877]::sys::thread::unix::Thread>::new::thread_start
[INFO] [stdout]   22:     0x7b3c58946dfa - <unknown>
[INFO] [stdout]   23:     0x7b3c589da3d4 - clone
[INFO] [stdout]   24:                0x0 - <unknown>
[INFO] [stdout] 
[INFO] [stdout] ---- rest::tests::get_futures stdout ----
[INFO] [stdout] 
[INFO] [stdout] thread 'rest::tests::get_futures' (3154) panicked at src/rest/tests.rs:173:10:
[INFO] [stdout] called `Result::unwrap()` on an `Err` value: Reqwest(reqwest::Error { kind: Request, url: Url { scheme: "https", cannot_be_a_base: false, username: "", password: None, host: Some(Domain("ftx.com")), port: None, path: "/api/futures", query: None, fragment: None }, source: hyper::Error(Connect, ConnectError("dns error", Custom { kind: Uncategorized, error: "failed to lookup address information: Temporary failure in name resolution" })) })
[INFO] [stdout] stack backtrace:
[INFO] [stdout]    0:     0x61302e2e2df1 - <<std[617be2ca0a6fd877]::sys::backtrace::BacktraceLock>::print::DisplayBacktrace as core[a373ad73a504971]::fmt::Display>::fmt
[INFO] [stdout]    1:     0x61302e2f9b5a - core[a373ad73a504971]::fmt::write
[INFO] [stdout]    2:     0x61302e2e79cc - <alloc[2e1b2a31b91974c5]::vec::Vec<u8> as core[a373ad73a504971]::io::write::Write>::write_fmt
[INFO] [stdout]    3:     0x61302e2be076 - std[617be2ca0a6fd877]::panicking::default_hook::{closure#0}
[INFO] [stdout]    4:     0x61302e2dacf9 - std[617be2ca0a6fd877]::panicking::default_hook
[INFO] [stdout]    5:     0x61302e114d40 - test[aada8e7e76ba119b]::test_main_inner::{closure#0}
[INFO] [stdout]    6:     0x61302e2db022 - std[617be2ca0a6fd877]::panicking::panic_with_hook
[INFO] [stdout]    7:     0x61302e2be122 - std[617be2ca0a6fd877]::panicking::panic_handler::{closure#0}
[INFO] [stdout]    8:     0x61302e2b6b19 - std[617be2ca0a6fd877]::sys::backtrace::__rust_end_short_backtrace::<std[617be2ca0a6fd877]::panicking::panic_handler::{closure#0}, !>
[INFO] [stdout]    9:     0x61302e2befbd - __rustc[ea4f61d10b84890b]::rust_begin_unwind
[INFO] [stdout]   10:     0x61302e2fa2bc - core[a373ad73a504971]::panicking::panic_fmt
[INFO] [stdout]   11:     0x61302e2fa092 - core[a373ad73a504971]::result::unwrap_failed
[INFO] [stdout]   12:     0x61302e089c18 - <core[a373ad73a504971]::pin::Pin<&mut ftx[f63e949e9fb81c1c]::rest::tests::get_futures::{closure#0}> as core[a373ad73a504971]::future::future::Future>::poll
[INFO] [stdout]   13:     0x61302e0fcfa7 - <tokio[b261a721efe6c763]::macros::scoped_tls::ScopedKey<tokio[b261a721efe6c763]::runtime::basic_scheduler::Context>>::set::<tokio[b261a721efe6c763]::runtime::basic_scheduler::enter<<tokio[b261a721efe6c763]::runtime::basic_scheduler::Inner<tokio[b261a721efe6c763]::runtime::driver::Driver>>::block_on<core[a373ad73a504971]::pin::Pin<&mut ftx[f63e949e9fb81c1c]::rest::tests::get_futures::{closure#0}>>::{closure#0}, (), tokio[b261a721efe6c763]::runtime::driver::Driver>::{closure#0}, ()>
[INFO] [stdout]   14:     0x61302e0a92aa - <tokio[b261a721efe6c763]::runtime::basic_scheduler::BasicScheduler<tokio[b261a721efe6c763]::runtime::driver::Driver>>::block_on::<ftx[f63e949e9fb81c1c]::rest::tests::get_futures::{closure#0}>
[INFO] [stdout]   15:     0x61302e0b3fb6 - <tokio[b261a721efe6c763]::runtime::Runtime>::block_on::<ftx[f63e949e9fb81c1c]::rest::tests::get_futures::{closure#0}>
[INFO] [stdout]   16:     0x61302e0eceee - <ftx[f63e949e9fb81c1c]::rest::tests::get_futures::{closure#0} as core[a373ad73a504971]::ops::function::FnOnce<()>>::call_once
[INFO] [stdout]   17:     0x61302e10818b - test[aada8e7e76ba119b]::__rust_begin_short_backtrace::<core[a373ad73a504971]::result::Result<(), alloc[2e1b2a31b91974c5]::string::String>, fn() -> core[a373ad73a504971]::result::Result<(), alloc[2e1b2a31b91974c5]::string::String>>
[INFO] [stdout]   18:     0x61302e115365 - test[aada8e7e76ba119b]::run_test::{closure#0}
[INFO] [stdout]   19:     0x61302e10ec54 - std[617be2ca0a6fd877]::sys::backtrace::__rust_begin_short_backtrace::<test[aada8e7e76ba119b]::run_test::{closure#1}, ()>
[INFO] [stdout]   20:     0x61302e1183f2 - <std[617be2ca0a6fd877]::thread::lifecycle::spawn_unchecked<test[aada8e7e76ba119b]::run_test::{closure#1}, ()>::{closure#1} as core[a373ad73a504971]::ops::function::FnOnce<()>>::call_once::{shim:vtable#0}
[INFO] [stdout]   21:     0x61302e2e229f - <std[617be2ca0a6fd877]::sys::thread::unix::Thread>::new::thread_start
[INFO] [stdout]   22:     0x7b3c58946dfa - <unknown>
[INFO] [stdout]   23:     0x7b3c589da3d4 - clone
[INFO] [stdout]   24:                0x0 - <unknown>
[INFO] [stdout] 
[INFO] [stdout] ---- rest::tests::get_funding_rates stdout ----
[INFO] [stdout] 
[INFO] [stdout] thread 'rest::tests::get_funding_rates' (3152) panicked at src/rest/tests.rs:197:10:
[INFO] [stdout] called `Result::unwrap()` on an `Err` value: Reqwest(reqwest::Error { kind: Request, url: Url { scheme: "https", cannot_be_a_base: false, username: "", password: None, host: Some(Domain("ftx.com")), port: None, path: "/api/funding_rates", query: None, fragment: None }, source: hyper::Error(Connect, ConnectError("dns error", Custom { kind: Uncategorized, error: "failed to lookup address information: Temporary failure in name resolution" })) })
[INFO] [stdout] stack backtrace:
[INFO] [stdout]    0:     0x61302e2e2df1 - <<std[617be2ca0a6fd877]::sys::backtrace::BacktraceLock>::print::DisplayBacktrace as core[a373ad73a504971]::fmt::Display>::fmt
[INFO] [stdout]    1:     0x61302e2f9b5a - core[a373ad73a504971]::fmt::write
[INFO] [stdout]    2:     0x61302e2e79cc - <alloc[2e1b2a31b91974c5]::vec::Vec<u8> as core[a373ad73a504971]::io::write::Write>::write_fmt
[INFO] [stdout]    3:     0x61302e2be076 - std[617be2ca0a6fd877]::panicking::default_hook::{closure#0}
[INFO] [stdout]    4:     0x61302e2dacf9 - std[617be2ca0a6fd877]::panicking::default_hook
[INFO] [stdout]    5:     0x61302e114d40 - test[aada8e7e76ba119b]::test_main_inner::{closure#0}
[INFO] [stdout]    6:     0x61302e2db022 - std[617be2ca0a6fd877]::panicking::panic_with_hook
[INFO] [stdout]    7:     0x61302e2be122 - std[617be2ca0a6fd877]::panicking::panic_handler::{closure#0}
[INFO] [stderr] error: test failed, to rerun pass `--lib`
[INFO] [stdout]    8:     0x61302e2b6b19 - std[617be2ca0a6fd877]::sys::backtrace::__rust_end_short_backtrace::<std[617be2ca0a6fd877]::panicking::panic_handler::{closure#0}, !>
[INFO] [stdout]    9:     0x61302e2befbd - __rustc[ea4f61d10b84890b]::rust_begin_unwind
[INFO] [stdout]   10:     0x61302e2fa2bc - core[a373ad73a504971]::panicking::panic_fmt
[INFO] [stdout]   11:     0x61302e2fa092 - core[a373ad73a504971]::result::unwrap_failed
[INFO] [stdout]   12:     0x61302e09026a - <core[a373ad73a504971]::pin::Pin<&mut ftx[f63e949e9fb81c1c]::rest::tests::get_funding_rates::{closure#0}> as core[a373ad73a504971]::future::future::Future>::poll
[INFO] [stdout]   13:     0x61302e0ff007 - <tokio[b261a721efe6c763]::macros::scoped_tls::ScopedKey<tokio[b261a721efe6c763]::runtime::basic_scheduler::Context>>::set::<tokio[b261a721efe6c763]::runtime::basic_scheduler::enter<<tokio[b261a721efe6c763]::runtime::basic_scheduler::Inner<tokio[b261a721efe6c763]::runtime::driver::Driver>>::block_on<core[a373ad73a504971]::pin::Pin<&mut ftx[f63e949e9fb81c1c]::rest::tests::get_funding_rates::{closure#0}>>::{closure#0}, (), tokio[b261a721efe6c763]::runtime::driver::Driver>::{closure#0}, ()>
[INFO] [stdout]   14:     0x61302e0aaf7a - <tokio[b261a721efe6c763]::runtime::basic_scheduler::BasicScheduler<tokio[b261a721efe6c763]::runtime::driver::Driver>>::block_on::<ftx[f63e949e9fb81c1c]::rest::tests::get_funding_rates::{closure#0}>
[INFO] [stdout]   15:     0x61302e0b44f6 - <tokio[b261a721efe6c763]::runtime::Runtime>::block_on::<ftx[f63e949e9fb81c1c]::rest::tests::get_funding_rates::{closure#0}>
[INFO] [stdout]   16:     0x61302e0ed8fe - <ftx[f63e949e9fb81c1c]::rest::tests::get_funding_rates::{closure#0} as core[a373ad73a504971]::ops::function::FnOnce<()>>::call_once
[INFO] [stdout]   17:     0x61302e10818b - test[aada8e7e76ba119b]::__rust_begin_short_backtrace::<core[a373ad73a504971]::result::Result<(), alloc[2e1b2a31b91974c5]::string::String>, fn() -> core[a373ad73a504971]::result::Result<(), alloc[2e1b2a31b91974c5]::string::String>>
[INFO] [stdout]   18:     0x61302e115365 - test[aada8e7e76ba119b]::run_test::{closure#0}
[INFO] [stdout]   19:     0x61302e10ec54 - std[617be2ca0a6fd877]::sys::backtrace::__rust_begin_short_backtrace::<test[aada8e7e76ba119b]::run_test::{closure#1}, ()>
[INFO] [stdout]   20:     0x61302e1183f2 - <std[617be2ca0a6fd877]::thread::lifecycle::spawn_unchecked<test[aada8e7e76ba119b]::run_test::{closure#1}, ()>::{closure#1} as core[a373ad73a504971]::ops::function::FnOnce<()>>::call_once::{shim:vtable#0}
[INFO] [stdout]   21:     0x61302e2e229f - <std[617be2ca0a6fd877]::sys::thread::unix::Thread>::new::thread_start
[INFO] [stdout]   22:     0x7b3c58946dfa - <unknown>
[INFO] [stdout]   23:     0x7b3c589da3d4 - clone
[INFO] [stdout]   24:                0x0 - <unknown>
[INFO] [stdout] 
[INFO] [stdout] ---- rest::tests::get_index_weights stdout ----
[INFO] [stdout] 
[INFO] [stdout] thread 'rest::tests::get_index_weights' (3157) panicked at src/rest/tests.rs:206:10:
[INFO] [stdout] called `Result::unwrap()` on an `Err` value: Reqwest(reqwest::Error { kind: Request, url: Url { scheme: "https", cannot_be_a_base: false, username: "", password: None, host: Some(Domain("ftx.com")), port: None, path: "/api/indexes/ALT/weights", query: None, fragment: None }, source: hyper::Error(Connect, ConnectError("dns error", Custom { kind: Uncategorized, error: "failed to lookup address information: Temporary failure in name resolution" })) })
[INFO] [stdout] stack backtrace:
[INFO] [stdout]    0:     0x61302e2e2df1 - <<std[617be2ca0a6fd877]::sys::backtrace::BacktraceLock>::print::DisplayBacktrace as core[a373ad73a504971]::fmt::Display>::fmt
[INFO] [stdout]    1:     0x61302e2f9b5a - core[a373ad73a504971]::fmt::write
[INFO] [stdout]    2:     0x61302e2e79cc - <alloc[2e1b2a31b91974c5]::vec::Vec<u8> as core[a373ad73a504971]::io::write::Write>::write_fmt
[INFO] [stdout]    3:     0x61302e2be076 - std[617be2ca0a6fd877]::panicking::default_hook::{closure#0}
[INFO] [stdout]    4:     0x61302e2dacf9 - std[617be2ca0a6fd877]::panicking::default_hook
[INFO] [stdout]    5:     0x61302e114d40 - test[aada8e7e76ba119b]::test_main_inner::{closure#0}
[INFO] [stdout]    6:     0x61302e2db022 - std[617be2ca0a6fd877]::panicking::panic_with_hook
[INFO] [stdout]    7:     0x61302e2be122 - std[617be2ca0a6fd877]::panicking::panic_handler::{closure#0}
[INFO] [stdout]    8:     0x61302e2b6b19 - std[617be2ca0a6fd877]::sys::backtrace::__rust_end_short_backtrace::<std[617be2ca0a6fd877]::panicking::panic_handler::{closure#0}, !>
[INFO] [stdout]    9:     0x61302e2befbd - __rustc[ea4f61d10b84890b]::rust_begin_unwind
[INFO] [stdout]   10:     0x61302e2fa2bc - core[a373ad73a504971]::panicking::panic_fmt
[INFO] [stdout]   11:     0x61302e2fa092 - core[a373ad73a504971]::result::unwrap_failed
[INFO] [stdout]   12:     0x61302e0918a5 - <core[a373ad73a504971]::pin::Pin<&mut ftx[f63e949e9fb81c1c]::rest::tests::get_index_weights::{closure#0}> as core[a373ad73a504971]::future::future::Future>::poll
[INFO] [stdout]   13:     0x61302e0ff4a7 - <tokio[b261a721efe6c763]::macros::scoped_tls::ScopedKey<tokio[b261a721efe6c763]::runtime::basic_scheduler::Context>>::set::<tokio[b261a721efe6c763]::runtime::basic_scheduler::enter<<tokio[b261a721efe6c763]::runtime::basic_scheduler::Inner<tokio[b261a721efe6c763]::runtime::driver::Driver>>::block_on<core[a373ad73a504971]::pin::Pin<&mut ftx[f63e949e9fb81c1c]::rest::tests::get_index_weights::{closure#0}>>::{closure#0}, (), tokio[b261a721efe6c763]::runtime::driver::Driver>::{closure#0}, ()>
[INFO] [stdout]   14:     0x61302e0ab37a - <tokio[b261a721efe6c763]::runtime::basic_scheduler::BasicScheduler<tokio[b261a721efe6c763]::runtime::driver::Driver>>::block_on::<ftx[f63e949e9fb81c1c]::rest::tests::get_index_weights::{closure#0}>
[INFO] [stdout]   15:     0x61302e0b45b6 - <tokio[b261a721efe6c763]::runtime::Runtime>::block_on::<ftx[f63e949e9fb81c1c]::rest::tests::get_index_weights::{closure#0}>
[INFO] [stdout]   16:     0x61302e0eda6e - <ftx[f63e949e9fb81c1c]::rest::tests::get_index_weights::{closure#0} as core[a373ad73a504971]::ops::function::FnOnce<()>>::call_once
[INFO] [stdout]   17:     0x61302e10818b - test[aada8e7e76ba119b]::__rust_begin_short_backtrace::<core[a373ad73a504971]::result::Result<(), alloc[2e1b2a31b91974c5]::string::String>, fn() -> core[a373ad73a504971]::result::Result<(), alloc[2e1b2a31b91974c5]::string::String>>
[INFO] [stdout]   18:     0x61302e115365 - test[aada8e7e76ba119b]::run_test::{closure#0}
[INFO] [stdout]   19:     0x61302e10ec54 - std[617be2ca0a6fd877]::sys::backtrace::__rust_begin_short_backtrace::<test[aada8e7e76ba119b]::run_test::{closure#1}, ()>
[INFO] [stdout]   20:     0x61302e1183f2 - <std[617be2ca0a6fd877]::thread::lifecycle::spawn_unchecked<test[aada8e7e76ba119b]::run_test::{closure#1}, ()>::{closure#1} as core[a373ad73a504971]::ops::function::FnOnce<()>>::call_once::{shim:vtable#0}
[INFO] [stdout]   21:     0x61302e2e229f - <std[617be2ca0a6fd877]::sys::thread::unix::Thread>::new::thread_start
[INFO] [stdout]   22:     0x7b3c58946dfa - <unknown>
[INFO] [stdout]   23:     0x7b3c589da3d4 - clone
[INFO] [stdout]   24:                0x0 - <unknown>
[INFO] [stdout] 
[INFO] [stdout] ---- rest::tests::get_historical_prices stdout ----
[INFO] [stdout] 
[INFO] [stdout] thread 'rest::tests::get_historical_prices' (3156) panicked at src/rest/tests.rs:154:10:
[INFO] [stdout] called `Result::unwrap()` on an `Err` value: Reqwest(reqwest::Error { kind: Request, url: Url { scheme: "https", cannot_be_a_base: false, username: "", password: None, host: Some(Domain("ftx.com")), port: None, path: "/api/markets/BTC/USD/candles", query: Some("resolution=300"), fragment: None }, source: hyper::Error(Connect, ConnectError("dns error", Custom { kind: Uncategorized, error: "failed to lookup address information: Temporary failure in name resolution" })) })
[INFO] [stdout] stack backtrace:
[INFO] [stdout]    0:     0x61302e2e2df1 - <<std[617be2ca0a6fd877]::sys::backtrace::BacktraceLock>::print::DisplayBacktrace as core[a373ad73a504971]::fmt::Display>::fmt
[INFO] [stdout]    1:     0x61302e2f9b5a - core[a373ad73a504971]::fmt::write
[INFO] [stdout]    2:     0x61302e2e79cc - <alloc[2e1b2a31b91974c5]::vec::Vec<u8> as core[a373ad73a504971]::io::write::Write>::write_fmt
[INFO] [stdout]    3:     0x61302e2be076 - std[617be2ca0a6fd877]::panicking::default_hook::{closure#0}
[INFO] [stdout]    4:     0x61302e2dacf9 - std[617be2ca0a6fd877]::panicking::default_hook
[INFO] [stdout]    5:     0x61302e114d40 - test[aada8e7e76ba119b]::test_main_inner::{closure#0}
[INFO] [stdout]    6:     0x61302e2db022 - std[617be2ca0a6fd877]::panicking::panic_with_hook
[INFO] [stdout]    7:     0x61302e2be122 - std[617be2ca0a6fd877]::panicking::panic_handler::{closure#0}
[INFO] [stdout]    8:     0x61302e2b6b19 - std[617be2ca0a6fd877]::sys::backtrace::__rust_end_short_backtrace::<std[617be2ca0a6fd877]::panicking::panic_handler::{closure#0}, !>
[INFO] [stdout]    9:     0x61302e2befbd - __rustc[ea4f61d10b84890b]::rust_begin_unwind
[INFO] [stdout]   10:     0x61302e2fa2bc - core[a373ad73a504971]::panicking::panic_fmt
[INFO] [stdout]   11:     0x61302e2fa092 - core[a373ad73a504971]::result::unwrap_failed
[INFO] [stdout]   12:     0x61302e09587f - <core[a373ad73a504971]::pin::Pin<&mut ftx[f63e949e9fb81c1c]::rest::tests::get_historical_prices::{closure#0}> as core[a373ad73a504971]::future::future::Future>::poll
[INFO] [stdout]   13:     0x61302e100287 - <tokio[b261a721efe6c763]::macros::scoped_tls::ScopedKey<tokio[b261a721efe6c763]::runtime::basic_scheduler::Context>>::set::<tokio[b261a721efe6c763]::runtime::basic_scheduler::enter<<tokio[b261a721efe6c763]::runtime::basic_scheduler::Inner<tokio[b261a721efe6c763]::runtime::driver::Driver>>::block_on<core[a373ad73a504971]::pin::Pin<&mut ftx[f63e949e9fb81c1c]::rest::tests::get_historical_prices::{closure#0}>>::{closure#0}, (), tokio[b261a721efe6c763]::runtime::driver::Driver>::{closure#0}, ()>
[INFO] [stdout]   14:     0x61302e0abf7a - <tokio[b261a721efe6c763]::runtime::basic_scheduler::BasicScheduler<tokio[b261a721efe6c763]::runtime::driver::Driver>>::block_on::<ftx[f63e949e9fb81c1c]::rest::tests::get_historical_prices::{closure#0}>
[INFO] [stdout]   15:     0x61302e0b47f6 - <tokio[b261a721efe6c763]::runtime::Runtime>::block_on::<ftx[f63e949e9fb81c1c]::rest::tests::get_historical_prices::{closure#0}>
[INFO] [stdout]   16:     0x61302e0edebe - <ftx[f63e949e9fb81c1c]::rest::tests::get_historical_prices::{closure#0} as core[a373ad73a504971]::ops::function::FnOnce<()>>::call_once
[INFO] [stdout]   17:     0x61302e10818b - test[aada8e7e76ba119b]::__rust_begin_short_backtrace::<core[a373ad73a504971]::result::Result<(), alloc[2e1b2a31b91974c5]::string::String>, fn() -> core[a373ad73a504971]::result::Result<(), alloc[2e1b2a31b91974c5]::string::String>>
[INFO] [stdout]   18:     0x61302e115365 - test[aada8e7e76ba119b]::run_test::{closure#0}
[INFO] [stdout]   19:     0x61302e10ec54 - std[617be2ca0a6fd877]::sys::backtrace::__rust_begin_short_backtrace::<test[aada8e7e76ba119b]::run_test::{closure#1}, ()>
[INFO] [stdout]   20:     0x61302e1183f2 - <std[617be2ca0a6fd877]::thread::lifecycle::spawn_unchecked<test[aada8e7e76ba119b]::run_test::{closure#1}, ()>::{closure#1} as core[a373ad73a504971]::ops::function::FnOnce<()>>::call_once::{shim:vtable#0}
[INFO] [stdout]   21:     0x61302e2e229f - <std[617be2ca0a6fd877]::sys::thread::unix::Thread>::new::thread_start
[INFO] [stdout]   22:     0x7b3c58946dfa - <unknown>
[INFO] [stdout]   23:     0x7b3c589da3d4 - clone
[INFO] [stdout]   24:                0x0 - <unknown>
[INFO] [stdout] 
[INFO] [stdout] ---- rest::tests::get_expired_futures stdout ----
[INFO] [stdout] 
[INFO] [stdout] thread 'rest::tests::get_expired_futures' (3151) panicked at src/rest/tests.rs:188:46:
[INFO] [stdout] called `Result::unwrap()` on an `Err` value: Reqwest(reqwest::Error { kind: Request, url: Url { scheme: "https", cannot_be_a_base: false, username: "", password: None, host: Some(Domain("ftx.com")), port: None, path: "/api/expired_futures", query: None, fragment: None }, source: hyper::Error(Connect, ConnectError("dns error", Custom { kind: Uncategorized, error: "failed to lookup address information: Temporary failure in name resolution" })) })
[INFO] [stdout] stack backtrace:
[INFO] [stdout]    0:     0x61302e2e2df1 - <<std[617be2ca0a6fd877]::sys::backtrace::BacktraceLock>::print::DisplayBacktrace as core[a373ad73a504971]::fmt::Display>::fmt
[INFO] [stdout]    1:     0x61302e2f9b5a - core[a373ad73a504971]::fmt::write
[INFO] [stdout]    2:     0x61302e2e79cc - <alloc[2e1b2a31b91974c5]::vec::Vec<u8> as core[a373ad73a504971]::io::write::Write>::write_fmt
[INFO] [stdout]    3:     0x61302e2be076 - std[617be2ca0a6fd877]::panicking::default_hook::{closure#0}
[INFO] [stdout]    4:     0x61302e2dacf9 - std[617be2ca0a6fd877]::panicking::default_hook
[INFO] [stdout]    5:     0x61302e114d40 - test[aada8e7e76ba119b]::test_main_inner::{closure#0}
[INFO] [stdout]    6:     0x61302e2db022 - std[617be2ca0a6fd877]::panicking::panic_with_hook
[INFO] [stdout]    7:     0x61302e2be122 - std[617be2ca0a6fd877]::panicking::panic_handler::{closure#0}
[INFO] [stdout]    8:     0x61302e2b6b19 - std[617be2ca0a6fd877]::sys::backtrace::__rust_end_short_backtrace::<std[617be2ca0a6fd877]::panicking::panic_handler::{closure#0}, !>
[INFO] [stdout]    9:     0x61302e2befbd - __rustc[ea4f61d10b84890b]::rust_begin_unwind
[INFO] [stdout]   10:     0x61302e2fa2bc - core[a373ad73a504971]::panicking::panic_fmt
[INFO] [stdout]   11:     0x61302e2fa092 - core[a373ad73a504971]::result::unwrap_failed
[INFO] [stdout]   12:     0x61302e092d38 - <core[a373ad73a504971]::pin::Pin<&mut ftx[f63e949e9fb81c1c]::rest::tests::get_expired_futures::{closure#0}> as core[a373ad73a504971]::future::future::Future>::poll
[INFO] [stdout]   13:     0x61302e0ff947 - <tokio[b261a721efe6c763]::macros::scoped_tls::ScopedKey<tokio[b261a721efe6c763]::runtime::basic_scheduler::Context>>::set::<tokio[b261a721efe6c763]::runtime::basic_scheduler::enter<<tokio[b261a721efe6c763]::runtime::basic_scheduler::Inner<tokio[b261a721efe6c763]::runtime::driver::Driver>>::block_on<core[a373ad73a504971]::pin::Pin<&mut ftx[f63e949e9fb81c1c]::rest::tests::get_expired_futures::{closure#0}>>::{closure#0}, (), tokio[b261a721efe6c763]::runtime::driver::Driver>::{closure#0}, ()>
[INFO] [stdout]   14:     0x61302e0ab77a - <tokio[b261a721efe6c763]::runtime::basic_scheduler::BasicScheduler<tokio[b261a721efe6c763]::runtime::driver::Driver>>::block_on::<ftx[f63e949e9fb81c1c]::rest::tests::get_expired_futures::{closure#0}>
[INFO] [stdout]   15:     0x61302e0b4676 - <tokio[b261a721efe6c763]::runtime::Runtime>::block_on::<ftx[f63e949e9fb81c1c]::rest::tests::get_expired_futures::{closure#0}>
[INFO] [stdout]   16:     0x61302e0edbde - <ftx[f63e949e9fb81c1c]::rest::tests::get_expired_futures::{closure#0} as core[a373ad73a504971]::ops::function::FnOnce<()>>::call_once
[INFO] [stdout]   17:     0x61302e10818b - test[aada8e7e76ba119b]::__rust_begin_short_backtrace::<core[a373ad73a504971]::result::Result<(), alloc[2e1b2a31b91974c5]::string::String>, fn() -> core[a373ad73a504971]::result::Result<(), alloc[2e1b2a31b91974c5]::string::String>>
[INFO] [stdout]   18:     0x61302e115365 - test[aada8e7e76ba119b]::run_test::{closure#0}
[INFO] [stdout]   19:     0x61302e10ec54 - std[617be2ca0a6fd877]::sys::backtrace::__rust_begin_short_backtrace::<test[aada8e7e76ba119b]::run_test::{closure#1}, ()>
[INFO] [stdout]   20:     0x61302e1183f2 - <std[617be2ca0a6fd877]::thread::lifecycle::spawn_unchecked<test[aada8e7e76ba119b]::run_test::{closure#1}, ()>::{closure#1} as core[a373ad73a504971]::ops::function::FnOnce<()>>::call_once::{shim:vtable#0}
[INFO] [stdout]   21:     0x61302e2e229f - <std[617be2ca0a6fd877]::sys::thread::unix::Thread>::new::thread_start
[INFO] [stdout]   22:     0x7b3c58946dfa - <unknown>
[INFO] [stdout]   23:     0x7b3c589da3d4 - clone
[INFO] [stdout]   24:                0x0 - <unknown>
[INFO] [stdout] 
[INFO] [stdout] ---- rest::tests::get_markets stdout ----
[INFO] [stdout] 
[INFO] [stdout] thread 'rest::tests::get_markets' (3159) panicked at src/rest/tests.rs:109:10:
[INFO] [stdout] called `Result::unwrap()` on an `Err` value: Reqwest(reqwest::Error { kind: Request, url: Url { scheme: "https", cannot_be_a_base: false, username: "", password: None, host: Some(Domain("ftx.com")), port: None, path: "/api/markets", query: None, fragment: None }, source: hyper::Error(Connect, ConnectError("dns error", Custom { kind: Uncategorized, error: "failed to lookup address information: Temporary failure in name resolution" })) })
[INFO] [stdout] stack backtrace:
[INFO] [stdout]    0:     0x61302e2e2df1 - <<std[617be2ca0a6fd877]::sys::backtrace::BacktraceLock>::print::DisplayBacktrace as core[a373ad73a504971]::fmt::Display>::fmt
[INFO] [stdout]    1:     0x61302e2f9b5a - core[a373ad73a504971]::fmt::write
[INFO] [stdout]    2:     0x61302e2e79cc - <alloc[2e1b2a31b91974c5]::vec::Vec<u8> as core[a373ad73a504971]::io::write::Write>::write_fmt
[INFO] [stdout]    3:     0x61302e2be076 - std[617be2ca0a6fd877]::panicking::default_hook::{closure#0}
[INFO] [stdout]    4:     0x61302e2dacf9 - std[617be2ca0a6fd877]::panicking::default_hook
[INFO] [stdout]    5:     0x61302e114d40 - test[aada8e7e76ba119b]::test_main_inner::{closure#0}
[INFO] [stdout]    6:     0x61302e2db022 - std[617be2ca0a6fd877]::panicking::panic_with_hook
[INFO] [stdout]    7:     0x61302e2be122 - std[617be2ca0a6fd877]::panicking::panic_handler::{closure#0}
[INFO] [stdout]    8:     0x61302e2b6b19 - std[617be2ca0a6fd877]::sys::backtrace::__rust_end_short_backtrace::<std[617be2ca0a6fd877]::panicking::panic_handler::{closure#0}, !>
[INFO] [stdout]    9:     0x61302e2befbd - __rustc[ea4f61d10b84890b]::rust_begin_unwind
[INFO] [stdout]   10:     0x61302e2fa2bc - core[a373ad73a504971]::panicking::panic_fmt
[INFO] [stdout]   11:     0x61302e2fa092 - core[a373ad73a504971]::result::unwrap_failed
[INFO] [stdout]   12:     0x61302e08afc1 - <core[a373ad73a504971]::pin::Pin<&mut ftx[f63e949e9fb81c1c]::rest::tests::get_markets::{closure#0}> as core[a373ad73a504971]::future::future::Future>::poll
[INFO] [stdout]   13:     0x61302e0fd447 - <tokio[b261a721efe6c763]::macros::scoped_tls::ScopedKey<tokio[b261a721efe6c763]::runtime::basic_scheduler::Context>>::set::<tokio[b261a721efe6c763]::runtime::basic_scheduler::enter<<tokio[b261a721efe6c763]::runtime::basic_scheduler::Inner<tokio[b261a721efe6c763]::runtime::driver::Driver>>::block_on<core[a373ad73a504971]::pin::Pin<&mut ftx[f63e949e9fb81c1c]::rest::tests::get_markets::{closure#0}>>::{closure#0}, (), tokio[b261a721efe6c763]::runtime::driver::Driver>::{closure#0}, ()>
[INFO] [stdout]   14:     0x61302e0a96aa - <tokio[b261a721efe6c763]::runtime::basic_scheduler::BasicScheduler<tokio[b261a721efe6c763]::runtime::driver::Driver>>::block_on::<ftx[f63e949e9fb81c1c]::rest::tests::get_markets::{closure#0}>
[INFO] [stdout]   15:     0x61302e0b4076 - <tokio[b261a721efe6c763]::runtime::Runtime>::block_on::<ftx[f63e949e9fb81c1c]::rest::tests::get_markets::{closure#0}>
[INFO] [stdout]   16:     0x61302e0ed05e - <ftx[f63e949e9fb81c1c]::rest::tests::get_markets::{closure#0} as core[a373ad73a504971]::ops::function::FnOnce<()>>::call_once
[INFO] [stdout]   17:     0x61302e10818b - test[aada8e7e76ba119b]::__rust_begin_short_backtrace::<core[a373ad73a504971]::result::Result<(), alloc[2e1b2a31b91974c5]::string::String>, fn() -> core[a373ad73a504971]::result::Result<(), alloc[2e1b2a31b91974c5]::string::String>>
[INFO] [stdout]   18:     0x61302e115365 - test[aada8e7e76ba119b]::run_test::{closure#0}
[INFO] [stdout]   19:     0x61302e10ec54 - std[617be2ca0a6fd877]::sys::backtrace::__rust_begin_short_backtrace::<test[aada8e7e76ba119b]::run_test::{closure#1}, ()>
[INFO] [stdout]   20:     0x61302e1183f2 - <std[617be2ca0a6fd877]::thread::lifecycle::spawn_unchecked<test[aada8e7e76ba119b]::run_test::{closure#1}, ()>::{closure#1} as core[a373ad73a504971]::ops::function::FnOnce<()>>::call_once::{shim:vtable#0}
[INFO] [stdout]   21:     0x61302e2e229f - <std[617be2ca0a6fd877]::sys::thread::unix::Thread>::new::thread_start
[INFO] [stdout]   22:     0x7b3c58946dfa - <unknown>
[INFO] [stdout]   23:     0x7b3c589da3d4 - clone
[INFO] [stdout]   24:                0x0 - <unknown>
[INFO] [stdout] 
[INFO] [stdout] ---- rest::tests::get_market stdout ----
[INFO] [stdout] 
[INFO] [stdout] thread 'rest::tests::get_market' (3158) panicked at src/rest/tests.rs:118:10:
[INFO] [stdout] called `Result::unwrap()` on an `Err` value: Reqwest(reqwest::Error { kind: Request, url: Url { scheme: "https", cannot_be_a_base: false, username: "", password: None, host: Some(Domain("ftx.com")), port: None, path: "/api/markets/BTC/USD", query: None, fragment: None }, source: hyper::Error(Connect, ConnectError("dns error", Custom { kind: Uncategorized, error: "failed to lookup address information: Temporary failure in name resolution" })) })
[INFO] [stdout] stack backtrace:
[INFO] [stdout]    0:     0x61302e2e2df1 - <<std[617be2ca0a6fd877]::sys::backtrace::BacktraceLock>::print::DisplayBacktrace as core[a373ad73a504971]::fmt::Display>::fmt
[INFO] [stdout]    1:     0x61302e2f9b5a - core[a373ad73a504971]::fmt::write
[INFO] [stdout]    2:     0x61302e2e79cc - <alloc[2e1b2a31b91974c5]::vec::Vec<u8> as core[a373ad73a504971]::io::write::Write>::write_fmt
[INFO] [stdout]    3:     0x61302e2be076 - std[617be2ca0a6fd877]::panicking::default_hook::{closure#0}
[INFO] [stdout]    4:     0x61302e2dacf9 - std[617be2ca0a6fd877]::panicking::default_hook
[INFO] [stdout]    5:     0x61302e114d40 - test[aada8e7e76ba119b]::test_main_inner::{closure#0}
[INFO] [stdout]    6:     0x61302e2db022 - std[617be2ca0a6fd877]::panicking::panic_with_hook
[INFO] [stdout]    7:     0x61302e2be122 - std[617be2ca0a6fd877]::panicking::panic_handler::{closure#0}
[INFO] [stdout]    8:     0x61302e2b6b19 - std[617be2ca0a6fd877]::sys::backtrace::__rust_end_short_backtrace::<std[617be2ca0a6fd877]::panicking::panic_handler::{closure#0}, !>
[INFO] [stdout]    9:     0x61302e2befbd - __rustc[ea4f61d10b84890b]::rust_begin_unwind
[INFO] [stdout]   10:     0x61302e2fa2bc - core[a373ad73a504971]::panicking::panic_fmt
[INFO] [stdout]   11:     0x61302e2fa092 - core[a373ad73a504971]::result::unwrap_failed
[INFO] [stdout]   12:     0x61302e087705 - <core[a373ad73a504971]::pin::Pin<&mut ftx[f63e949e9fb81c1c]::rest::tests::get_market::{closure#0}> as core[a373ad73a504971]::future::future::Future>::poll
[INFO] [stdout]   13:     0x61302e0fc667 - <tokio[b261a721efe6c763]::macros::scoped_tls::ScopedKey<tokio[b261a721efe6c763]::runtime::basic_scheduler::Context>>::set::<tokio[b261a721efe6c763]::runtime::basic_scheduler::enter<<tokio[b261a721efe6c763]::runtime::basic_scheduler::Inner<tokio[b261a721efe6c763]::runtime::driver::Driver>>::block_on<core[a373ad73a504971]::pin::Pin<&mut ftx[f63e949e9fb81c1c]::rest::tests::get_market::{closure#0}>>::{closure#0}, (), tokio[b261a721efe6c763]::runtime::driver::Driver>::{closure#0}, ()>
[INFO] [stdout]   14:     0x61302e0a8a91 - <tokio[b261a721efe6c763]::runtime::basic_scheduler::BasicScheduler<tokio[b261a721efe6c763]::runtime::driver::Driver>>::block_on::<ftx[f63e949e9fb81c1c]::rest::tests::get_market::{closure#0}>
[INFO] [stdout]   15:     0x61302e0b3e36 - <tokio[b261a721efe6c763]::runtime::Runtime>::block_on::<ftx[f63e949e9fb81c1c]::rest::tests::get_market::{closure#0}>
[INFO] [stdout]   16:     0x61302e0ecc0e - <ftx[f63e949e9fb81c1c]::rest::tests::get_market::{closure#0} as core[a373ad73a504971]::ops::function::FnOnce<()>>::call_once
[INFO] [stdout]   17:     0x61302e10818b - test[aada8e7e76ba119b]::__rust_begin_short_backtrace::<core[a373ad73a504971]::result::Result<(), alloc[2e1b2a31b91974c5]::string::String>, fn() -> core[a373ad73a504971]::result::Result<(), alloc[2e1b2a31b91974c5]::string::String>>
[INFO] [stdout]   18:     0x61302e115365 - test[aada8e7e76ba119b]::run_test::{closure#0}
[INFO] [stdout]   19:     0x61302e10ec54 - std[617be2ca0a6fd877]::sys::backtrace::__rust_begin_short_backtrace::<test[aada8e7e76ba119b]::run_test::{closure#1}, ()>
[INFO] [stdout]   20:     0x61302e1183f2 - <std[617be2ca0a6fd877]::thread::lifecycle::spawn_unchecked<test[aada8e7e76ba119b]::run_test::{closure#1}, ()>::{closure#1} as core[a373ad73a504971]::ops::function::FnOnce<()>>::call_once::{shim:vtable#0}
[INFO] [stdout]   21:     0x61302e2e229f - <std[617be2ca0a6fd877]::sys::thread::unix::Thread>::new::thread_start
[INFO] [stdout]   22:     0x7b3c58946dfa - <unknown>
[INFO] [stdout]   23:     0x7b3c589da3d4 - clone
[INFO] [stdout]   24:                0x0 - <unknown>
[INFO] [stdout] 
[INFO] [stdout] ---- rest::tests::get_coins stdout ----
[INFO] [stdout] 
[INFO] [stdout] thread 'rest::tests::get_coins' (3150) panicked at src/rest/tests.rs:269:10:
[INFO] [stdout] called `Result::unwrap()` on an `Err` value: Reqwest(reqwest::Error { kind: Request, url: Url { scheme: "https", cannot_be_a_base: false, username: "", password: None, host: Some(Domain("ftx.com")), port: None, path: "/api/wallet/coins", query: None, fragment: None }, source: hyper::Error(Connect, ConnectError("dns error", Custom { kind: Uncategorized, error: "failed to lookup address information: Temporary failure in name resolution" })) })
[INFO] [stdout] stack backtrace:
[INFO] [stdout]    0:     0x61302e2e2df1 - <<std[617be2ca0a6fd877]::sys::backtrace::BacktraceLock>::print::DisplayBacktrace as core[a373ad73a504971]::fmt::Display>::fmt
[INFO] [stdout]    1:     0x61302e2f9b5a - core[a373ad73a504971]::fmt::write
[INFO] [stdout]    2:     0x61302e2e79cc - <alloc[2e1b2a31b91974c5]::vec::Vec<u8> as core[a373ad73a504971]::io::write::Write>::write_fmt
[INFO] [stdout]    3:     0x61302e2be076 - std[617be2ca0a6fd877]::panicking::default_hook::{closure#0}
[INFO] [stdout]    4:     0x61302e2dacf9 - std[617be2ca0a6fd877]::panicking::default_hook
[INFO] [stdout]    5:     0x61302e114d40 - test[aada8e7e76ba119b]::test_main_inner::{closure#0}
[INFO] [stdout]    6:     0x61302e2db022 - std[617be2ca0a6fd877]::panicking::panic_with_hook
[INFO] [stdout]    7:     0x61302e2be122 - std[617be2ca0a6fd877]::panicking::panic_handler::{closure#0}
[INFO] [stdout]    8:     0x61302e2b6b19 - std[617be2ca0a6fd877]::sys::backtrace::__rust_end_short_backtrace::<std[617be2ca0a6fd877]::panicking::panic_handler::{closure#0}, !>
[INFO] [stdout]    9:     0x61302e2befbd - __rustc[ea4f61d10b84890b]::rust_begin_unwind
[INFO] [stdout]   10:     0x61302e2fa2bc - core[a373ad73a504971]::panicking::panic_fmt
[INFO] [stdout]   11:     0x61302e2fa092 - core[a373ad73a504971]::result::unwrap_failed
[INFO] [stdout]   12:     0x61302e09bd64 - <core[a373ad73a504971]::pin::Pin<&mut ftx[f63e949e9fb81c1c]::rest::tests::get_coins::{closure#0}> as core[a373ad73a504971]::future::future::Future>::poll
[INFO] [stdout]   13:     0x61302e101e47 - <tokio[b261a721efe6c763]::macros::scoped_tls::ScopedKey<tokio[b261a721efe6c763]::runtime::basic_scheduler::Context>>::set::<tokio[b261a721efe6c763]::runtime::basic_scheduler::enter<<tokio[b261a721efe6c763]::runtime::basic_scheduler::Inner<tokio[b261a721efe6c763]::runtime::driver::Driver>>::block_on<core[a373ad73a504971]::pin::Pin<&mut ftx[f63e949e9fb81c1c]::rest::tests::get_coins::{closure#0}>>::{closure#0}, (), tokio[b261a721efe6c763]::runtime::driver::Driver>::{closure#0}, ()>
[INFO] [stdout]   14:     0x61302e0ad77a - <tokio[b261a721efe6c763]::runtime::basic_scheduler::BasicScheduler<tokio[b261a721efe6c763]::runtime::driver::Driver>>::block_on::<ftx[f63e949e9fb81c1c]::rest::tests::get_coins::{closure#0}>
[INFO] [stdout]   15:     0x61302e0b4cb6 - <tokio[b261a721efe6c763]::runtime::Runtime>::block_on::<ftx[f63e949e9fb81c1c]::rest::tests::get_coins::{closure#0}>
[INFO] [stdout]   16:     0x61302e0ee71e - <ftx[f63e949e9fb81c1c]::rest::tests::get_coins::{closure#0} as core[a373ad73a504971]::ops::function::FnOnce<()>>::call_once
[INFO] [stdout]   17:     0x61302e10818b - test[aada8e7e76ba119b]::__rust_begin_short_backtrace::<core[a373ad73a504971]::result::Result<(), alloc[2e1b2a31b91974c5]::string::String>, fn() -> core[a373ad73a504971]::result::Result<(), alloc[2e1b2a31b91974c5]::string::String>>
[INFO] [stdout]   18:     0x61302e115365 - test[aada8e7e76ba119b]::run_test::{closure#0}
[INFO] [stdout]   19:     0x61302e10ec54 - std[617be2ca0a6fd877]::sys::backtrace::__rust_begin_short_backtrace::<test[aada8e7e76ba119b]::run_test::{closure#1}, ()>
[INFO] [stdout]   20:     0x61302e1183f2 - <std[617be2ca0a6fd877]::thread::lifecycle::spawn_unchecked<test[aada8e7e76ba119b]::run_test::{closure#1}, ()>::{closure#1} as core[a373ad73a504971]::ops::function::FnOnce<()>>::call_once::{shim:vtable#0}
[INFO] [stdout]   21:     0x61302e2e229f - <std[617be2ca0a6fd877]::sys::thread::unix::Thread>::new::thread_start
[INFO] [stdout]   22:     0x7b3c58946dfa - <unknown>
[INFO] [stdout]   23:     0x7b3c589da3d4 - clone
[INFO] [stdout]   24:                0x0 - <unknown>
[INFO] [stdout] 
[INFO] [stdout] ---- rest::tests::get_future stdout ----
[INFO] [stdout] 
[INFO] [stdout] thread 'rest::tests::get_future' (3153) panicked at src/rest/tests.rs:182:10:
[INFO] [stdout] called `Result::unwrap()` on an `Err` value: Reqwest(reqwest::Error { kind: Request, url: Url { scheme: "https", cannot_be_a_base: false, username: "", password: None, host: Some(Domain("ftx.com")), port: None, path: "/api/futures/BTC-PERP", query: None, fragment: None }, source: hyper::Error(Connect, ConnectError("dns error", Custom { kind: Uncategorized, error: "failed to lookup address information: Temporary failure in name resolution" })) })
[INFO] [stdout] stack backtrace:
[INFO] [stdout]    0:     0x61302e2e2df1 - <<std[617be2ca0a6fd877]::sys::backtrace::BacktraceLock>::print::DisplayBacktrace as core[a373ad73a504971]::fmt::Display>::fmt
[INFO] [stdout]    1:     0x61302e2f9b5a - core[a373ad73a504971]::fmt::write
[INFO] [stdout]    2:     0x61302e2e79cc - <alloc[2e1b2a31b91974c5]::vec::Vec<u8> as core[a373ad73a504971]::io::write::Write>::write_fmt
[INFO] [stdout]    3:     0x61302e2be076 - std[617be2ca0a6fd877]::panicking::default_hook::{closure#0}
[INFO] [stdout]    4:     0x61302e2dacf9 - std[617be2ca0a6fd877]::panicking::default_hook
[INFO] [stdout]    5:     0x61302e114d40 - test[aada8e7e76ba119b]::test_main_inner::{closure#0}
[INFO] [stdout]    6:     0x61302e2db022 - std[617be2ca0a6fd877]::panicking::panic_with_hook
[INFO] [stdout]    7:     0x61302e2be122 - std[617be2ca0a6fd877]::panicking::panic_handler::{closure#0}
[INFO] [stdout]    8:     0x61302e2b6b19 - std[617be2ca0a6fd877]::sys::backtrace::__rust_end_short_backtrace::<std[617be2ca0a6fd877]::panicking::panic_handler::{closure#0}, !>
[INFO] [stdout]    9:     0x61302e2befbd - __rustc[ea4f61d10b84890b]::rust_begin_unwind
[INFO] [stdout]   10:     0x61302e2fa2bc - core[a373ad73a504971]::panicking::panic_fmt
[INFO] [stdout]   11:     0x61302e2fa092 - core[a373ad73a504971]::result::unwrap_failed
[INFO] [stdout]   12:     0x61302e086ea6 - <core[a373ad73a504971]::pin::Pin<&mut ftx[f63e949e9fb81c1c]::rest::tests::get_future::{closure#0}> as core[a373ad73a504971]::future::future::Future>::poll
[INFO] [stdout]   13:     0x61302e0fc1c7 - <tokio[b261a721efe6c763]::macros::scoped_tls::ScopedKey<tokio[b261a721efe6c763]::runtime::basic_scheduler::Context>>::set::<tokio[b261a721efe6c763]::runtime::basic_scheduler::enter<<tokio[b261a721efe6c763]::runtime::basic_scheduler::Inner<tokio[b261a721efe6c763]::runtime::driver::Driver>>::block_on<core[a373ad73a504971]::pin::Pin<&mut ftx[f63e949e9fb81c1c]::rest::tests::get_future::{closure#0}>>::{closure#0}, (), tokio[b261a721efe6c763]::runtime::driver::Driver>::{closure#0}, ()>
[INFO] [stdout]   14:     0x61302e0a867a - <tokio[b261a721efe6c763]::runtime::basic_scheduler::BasicScheduler<tokio[b261a721efe6c763]::runtime::driver::Driver>>::block_on::<ftx[f63e949e9fb81c1c]::rest::tests::get_future::{closure#0}>
[INFO] [stdout]   15:     0x61302e0b3d76 - <tokio[b261a721efe6c763]::runtime::Runtime>::block_on::<ftx[f63e949e9fb81c1c]::rest::tests::get_future::{closure#0}>
[INFO] [stdout]   16:     0x61302e0eca9e - <ftx[f63e949e9fb81c1c]::rest::tests::get_future::{closure#0} as core[a373ad73a504971]::ops::function::FnOnce<()>>::call_once
[INFO] [stdout]   17:     0x61302e10818b - test[aada8e7e76ba119b]::__rust_begin_short_backtrace::<core[a373ad73a504971]::result::Result<(), alloc[2e1b2a31b91974c5]::string::String>, fn() -> core[a373ad73a504971]::result::Result<(), alloc[2e1b2a31b91974c5]::string::String>>
[INFO] [stdout]   18:     0x61302e115365 - test[aada8e7e76ba119b]::run_test::{closure#0}
[INFO] [stdout]   19:     0x61302e10ec54 - std[617be2ca0a6fd877]::sys::backtrace::__rust_begin_short_backtrace::<test[aada8e7e76ba119b]::run_test::{closure#1}, ()>
[INFO] [stdout]   20:     0x61302e1183f2 - <std[617be2ca0a6fd877]::thread::lifecycle::spawn_unchecked<test[aada8e7e76ba119b]::run_test::{closure#1}, ()>::{closure#1} as core[a373ad73a504971]::ops::function::FnOnce<()>>::call_once::{shim:vtable#0}
[INFO] [stdout]   21:     0x61302e2e229f - <std[617be2ca0a6fd877]::sys::thread::unix::Thread>::new::thread_start
[INFO] [stdout]   22:     0x7b3c58946dfa - <unknown>
[INFO] [stdout]   23:     0x7b3c589da3d4 - clone
[INFO] [stdout]   24:                0x0 - <unknown>
[INFO] [stdout] 
[INFO] [stdout] 
[INFO] [stdout] failures:
[INFO] [stdout]     rest::tests::get_coins
[INFO] [stdout]     rest::tests::get_expired_futures
[INFO] [stdout]     rest::tests::get_funding_rates
[INFO] [stdout]     rest::tests::get_future
[INFO] [stdout]     rest::tests::get_futures
[INFO] [stdout]     rest::tests::get_historical_index
[INFO] [stdout]     rest::tests::get_historical_prices
[INFO] [stdout]     rest::tests::get_index_weights
[INFO] [stdout]     rest::tests::get_market
[INFO] [stdout]     rest::tests::get_markets
[INFO] [stdout]     rest::tests::get_orderbook
[INFO] [stdout]     rest::tests::get_trades
[INFO] [stdout]     ws::tests::order_book_checksum
[INFO] [stdout]     ws::tests::order_book_update
[INFO] [stdout]     ws::tests::subscribe_authenticated_updates_on_unauthenticated_channel
[INFO] [stdout]     ws::tests::subscribe_unsubscribe_trades
[INFO] [stdout]     ws::tests::trades
[INFO] [stdout] 
[INFO] [stdout] test result: FAILED. 2 passed; 17 failed; 11 ignored; 0 measured; 0 filtered out; finished in 0.13s
[INFO] [stdout] 
[INFO] running `Command { std: "docker" "inspect" "efa6efc790f0527d09efc4a3811454e45f7df7f7e501dbd0b0bd3bb1c037774f", kill_on_drop: false }`
[INFO] running `Command { std: "docker" "rm" "-f" "efa6efc790f0527d09efc4a3811454e45f7df7f7e501dbd0b0bd3bb1c037774f", kill_on_drop: false }`
[INFO] [stdout] efa6efc790f0527d09efc4a3811454e45f7df7f7e501dbd0b0bd3bb1c037774f
