[INFO] fetching crate fs_undo 0.1.2...
[INFO] testing fs_undo-0.1.2 against 1.100.0-beta.1+cargoflags=--release for beta-release-1.100-2
[INFO] extracting crate fs_undo 0.1.2 into /workspace/builds/worker-3-tc2/source
[INFO] started tweaking crates.io crate fs_undo 0.1.2
[INFO] finished tweaking crates.io crate fs_undo 0.1.2
[INFO] tweaked toml for crates.io crate fs_undo 0.1.2 written to /workspace/builds/worker-3-tc2/source/Cargo.toml
[INFO] validating manifest of crates.io crate fs_undo 0.1.2 on toolchain 1.100.0-beta.1
[INFO] running `Command { std: CARGO_HOME="/workspace/cargo-home" RUSTUP_HOME="/workspace/rustup-home" "/workspace/cargo-home/bin/cargo" "+1.100.0-beta.1" "metadata" "--manifest-path" "Cargo.toml" "--no-deps", kill_on_drop: false }`
[INFO] crate crates.io crate fs_undo 0.1.2 already has a lockfile, it will not be regenerated
[INFO] running `Command { std: CARGO_HOME="/workspace/cargo-home" RUSTUP_HOME="/workspace/rustup-home" "/workspace/cargo-home/bin/cargo" "+1.100.0-beta.1" "fetch" "--manifest-path" "Cargo.toml", kill_on_drop: false }`
[INFO] running `Command { std: "docker" "create" "-v" "/var/lib/crater-agent-workspace/builds/worker-3-tc2/source:/opt/rustwide/workdir:ro,Z" "-v" "/var/lib/crater-agent-workspace/builds/worker-3-tc2/target:/opt/rustwide/target:rw,Z" "-v" "/var/lib/crater-agent-workspace/cargo-home:/opt/rustwide/cargo-home:ro,Z" "-v" "/var/lib/crater-agent-workspace/rustup-home:/opt/rustwide/rustup-home:ro,Z" "-m" "1610612736" "--network" "none" "ghcr.io/rust-lang/crates-build-env/linux@sha256:77db811e55d90add9212f6832c23229e3de5f1c1f9905e8cb07319ea15df73ac" "sleep" "infinity", kill_on_drop: false }`
[INFO] [stdout] 9cf577e16dbf005402896a01a6d3bf84ee6442a21c6237349d7089c3c4d4b542
[INFO] running `Command { std: "docker" "start" "9cf577e16dbf005402896a01a6d3bf84ee6442a21c6237349d7089c3c4d4b542", kill_on_drop: false }`
[INFO] running `Command { std: "docker" "inspect" "9cf577e16dbf005402896a01a6d3bf84ee6442a21c6237349d7089c3c4d4b542", kill_on_drop: false }`
[INFO] running `Command { std: "docker" "exec" "-e" "SOURCE_DIR=/opt/rustwide/workdir" "-e" "CARGO_HOME=/opt/rustwide/cargo-home" "-e" "RUSTUP_HOME=/opt/rustwide/rustup-home" "-e" "CARGO_TARGET_DIR=/opt/rustwide/target" "-w" "/opt/rustwide/workdir" "--user" "0:0" "9cf577e16dbf005402896a01a6d3bf84ee6442a21c6237349d7089c3c4d4b542" "/opt/rustwide/cargo-home/bin/cargo" "+1.100.0-beta.1" "metadata" "--no-deps" "--format-version=1", kill_on_drop: false }`
[INFO] running `Command { std: "docker" "inspect" "9cf577e16dbf005402896a01a6d3bf84ee6442a21c6237349d7089c3c4d4b542", kill_on_drop: false }`
[INFO] running `Command { std: "docker" "exec" "-e" "SOURCE_DIR=/opt/rustwide/workdir" "-e" "CARGO_HOME=/opt/rustwide/cargo-home" "-e" "RUSTUP_HOME=/opt/rustwide/rustup-home" "-e" "CARGO_TARGET_DIR=/opt/rustwide/target" "-e" "CARGO_INCREMENTAL=0" "-e" "RUST_BACKTRACE=full" "-e" "RUSTFLAGS=--cap-lints=warn" "-e" "RUSTDOCFLAGS=--cap-lints=warn" "-w" "/opt/rustwide/workdir" "--user" "0:0" "9cf577e16dbf005402896a01a6d3bf84ee6442a21c6237349d7089c3c4d4b542" "/opt/rustwide/cargo-home/bin/cargo" "+1.100.0-beta.1" "build" "--frozen" "--message-format=json" "--release", kill_on_drop: false }`
[INFO] [stderr]    Compiling libc v0.2.189
[INFO] [stderr]    Compiling getrandom v0.4.3
[INFO] [stderr]    Compiling chacha20 v0.10.1
[INFO] [stderr]    Compiling rand v0.10.2
[INFO] [stderr]    Compiling fs_undo v0.1.2 (/opt/rustwide/workdir)
[INFO] [stderr] warning: unused dependency `rand`
[INFO] [stderr]  --> Cargo.toml:7:15
[INFO] [stderr]   |
[INFO] [stderr] 7 | [dependencies.rand]
[INFO] [stderr]   |               ^^^^^
[INFO] [stderr]   |
[INFO] [stderr]   = note: `cargo::unused_dependencies` is set to `warn` by default
[INFO] [stderr] help: consider removing the dependency on `rand`
[INFO] [stderr] warning: `fs_undo` (manifest) generated 1 warning
[INFO] [stderr]     Finished `release` profile [optimized] target(s) in 2.39s
[INFO] running `Command { std: "docker" "inspect" "9cf577e16dbf005402896a01a6d3bf84ee6442a21c6237349d7089c3c4d4b542", kill_on_drop: false }`
[INFO] running `Command { std: "docker" "exec" "-e" "SOURCE_DIR=/opt/rustwide/workdir" "-e" "CARGO_HOME=/opt/rustwide/cargo-home" "-e" "RUSTUP_HOME=/opt/rustwide/rustup-home" "-e" "CARGO_TARGET_DIR=/opt/rustwide/target" "-e" "CARGO_INCREMENTAL=0" "-e" "RUST_BACKTRACE=full" "-e" "RUSTFLAGS=--cap-lints=warn" "-e" "RUSTDOCFLAGS=--cap-lints=warn" "-w" "/opt/rustwide/workdir" "--user" "0:0" "9cf577e16dbf005402896a01a6d3bf84ee6442a21c6237349d7089c3c4d4b542" "/opt/rustwide/cargo-home/bin/cargo" "+1.100.0-beta.1" "test" "--frozen" "--no-run" "--message-format=json" "--release", kill_on_drop: false }`
[INFO] [stderr]    Compiling fs_undo v0.1.2 (/opt/rustwide/workdir)
[INFO] [stderr] warning: unused dependency `rand`
[INFO] [stderr]  --> Cargo.toml:7:15
[INFO] [stderr]   |
[INFO] [stderr] 7 | [dependencies.rand]
[INFO] [stderr]   |               ^^^^^
[INFO] [stderr]   |
[INFO] [stderr]   = note: `cargo::unused_dependencies` is set to `warn` by default
[INFO] [stderr] help: consider removing the dependency on `rand`
[INFO] [stderr] help: to still use for development builds, move to `dev-dependencies`
[INFO] [stderr] warning: `fs_undo` (manifest) generated 1 warning
[INFO] [stderr]     Finished `release` profile [optimized] target(s) in 0.73s
[INFO] running `Command { std: "docker" "inspect" "9cf577e16dbf005402896a01a6d3bf84ee6442a21c6237349d7089c3c4d4b542", kill_on_drop: false }`
[INFO] running `Command { std: "docker" "exec" "-e" "SOURCE_DIR=/opt/rustwide/workdir" "-e" "CARGO_HOME=/opt/rustwide/cargo-home" "-e" "RUSTUP_HOME=/opt/rustwide/rustup-home" "-e" "CARGO_TARGET_DIR=/opt/rustwide/target" "-e" "CARGO_INCREMENTAL=0" "-e" "RUST_BACKTRACE=full" "-e" "RUSTFLAGS=--cap-lints=warn" "-e" "RUSTDOCFLAGS=--cap-lints=warn" "-w" "/opt/rustwide/workdir" "--user" "0:0" "9cf577e16dbf005402896a01a6d3bf84ee6442a21c6237349d7089c3c4d4b542" "/opt/rustwide/cargo-home/bin/cargo" "+1.100.0-beta.1" "test" "--frozen" "--release", kill_on_drop: false }`
[INFO] [stderr] warning: unused dependency `rand`
[INFO] [stderr]  --> Cargo.toml:7:15
[INFO] [stderr]   |
[INFO] [stderr] 7 | [dependencies.rand]
[INFO] [stderr]   |               ^^^^^
[INFO] [stderr]   |
[INFO] [stderr]   = note: `cargo::unused_dependencies` is set to `warn` by default
[INFO] [stderr] help: consider removing the dependency on `rand`
[INFO] [stderr] help: to still use for development builds, move to `dev-dependencies`
[INFO] [stderr] warning: `fs_undo` (manifest) generated 1 warning
[INFO] [stderr]     Finished `release` profile [optimized] target(s) in 0.01s
[INFO] [stderr]      Running unittests src/lib.rs (/opt/rustwide/target/release/build/fs_undo/d7fe64a223986c95/out/fs_undo-d7fe64a223986c95)
[INFO] [stdout] 
[INFO] [stdout] running 46 tests
[INFO] [stdout] test fs_op::dir::create::tests::test_create_dir ... FAILED
[INFO] [stdout] test fs_op::dir::create_all::tests::test_create_dir_all_twice ... FAILED
[INFO] [stdout] test fs_op::dir::remove_all::tests::test_remove_dir_all_undo ... FAILED
[INFO] [stdout] test fs_op::dir::create::tests::test_create_dir_undo_twice ... FAILED
[INFO] [stdout] test fs_op::dir::create::tests::test_create_dir_no_parent ... FAILED
[INFO] [stdout] test fs_op::dir::remove_empty::tests::test_remove_empty_dir ... FAILED
[INFO] [stdout] test fs_op::dir::create_all::tests::test_create_dir_all_undo_twice ... FAILED
[INFO] [stdout] test fs_op::dir::create::tests::test_create_dir_twice ... FAILED
[INFO] [stdout] test fs_op::dir::remove_empty::tests::test_remove_empty_dir_twice ... FAILED
[INFO] [stdout] test fs_op::dir::remove_all::tests::test_remove_dir_all_twice ... FAILED
[INFO] [stdout] test fs_op::dir::create_all::tests::test_create_dir_all_undo ... FAILED
[INFO] [stdout] test fs_op::dir::create::tests::test_create_dir_undo ... FAILED
[INFO] [stdout] test fs_op::dir::remove_all::tests::test_remove_dir_all_undo_twice ... FAILED
[INFO] [stdout] test fs_op::dir::create::tests::test_undo_before_create_dir ... FAILED
[INFO] [stdout] test fs_op::dir::create_all::tests::test_undo_before_create_dir_all ... FAILED
[INFO] [stdout] test fs_op::dir::remove_empty::tests::test_remove_empty_dir_undo ... FAILED
[INFO] [stdout] test fs_op::file::create::tests::test_create_file ... FAILED
[INFO] [stdout] test fs_op::dir::create_all::tests::test_create_dir_all ... FAILED
[INFO] [stdout] test fs_op::file::create::tests::test_create_file_undo ... FAILED
[INFO] [stdout] test fs_op::dir::remove_empty::tests::test_remove_empty_dir_undo_twice ... FAILED
[INFO] [stdout] test fs_op::file::create::tests::test_create_file_twice ... FAILED
[INFO] [stdout] test fs_op::file::create::tests::test_create_file_undo_twice ... FAILED
[INFO] [stdout] test fs_op::dir::remove_all::tests::test_remove_dir_all ... FAILED
[INFO] [stdout] test fs_op::file::create::tests::test_undo_before_create_file ... FAILED
[INFO] [stdout] test fs_op::file::remove::tests::test_remove_file ... FAILED
[INFO] [stdout] test fs_op::file::remove::tests::test_remove_file_twice ... FAILED
[INFO] [stdout] test fs_op::file::remove::tests::test_remove_file_undo ... FAILED
[INFO] [stdout] test fs_op::file::remove::tests::test_remove_file_undo_twice ... FAILED
[INFO] [stdout] test fs_op::file::write_copy::tests::test_copy_file_twice ... FAILED
[INFO] [stdout] test fs_op::file::write_copy::tests::test_copy_new_file ... FAILED
[INFO] [stdout] test fs_op::file::write_copy::tests::test_copy_new_file_undo ... FAILED
[INFO] [stdout] test fs_op::file::write_copy::tests::test_copy_new_file_undo_twice ... FAILED
[INFO] [stdout] test fs_op::file::write_copy::tests::test_copy_over_file ... FAILED
[INFO] [stdout] test fs_op::file::write_copy::tests::test_copy_over_file_undo ... FAILED
[INFO] [stdout] test fs_op::file::write_copy::tests::test_overwrite_file ... FAILED
[INFO] [stdout] test fs_op::file::write_copy::tests::test_overwrite_file_undo ... FAILED
[INFO] [stdout] test fs_op::file::write_copy::tests::test_undo_before_write_or_copy ... FAILED
[INFO] [stdout] test fs_op::file::write_copy::tests::test_write_file_twice ... FAILED
[INFO] [stdout] test fs_op::file::write_copy::tests::test_write_new_file ... FAILED
[INFO] [stdout] test fs_op::file::write_copy::tests::test_write_new_file_undo ... FAILED
[INFO] [stdout] test fs_op::file::write_copy::tests::test_write_new_file_undo_twice ... FAILED
[INFO] [stdout] test fs_op::symlink::create::tests::test_create_symlink ... FAILED
[INFO] [stdout] test fs_op::symlink::create::tests::test_create_symlink_twice ... FAILED
[INFO] [stdout] test fs_op::symlink::create::tests::test_create_symlink_undo ... FAILED
[INFO] [stdout] test fs_op::symlink::create::tests::test_create_symlink_undo_twice ... FAILED
[INFO] [stdout] test fs_op::symlink::create::tests::test_undo_before_create_symlink ... FAILED
[INFO] [stdout] 
[INFO] [stdout] failures:
[INFO] [stdout] 
[INFO] [stdout] ---- fs_op::dir::create::tests::test_create_dir stdout ----
[INFO] [stdout] 
[INFO] [stdout] thread 'fs_op::dir::create::tests::test_create_dir' (226) panicked at src/test_util.rs:23:30:
[INFO] [stdout] called `Result::unwrap()` on an `Err` value: Os { code: 30, kind: ReadOnlyFilesystem, message: "Read-only file system" }
[INFO] [stdout] stack backtrace:
[INFO] [stdout]    0:     0x613f549f8181 - <<std[617be2ca0a6fd877]::sys::backtrace::BacktraceLock>::print::DisplayBacktrace as core[a373ad73a504971]::fmt::Display>::fmt
[INFO] [stdout]    1:     0x613f54a0c67a - core[a373ad73a504971]::fmt::write
[INFO] [stdout]    2:     0x613f549fc76c - <alloc[2e1b2a31b91974c5]::vec::Vec<u8> as core[a373ad73a504971]::io::write::Write>::write_fmt
[INFO] [stdout]    3:     0x613f549d1246 - std[617be2ca0a6fd877]::panicking::default_hook::{closure#0}
[INFO] [stdout]    4:     0x613f549ee629 - std[617be2ca0a6fd877]::panicking::default_hook
[INFO] [stdout]    5:     0x613f54988770 - test[aada8e7e76ba119b]::test_main_inner::{closure#0}
[INFO] [stdout]    6:     0x613f549ee7e2 - std[617be2ca0a6fd877]::panicking::panic_with_hook
[INFO] [stdout]    7:     0x613f549d12f2 - std[617be2ca0a6fd877]::panicking::panic_handler::{closure#0}
[INFO] [stdout]    8:     0x613f549c9bf9 - std[617be2ca0a6fd877]::sys::backtrace::__rust_end_short_backtrace::<std[617be2ca0a6fd877]::panicking::panic_handler::{closure#0}, !>
[INFO] [stdout]    9:     0x613f549d20dd - __rustc[ea4f61d10b84890b]::rust_begin_unwind
[INFO] [stdout]   10:     0x613f54a0cdac - core[a373ad73a504971]::panicking::panic_fmt
[INFO] [stdout]   11:     0x613f54a0cb82 - core[a373ad73a504971]::result::unwrap_failed
[INFO] [stdout]   12:     0x613f5496edcf - <std[617be2ca0a6fd877]::sync::once::Once>::call_once_force::<<std[617be2ca0a6fd877]::sync::once_lock::OnceLock<&std[617be2ca0a6fd877]::path::Path>>::initialize<<std[617be2ca0a6fd877]::sync::once_lock::OnceLock<&std[617be2ca0a6fd877]::path::Path>>::get_or_init<fs_undo[98fc37c7c710c139]::test_util::init_base_path::{closure#0}>::{closure#0}, !>::{closure#0}>::{closure#0}
[INFO] [stdout]   13:     0x613f549d7009 - <std[617be2ca0a6fd877]::sys::sync::once::futex::Once>::call
[INFO] [stdout]   14:     0x613f5496ea57 - <std[617be2ca0a6fd877]::sync::once_lock::OnceLock<&std[617be2ca0a6fd877]::path::Path>>::initialize::<<std[617be2ca0a6fd877]::sync::once_lock::OnceLock<&std[617be2ca0a6fd877]::path::Path>>::get_or_init<fs_undo[98fc37c7c710c139]::test_util::init_base_path::{closure#0}>::{closure#0}, !>
[INFO] [stdout]   15:     0x613f549771dd - fs_undo[98fc37c7c710c139]::test_util::init_test_path::<&str>
[INFO] [stdout]   16:     0x613f5496f9b8 - <fs_undo[98fc37c7c710c139]::fs_op::dir::create::tests::test_create_dir::{closure#0} as core[a373ad73a504971]::ops::function::FnOnce<()>>::call_once
[INFO] [stdout]   17:     0x613f5497bbbb - test[aada8e7e76ba119b]::__rust_begin_short_backtrace::<core[a373ad73a504971]::result::Result<(), alloc[2e1b2a31b91974c5]::string::String>, fn() -> core[a373ad73a504971]::result::Result<(), alloc[2e1b2a31b91974c5]::string::String>>
[INFO] [stdout]   18:     0x613f54988d95 - test[aada8e7e76ba119b]::run_test::{closure#0}
[INFO] [stdout]   19:     0x613f54982684 - std[617be2ca0a6fd877]::sys::backtrace::__rust_begin_short_backtrace::<test[aada8e7e76ba119b]::run_test::{closure#1}, ()>
[INFO] [stdout]   20:     0x613f5498be22 - <std[617be2ca0a6fd877]::thread::lifecycle::spawn_unchecked<test[aada8e7e76ba119b]::run_test::{closure#1}, ()>::{closure#1} as core[a373ad73a504971]::ops::function::FnOnce<()>>::call_once::{shim:vtable#0}
[INFO] [stdout]   21:     0x613f549f742f - <std[617be2ca0a6fd877]::sys::thread::unix::Thread>::new::thread_start
[INFO] [stdout]   22:     0x7a960ac61dfa - <unknown>
[INFO] [stdout]   23:     0x7a960acf53d4 - clone
[INFO] [stdout]   24:                0x0 - <unknown>
[INFO] [stdout] 
[INFO] [stdout] ---- fs_op::dir::create_all::tests::test_create_dir_all_twice stdout ----
[INFO] [stdout] 
[INFO] [stdout] thread 'fs_op::dir::create_all::tests::test_create_dir_all_twice' (233) panicked at src/test_util.rs:23:30:
[INFO] [stdout] called `Result::unwrap()` on an `Err` value: Os { code: 30, kind: ReadOnlyFilesystem, message: "Read-only file system" }
[INFO] [stdout] stack backtrace:
[INFO] [stdout]    0:     0x613f549f8181 - <<std[617be2ca0a6fd877]::sys::backtrace::BacktraceLock>::print::DisplayBacktrace as core[a373ad73a504971]::fmt::Display>::fmt
[INFO] [stdout]    1:     0x613f54a0c67a - core[a373ad73a504971]::fmt::write
[INFO] [stdout]    2:     0x613f549fc76c - <alloc[2e1b2a31b91974c5]::vec::Vec<u8> as core[a373ad73a504971]::io::write::Write>::write_fmt
[INFO] [stdout]    3:     0x613f549d1246 - std[617be2ca0a6fd877]::panicking::default_hook::{closure#0}
[INFO] [stdout]    4:     0x613f549ee629 - std[617be2ca0a6fd877]::panicking::default_hook
[INFO] [stdout]    5:     0x613f54988770 - test[aada8e7e76ba119b]::test_main_inner::{closure#0}
[INFO] [stdout]    6:     0x613f549ee7e2 - std[617be2ca0a6fd877]::panicking::panic_with_hook
[INFO] [stdout]    7:     0x613f549d12f2 - std[617be2ca0a6fd877]::panicking::panic_handler::{closure#0}
[INFO] [stdout]    8:     0x613f549c9bf9 - std[617be2ca0a6fd877]::sys::backtrace::__rust_end_short_backtrace::<std[617be2ca0a6fd877]::panicking::panic_handler::{closure#0}, !>
[INFO] [stdout]    9:     0x613f549d20dd - __rustc[ea4f61d10b84890b]::rust_begin_unwind
[INFO] [stdout]   10:     0x613f54a0cdac - core[a373ad73a504971]::panicking::panic_fmt
[INFO] [stdout]   11:     0x613f54a0cb82 - core[a373ad73a504971]::result::unwrap_failed
[INFO] [stdout]   12:     0x613f5496edcf - <std[617be2ca0a6fd877]::sync::once::Once>::call_once_force::<<std[617be2ca0a6fd877]::sync::once_lock::OnceLock<&std[617be2ca0a6fd877]::path::Path>>::initialize<<std[617be2ca0a6fd877]::sync::once_lock::OnceLock<&std[617be2ca0a6fd877]::path::Path>>::get_or_init<fs_undo[98fc37c7c710c139]::test_util::init_base_path::{closure#0}>::{closure#0}, !>::{closure#0}>::{closure#0}
[INFO] [stdout]   13:     0x613f549d7009 - <std[617be2ca0a6fd877]::sys::sync::once::futex::Once>::call
[INFO] [stdout]   14:     0x613f5496ea57 - <std[617be2ca0a6fd877]::sync::once_lock::OnceLock<&std[617be2ca0a6fd877]::path::Path>>::initialize::<<std[617be2ca0a6fd877]::sync::once_lock::OnceLock<&std[617be2ca0a6fd877]::path::Path>>::get_or_init<fs_undo[98fc37c7c710c139]::test_util::init_base_path::{closure#0}>::{closure#0}, !>
[INFO] [stdout]   15:     0x613f549771dd - fs_undo[98fc37c7c710c139]::test_util::init_test_path::<&str>
[INFO] [stdout]   16:     0x613f5496d618 - <fs_undo[98fc37c7c710c139]::fs_op::dir::create_all::tests::test_create_dir_all_twice::{closure#0} as core[a373ad73a504971]::ops::function::FnOnce<()>>::call_once
[INFO] [stdout]   17:     0x613f5497bbbb - test[aada8e7e76ba119b]::__rust_begin_short_backtrace::<core[a373ad73a504971]::result::Result<(), alloc[2e1b2a31b91974c5]::string::String>, fn() -> core[a373ad73a504971]::result::Result<(), alloc[2e1b2a31b91974c5]::string::String>>
[INFO] [stdout]   18:     0x613f54988d95 - test[aada8e7e76ba119b]::run_test::{closure#0}
[INFO] [stdout]   19:     0x613f54982684 - std[617be2ca0a6fd877]::sys::backtrace::__rust_begin_short_backtrace::<test[aada8e7e76ba119b]::run_test::{closure#1}, ()>
[INFO] [stdout]   20:     0x613f5498be22 - <std[617be2ca0a6fd877]::thread::lifecycle::spawn_unchecked<test[aada8e7e76ba119b]::run_test::{closure#1}, ()>::{closure#1} as core[a373ad73a504971]::ops::function::FnOnce<()>>::call_once::{shim:vtable#0}
[INFO] [stdout]   21:     0x613f549f742f - <std[617be2ca0a6fd877]::sys::thread::unix::Thread>::new::thread_start
[INFO] [stdout]   22:     0x7a960ac61dfa - <unknown>
[INFO] [stdout]   23:     0x7a960acf53d4 - clone
[INFO] [stdout]   24:                0x0 - <unknown>
[INFO] [stdout] 
[INFO] [stdout] ---- fs_op::dir::remove_all::tests::test_remove_dir_all_undo stdout ----
[INFO] [stdout] 
[INFO] [stdout] thread 'fs_op::dir::remove_all::tests::test_remove_dir_all_undo' (239) panicked at src/test_util.rs:23:30:
[INFO] [stdout] called `Result::unwrap()` on an `Err` value: Os { code: 30, kind: ReadOnlyFilesystem, message: "Read-only file system" }
[INFO] [stdout] stack backtrace:
[INFO] [stdout]    0:     0x613f549f8181 - <<std[617be2ca0a6fd877]::sys::backtrace::BacktraceLock>::print::DisplayBacktrace as core[a373ad73a504971]::fmt::Display>::fmt
[INFO] [stdout]    1:     0x613f54a0c67a - core[a373ad73a504971]::fmt::write
[INFO] [stdout]    2:     0x613f549fc76c - <alloc[2e1b2a31b91974c5]::vec::Vec<u8> as core[a373ad73a504971]::io::write::Write>::write_fmt
[INFO] [stdout]    3:     0x613f549d1246 - std[617be2ca0a6fd877]::panicking::default_hook::{closure#0}
[INFO] [stdout]    4:     0x613f549ee629 - std[617be2ca0a6fd877]::panicking::default_hook
[INFO] [stdout]    5:     0x613f54988770 - test[aada8e7e76ba119b]::test_main_inner::{closure#0}
[INFO] [stdout]    6:     0x613f549ee7e2 - std[617be2ca0a6fd877]::panicking::panic_with_hook
[INFO] [stdout]    7:     0x613f549d12f2 - std[617be2ca0a6fd877]::panicking::panic_handler::{closure#0}
[INFO] [stdout]    8:     0x613f549c9bf9 - std[617be2ca0a6fd877]::sys::backtrace::__rust_end_short_backtrace::<std[617be2ca0a6fd877]::panicking::panic_handler::{closure#0}, !>
[INFO] [stdout]    9:     0x613f549d20dd - __rustc[ea4f61d10b84890b]::rust_begin_unwind
[INFO] [stdout]   10:     0x613f54a0cdac - core[a373ad73a504971]::panicking::panic_fmt
[INFO] [stdout]   11:     0x613f54a0cb82 - core[a373ad73a504971]::result::unwrap_failed
[INFO] [stdout]   12:     0x613f5496edcf - <std[617be2ca0a6fd877]::sync::once::Once>::call_once_force::<<std[617be2ca0a6fd877]::sync::once_lock::OnceLock<&std[617be2ca0a6fd877]::path::Path>>::initialize<<std[617be2ca0a6fd877]::sync::once_lock::OnceLock<&std[617be2ca0a6fd877]::path::Path>>::get_or_init<fs_undo[98fc37c7c710c139]::test_util::init_base_path::{closure#0}>::{closure#0}, !>::{closure#0}>::{closure#0}
[INFO] [stdout]   13:     0x613f549d7009 - <std[617be2ca0a6fd877]::sys::sync::once::futex::Once>::call
[INFO] [stdout]   14:     0x613f5496ea57 - <std[617be2ca0a6fd877]::sync::once_lock::OnceLock<&std[617be2ca0a6fd877]::path::Path>>::initialize::<<std[617be2ca0a6fd877]::sync::once_lock::OnceLock<&std[617be2ca0a6fd877]::path::Path>>::get_or_init<fs_undo[98fc37c7c710c139]::test_util::init_base_path::{closure#0}>::{closure#0}, !>
[INFO] [stdout]   15:     0x613f549771dd - fs_undo[98fc37c7c710c139]::test_util::init_test_path::<&str>
[INFO] [stdout]   16:     0x613f5497af3a - <fs_undo[98fc37c7c710c139]::fs_op::dir::remove_all::tests::test_remove_dir_all_undo::{closure#0} as core[a373ad73a504971]::ops::function::FnOnce<()>>::call_once
[INFO] [stdout]   17:     0x613f5497bbbb - test[aada8e7e76ba119b]::__rust_begin_short_backtrace::<core[a373ad73a504971]::result::Result<(), alloc[2e1b2a31b91974c5]::string::String>, fn() -> core[a373ad73a504971]::result::Result<(), alloc[2e1b2a31b91974c5]::string::String>>
[INFO] [stdout]   18:     0x613f54988d95 - test[aada8e7e76ba119b]::run_test::{closure#0}
[INFO] [stdout]   19:     0x613f54982684 - std[617be2ca0a6fd877]::sys::backtrace::__rust_begin_short_backtrace::<test[aada8e7e76ba119b]::run_test::{closure#1}, ()>
[INFO] [stdout]   20:     0x613f5498be22 - <std[617be2ca0a6fd877]::thread::lifecycle::spawn_unchecked<test[aada8e7e76ba119b]::run_test::{closure#1}, ()>::{closure#1} as core[a373ad73a504971]::ops::function::FnOnce<()>>::call_once::{shim:vtable#0}
[INFO] [stdout]   21:     0x613f549f742f - <std[617be2ca0a6fd877]::sys::thread::unix::Thread>::new::thread_start
[INFO] [stdout]   22:     0x7a960ac61dfa - <unknown>
[INFO] [stdout]   23:     0x7a960acf53d4 - clone
[INFO] [stdout]   24:                0x0 - <unknown>
[INFO] [stdout] 
[INFO] [stdout] ---- fs_op::dir::create::tests::test_create_dir_undo_twice stdout ----
[INFO] [stdout] 
[INFO] [stdout] thread 'fs_op::dir::create::tests::test_create_dir_undo_twice' (230) panicked at src/test_util.rs:23:30:
[INFO] [stdout] called `Result::unwrap()` on an `Err` value: Os { code: 30, kind: ReadOnlyFilesystem, message: "Read-only file system" }
[INFO] [stdout] stack backtrace:
[INFO] [stdout]    0:     0x613f549f8181 - <<std[617be2ca0a6fd877]::sys::backtrace::BacktraceLock>::print::DisplayBacktrace as core[a373ad73a504971]::fmt::Display>::fmt
[INFO] [stdout]    1:     0x613f54a0c67a - core[a373ad73a504971]::fmt::write
[INFO] [stdout]    2:     0x613f549fc76c - <alloc[2e1b2a31b91974c5]::vec::Vec<u8> as core[a373ad73a504971]::io::write::Write>::write_fmt
[INFO] [stdout]    3:     0x613f549d1246 - std[617be2ca0a6fd877]::panicking::default_hook::{closure#0}
[INFO] [stdout]    4:     0x613f549ee629 - std[617be2ca0a6fd877]::panicking::default_hook
[INFO] [stdout]    5:     0x613f54988770 - test[aada8e7e76ba119b]::test_main_inner::{closure#0}
[INFO] [stdout]    6:     0x613f549ee7e2 - std[617be2ca0a6fd877]::panicking::panic_with_hook
[INFO] [stdout]    7:     0x613f549d12f2 - std[617be2ca0a6fd877]::panicking::panic_handler::{closure#0}
[INFO] [stdout]    8:     0x613f549c9bf9 - std[617be2ca0a6fd877]::sys::backtrace::__rust_end_short_backtrace::<std[617be2ca0a6fd877]::panicking::panic_handler::{closure#0}, !>
[INFO] [stdout]    9:     0x613f549d20dd - __rustc[ea4f61d10b84890b]::rust_begin_unwind
[INFO] [stdout]   10:     0x613f54a0cdac - core[a373ad73a504971]::panicking::panic_fmt
[INFO] [stdout]   11:     0x613f54a0cb82 - core[a373ad73a504971]::result::unwrap_failed
[INFO] [stdout]   12:     0x613f5496edcf - <std[617be2ca0a6fd877]::sync::once::Once>::call_once_force::<<std[617be2ca0a6fd877]::sync::once_lock::OnceLock<&std[617be2ca0a6fd877]::path::Path>>::initialize<<std[617be2ca0a6fd877]::sync::once_lock::OnceLock<&std[617be2ca0a6fd877]::path::Path>>::get_or_init<fs_undo[98fc37c7c710c139]::test_util::init_base_path::{closure#0}>::{closure#0}, !>::{closure#0}>::{closure#0}
[INFO] [stdout]   13:     0x613f549d7009 - <std[617be2ca0a6fd877]::sys::sync::once::futex::Once>::call
[INFO] [stdout]   14:     0x613f5496ea57 - <std[617be2ca0a6fd877]::sync::once_lock::OnceLock<&std[617be2ca0a6fd877]::path::Path>>::initialize::<<std[617be2ca0a6fd877]::sync::once_lock::OnceLock<&std[617be2ca0a6fd877]::path::Path>>::get_or_init<fs_undo[98fc37c7c710c139]::test_util::init_base_path::{closure#0}>::{closure#0}, !>
[INFO] [stdout]   15:     0x613f549771dd - fs_undo[98fc37c7c710c139]::test_util::init_test_path::<&str>
[INFO] [stdout]   16:     0x613f5497064d - <fs_undo[98fc37c7c710c139]::fs_op::dir::create::tests::test_create_dir_undo_twice::{closure#0} as core[a373ad73a504971]::ops::function::FnOnce<()>>::call_once
[INFO] [stdout]   17:     0x613f5497bbbb - test[aada8e7e76ba119b]::__rust_begin_short_backtrace::<core[a373ad73a504971]::result::Result<(), alloc[2e1b2a31b91974c5]::string::String>, fn() -> core[a373ad73a504971]::result::Result<(), alloc[2e1b2a31b91974c5]::string::String>>
[INFO] [stdout]   18:     0x613f54988d95 - test[aada8e7e76ba119b]::run_test::{closure#0}
[INFO] [stdout]   19:     0x613f54982684 - std[617be2ca0a6fd877]::sys::backtrace::__rust_begin_short_backtrace::<test[aada8e7e76ba119b]::run_test::{closure#1}, ()>
[INFO] [stdout]   20:     0x613f5498be22 - <std[617be2ca0a6fd877]::thread::lifecycle::spawn_unchecked<test[aada8e7e76ba119b]::run_test::{closure#1}, ()>::{closure#1} as core[a373ad73a504971]::ops::function::FnOnce<()>>::call_once::{shim:vtable#0}
[INFO] [stdout]   21:     0x613f549f742f - <std[617be2ca0a6fd877]::sys::thread::unix::Thread>::new::thread_start
[INFO] [stdout]   22:     0x7a960ac61dfa - <unknown>
[INFO] [stdout]   23:     0x7a960acf53d4 - clone
[INFO] [stdout]   24:                0x0 - <unknown>
[INFO] [stdout] 
[INFO] [stdout] ---- fs_op::dir::create::tests::test_create_dir_no_parent stdout ----
[INFO] [stdout] 
[INFO] [stdout] thread 'fs_op::dir::create::tests::test_create_dir_no_parent' (227) panicked at src/test_util.rs:23:30:
[INFO] [stdout] called `Result::unwrap()` on an `Err` value: Os { code: 30, kind: ReadOnlyFilesystem, message: "Read-only file system" }
[INFO] [stdout] stack backtrace:
[INFO] [stdout]    0:     0x613f549f8181 - <<std[617be2ca0a6fd877]::sys::backtrace::BacktraceLock>::print::DisplayBacktrace as core[a373ad73a504971]::fmt::Display>::fmt
[INFO] [stdout]    1:     0x613f54a0c67a - core[a373ad73a504971]::fmt::write
[INFO] [stdout]    2:     0x613f549fc76c - <alloc[2e1b2a31b91974c5]::vec::Vec<u8> as core[a373ad73a504971]::io::write::Write>::write_fmt
[INFO] [stdout]    3:     0x613f549d1246 - std[617be2ca0a6fd877]::panicking::default_hook::{closure#0}
[INFO] [stdout]    4:     0x613f549ee629 - std[617be2ca0a6fd877]::panicking::default_hook
[INFO] [stdout]    5:     0x613f54988770 - test[aada8e7e76ba119b]::test_main_inner::{closure#0}
[INFO] [stdout]    6:     0x613f549ee7e2 - std[617be2ca0a6fd877]::panicking::panic_with_hook
[INFO] [stdout]    7:     0x613f549d12f2 - std[617be2ca0a6fd877]::panicking::panic_handler::{closure#0}
[INFO] [stdout]    8:     0x613f549c9bf9 - std[617be2ca0a6fd877]::sys::backtrace::__rust_end_short_backtrace::<std[617be2ca0a6fd877]::panicking::panic_handler::{closure#0}, !>
[INFO] [stdout]    9:     0x613f549d20dd - __rustc[ea4f61d10b84890b]::rust_begin_unwind
[INFO] [stdout]   10:     0x613f54a0cdac - core[a373ad73a504971]::panicking::panic_fmt
[INFO] [stdout]   11:     0x613f54a0cb82 - core[a373ad73a504971]::result::unwrap_failed
[INFO] [stdout]   12:     0x613f5496edcf - <std[617be2ca0a6fd877]::sync::once::Once>::call_once_force::<<std[617be2ca0a6fd877]::sync::once_lock::OnceLock<&std[617be2ca0a6fd877]::path::Path>>::initialize<<std[617be2ca0a6fd877]::sync::once_lock::OnceLock<&std[617be2ca0a6fd877]::path::Path>>::get_or_init<fs_undo[98fc37c7c710c139]::test_util::init_base_path::{closure#0}>::{closure#0}, !>::{closure#0}>::{closure#0}
[INFO] [stdout]   13:     0x613f549d7009 - <std[617be2ca0a6fd877]::sys::sync::once::futex::Once>::call
[INFO] [stdout]   14:     0x613f5496ea57 - <std[617be2ca0a6fd877]::sync::once_lock::OnceLock<&std[617be2ca0a6fd877]::path::Path>>::initialize::<<std[617be2ca0a6fd877]::sync::once_lock::OnceLock<&std[617be2ca0a6fd877]::path::Path>>::get_or_init<fs_undo[98fc37c7c710c139]::test_util::init_base_path::{closure#0}>::{closure#0}, !>
[INFO] [stdout]   15:     0x613f549771dd - fs_undo[98fc37c7c710c139]::test_util::init_test_path::<&str>
[INFO] [stdout]   16:     0x613f549703e8 - <fs_undo[98fc37c7c710c139]::fs_op::dir::create::tests::test_create_dir_no_parent::{closure#0} as core[a373ad73a504971]::ops::function::FnOnce<()>>::call_once
[INFO] [stdout]   17:     0x613f5497bbbb - test[aada8e7e76ba119b]::__rust_begin_short_backtrace::<core[a373ad73a504971]::result::Result<(), alloc[2e1b2a31b91974c5]::string::String>, fn() -> core[a373ad73a504971]::result::Result<(), alloc[2e1b2a31b91974c5]::string::String>>
[INFO] [stdout]   18:     0x613f54988d95 - test[aada8e7e76ba119b]::run_test::{closure#0}
[INFO] [stdout]   19:     0x613f54982684 - std[617be2ca0a6fd877]::sys::backtrace::__rust_begin_short_backtrace::<test[aada8e7e76ba119b]::run_test::{closure#1}, ()>
[INFO] [stdout]   20:     0x613f5498be22 - <std[617be2ca0a6fd877]::thread::lifecycle::spawn_unchecked<test[aada8e7e76ba119b]::run_test::{closure#1}, ()>::{closure#1} as core[a373ad73a504971]::ops::function::FnOnce<()>>::call_once::{shim:vtable#0}
[INFO] [stdout]   21:     0x613f549f742f - <std[617be2ca0a6fd877]::sys::thread::unix::Thread>::new::thread_start
[INFO] [stdout]   22:     0x7a960ac61dfa - <unknown>
[INFO] [stdout]   23:     0x7a960acf53d4 - clone
[INFO] [stdout]   24:                0x0 - <unknown>
[INFO] [stdout] 
[INFO] [stdout] ---- fs_op::dir::remove_empty::tests::test_remove_empty_dir stdout ----
[INFO] [stdout] 
[INFO] [stdout] thread 'fs_op::dir::remove_empty::tests::test_remove_empty_dir' (241) panicked at src/test_util.rs:23:30:
[INFO] [stdout] called `Result::unwrap()` on an `Err` value: Os { code: 30, kind: ReadOnlyFilesystem, message: "Read-only file system" }
[INFO] [stdout] stack backtrace:
[INFO] [stdout]    0:     0x613f549f8181 - <<std[617be2ca0a6fd877]::sys::backtrace::BacktraceLock>::print::DisplayBacktrace as core[a373ad73a504971]::fmt::Display>::fmt
[INFO] [stdout]    1:     0x613f54a0c67a - core[a373ad73a504971]::fmt::write
[INFO] [stdout]    2:     0x613f549fc76c - <alloc[2e1b2a31b91974c5]::vec::Vec<u8> as core[a373ad73a504971]::io::write::Write>::write_fmt
[INFO] [stdout]    3:     0x613f549d1246 - std[617be2ca0a6fd877]::panicking::default_hook::{closure#0}
[INFO] [stdout]    4:     0x613f549ee629 - std[617be2ca0a6fd877]::panicking::default_hook
[INFO] [stdout]    5:     0x613f54988770 - test[aada8e7e76ba119b]::test_main_inner::{closure#0}
[INFO] [stdout]    6:     0x613f549ee7e2 - std[617be2ca0a6fd877]::panicking::panic_with_hook
[INFO] [stdout]    7:     0x613f549d12f2 - std[617be2ca0a6fd877]::panicking::panic_handler::{closure#0}
[INFO] [stdout]    8:     0x613f549c9bf9 - std[617be2ca0a6fd877]::sys::backtrace::__rust_end_short_backtrace::<std[617be2ca0a6fd877]::panicking::panic_handler::{closure#0}, !>
[INFO] [stdout]    9:     0x613f549d20dd - __rustc[ea4f61d10b84890b]::rust_begin_unwind
[INFO] [stdout]   10:     0x613f54a0cdac - core[a373ad73a504971]::panicking::panic_fmt
[INFO] [stdout]   11:     0x613f54a0cb82 - core[a373ad73a504971]::result::unwrap_failed
[INFO] [stdout]   12:     0x613f5496edcf - <std[617be2ca0a6fd877]::sync::once::Once>::call_once_force::<<std[617be2ca0a6fd877]::sync::once_lock::OnceLock<&std[617be2ca0a6fd877]::path::Path>>::initialize<<std[617be2ca0a6fd877]::sync::once_lock::OnceLock<&std[617be2ca0a6fd877]::path::Path>>::get_or_init<fs_undo[98fc37c7c710c139]::test_util::init_base_path::{closure#0}>::{closure#0}, !>::{closure#0}>::{closure#0}
[INFO] [stdout]   13:     0x613f549d7009 - <std[617be2ca0a6fd877]::sys::sync::once::futex::Once>::call
[INFO] [stdout]   14:     0x613f5496ea57 - <std[617be2ca0a6fd877]::sync::once_lock::OnceLock<&std[617be2ca0a6fd877]::path::Path>>::initialize::<<std[617be2ca0a6fd877]::sync::once_lock::OnceLock<&std[617be2ca0a6fd877]::path::Path>>::get_or_init<fs_undo[98fc37c7c710c139]::test_util::init_base_path::{closure#0}>::{closure#0}, !>
[INFO] [stdout]   15:     0x613f549771dd - fs_undo[98fc37c7c710c139]::test_util::init_test_path::<&str>
[INFO] [stdout]   16:     0x613f54973468 - <fs_undo[98fc37c7c710c139]::fs_op::dir::remove_empty::tests::test_remove_empty_dir::{closure#0} as core[a373ad73a504971]::ops::function::FnOnce<()>>::call_once
[INFO] [stdout]   17:     0x613f5497bbbb - test[aada8e7e76ba119b]::__rust_begin_short_backtrace::<core[a373ad73a504971]::result::Result<(), alloc[2e1b2a31b91974c5]::string::String>, fn() -> core[a373ad73a504971]::result::Result<(), alloc[2e1b2a31b91974c5]::string::String>>
[INFO] [stdout]   18:     0x613f54988d95 - test[aada8e7e76ba119b]::run_test::{closure#0}
[INFO] [stdout]   19:     0x613f54982684 - std[617be2ca0a6fd877]::sys::backtrace::__rust_begin_short_backtrace::<test[aada8e7e76ba119b]::run_test::{closure#1}, ()>
[INFO] [stdout]   20:     0x613f5498be22 - <std[617be2ca0a6fd877]::thread::lifecycle::spawn_unchecked<test[aada8e7e76ba119b]::run_test::{closure#1}, ()>::{closure#1} as core[a373ad73a504971]::ops::function::FnOnce<()>>::call_once::{shim:vtable#0}
[INFO] [stdout]   21:     0x613f549f742f - <std[617be2ca0a6fd877]::sys::thread::unix::Thread>::new::thread_start
[INFO] [stdout]   22:     0x7a960ac61dfa - <unknown>
[INFO] [stdout]   23:     0x7a960acf53d4 - clone
[INFO] [stdout]   24:                0x0 - <unknown>
[INFO] [stdout] 
[INFO] [stdout] ---- fs_op::dir::create_all::tests::test_create_dir_all_undo_twice stdout ----
[INFO] [stdout] 
[INFO] [stdout] thread 'fs_op::dir::create_all::tests::test_create_dir_all_undo_twice' (235) panicked at src/test_util.rs:23:30:
[INFO] [stdout] called `Result::unwrap()` on an `Err` value: Os { code: 30, kind: ReadOnlyFilesystem, message: "Read-only file system" }
[INFO] [stdout] stack backtrace:
[INFO] [stdout]    0:     0x613f549f8181 - <<std[617be2ca0a6fd877]::sys::backtrace::BacktraceLock>::print::DisplayBacktrace as core[a373ad73a504971]::fmt::Display>::fmt
[INFO] [stdout]    1:     0x613f54a0c67a - core[a373ad73a504971]::fmt::write
[INFO] [stdout]    2:     0x613f549fc76c - <alloc[2e1b2a31b91974c5]::vec::Vec<u8> as core[a373ad73a504971]::io::write::Write>::write_fmt
[INFO] [stdout]    3:     0x613f549d1246 - std[617be2ca0a6fd877]::panicking::default_hook::{closure#0}
[INFO] [stdout]    4:     0x613f549ee629 - std[617be2ca0a6fd877]::panicking::default_hook
[INFO] [stdout]    5:     0x613f54988770 - test[aada8e7e76ba119b]::test_main_inner::{closure#0}
[INFO] [stdout]    6:     0x613f549ee7e2 - std[617be2ca0a6fd877]::panicking::panic_with_hook
[INFO] [stdout]    7:     0x613f549d12f2 - std[617be2ca0a6fd877]::panicking::panic_handler::{closure#0}
[INFO] [stdout]    8:     0x613f549c9bf9 - std[617be2ca0a6fd877]::sys::backtrace::__rust_end_short_backtrace::<std[617be2ca0a6fd877]::panicking::panic_handler::{closure#0}, !>
[INFO] [stdout]    9:     0x613f549d20dd - __rustc[ea4f61d10b84890b]::rust_begin_unwind
[INFO] [stdout]   10:     0x613f54a0cdac - core[a373ad73a504971]::panicking::panic_fmt
[INFO] [stdout]   11:     0x613f54a0cb82 - core[a373ad73a504971]::result::unwrap_failed
[INFO] [stdout]   12:     0x613f5496edcf - <std[617be2ca0a6fd877]::sync::once::Once>::call_once_force::<<std[617be2ca0a6fd877]::sync::once_lock::OnceLock<&std[617be2ca0a6fd877]::path::Path>>::initialize<<std[617be2ca0a6fd877]::sync::once_lock::OnceLock<&std[617be2ca0a6fd877]::path::Path>>::get_or_init<fs_undo[98fc37c7c710c139]::test_util::init_base_path::{closure#0}>::{closure#0}, !>::{closure#0}>::{closure#0}
[INFO] [stdout]   13:     0x613f549d7009 - <std[617be2ca0a6fd877]::sys::sync::once::futex::Once>::call
[INFO] [stdout]   14:     0x613f5496ea57 - <std[617be2ca0a6fd877]::sync::once_lock::OnceLock<&std[617be2ca0a6fd877]::path::Path>>::initialize::<<std[617be2ca0a6fd877]::sync::once_lock::OnceLock<&std[617be2ca0a6fd877]::path::Path>>::get_or_init<fs_undo[98fc37c7c710c139]::test_util::init_base_path::{closure#0}>::{closure#0}, !>
[INFO] [stdout]   15:     0x613f549771dd - fs_undo[98fc37c7c710c139]::test_util::init_test_path::<&str>
[INFO] [stdout]   16:     0x613f5496d895 - <fs_undo[98fc37c7c710c139]::fs_op::dir::create_all::tests::test_create_dir_all_undo_twice::{closure#0} as core[a373ad73a504971]::ops::function::FnOnce<()>>::call_once
[INFO] [stdout]   17:     0x613f5497bbbb - test[aada8e7e76ba119b]::__rust_begin_short_backtrace::<core[a373ad73a504971]::result::Result<(), alloc[2e1b2a31b91974c5]::string::String>, fn() -> core[a373ad73a504971]::result::Result<(), alloc[2e1b2a31b91974c5]::string::String>>
[INFO] [stdout]   18:     0x613f54988d95 - test[aada8e7e76ba119b]::run_test::{closure#0}
[INFO] [stdout]   19:     0x613f54982684 - std[617be2ca0a6fd877]::sys::backtrace::__rust_begin_short_backtrace::<test[aada8e7e76ba119b]::run_test::{closure#1}, ()>
[INFO] [stdout]   20:     0x613f5498be22 - <std[617be2ca0a6fd877]::thread::lifecycle::spawn_unchecked<test[aada8e7e76ba119b]::run_test::{closure#1}, ()>::{closure#1} as core[a373ad73a504971]::ops::function::FnOnce<()>>::call_once::{shim:vtable#0}
[INFO] [stdout]   21:     0x613f549f742f - <std[617be2ca0a6fd877]::sys::thread::unix::Thread>::new::thread_start
[INFO] [stdout]   22:     0x7a960ac61dfa - <unknown>
[INFO] [stdout]   23:     0x7a960acf53d4 - clone
[INFO] [stdout]   24:                0x0 - <unknown>
[INFO] [stdout] 
[INFO] [stdout] ---- fs_op::dir::create::tests::test_create_dir_twice stdout ----
[INFO] [stdout] 
[INFO] [stdout] thread 'fs_op::dir::create::tests::test_create_dir_twice' (228) panicked at src/test_util.rs:23:30:
[INFO] [stdout] called `Result::unwrap()` on an `Err` value: Os { code: 30, kind: ReadOnlyFilesystem, message: "Read-only file system" }
[INFO] [stdout] stack backtrace:
[INFO] [stdout]    0:     0x613f549f8181 - <<std[617be2ca0a6fd877]::sys::backtrace::BacktraceLock>::print::DisplayBacktrace as core[a373ad73a504971]::fmt::Display>::fmt
[INFO] [stdout]    1:     0x613f54a0c67a - core[a373ad73a504971]::fmt::write
[INFO] [stdout]    2:     0x613f549fc76c - <alloc[2e1b2a31b91974c5]::vec::Vec<u8> as core[a373ad73a504971]::io::write::Write>::write_fmt
[INFO] [stdout]    3:     0x613f549d1246 - std[617be2ca0a6fd877]::panicking::default_hook::{closure#0}
[INFO] [stdout]    4:     0x613f549ee629 - std[617be2ca0a6fd877]::panicking::default_hook
[INFO] [stdout]    5:     0x613f54988770 - test[aada8e7e76ba119b]::test_main_inner::{closure#0}
[INFO] [stdout]    6:     0x613f549ee7e2 - std[617be2ca0a6fd877]::panicking::panic_with_hook
[INFO] [stdout]    7:     0x613f549d12f2 - std[617be2ca0a6fd877]::panicking::panic_handler::{closure#0}
[INFO] [stdout]    8:     0x613f549c9bf9 - std[617be2ca0a6fd877]::sys::backtrace::__rust_end_short_backtrace::<std[617be2ca0a6fd877]::panicking::panic_handler::{closure#0}, !>
[INFO] [stdout]    9:     0x613f549d20dd - __rustc[ea4f61d10b84890b]::rust_begin_unwind
[INFO] [stdout]   10:     0x613f54a0cdac - core[a373ad73a504971]::panicking::panic_fmt
[INFO] [stdout]   11:     0x613f54a0cb82 - core[a373ad73a504971]::result::unwrap_failed
[INFO] [stdout]   12:     0x613f5496edcf - <std[617be2ca0a6fd877]::sync::once::Once>::call_once_force::<<std[617be2ca0a6fd877]::sync::once_lock::OnceLock<&std[617be2ca0a6fd877]::path::Path>>::initialize<<std[617be2ca0a6fd877]::sync::once_lock::OnceLock<&std[617be2ca0a6fd877]::path::Path>>::get_or_init<fs_undo[98fc37c7c710c139]::test_util::init_base_path::{closure#0}>::{closure#0}, !>::{closure#0}>::{closure#0}
[INFO] [stdout]   13:     0x613f549d7009 - <std[617be2ca0a6fd877]::sys::sync::once::futex::Once>::call
[INFO] [stdout]   14:     0x613f5496ea57 - <std[617be2ca0a6fd877]::sync::once_lock::OnceLock<&std[617be2ca0a6fd877]::path::Path>>::initialize::<<std[617be2ca0a6fd877]::sync::once_lock::OnceLock<&std[617be2ca0a6fd877]::path::Path>>::get_or_init<fs_undo[98fc37c7c710c139]::test_util::init_base_path::{closure#0}>::{closure#0}, !>
[INFO] [stdout]   15:     0x613f549771dd - fs_undo[98fc37c7c710c139]::test_util::init_test_path::<&str>
[INFO] [stdout]   16:     0x613f5497004d - <fs_undo[98fc37c7c710c139]::fs_op::dir::create::tests::test_create_dir_twice::{closure#0} as core[a373ad73a504971]::ops::function::FnOnce<()>>::call_once
[INFO] [stdout]   17:     0x613f5497bbbb - test[aada8e7e76ba119b]::__rust_begin_short_backtrace::<core[a373ad73a504971]::result::Result<(), alloc[2e1b2a31b91974c5]::string::String>, fn() -> core[a373ad73a504971]::result::Result<(), alloc[2e1b2a31b91974c5]::string::String>>
[INFO] [stdout]   18:     0x613f54988d95 - test[aada8e7e76ba119b]::run_test::{closure#0}
[INFO] [stdout]   19:     0x613f54982684 - std[617be2ca0a6fd877]::sys::backtrace::__rust_begin_short_backtrace::<test[aada8e7e76ba119b]::run_test::{closure#1}, ()>
[INFO] [stdout]   20:     0x613f5498be22 - <std[617be2ca0a6fd877]::thread::lifecycle::spawn_unchecked<test[aada8e7e76ba119b]::run_test::{closure#1}, ()>::{closure#1} as core[a373ad73a504971]::ops::function::FnOnce<()>>::call_once::{shim:vtable#0}
[INFO] [stdout]   21:     0x613f549f742f - <std[617be2ca0a6fd877]::sys::thread::unix::Thread>::new::thread_start
[INFO] [stdout]   22:     0x7a960ac61dfa - <unknown>
[INFO] [stdout]   23:     0x7a960acf53d4 - clone
[INFO] [stdout]   24:                0x0 - <unknown>
[INFO] [stdout] 
[INFO] [stdout] ---- fs_op::dir::remove_empty::tests::test_remove_empty_dir_twice stdout ----
[INFO] [stdout] 
[INFO] [stdout] thread 'fs_op::dir::remove_empty::tests::test_remove_empty_dir_twice' (242) panicked at src/test_util.rs:23:30:
[INFO] [stdout] called `Result::unwrap()` on an `Err` value: Os { code: 30, kind: ReadOnlyFilesystem, message: "Read-only file system" }
[INFO] [stdout] stack backtrace:
[INFO] [stdout]    0:     0x613f549f8181 - <<std[617be2ca0a6fd877]::sys::backtrace::BacktraceLock>::print::DisplayBacktrace as core[a373ad73a504971]::fmt::Display>::fmt
[INFO] [stdout]    1:     0x613f54a0c67a - core[a373ad73a504971]::fmt::write
[INFO] [stdout]    2:     0x613f549fc76c - <alloc[2e1b2a31b91974c5]::vec::Vec<u8> as core[a373ad73a504971]::io::write::Write>::write_fmt
[INFO] [stdout]    3:     0x613f549d1246 - std[617be2ca0a6fd877]::panicking::default_hook::{closure#0}
[INFO] [stdout]    4:     0x613f549ee629 - std[617be2ca0a6fd877]::panicking::default_hook
[INFO] [stdout]    5:     0x613f54988770 - test[aada8e7e76ba119b]::test_main_inner::{closure#0}
[INFO] [stdout]    6:     0x613f549ee7e2 - std[617be2ca0a6fd877]::panicking::panic_with_hook
[INFO] [stdout]    7:     0x613f549d12f2 - std[617be2ca0a6fd877]::panicking::panic_handler::{closure#0}
[INFO] [stdout]    8:     0x613f549c9bf9 - std[617be2ca0a6fd877]::sys::backtrace::__rust_end_short_backtrace::<std[617be2ca0a6fd877]::panicking::panic_handler::{closure#0}, !>
[INFO] [stdout]    9:     0x613f549d20dd - __rustc[ea4f61d10b84890b]::rust_begin_unwind
[INFO] [stdout]   10:     0x613f54a0cdac - core[a373ad73a504971]::panicking::panic_fmt
[INFO] [stdout]   11:     0x613f54a0cb82 - core[a373ad73a504971]::result::unwrap_failed
[INFO] [stdout]   12:     0x613f5496edcf - <std[617be2ca0a6fd877]::sync::once::Once>::call_once_force::<<std[617be2ca0a6fd877]::sync::once_lock::OnceLock<&std[617be2ca0a6fd877]::path::Path>>::initialize<<std[617be2ca0a6fd877]::sync::once_lock::OnceLock<&std[617be2ca0a6fd877]::path::Path>>::get_or_init<fs_undo[98fc37c7c710c139]::test_util::init_base_path::{closure#0}>::{closure#0}, !>::{closure#0}>::{closure#0}
[INFO] [stdout]   13:     0x613f549d7009 - <std[617be2ca0a6fd877]::sys::sync::once::futex::Once>::call
[INFO] [stdout]   14:     0x613f5496ea57 - <std[617be2ca0a6fd877]::sync::once_lock::OnceLock<&std[617be2ca0a6fd877]::path::Path>>::initialize::<<std[617be2ca0a6fd877]::sync::once_lock::OnceLock<&std[617be2ca0a6fd877]::path::Path>>::get_or_init<fs_undo[98fc37c7c710c139]::test_util::init_base_path::{closure#0}>::{closure#0}, !>
[INFO] [stdout]   15:     0x613f549771dd - fs_undo[98fc37c7c710c139]::test_util::init_test_path::<&str>
[INFO] [stdout]   16:     0x613f54973bbd - <fs_undo[98fc37c7c710c139]::fs_op::dir::remove_empty::tests::test_remove_empty_dir_twice::{closure#0} as core[a373ad73a504971]::ops::function::FnOnce<()>>::call_once
[INFO] [stdout]   17:     0x613f5497bbbb - test[aada8e7e76ba119b]::__rust_begin_short_backtrace::<core[a373ad73a504971]::result::Result<(), alloc[2e1b2a31b91974c5]::string::String>, fn() -> core[a373ad73a504971]::result::Result<(), alloc[2e1b2a31b91974c5]::string::String>>
[INFO] [stdout]   18:     0x613f54988d95 - test[aada8e7e76ba119b]::run_test::{closure#0}
[INFO] [stdout]   19:     0x613f54982684 - std[617be2ca0a6fd877]::sys::backtrace::__rust_begin_short_backtrace::<test[aada8e7e76ba119b]::run_test::{closure#1}, ()>
[INFO] [stdout]   20:     0x613f5498be22 - <std[617be2ca0a6fd877]::thread::lifecycle::spawn_unchecked<test[aada8e7e76ba119b]::run_test::{closure#1}, ()>::{closure#1} as core[a373ad73a504971]::ops::function::FnOnce<()>>::call_once::{shim:vtable#0}
[INFO] [stdout]   21:     0x613f549f742f - <std[617be2ca0a6fd877]::sys::thread::unix::Thread>::new::thread_start
[INFO] [stdout]   22:     0x7a960ac61dfa - <unknown>
[INFO] [stdout]   23:     0x7a960acf53d4 - clone
[INFO] [stdout]   24:                0x0 - <unknown>
[INFO] [stdout] 
[INFO] [stdout] ---- fs_op::dir::remove_all::tests::test_remove_dir_all_twice stdout ----
[INFO] [stdout] 
[INFO] [stdout] thread 'fs_op::dir::remove_all::tests::test_remove_dir_all_twice' (238) panicked at src/test_util.rs:23:30:
[INFO] [stdout] called `Result::unwrap()` on an `Err` value: Os { code: 30, kind: ReadOnlyFilesystem, message: "Read-only file system" }
[INFO] [stdout] stack backtrace:
[INFO] [stdout]    0:     0x613f549f8181 - <<std[617be2ca0a6fd877]::sys::backtrace::BacktraceLock>::print::DisplayBacktrace as core[a373ad73a504971]::fmt::Display>::fmt
[INFO] [stdout]    1:     0x613f54a0c67a - core[a373ad73a504971]::fmt::write
[INFO] [stdout]    2:     0x613f549fc76c - <alloc[2e1b2a31b91974c5]::vec::Vec<u8> as core[a373ad73a504971]::io::write::Write>::write_fmt
[INFO] [stdout]    3:     0x613f549d1246 - std[617be2ca0a6fd877]::panicking::default_hook::{closure#0}
[INFO] [stdout]    4:     0x613f549ee629 - std[617be2ca0a6fd877]::panicking::default_hook
[INFO] [stdout]    5:     0x613f54988770 - test[aada8e7e76ba119b]::test_main_inner::{closure#0}
[INFO] [stdout]    6:     0x613f549ee7e2 - std[617be2ca0a6fd877]::panicking::panic_with_hook
[INFO] [stdout]    7:     0x613f549d12f2 - std[617be2ca0a6fd877]::panicking::panic_handler::{closure#0}
[INFO] [stdout]    8:     0x613f549c9bf9 - std[617be2ca0a6fd877]::sys::backtrace::__rust_end_short_backtrace::<std[617be2ca0a6fd877]::panicking::panic_handler::{closure#0}, !>
[INFO] [stdout]    9:     0x613f549d20dd - __rustc[ea4f61d10b84890b]::rust_begin_unwind
[INFO] [stdout]   10:     0x613f54a0cdac - core[a373ad73a504971]::panicking::panic_fmt
[INFO] [stdout]   11:     0x613f54a0cb82 - core[a373ad73a504971]::result::unwrap_failed
[INFO] [stdout]   12:     0x613f5496edcf - <std[617be2ca0a6fd877]::sync::once::Once>::call_once_force::<<std[617be2ca0a6fd877]::sync::once_lock::OnceLock<&std[617be2ca0a6fd877]::path::Path>>::initialize<<std[617be2ca0a6fd877]::sync::once_lock::OnceLock<&std[617be2ca0a6fd877]::path::Path>>::get_or_init<fs_undo[98fc37c7c710c139]::test_util::init_base_path::{closure#0}>::{closure#0}, !>::{closure#0}>::{closure#0}
[INFO] [stdout]   13:     0x613f549d7009 - <std[617be2ca0a6fd877]::sys::sync::once::futex::Once>::call
[INFO] [stdout]   14:     0x613f5496ea57 - <std[617be2ca0a6fd877]::sync::once_lock::OnceLock<&std[617be2ca0a6fd877]::path::Path>>::initialize::<<std[617be2ca0a6fd877]::sync::once_lock::OnceLock<&std[617be2ca0a6fd877]::path::Path>>::get_or_init<fs_undo[98fc37c7c710c139]::test_util::init_base_path::{closure#0}>::{closure#0}, !>
[INFO] [stdout]   15:     0x613f549771dd - fs_undo[98fc37c7c710c139]::test_util::init_test_path::<&str>
[INFO] [stdout]   16:     0x613f5497b457 - <fs_undo[98fc37c7c710c139]::fs_op::dir::remove_all::tests::test_remove_dir_all_twice::{closure#0} as core[a373ad73a504971]::ops::function::FnOnce<()>>::call_once
[INFO] [stdout]   17:     0x613f5497bbbb - test[aada8e7e76ba119b]::__rust_begin_short_backtrace::<core[a373ad73a504971]::result::Result<(), alloc[2e1b2a31b91974c5]::string::String>, fn() -> core[a373ad73a504971]::result::Result<(), alloc[2e1b2a31b91974c5]::string::String>>
[INFO] [stdout]   18:     0x613f54988d95 - test[aada8e7e76ba119b]::run_test::{closure#0}
[INFO] [stdout]   19:     0x613f54982684 - std[617be2ca0a6fd877]::sys::backtrace::__rust_begin_short_backtrace::<test[aada8e7e76ba119b]::run_test::{closure#1}, ()>
[INFO] [stdout]   20:     0x613f5498be22 - <std[617be2ca0a6fd877]::thread::lifecycle::spawn_unchecked<test[aada8e7e76ba119b]::run_test::{closure#1}, ()>::{closure#1} as core[a373ad73a504971]::ops::function::FnOnce<()>>::call_once::{shim:vtable#0}
[INFO] [stdout]   21:     0x613f549f742f - <std[617be2ca0a6fd877]::sys::thread::unix::Thread>::new::thread_start
[INFO] [stdout]   22:     0x7a960ac61dfa - <unknown>
[INFO] [stdout]   23:     0x7a960acf53d4 - clone
[INFO] [stdout]   24:                0x0 - <unknown>
[INFO] [stdout] 
[INFO] [stdout] ---- fs_op::dir::create_all::tests::test_create_dir_all_undo stdout ----
[INFO] [stdout] 
[INFO] [stdout] thread 'fs_op::dir::create_all::tests::test_create_dir_all_undo' (234) panicked at src/test_util.rs:23:30:
[INFO] [stdout] called `Result::unwrap()` on an `Err` value: Os { code: 30, kind: ReadOnlyFilesystem, message: "Read-only file system" }
[INFO] [stdout] stack backtrace:
[INFO] [stdout]    0:     0x613f549f8181 - <<std[617be2ca0a6fd877]::sys::backtrace::BacktraceLock>::print::DisplayBacktrace as core[a373ad73a504971]::fmt::Display>::fmt
[INFO] [stdout]    1:     0x613f54a0c67a - core[a373ad73a504971]::fmt::write
[INFO] [stdout]    2:     0x613f549fc76c - <alloc[2e1b2a31b91974c5]::vec::Vec<u8> as core[a373ad73a504971]::io::write::Write>::write_fmt
[INFO] [stdout]    3:     0x613f549d1246 - std[617be2ca0a6fd877]::panicking::default_hook::{closure#0}
[INFO] [stdout]    4:     0x613f549ee629 - std[617be2ca0a6fd877]::panicking::default_hook
[INFO] [stdout]    5:     0x613f54988770 - test[aada8e7e76ba119b]::test_main_inner::{closure#0}
[INFO] [stdout]    6:     0x613f549ee7e2 - std[617be2ca0a6fd877]::panicking::panic_with_hook
[INFO] [stdout]    7:     0x613f549d12f2 - std[617be2ca0a6fd877]::panicking::panic_handler::{closure#0}
[INFO] [stdout]    8:     0x613f549c9bf9 - std[617be2ca0a6fd877]::sys::backtrace::__rust_end_short_backtrace::<std[617be2ca0a6fd877]::panicking::panic_handler::{closure#0}, !>
[INFO] [stdout]    9:     0x613f549d20dd - __rustc[ea4f61d10b84890b]::rust_begin_unwind
[INFO] [stdout]   10:     0x613f54a0cdac - core[a373ad73a504971]::panicking::panic_fmt
[INFO] [stdout]   11:     0x613f54a0cb82 - core[a373ad73a504971]::result::unwrap_failed
[INFO] [stdout]   12:     0x613f5496edcf - <std[617be2ca0a6fd877]::sync::once::Once>::call_once_force::<<std[617be2ca0a6fd877]::sync::once_lock::OnceLock<&std[617be2ca0a6fd877]::path::Path>>::initialize<<std[617be2ca0a6fd877]::sync::once_lock::OnceLock<&std[617be2ca0a6fd877]::path::Path>>::get_or_init<fs_undo[98fc37c7c710c139]::test_util::init_base_path::{closure#0}>::{closure#0}, !>::{closure#0}>::{closure#0}
[INFO] [stdout]   13:     0x613f549d7009 - <std[617be2ca0a6fd877]::sys::sync::once::futex::Once>::call
[INFO] [stdout]   14:     0x613f5496ea57 - <std[617be2ca0a6fd877]::sync::once_lock::OnceLock<&std[617be2ca0a6fd877]::path::Path>>::initialize::<<std[617be2ca0a6fd877]::sync::once_lock::OnceLock<&std[617be2ca0a6fd877]::path::Path>>::get_or_init<fs_undo[98fc37c7c710c139]::test_util::init_base_path::{closure#0}>::{closure#0}, !>
[INFO] [stdout]   15:     0x613f549771dd - fs_undo[98fc37c7c710c139]::test_util::init_test_path::<&str>
[INFO] [stdout]   16:     0x613f5496d25a - <fs_undo[98fc37c7c710c139]::fs_op::dir::create_all::tests::test_create_dir_all_undo::{closure#0} as core[a373ad73a504971]::ops::function::FnOnce<()>>::call_once
[INFO] [stdout]   17:     0x613f5497bbbb - test[aada8e7e76ba119b]::__rust_begin_short_backtrace::<core[a373ad73a504971]::result::Result<(), alloc[2e1b2a31b91974c5]::string::String>, fn() -> core[a373ad73a504971]::result::Result<(), alloc[2e1b2a31b91974c5]::string::String>>
[INFO] [stdout]   18:     0x613f54988d95 - test[aada8e7e76ba119b]::run_test::{closure#0}
[INFO] [stdout]   19:     0x613f54982684 - std[617be2ca0a6fd877]::sys::backtrace::__rust_begin_short_backtrace::<test[aada8e7e76ba119b]::run_test::{closure#1}, ()>
[INFO] [stdout]   20:     0x613f5498be22 - <std[617be2ca0a6fd877]::thread::lifecycle::spawn_unchecked<test[aada8e7e76ba119b]::run_test::{closure#1}, ()>::{closure#1} as core[a373ad73a504971]::ops::function::FnOnce<()>>::call_once::{shim:vtable#0}
[INFO] [stdout]   21:     0x613f549f742f - <std[617be2ca0a6fd877]::sys::thread::unix::Thread>::new::thread_start
[INFO] [stdout]   22:     0x7a960ac61dfa - <unknown>
[INFO] [stdout]   23:     0x7a960acf53d4 - clone
[INFO] [stdout]   24:                0x0 - <unknown>
[INFO] [stdout] 
[INFO] [stdout] ---- fs_op::dir::create::tests::test_create_dir_undo stdout ----
[INFO] [stdout] 
[INFO] [stdout] thread 'fs_op::dir::create::tests::test_create_dir_undo' (229) panicked at src/test_util.rs:23:30:
[INFO] [stdout] called `Result::unwrap()` on an `Err` value: Os { code: 30, kind: ReadOnlyFilesystem, message: "Read-only file system" }
[INFO] [stdout] stack backtrace:
[INFO] [stdout]    0:     0x613f549f8181 - <<std[617be2ca0a6fd877]::sys::backtrace::BacktraceLock>::print::DisplayBacktrace as core[a373ad73a504971]::fmt::Display>::fmt
[INFO] [stdout]    1:     0x613f54a0c67a - core[a373ad73a504971]::fmt::write
[INFO] [stdout]    2:     0x613f549fc76c - <alloc[2e1b2a31b91974c5]::vec::Vec<u8> as core[a373ad73a504971]::io::write::Write>::write_fmt
[INFO] [stdout]    3:     0x613f549d1246 - std[617be2ca0a6fd877]::panicking::default_hook::{closure#0}
[INFO] [stdout]    4:     0x613f549ee629 - std[617be2ca0a6fd877]::panicking::default_hook
[INFO] [stdout]    5:     0x613f54988770 - test[aada8e7e76ba119b]::test_main_inner::{closure#0}
[INFO] [stdout]    6:     0x613f549ee7e2 - std[617be2ca0a6fd877]::panicking::panic_with_hook
[INFO] [stdout]    7:     0x613f549d12f2 - std[617be2ca0a6fd877]::panicking::panic_handler::{closure#0}
[INFO] [stdout]    8:     0x613f549c9bf9 - std[617be2ca0a6fd877]::sys::backtrace::__rust_end_short_backtrace::<std[617be2ca0a6fd877]::panicking::panic_handler::{closure#0}, !>
[INFO] [stdout]    9:     0x613f549d20dd - __rustc[ea4f61d10b84890b]::rust_begin_unwind
[INFO] [stdout]   10:     0x613f54a0cdac - core[a373ad73a504971]::panicking::panic_fmt
[INFO] [stdout]   11:     0x613f54a0cb82 - core[a373ad73a504971]::result::unwrap_failed
[INFO] [stdout]   12:     0x613f5496edcf - <std[617be2ca0a6fd877]::sync::once::Once>::call_once_force::<<std[617be2ca0a6fd877]::sync::once_lock::OnceLock<&std[617be2ca0a6fd877]::path::Path>>::initialize<<std[617be2ca0a6fd877]::sync::once_lock::OnceLock<&std[617be2ca0a6fd877]::path::Path>>::get_or_init<fs_undo[98fc37c7c710c139]::test_util::init_base_path::{closure#0}>::{closure#0}, !>::{closure#0}>::{closure#0}
[INFO] [stdout]   13:     0x613f549d7009 - <std[617be2ca0a6fd877]::sys::sync::once::futex::Once>::call
[INFO] [stdout]   14:     0x613f5496ea57 - <std[617be2ca0a6fd877]::sync::once_lock::OnceLock<&std[617be2ca0a6fd877]::path::Path>>::initialize::<<std[617be2ca0a6fd877]::sync::once_lock::OnceLock<&std[617be2ca0a6fd877]::path::Path>>::get_or_init<fs_undo[98fc37c7c710c139]::test_util::init_base_path::{closure#0}>::{closure#0}, !>
[INFO] [stdout]   15:     0x613f549771dd - fs_undo[98fc37c7c710c139]::test_util::init_test_path::<&str>
[INFO] [stdout]   16:     0x613f5496fc7d - <fs_undo[98fc37c7c710c139]::fs_op::dir::create::tests::test_create_dir_undo::{closure#0} as core[a373ad73a504971]::ops::function::FnOnce<()>>::call_once
[INFO] [stdout]   17:     0x613f5497bbbb - test[aada8e7e76ba119b]::__rust_begin_short_backtrace::<core[a373ad73a504971]::result::Result<(), alloc[2e1b2a31b91974c5]::string::String>, fn() -> core[a373ad73a504971]::result::Result<(), alloc[2e1b2a31b91974c5]::string::String>>
[INFO] [stdout]   18:     0x613f54988d95 - test[aada8e7e76ba119b]::run_test::{closure#0}
[INFO] [stdout]   19:     0x613f54982684 - std[617be2ca0a6fd877]::sys::backtrace::__rust_begin_short_backtrace::<test[aada8e7e76ba119b]::run_test::{closure#1}, ()>
[INFO] [stdout]   20:     0x613f5498be22 - <std[617be2ca0a6fd877]::thread::lifecycle::spawn_unchecked<test[aada8e7e76ba119b]::run_test::{closure#1}, ()>::{closure#1} as core[a373ad73a504971]::ops::function::FnOnce<()>>::call_once::{shim:vtable#0}
[INFO] [stdout]   21:     0x613f549f742f - <std[617be2ca0a6fd877]::sys::thread::unix::Thread>::new::thread_start
[INFO] [stdout]   22:     0x7a960ac61dfa - <unknown>
[INFO] [stdout]   23:     0x7a960acf53d4 - clone
[INFO] [stdout]   24:                0x0 - <unknown>
[INFO] [stdout] 
[INFO] [stdout] ---- fs_op::dir::remove_all::tests::test_remove_dir_all_undo_twice stdout ----
[INFO] [stdout] 
[INFO] [stdout] thread 'fs_op::dir::remove_all::tests::test_remove_dir_all_undo_twice' (240) panicked at src/test_util.rs:23:30:
[INFO] [stdout] called `Result::unwrap()` on an `Err` value: Os { code: 30, kind: ReadOnlyFilesystem, message: "Read-only file system" }
[INFO] [stdout] stack backtrace:
[INFO] [stdout]    0:     0x613f549f8181 - <<std[617be2ca0a6fd877]::sys::backtrace::BacktraceLock>::print::DisplayBacktrace as core[a373ad73a504971]::fmt::Display>::fmt
[INFO] [stdout]    1:     0x613f54a0c67a - core[a373ad73a504971]::fmt::write
[INFO] [stdout]    2:     0x613f549fc76c - <alloc[2e1b2a31b91974c5]::vec::Vec<u8> as core[a373ad73a504971]::io::write::Write>::write_fmt
[INFO] [stdout]    3:     0x613f549d1246 - std[617be2ca0a6fd877]::panicking::default_hook::{closure#0}
[INFO] [stdout]    4:     0x613f549ee629 - std[617be2ca0a6fd877]::panicking::default_hook
[INFO] [stdout]    5:     0x613f54988770 - test[aada8e7e76ba119b]::test_main_inner::{closure#0}
[INFO] [stdout]    6:     0x613f549ee7e2 - std[617be2ca0a6fd877]::panicking::panic_with_hook
[INFO] [stdout]    7:     0x613f549d12f2 - std[617be2ca0a6fd877]::panicking::panic_handler::{closure#0}
[INFO] [stdout]    8:     0x613f549c9bf9 - std[617be2ca0a6fd877]::sys::backtrace::__rust_end_short_backtrace::<std[617be2ca0a6fd877]::panicking::panic_handler::{closure#0}, !>
[INFO] [stdout]    9:     0x613f549d20dd - __rustc[ea4f61d10b84890b]::rust_begin_unwind
[INFO] [stdout]   10:     0x613f54a0cdac - core[a373ad73a504971]::panicking::panic_fmt
[INFO] [stdout]   11:     0x613f54a0cb82 - core[a373ad73a504971]::result::unwrap_failed
[INFO] [stdout]   12:     0x613f5496edcf - <std[617be2ca0a6fd877]::sync::once::Once>::call_once_force::<<std[617be2ca0a6fd877]::sync::once_lock::OnceLock<&std[617be2ca0a6fd877]::path::Path>>::initialize<<std[617be2ca0a6fd877]::sync::once_lock::OnceLock<&std[617be2ca0a6fd877]::path::Path>>::get_or_init<fs_undo[98fc37c7c710c139]::test_util::init_base_path::{closure#0}>::{closure#0}, !>::{closure#0}>::{closure#0}
[INFO] [stdout]   13:     0x613f549d7009 - <std[617be2ca0a6fd877]::sys::sync::once::futex::Once>::call
[INFO] [stdout]   14:     0x613f5496ea57 - <std[617be2ca0a6fd877]::sync::once_lock::OnceLock<&std[617be2ca0a6fd877]::path::Path>>::initialize::<<std[617be2ca0a6fd877]::sync::once_lock::OnceLock<&std[617be2ca0a6fd877]::path::Path>>::get_or_init<fs_undo[98fc37c7c710c139]::test_util::init_base_path::{closure#0}>::{closure#0}, !>
[INFO] [stdout]   15:     0x613f549771dd - fs_undo[98fc37c7c710c139]::test_util::init_test_path::<&str>
[INFO] [stdout]   16:     0x613f5497b6dd - <fs_undo[98fc37c7c710c139]::fs_op::dir::remove_all::tests::test_remove_dir_all_undo_twice::{closure#0} as core[a373ad73a504971]::ops::function::FnOnce<()>>::call_once
[INFO] [stdout]   17:     0x613f5497bbbb - test[aada8e7e76ba119b]::__rust_begin_short_backtrace::<core[a373ad73a504971]::result::Result<(), alloc[2e1b2a31b91974c5]::string::String>, fn() -> core[a373ad73a504971]::result::Result<(), alloc[2e1b2a31b91974c5]::string::String>>
[INFO] [stdout]   18:     0x613f54988d95 - test[aada8e7e76ba119b]::run_test::{closure#0}
[INFO] [stdout]   19:     0x613f54982684 - std[617be2ca0a6fd877]::sys::backtrace::__rust_begin_short_backtrace::<test[aada8e7e76ba119b]::run_test::{closure#1}, ()>
[INFO] [stdout]   20:     0x613f5498be22 - <std[617be2ca0a6fd877]::thread::lifecycle::spawn_unchecked<test[aada8e7e76ba119b]::run_test::{closure#1}, ()>::{closure#1} as core[a373ad73a504971]::ops::function::FnOnce<()>>::call_once::{shim:vtable#0}
[INFO] [stdout]   21:     0x613f549f742f - <std[617be2ca0a6fd877]::sys::thread::unix::Thread>::new::thread_start
[INFO] [stdout]   22:     0x7a960ac61dfa - <unknown>
[INFO] [stdout]   23:     0x7a960acf53d4 - clone
[INFO] [stdout]   24:                0x0 - <unknown>
[INFO] [stdout] 
[INFO] [stdout] ---- fs_op::dir::create::tests::test_undo_before_create_dir stdout ----
[INFO] [stdout] 
[INFO] [stdout] thread 'fs_op::dir::create::tests::test_undo_before_create_dir' (231) panicked at src/test_util.rs:23:30:
[INFO] [stdout] called `Result::unwrap()` on an `Err` value: Os { code: 30, kind: ReadOnlyFilesystem, message: "Read-only file system" }
[INFO] [stdout] stack backtrace:
[INFO] [stdout]    0:     0x613f549f8181 - <<std[617be2ca0a6fd877]::sys::backtrace::BacktraceLock>::print::DisplayBacktrace as core[a373ad73a504971]::fmt::Display>::fmt
[INFO] [stdout]    1:     0x613f54a0c67a - core[a373ad73a504971]::fmt::write
[INFO] [stdout]    2:     0x613f549fc76c - <alloc[2e1b2a31b91974c5]::vec::Vec<u8> as core[a373ad73a504971]::io::write::Write>::write_fmt
[INFO] [stdout]    3:     0x613f549d1246 - std[617be2ca0a6fd877]::panicking::default_hook::{closure#0}
[INFO] [stdout]    4:     0x613f549ee629 - std[617be2ca0a6fd877]::panicking::default_hook
[INFO] [stdout]    5:     0x613f54988770 - test[aada8e7e76ba119b]::test_main_inner::{closure#0}
[INFO] [stdout]    6:     0x613f549ee7e2 - std[617be2ca0a6fd877]::panicking::panic_with_hook
[INFO] [stdout]    7:     0x613f549d12f2 - std[617be2ca0a6fd877]::panicking::panic_handler::{closure#0}
[INFO] [stdout]    8:     0x613f549c9bf9 - std[617be2ca0a6fd877]::sys::backtrace::__rust_end_short_backtrace::<std[617be2ca0a6fd877]::panicking::panic_handler::{closure#0}, !>
[INFO] [stdout]    9:     0x613f549d20dd - __rustc[ea4f61d10b84890b]::rust_begin_unwind
[INFO] [stdout]   10:     0x613f54a0cdac - core[a373ad73a504971]::panicking::panic_fmt
[INFO] [stdout]   11:     0x613f54a0cb82 - core[a373ad73a504971]::result::unwrap_failed
[INFO] [stdout]   12:     0x613f5496edcf - <std[617be2ca0a6fd877]::sync::once::Once>::call_once_force::<<std[617be2ca0a6fd877]::sync::once_lock::OnceLock<&std[617be2ca0a6fd877]::path::Path>>::initialize<<std[617be2ca0a6fd877]::sync::once_lock::OnceLock<&std[617be2ca0a6fd877]::path::Path>>::get_or_init<fs_undo[98fc37c7c710c139]::test_util::init_base_path::{closure#0}>::{closure#0}, !>::{closure#0}>::{closure#0}
[INFO] [stdout]   13:     0x613f549d7009 - <std[617be2ca0a6fd877]::sys::sync::once::futex::Once>::call
[INFO] [stdout]   14:     0x613f5496ea57 - <std[617be2ca0a6fd877]::sync::once_lock::OnceLock<&std[617be2ca0a6fd877]::path::Path>>::initialize::<<std[617be2ca0a6fd877]::sync::once_lock::OnceLock<&std[617be2ca0a6fd877]::path::Path>>::get_or_init<fs_undo[98fc37c7c710c139]::test_util::init_base_path::{closure#0}>::{closure#0}, !>
[INFO] [stdout]   15:     0x613f549771dd - fs_undo[98fc37c7c710c139]::test_util::init_test_path::<&str>
[INFO] [stdout]   16:     0x613f54970af8 - <fs_undo[98fc37c7c710c139]::fs_op::dir::create::tests::test_undo_before_create_dir::{closure#0} as core[a373ad73a504971]::ops::function::FnOnce<()>>::call_once
[INFO] [stdout]   17:     0x613f5497bbbb - test[aada8e7e76ba119b]::__rust_begin_short_backtrace::<core[a373ad73a504971]::result::Result<(), alloc[2e1b2a31b91974c5]::string::String>, fn() -> core[a373ad73a504971]::result::Result<(), alloc[2e1b2a31b91974c5]::string::String>>
[INFO] [stdout]   18:     0x613f54988d95 - test[aada8e7e76ba119b]::run_test::{closure#0}
[INFO] [stdout]   19:     0x613f54982684 - std[617be2ca0a6fd877]::sys::backtrace::__rust_begin_short_backtrace::<test[aada8e7e76ba119b]::run_test::{closure#1}, ()>
[INFO] [stdout]   20:     0x613f5498be22 - <std[617be2ca0a6fd877]::thread::lifecycle::spawn_unchecked<test[aada8e7e76ba119b]::run_test::{closure#1}, ()>::{closure#1} as core[a373ad73a504971]::ops::function::FnOnce<()>>::call_once::{shim:vtable#0}
[INFO] [stdout]   21:     0x613f549f742f - <std[617be2ca0a6fd877]::sys::thread::unix::Thread>::new::thread_start
[INFO] [stdout]   22:     0x7a960ac61dfa - <unknown>
[INFO] [stdout]   23:     0x7a960acf53d4 - clone
[INFO] [stdout]   24:                0x0 - <unknown>
[INFO] [stdout] 
[INFO] [stdout] ---- fs_op::dir::create_all::tests::test_undo_before_create_dir_all stdout ----
[INFO] [stdout] 
[INFO] [stdout] thread 'fs_op::dir::create_all::tests::test_undo_before_create_dir_all' (236) panicked at src/test_util.rs:23:30:
[INFO] [stdout] called `Result::unwrap()` on an `Err` value: Os { code: 30, kind: ReadOnlyFilesystem, message: "Read-only file system" }
[INFO] [stdout] stack backtrace:
[INFO] [stdout]    0:     0x613f549f8181 - <<std[617be2ca0a6fd877]::sys::backtrace::BacktraceLock>::print::DisplayBacktrace as core[a373ad73a504971]::fmt::Display>::fmt
[INFO] [stdout]    1:     0x613f54a0c67a - core[a373ad73a504971]::fmt::write
[INFO] [stdout]    2:     0x613f549fc76c - <alloc[2e1b2a31b91974c5]::vec::Vec<u8> as core[a373ad73a504971]::io::write::Write>::write_fmt
[INFO] [stdout]    3:     0x613f549d1246 - std[617be2ca0a6fd877]::panicking::default_hook::{closure#0}
[INFO] [stdout]    4:     0x613f549ee629 - std[617be2ca0a6fd877]::panicking::default_hook
[INFO] [stdout]    5:     0x613f54988770 - test[aada8e7e76ba119b]::test_main_inner::{closure#0}
[INFO] [stdout]    6:     0x613f549ee7e2 - std[617be2ca0a6fd877]::panicking::panic_with_hook
[INFO] [stdout]    7:     0x613f549d12f2 - std[617be2ca0a6fd877]::panicking::panic_handler::{closure#0}
[INFO] [stdout]    8:     0x613f549c9bf9 - std[617be2ca0a6fd877]::sys::backtrace::__rust_end_short_backtrace::<std[617be2ca0a6fd877]::panicking::panic_handler::{closure#0}, !>
[INFO] [stdout]    9:     0x613f549d20dd - __rustc[ea4f61d10b84890b]::rust_begin_unwind
[INFO] [stdout]   10:     0x613f54a0cdac - core[a373ad73a504971]::panicking::panic_fmt
[INFO] [stdout]   11:     0x613f54a0cb82 - core[a373ad73a504971]::result::unwrap_failed
[INFO] [stdout]   12:     0x613f5496edcf - <std[617be2ca0a6fd877]::sync::once::Once>::call_once_force::<<std[617be2ca0a6fd877]::sync::once_lock::OnceLock<&std[617be2ca0a6fd877]::path::Path>>::initialize<<std[617be2ca0a6fd877]::sync::once_lock::OnceLock<&std[617be2ca0a6fd877]::path::Path>>::get_or_init<fs_undo[98fc37c7c710c139]::test_util::init_base_path::{closure#0}>::{closure#0}, !>::{closure#0}>::{closure#0}
[INFO] [stdout]   13:     0x613f549d7009 - <std[617be2ca0a6fd877]::sys::sync::once::futex::Once>::call
[INFO] [stdout]   14:     0x613f5496ea57 - <std[617be2ca0a6fd877]::sync::once_lock::OnceLock<&std[617be2ca0a6fd877]::path::Path>>::initialize::<<std[617be2ca0a6fd877]::sync::once_lock::OnceLock<&std[617be2ca0a6fd877]::path::Path>>::get_or_init<fs_undo[98fc37c7c710c139]::test_util::init_base_path::{closure#0}>::{closure#0}, !>
[INFO] [stdout]   15:     0x613f549771dd - fs_undo[98fc37c7c710c139]::test_util::init_test_path::<&str>
[INFO] [stdout]   16:     0x613f5496db05 - <fs_undo[98fc37c7c710c139]::fs_op::dir::create_all::tests::test_undo_before_create_dir_all::{closure#0} as core[a373ad73a504971]::ops::function::FnOnce<()>>::call_once
[INFO] [stdout]   17:     0x613f5497bbbb - test[aada8e7e76ba119b]::__rust_begin_short_backtrace::<core[a373ad73a504971]::result::Result<(), alloc[2e1b2a31b91974c5]::string::String>, fn() -> core[a373ad73a504971]::result::Result<(), alloc[2e1b2a31b91974c5]::string::String>>
[INFO] [stdout]   18:     0x613f54988d95 - test[aada8e7e76ba119b]::run_test::{closure#0}
[INFO] [stdout]   19:     0x613f54982684 - std[617be2ca0a6fd877]::sys::backtrace::__rust_begin_short_backtrace::<test[aada8e7e76ba119b]::run_test::{closure#1}, ()>
[INFO] [stdout]   20:     0x613f5498be22 - <std[617be2ca0a6fd877]::thread::lifecycle::spawn_unchecked<test[aada8e7e76ba119b]::run_test::{closure#1}, ()>::{closure#1} as core[a373ad73a504971]::ops::function::FnOnce<()>>::call_once::{shim:vtable#0}
[INFO] [stdout]   21:     0x613f549f742f - <std[617be2ca0a6fd877]::sys::thread::unix::Thread>::new::thread_start
[INFO] [stdout]   22:     0x7a960ac61dfa - <unknown>
[INFO] [stdout]   23:     0x7a960acf53d4 - clone
[INFO] [stdout]   24:                0x0 - <unknown>
[INFO] [stdout] 
[INFO] [stdout] ---- fs_op::dir::remove_empty::tests::test_remove_empty_dir_undo stdout ----
[INFO] [stdout] 
[INFO] [stdout] thread 'fs_op::dir::remove_empty::tests::test_remove_empty_dir_undo' (243) panicked at src/test_util.rs:23:30:
[INFO] [stdout] called `Result::unwrap()` on an `Err` value: Os { code: 30, kind: ReadOnlyFilesystem, message: "Read-only file system" }
[INFO] [stdout] stack backtrace:
[INFO] [stdout]    0:     0x613f549f8181 - <<std[617be2ca0a6fd877]::sys::backtrace::BacktraceLock>::print::DisplayBacktrace as core[a373ad73a504971]::fmt::Display>::fmt
[INFO] [stdout]    1:     0x613f54a0c67a - core[a373ad73a504971]::fmt::write
[INFO] [stdout]    2:     0x613f549fc76c - <alloc[2e1b2a31b91974c5]::vec::Vec<u8> as core[a373ad73a504971]::io::write::Write>::write_fmt
[INFO] [stdout]    3:     0x613f549d1246 - std[617be2ca0a6fd877]::panicking::default_hook::{closure#0}
[INFO] [stdout]    4:     0x613f549ee629 - std[617be2ca0a6fd877]::panicking::default_hook
[INFO] [stdout]    5:     0x613f54988770 - test[aada8e7e76ba119b]::test_main_inner::{closure#0}
[INFO] [stdout]    6:     0x613f549ee7e2 - std[617be2ca0a6fd877]::panicking::panic_with_hook
[INFO] [stdout]    7:     0x613f549d12f2 - std[617be2ca0a6fd877]::panicking::panic_handler::{closure#0}
[INFO] [stdout]    8:     0x613f549c9bf9 - std[617be2ca0a6fd877]::sys::backtrace::__rust_end_short_backtrace::<std[617be2ca0a6fd877]::panicking::panic_handler::{closure#0}, !>
[INFO] [stdout]    9:     0x613f549d20dd - __rustc[ea4f61d10b84890b]::rust_begin_unwind
[INFO] [stdout]   10:     0x613f54a0cdac - core[a373ad73a504971]::panicking::panic_fmt
[INFO] [stdout]   11:     0x613f54a0cb82 - core[a373ad73a504971]::result::unwrap_failed
[INFO] [stdout]   12:     0x613f5496edcf - <std[617be2ca0a6fd877]::sync::once::Once>::call_once_force::<<std[617be2ca0a6fd877]::sync::once_lock::OnceLock<&std[617be2ca0a6fd877]::path::Path>>::initialize<<std[617be2ca0a6fd877]::sync::once_lock::OnceLock<&std[617be2ca0a6fd877]::path::Path>>::get_or_init<fs_undo[98fc37c7c710c139]::test_util::init_base_path::{closure#0}>::{closure#0}, !>::{closure#0}>::{closure#0}
[INFO] [stdout]   13:     0x613f549d7009 - <std[617be2ca0a6fd877]::sys::sync::once::futex::Once>::call
[INFO] [stdout]   14:     0x613f5496ea57 - <std[617be2ca0a6fd877]::sync::once_lock::OnceLock<&std[617be2ca0a6fd877]::path::Path>>::initialize::<<std[617be2ca0a6fd877]::sync::once_lock::OnceLock<&std[617be2ca0a6fd877]::path::Path>>::get_or_init<fs_undo[98fc37c7c710c139]::test_util::init_base_path::{closure#0}>::{closure#0}, !>
[INFO] [stdout]   15:     0x613f549771dd - fs_undo[98fc37c7c710c139]::test_util::init_test_path::<&str>
[INFO] [stdout]   16:     0x613f5497376d - <fs_undo[98fc37c7c710c139]::fs_op::dir::remove_empty::tests::test_remove_empty_dir_undo::{closure#0} as core[a373ad73a504971]::ops::function::FnOnce<()>>::call_once
[INFO] [stdout]   17:     0x613f5497bbbb - test[aada8e7e76ba119b]::__rust_begin_short_backtrace::<core[a373ad73a504971]::result::Result<(), alloc[2e1b2a31b91974c5]::string::String>, fn() -> core[a373ad73a504971]::result::Result<(), alloc[2e1b2a31b91974c5]::string::String>>
[INFO] [stdout]   18:     0x613f54988d95 - test[aada8e7e76ba119b]::run_test::{closure#0}
[INFO] [stdout]   19:     0x613f54982684 - std[617be2ca0a6fd877]::sys::backtrace::__rust_begin_short_backtrace::<test[aada8e7e76ba119b]::run_test::{closure#1}, ()>
[INFO] [stdout]   20:     0x613f5498be22 - <std[617be2ca0a6fd877]::thread::lifecycle::spawn_unchecked<test[aada8e7e76ba119b]::run_test::{closure#1}, ()>::{closure#1} as core[a373ad73a504971]::ops::function::FnOnce<()>>::call_once::{shim:vtable#0}
[INFO] [stdout]   21:     0x613f549f742f - <std[617be2ca0a6fd877]::sys::thread::unix::Thread>::new::thread_start
[INFO] [stdout]   22:     0x7a960ac61dfa - <unknown>
[INFO] [stdout]   23:     0x7a960acf53d4 - clone
[INFO] [stdout]   24:                0x0 - <unknown>
[INFO] [stdout] 
[INFO] [stdout] ---- fs_op::file::create::tests::test_create_file stdout ----
[INFO] [stdout] 
[INFO] [stdout] thread 'fs_op::file::create::tests::test_create_file' (245) panicked at src/test_util.rs:23:30:
[INFO] [stdout] called `Result::unwrap()` on an `Err` value: Os { code: 30, kind: ReadOnlyFilesystem, message: "Read-only file system" }
[INFO] [stdout] stack backtrace:
[INFO] [stdout]    0:     0x613f549f8181 - <<std[617be2ca0a6fd877]::sys::backtrace::BacktraceLock>::print::DisplayBacktrace as core[a373ad73a504971]::fmt::Display>::fmt
[INFO] [stdout]    1:     0x613f54a0c67a - core[a373ad73a504971]::fmt::write
[INFO] [stdout]    2:     0x613f549fc76c - <alloc[2e1b2a31b91974c5]::vec::Vec<u8> as core[a373ad73a504971]::io::write::Write>::write_fmt
[INFO] [stdout]    3:     0x613f549d1246 - std[617be2ca0a6fd877]::panicking::default_hook::{closure#0}
[INFO] [stdout]    4:     0x613f549ee629 - std[617be2ca0a6fd877]::panicking::default_hook
[INFO] [stdout]    5:     0x613f54988770 - test[aada8e7e76ba119b]::test_main_inner::{closure#0}
[INFO] [stdout]    6:     0x613f549ee7e2 - std[617be2ca0a6fd877]::panicking::panic_with_hook
[INFO] [stdout]    7:     0x613f549d12f2 - std[617be2ca0a6fd877]::panicking::panic_handler::{closure#0}
[INFO] [stdout]    8:     0x613f549c9bf9 - std[617be2ca0a6fd877]::sys::backtrace::__rust_end_short_backtrace::<std[617be2ca0a6fd877]::panicking::panic_handler::{closure#0}, !>
[INFO] [stdout]    9:     0x613f549d20dd - __rustc[ea4f61d10b84890b]::rust_begin_unwind
[INFO] [stdout]   10:     0x613f54a0cdac - core[a373ad73a504971]::panicking::panic_fmt
[INFO] [stdout]   11:     0x613f54a0cb82 - core[a373ad73a504971]::result::unwrap_failed
[INFO] [stdout]   12:     0x613f5496edcf - <std[617be2ca0a6fd877]::sync::once::Once>::call_once_force::<<std[617be2ca0a6fd877]::sync::once_lock::OnceLock<&std[617be2ca0a6fd877]::path::Path>>::initialize<<std[617be2ca0a6fd877]::sync::once_lock::OnceLock<&std[617be2ca0a6fd877]::path::Path>>::get_or_init<fs_undo[98fc37c7c710c139]::test_util::init_base_path::{closure#0}>::{closure#0}, !>::{closure#0}>::{closure#0}
[INFO] [stdout]   13:     0x613f549d7009 - <std[617be2ca0a6fd877]::sys::sync::once::futex::Once>::call
[INFO] [stdout]   14:     0x613f5496ea57 - <std[617be2ca0a6fd877]::sync::once_lock::OnceLock<&std[617be2ca0a6fd877]::path::Path>>::initialize::<<std[617be2ca0a6fd877]::sync::once_lock::OnceLock<&std[617be2ca0a6fd877]::path::Path>>::get_or_init<fs_undo[98fc37c7c710c139]::test_util::init_base_path::{closure#0}>::{closure#0}, !>
[INFO] [stdout]   15:     0x613f549771dd - fs_undo[98fc37c7c710c139]::test_util::init_test_path::<&str>
[INFO] [stdout]   16:     0x613f5496dc77 - <fs_undo[98fc37c7c710c139]::fs_op::file::create::tests::test_create_file::{closure#0} as core[a373ad73a504971]::ops::function::FnOnce<()>>::call_once
[INFO] [stdout]   17:     0x613f5497bbbb - test[aada8e7e76ba119b]::__rust_begin_short_backtrace::<core[a373ad73a504971]::result::Result<(), alloc[2e1b2a31b91974c5]::string::String>, fn() -> core[a373ad73a504971]::result::Result<(), alloc[2e1b2a31b91974c5]::string::String>>
[INFO] [stdout]   18:     0x613f54988d95 - test[aada8e7e76ba119b]::run_test::{closure#0}
[INFO] [stdout]   19:     0x613f54982684 - std[617be2ca0a6fd877]::sys::backtrace::__rust_begin_short_backtrace::<test[aada8e7e76ba119b]::run_test::{closure#1}, ()>
[INFO] [stdout]   20:     0x613f5498be22 - <std[617be2ca0a6fd877]::thread::lifecycle::spawn_unchecked<test[aada8e7e76ba119b]::run_test::{closure#1}, ()>::{closure#1} as core[a373ad73a504971]::ops::function::FnOnce<()>>::call_once::{shim:vtable#0}
[INFO] [stdout]   21:     0x613f549f742f - <std[617be2ca0a6fd877]::sys::thread::unix::Thread>::new::thread_start
[INFO] [stdout]   22:     0x7a960ac61dfa - <unknown>
[INFO] [stdout]   23:     0x7a960acf53d4 - clone
[INFO] [stdout]   24:                0x0 - <unknown>
[INFO] [stdout] 
[INFO] [stdout] ---- fs_op::dir::create_all::tests::test_create_dir_all stdout ----
[INFO] [stdout] 
[INFO] [stdout] thread 'fs_op::dir::create_all::tests::test_create_dir_all' (232) panicked at src/test_util.rs:23:30:
[INFO] [stdout] called `Result::unwrap()` on an `Err` value: Os { code: 30, kind: ReadOnlyFilesystem, message: "Read-only file system" }
[INFO] [stdout] stack backtrace:
[INFO] [stdout]    0:     0x613f549f8181 - <<std[617be2ca0a6fd877]::sys::backtrace::BacktraceLock>::print::DisplayBacktrace as core[a373ad73a504971]::fmt::Display>::fmt
[INFO] [stdout]    1:     0x613f54a0c67a - core[a373ad73a504971]::fmt::write
[INFO] [stdout]    2:     0x613f549fc76c - <alloc[2e1b2a31b91974c5]::vec::Vec<u8> as core[a373ad73a504971]::io::write::Write>::write_fmt
[INFO] [stdout]    3:     0x613f549d1246 - std[617be2ca0a6fd877]::panicking::default_hook::{closure#0}
[INFO] [stdout]    4:     0x613f549ee629 - std[617be2ca0a6fd877]::panicking::default_hook
[INFO] [stdout]    5:     0x613f54988770 - test[aada8e7e76ba119b]::test_main_inner::{closure#0}
[INFO] [stdout]    6:     0x613f549ee7e2 - std[617be2ca0a6fd877]::panicking::panic_with_hook
[INFO] [stdout]    7:     0x613f549d12f2 - std[617be2ca0a6fd877]::panicking::panic_handler::{closure#0}
[INFO] [stdout]    8:     0x613f549c9bf9 - std[617be2ca0a6fd877]::sys::backtrace::__rust_end_short_backtrace::<std[617be2ca0a6fd877]::panicking::panic_handler::{closure#0}, !>
[INFO] [stdout]    9:     0x613f549d20dd - __rustc[ea4f61d10b84890b]::rust_begin_unwind
[INFO] [stdout]   10:     0x613f54a0cdac - core[a373ad73a504971]::panicking::panic_fmt
[INFO] [stdout]   11:     0x613f54a0cb82 - core[a373ad73a504971]::result::unwrap_failed
[INFO] [stdout]   12:     0x613f5496edcf - <std[617be2ca0a6fd877]::sync::once::Once>::call_once_force::<<std[617be2ca0a6fd877]::sync::once_lock::OnceLock<&std[617be2ca0a6fd877]::path::Path>>::initialize<<std[617be2ca0a6fd877]::sync::once_lock::OnceLock<&std[617be2ca0a6fd877]::path::Path>>::get_or_init<fs_undo[98fc37c7c710c139]::test_util::init_base_path::{closure#0}>::{closure#0}, !>::{closure#0}>::{closure#0}
[INFO] [stdout]   13:     0x613f549d7009 - <std[617be2ca0a6fd877]::sys::sync::once::futex::Once>::call
[INFO] [stdout]   14:     0x613f5496ea57 - <std[617be2ca0a6fd877]::sync::once_lock::OnceLock<&std[617be2ca0a6fd877]::path::Path>>::initialize::<<std[617be2ca0a6fd877]::sync::once_lock::OnceLock<&std[617be2ca0a6fd877]::path::Path>>::get_or_init<fs_undo[98fc37c7c710c139]::test_util::init_base_path::{closure#0}>::{closure#0}, !>
[INFO] [stdout]   15:     0x613f549771dd - fs_undo[98fc37c7c710c139]::test_util::init_test_path::<&str>
[INFO] [stdout]   16:     0x613f5496d058 - <fs_undo[98fc37c7c710c139]::fs_op::dir::create_all::tests::test_create_dir_all::{closure#0} as core[a373ad73a504971]::ops::function::FnOnce<()>>::call_once
[INFO] [stdout]   17:     0x613f5497bbbb - test[aada8e7e76ba119b]::__rust_begin_short_backtrace::<core[a373ad73a504971]::result::Result<(), alloc[2e1b2a31b91974c5]::string::String>, fn() -> core[a373ad73a504971]::result::Result<(), alloc[2e1b2a31b91974c5]::string::String>>
[INFO] [stdout]   18:     0x613f54988d95 - test[aada8e7e76ba119b]::run_test::{closure#0}
[INFO] [stdout]   19:     0x613f54982684 - std[617be2ca0a6fd877]::sys::backtrace::__rust_begin_short_backtrace::<test[aada8e7e76ba119b]::run_test::{closure#1}, ()>
[INFO] [stdout]   20:     0x613f5498be22 - <std[617be2ca0a6fd877]::thread::lifecycle::spawn_unchecked<test[aada8e7e76ba119b]::run_test::{closure#1}, ()>::{closure#1} as core[a373ad73a504971]::ops::function::FnOnce<()>>::call_once::{shim:vtable#0}
[INFO] [stdout]   21:     0x613f549f742f - <std[617be2ca0a6fd877]::sys::thread::unix::Thread>::new::thread_start
[INFO] [stdout]   22:     0x7a960ac61dfa - <unknown>
[INFO] [stdout]   23:     0x7a960acf53d4 - clone
[INFO] [stdout]   24:                0x0 - <unknown>
[INFO] [stdout] 
[INFO] [stdout] ---- fs_op::file::create::tests::test_create_file_undo stdout ----
[INFO] [stdout] 
[INFO] [stdout] thread 'fs_op::file::create::tests::test_create_file_undo' (247) panicked at src/test_util.rs:23:30:
[INFO] [stdout] called `Result::unwrap()` on an `Err` value: Os { code: 30, kind: ReadOnlyFilesystem, message: "Read-only file system" }
[INFO] [stdout] stack backtrace:
[INFO] [stdout]    0:     0x613f549f8181 - <<std[617be2ca0a6fd877]::sys::backtrace::BacktraceLock>::print::DisplayBacktrace as core[a373ad73a504971]::fmt::Display>::fmt
[INFO] [stdout]    1:     0x613f54a0c67a - core[a373ad73a504971]::fmt::write
[INFO] [stdout]    2:     0x613f549fc76c - <alloc[2e1b2a31b91974c5]::vec::Vec<u8> as core[a373ad73a504971]::io::write::Write>::write_fmt
[INFO] [stdout]    3:     0x613f549d1246 - std[617be2ca0a6fd877]::panicking::default_hook::{closure#0}
[INFO] [stdout]    4:     0x613f549ee629 - std[617be2ca0a6fd877]::panicking::default_hook
[INFO] [stdout]    5:     0x613f54988770 - test[aada8e7e76ba119b]::test_main_inner::{closure#0}
[INFO] [stdout]    6:     0x613f549ee7e2 - std[617be2ca0a6fd877]::panicking::panic_with_hook
[INFO] [stdout]    7:     0x613f549d12f2 - std[617be2ca0a6fd877]::panicking::panic_handler::{closure#0}
[INFO] [stdout]    8:     0x613f549c9bf9 - std[617be2ca0a6fd877]::sys::backtrace::__rust_end_short_backtrace::<std[617be2ca0a6fd877]::panicking::panic_handler::{closure#0}, !>
[INFO] [stdout]    9:     0x613f549d20dd - __rustc[ea4f61d10b84890b]::rust_begin_unwind
[INFO] [stdout]   10:     0x613f54a0cdac - core[a373ad73a504971]::panicking::panic_fmt
[INFO] [stdout]   11:     0x613f54a0cb82 - core[a373ad73a504971]::result::unwrap_failed
[INFO] [stdout]   12:     0x613f5496edcf - <std[617be2ca0a6fd877]::sync::once::Once>::call_once_force::<<std[617be2ca0a6fd877]::sync::once_lock::OnceLock<&std[617be2ca0a6fd877]::path::Path>>::initialize<<std[617be2ca0a6fd877]::sync::once_lock::OnceLock<&std[617be2ca0a6fd877]::path::Path>>::get_or_init<fs_undo[98fc37c7c710c139]::test_util::init_base_path::{closure#0}>::{closure#0}, !>::{closure#0}>::{closure#0}
[INFO] [stdout]   13:     0x613f549d7009 - <std[617be2ca0a6fd877]::sys::sync::once::futex::Once>::call
[INFO] [stdout]   14:     0x613f5496ea57 - <std[617be2ca0a6fd877]::sync::once_lock::OnceLock<&std[617be2ca0a6fd877]::path::Path>>::initialize::<<std[617be2ca0a6fd877]::sync::once_lock::OnceLock<&std[617be2ca0a6fd877]::path::Path>>::get_or_init<fs_undo[98fc37c7c710c139]::test_util::init_base_path::{closure#0}>::{closure#0}, !>
[INFO] [stdout]   15:     0x613f549771dd - fs_undo[98fc37c7c710c139]::test_util::init_test_path::<&str>
[INFO] [stdout]   16:     0x613f5496de5a - <fs_undo[98fc37c7c710c139]::fs_op::file::create::tests::test_create_file_undo::{closure#0} as core[a373ad73a504971]::ops::function::FnOnce<()>>::call_once
[INFO] [stdout]   17:     0x613f5497bbbb - test[aada8e7e76ba119b]::__rust_begin_short_backtrace::<core[a373ad73a504971]::result::Result<(), alloc[2e1b2a31b91974c5]::string::String>, fn() -> core[a373ad73a504971]::result::Result<(), alloc[2e1b2a31b91974c5]::string::String>>
[INFO] [stdout]   18:     0x613f54988d95 - test[aada8e7e76ba119b]::run_test::{closure#0}
[INFO] [stdout]   19:     0x613f54982684 - std[617be2ca0a6fd877]::sys::backtrace::__rust_begin_short_backtrace::<test[aada8e7e76ba119b]::run_test::{closure#1}, ()>
[INFO] [stdout]   20:     0x613f5498be22 - <std[617be2ca0a6fd877]::thread::lifecycle::spawn_unchecked<test[aada8e7e76ba119b]::run_test::{closure#1}, ()>::{closure#1} as core[a373ad73a504971]::ops::function::FnOnce<()>>::call_once::{shim:vtable#0}
[INFO] [stdout]   21:     0x613f549f742f - <std[617be2ca0a6fd877]::sys::thread::unix::Thread>::new::thread_start
[INFO] [stdout]   22:     0x7a960ac61dfa - <unknown>
[INFO] [stdout]   23:     0x7a960acf53d4 - clone
[INFO] [stdout]   24:                0x0 - <unknown>
[INFO] [stdout] 
[INFO] [stdout] ---- fs_op::dir::remove_empty::tests::test_remove_empty_dir_undo_twice stdout ----
[INFO] [stdout] 
[INFO] [stdout] thread 'fs_op::dir::remove_empty::tests::test_remove_empty_dir_undo_twice' (244) panicked at src/test_util.rs:23:30:
[INFO] [stdout] called `Result::unwrap()` on an `Err` value: Os { code: 30, kind: ReadOnlyFilesystem, message: "Read-only file system" }
[INFO] [stdout] stack backtrace:
[INFO] [stdout]    0:     0x613f549f8181 - <<std[617be2ca0a6fd877]::sys::backtrace::BacktraceLock>::print::DisplayBacktrace as core[a373ad73a504971]::fmt::Display>::fmt
[INFO] [stdout]    1:     0x613f54a0c67a - core[a373ad73a504971]::fmt::write
[INFO] [stdout]    2:     0x613f549fc76c - <alloc[2e1b2a31b91974c5]::vec::Vec<u8> as core[a373ad73a504971]::io::write::Write>::write_fmt
[INFO] [stdout]    3:     0x613f549d1246 - std[617be2ca0a6fd877]::panicking::default_hook::{closure#0}
[INFO] [stdout]    4:     0x613f549ee629 - std[617be2ca0a6fd877]::panicking::default_hook
[INFO] [stdout]    5:     0x613f54988770 - test[aada8e7e76ba119b]::test_main_inner::{closure#0}
[INFO] [stdout]    6:     0x613f549ee7e2 - std[617be2ca0a6fd877]::panicking::panic_with_hook
[INFO] [stdout]    7:     0x613f549d12f2 - std[617be2ca0a6fd877]::panicking::panic_handler::{closure#0}
[INFO] [stdout]    8:     0x613f549c9bf9 - std[617be2ca0a6fd877]::sys::backtrace::__rust_end_short_backtrace::<std[617be2ca0a6fd877]::panicking::panic_handler::{closure#0}, !>
[INFO] [stdout]    9:     0x613f549d20dd - __rustc[ea4f61d10b84890b]::rust_begin_unwind
[INFO] [stdout]   10:     0x613f54a0cdac - core[a373ad73a504971]::panicking::panic_fmt
[INFO] [stdout]   11:     0x613f54a0cb82 - core[a373ad73a504971]::result::unwrap_failed
[INFO] [stdout]   12:     0x613f5496edcf - <std[617be2ca0a6fd877]::sync::once::Once>::call_once_force::<<std[617be2ca0a6fd877]::sync::once_lock::OnceLock<&std[617be2ca0a6fd877]::path::Path>>::initialize<<std[617be2ca0a6fd877]::sync::once_lock::OnceLock<&std[617be2ca0a6fd877]::path::Path>>::get_or_init<fs_undo[98fc37c7c710c139]::test_util::init_base_path::{closure#0}>::{closure#0}, !>::{closure#0}>::{closure#0}
[INFO] [stdout]   13:     0x613f549d7009 - <std[617be2ca0a6fd877]::sys::sync::once::futex::Once>::call
[INFO] [stdout]   14:     0x613f5496ea57 - <std[617be2ca0a6fd877]::sync::once_lock::OnceLock<&std[617be2ca0a6fd877]::path::Path>>::initialize::<<std[617be2ca0a6fd877]::sync::once_lock::OnceLock<&std[617be2ca0a6fd877]::path::Path>>::get_or_init<fs_undo[98fc37c7c710c139]::test_util::init_base_path::{closure#0}>::{closure#0}, !>
[INFO] [stdout]   15:     0x613f549771dd - fs_undo[98fc37c7c710c139]::test_util::init_test_path::<&str>
[INFO] [stdout]   16:     0x613f54973f9d - <fs_undo[98fc37c7c710c139]::fs_op::dir::remove_empty::tests::test_remove_empty_dir_undo_twice::{closure#0} as core[a373ad73a504971]::ops::function::FnOnce<()>>::call_once
[INFO] [stdout]   17:     0x613f5497bbbb - test[aada8e7e76ba119b]::__rust_begin_short_backtrace::<core[a373ad73a504971]::result::Result<(), alloc[2e1b2a31b91974c5]::string::String>, fn() -> core[a373ad73a504971]::result::Result<(), alloc[2e1b2a31b91974c5]::string::String>>
[INFO] [stdout]   18:     0x613f54988d95 - test[aada8e7e76ba119b]::run_test::{closure#0}
[INFO] [stdout]   19:     0x613f54982684 - std[617be2ca0a6fd877]::sys::backtrace::__rust_begin_short_backtrace::<test[aada8e7e76ba119b]::run_test::{closure#1}, ()>
[INFO] [stdout]   20:     0x613f5498be22 - <std[617be2ca0a6fd877]::thread::lifecycle::spawn_unchecked<test[aada8e7e76ba119b]::run_test::{closure#1}, ()>::{closure#1} as core[a373ad73a504971]::ops::function::FnOnce<()>>::call_once::{shim:vtable#0}
[INFO] [stdout]   21:     0x613f549f742f - <std[617be2ca0a6fd877]::sys::thread::unix::Thread>::new::thread_start
[INFO] [stdout]   22:     0x7a960ac61dfa - <unknown>
[INFO] [stdout]   23:     0x7a960acf53d4 - clone
[INFO] [stdout]   24:                0x0 - <unknown>
[INFO] [stdout] 
[INFO] [stdout] ---- fs_op::file::create::tests::test_create_file_twice stdout ----
[INFO] [stdout] 
[INFO] [stdout] thread 'fs_op::file::create::tests::test_create_file_twice' (246) panicked at src/test_util.rs:23:30:
[INFO] [stdout] called `Result::unwrap()` on an `Err` value: Os { code: 30, kind: ReadOnlyFilesystem, message: "Read-only file system" }
[INFO] [stdout] stack backtrace:
[INFO] [stdout]    0:     0x613f549f8181 - <<std[617be2ca0a6fd877]::sys::backtrace::BacktraceLock>::print::DisplayBacktrace as core[a373ad73a504971]::fmt::Display>::fmt
[INFO] [stdout]    1:     0x613f54a0c67a - core[a373ad73a504971]::fmt::write
[INFO] [stdout]    2:     0x613f549fc76c - <alloc[2e1b2a31b91974c5]::vec::Vec<u8> as core[a373ad73a504971]::io::write::Write>::write_fmt
[INFO] [stdout]    3:     0x613f549d1246 - std[617be2ca0a6fd877]::panicking::default_hook::{closure#0}
[INFO] [stdout]    4:     0x613f549ee629 - std[617be2ca0a6fd877]::panicking::default_hook
[INFO] [stdout]    5:     0x613f54988770 - test[aada8e7e76ba119b]::test_main_inner::{closure#0}
[INFO] [stdout]    6:     0x613f549ee7e2 - std[617be2ca0a6fd877]::panicking::panic_with_hook
[INFO] [stdout]    7:     0x613f549d12f2 - std[617be2ca0a6fd877]::panicking::panic_handler::{closure#0}
[INFO] [stdout]    8:     0x613f549c9bf9 - std[617be2ca0a6fd877]::sys::backtrace::__rust_end_short_backtrace::<std[617be2ca0a6fd877]::panicking::panic_handler::{closure#0}, !>
[INFO] [stdout]    9:     0x613f549d20dd - __rustc[ea4f61d10b84890b]::rust_begin_unwind
[INFO] [stdout]   10:     0x613f54a0cdac - core[a373ad73a504971]::panicking::panic_fmt
[INFO] [stdout]   11:     0x613f54a0cb82 - core[a373ad73a504971]::result::unwrap_failed
[INFO] [stdout]   12:     0x613f5496edcf - <std[617be2ca0a6fd877]::sync::once::Once>::call_once_force::<<std[617be2ca0a6fd877]::sync::once_lock::OnceLock<&std[617be2ca0a6fd877]::path::Path>>::initialize<<std[617be2ca0a6fd877]::sync::once_lock::OnceLock<&std[617be2ca0a6fd877]::path::Path>>::get_or_init<fs_undo[98fc37c7c710c139]::test_util::init_base_path::{closure#0}>::{closure#0}, !>::{closure#0}>::{closure#0}
[INFO] [stdout]   13:     0x613f549d7009 - <std[617be2ca0a6fd877]::sys::sync::once::futex::Once>::call
[INFO] [stdout]   14:     0x613f5496ea57 - <std[617be2ca0a6fd877]::sync::once_lock::OnceLock<&std[617be2ca0a6fd877]::path::Path>>::initialize::<<std[617be2ca0a6fd877]::sync::once_lock::OnceLock<&std[617be2ca0a6fd877]::path::Path>>::get_or_init<fs_undo[98fc37c7c710c139]::test_util::init_base_path::{closure#0}>::{closure#0}, !>
[INFO] [stdout]   15:     0x613f549771dd - fs_undo[98fc37c7c710c139]::test_util::init_test_path::<&str>
[INFO] [stdout]   16:     0x613f5496e197 - <fs_undo[98fc37c7c710c139]::fs_op::file::create::tests::test_create_file_twice::{closure#0} as core[a373ad73a504971]::ops::function::FnOnce<()>>::call_once
[INFO] [stdout]   17:     0x613f5497bbbb - test[aada8e7e76ba119b]::__rust_begin_short_backtrace::<core[a373ad73a504971]::result::Result<(), alloc[2e1b2a31b91974c5]::string::String>, fn() -> core[a373ad73a504971]::result::Result<(), alloc[2e1b2a31b91974c5]::string::String>>
[INFO] [stdout]   18:     0x613f54988d95 - test[aada8e7e76ba119b]::run_test::{closure#0}
[INFO] [stdout]   19:     0x613f54982684 - std[617be2ca0a6fd877]::sys::backtrace::__rust_begin_short_backtrace::<test[aada8e7e76ba119b]::run_test::{closure#1}, ()>
[INFO] [stdout]   20:     0x613f5498be22 - <std[617be2ca0a6fd877]::thread::lifecycle::spawn_unchecked<test[aada8e7e76ba119b]::run_test::{closure#1}, ()>::{closure#1} as core[a373ad73a504971]::ops::function::FnOnce<()>>::call_once::{shim:vtable#0}
[INFO] [stdout]   21:     0x613f549f742f - <std[617be2ca0a6fd877]::sys::thread::unix::Thread>::new::thread_start
[INFO] [stdout]   22:     0x7a960ac61dfa - <unknown>
[INFO] [stdout]   23:     0x7a960acf53d4 - clone
[INFO] [stdout]   24:                0x0 - <unknown>
[INFO] [stdout] 
[INFO] [stdout] ---- fs_op::file::create::tests::test_create_file_undo_twice stdout ----
[INFO] [stdout] 
[INFO] [stdout] thread 'fs_op::file::create::tests::test_create_file_undo_twice' (248) panicked at src/test_util.rs:23:30:
[INFO] [stdout] called `Result::unwrap()` on an `Err` value: Os { code: 30, kind: ReadOnlyFilesystem, message: "Read-only file system" }
[INFO] [stdout] stack backtrace:
[INFO] [stdout]    0:     0x613f549f8181 - <<std[617be2ca0a6fd877]::sys::backtrace::BacktraceLock>::print::DisplayBacktrace as core[a373ad73a504971]::fmt::Display>::fmt
[INFO] [stdout]    1:     0x613f54a0c67a - core[a373ad73a504971]::fmt::write
[INFO] [stdout]    2:     0x613f549fc76c - <alloc[2e1b2a31b91974c5]::vec::Vec<u8> as core[a373ad73a504971]::io::write::Write>::write_fmt
[INFO] [stdout]    3:     0x613f549d1246 - std[617be2ca0a6fd877]::panicking::default_hook::{closure#0}
[INFO] [stdout]    4:     0x613f549ee629 - std[617be2ca0a6fd877]::panicking::default_hook
[INFO] [stdout]    5:     0x613f54988770 - test[aada8e7e76ba119b]::test_main_inner::{closure#0}
[INFO] [stdout]    6:     0x613f549ee7e2 - std[617be2ca0a6fd877]::panicking::panic_with_hook
[INFO] [stdout]    7:     0x613f549d12f2 - std[617be2ca0a6fd877]::panicking::panic_handler::{closure#0}
[INFO] [stdout]    8:     0x613f549c9bf9 - std[617be2ca0a6fd877]::sys::backtrace::__rust_end_short_backtrace::<std[617be2ca0a6fd877]::panicking::panic_handler::{closure#0}, !>
[INFO] [stdout]    9:     0x613f549d20dd - __rustc[ea4f61d10b84890b]::rust_begin_unwind
[INFO] [stdout]   10:     0x613f54a0cdac - core[a373ad73a504971]::panicking::panic_fmt
[INFO] [stdout]   11:     0x613f54a0cb82 - core[a373ad73a504971]::result::unwrap_failed
[INFO] [stdout]   12:     0x613f5496edcf - <std[617be2ca0a6fd877]::sync::once::Once>::call_once_force::<<std[617be2ca0a6fd877]::sync::once_lock::OnceLock<&std[617be2ca0a6fd877]::path::Path>>::initialize<<std[617be2ca0a6fd877]::sync::once_lock::OnceLock<&std[617be2ca0a6fd877]::path::Path>>::get_or_init<fs_undo[98fc37c7c710c139]::test_util::init_base_path::{closure#0}>::{closure#0}, !>::{closure#0}>::{closure#0}
[INFO] [stdout]   13:     0x613f549d7009 - <std[617be2ca0a6fd877]::sys::sync::once::futex::Once>::call
[INFO] [stdout]   14:     0x613f5496ea57 - <std[617be2ca0a6fd877]::sync::once_lock::OnceLock<&std[617be2ca0a6fd877]::path::Path>>::initialize::<<std[617be2ca0a6fd877]::sync::once_lock::OnceLock<&std[617be2ca0a6fd877]::path::Path>>::get_or_init<fs_undo[98fc37c7c710c139]::test_util::init_base_path::{closure#0}>::{closure#0}, !>
[INFO] [stdout]   15:     0x613f549771dd - fs_undo[98fc37c7c710c139]::test_util::init_test_path::<&str>
[INFO] [stdout]   16:     0x613f5496e3bd - <fs_undo[98fc37c7c710c139]::fs_op::file::create::tests::test_create_file_undo_twice::{closure#0} as core[a373ad73a504971]::ops::function::FnOnce<()>>::call_once
[INFO] [stdout]   17:     0x613f5497bbbb - test[aada8e7e76ba119b]::__rust_begin_short_backtrace::<core[a373ad73a504971]::result::Result<(), alloc[2e1b2a31b91974c5]::string::String>, fn() -> core[a373ad73a504971]::result::Result<(), alloc[2e1b2a31b91974c5]::string::String>>
[INFO] [stdout]   18:     0x613f54988d95 - test[aada8e7e76ba119b]::run_test::{closure#0}
[INFO] [stdout]   19:     0x613f54982684 - std[617be2ca0a6fd877]::sys::backtrace::__rust_begin_short_backtrace::<test[aada8e7e76ba119b]::run_test::{closure#1}, ()>
[INFO] [stdout]   20:     0x613f5498be22 - <std[617be2ca0a6fd877]::thread::lifecycle::spawn_unchecked<test[aada8e7e76ba119b]::run_test::{closure#1}, ()>::{closure#1} as core[a373ad73a504971]::ops::function::FnOnce<()>>::call_once::{shim:vtable#0}
[INFO] [stdout]   21:     0x613f549f742f - <std[617be2ca0a6fd877]::sys::thread::unix::Thread>::new::thread_start
[INFO] [stdout]   22:     0x7a960ac61dfa - <unknown>
[INFO] [stdout]   23:     0x7a960acf53d4 - clone
[INFO] [stdout]   24:                0x0 - <unknown>
[INFO] [stdout] 
[INFO] [stdout] ---- fs_op::dir::remove_all::tests::test_remove_dir_all stdout ----
[INFO] [stdout] 
[INFO] [stdout] thread 'fs_op::dir::remove_all::tests::test_remove_dir_all' (237) panicked at src/test_util.rs:23:30:
[INFO] [stdout] called `Result::unwrap()` on an `Err` value: Os { code: 30, kind: ReadOnlyFilesystem, message: "Read-only file system" }
[INFO] [stdout] stack backtrace:
[INFO] [stdout]    0:     0x613f549f8181 - <<std[617be2ca0a6fd877]::sys::backtrace::BacktraceLock>::print::DisplayBacktrace as core[a373ad73a504971]::fmt::Display>::fmt
[INFO] [stdout]    1:     0x613f54a0c67a - core[a373ad73a504971]::fmt::write
[INFO] [stdout]    2:     0x613f549fc76c - <alloc[2e1b2a31b91974c5]::vec::Vec<u8> as core[a373ad73a504971]::io::write::Write>::write_fmt
[INFO] [stdout]    3:     0x613f549d1246 - std[617be2ca0a6fd877]::panicking::default_hook::{closure#0}
[INFO] [stdout]    4:     0x613f549ee629 - std[617be2ca0a6fd877]::panicking::default_hook
[INFO] [stdout]    5:     0x613f54988770 - test[aada8e7e76ba119b]::test_main_inner::{closure#0}
[INFO] [stdout]    6:     0x613f549ee7e2 - std[617be2ca0a6fd877]::panicking::panic_with_hook
[INFO] [stdout]    7:     0x613f549d12f2 - std[617be2ca0a6fd877]::panicking::panic_handler::{closure#0}
[INFO] [stdout]    8:     0x613f549c9bf9 - std[617be2ca0a6fd877]::sys::backtrace::__rust_end_short_backtrace::<std[617be2ca0a6fd877]::panicking::panic_handler::{closure#0}, !>
[INFO] [stdout]    9:     0x613f549d20dd - __rustc[ea4f61d10b84890b]::rust_begin_unwind
[INFO] [stdout]   10:     0x613f54a0cdac - core[a373ad73a504971]::panicking::panic_fmt
[INFO] [stdout]   11:     0x613f54a0cb82 - core[a373ad73a504971]::result::unwrap_failed
[INFO] [stdout]   12:     0x613f5496edcf - <std[617be2ca0a6fd877]::sync::once::Once>::call_once_force::<<std[617be2ca0a6fd877]::sync::once_lock::OnceLock<&std[617be2ca0a6fd877]::path::Path>>::initialize<<std[617be2ca0a6fd877]::sync::once_lock::OnceLock<&std[617be2ca0a6fd877]::path::Path>>::get_or_init<fs_undo[98fc37c7c710c139]::test_util::init_base_path::{closure#0}>::{closure#0}, !>::{closure#0}>::{closure#0}
[INFO] [stdout]   13:     0x613f549d7009 - <std[617be2ca0a6fd877]::sys::sync::once::futex::Once>::call
[INFO] [stdout]   14:     0x613f5496ea57 - <std[617be2ca0a6fd877]::sync::once_lock::OnceLock<&std[617be2ca0a6fd877]::path::Path>>::initialize::<<std[617be2ca0a6fd877]::sync::once_lock::OnceLock<&std[617be2ca0a6fd877]::path::Path>>::get_or_init<fs_undo[98fc37c7c710c139]::test_util::init_base_path::{closure#0}>::{closure#0}, !>
[INFO] [stdout]   15:     0x613f549771dd - fs_undo[98fc37c7c710c139]::test_util::init_test_path::<&str>
[INFO] [stdout]   16:     0x613f5497acaa - <fs_undo[98fc37c7c710c139]::fs_op::dir::remove_all::tests::test_remove_dir_all::{closure#0} as core[a373ad73a504971]::ops::function::FnOnce<()>>::call_once
[INFO] [stdout]   17:     0x613f5497bbbb - test[aada8e7e76ba119b]::__rust_begin_short_backtrace::<core[a373ad73a504971]::result::Result<(), alloc[2e1b2a31b91974c5]::string::String>, fn() -> core[a373ad73a504971]::result::Result<(), alloc[2e1b2a31b91974c5]::string::String>>
[INFO] [stdout]   18:     0x613f54988d95 - test[aada8e7e76ba119b]::run_test::{closure#0}
[INFO] [stdout]   19:     0x613f54982684 - std[617be2ca0a6fd877]::sys::backtrace::__rust_begin_short_backtrace::<test[aada8e7e76ba119b]::run_test::{closure#1}, ()>
[INFO] [stdout]   20:     0x613f5498be22 - <std[617be2ca0a6fd877]::thread::lifecycle::spawn_unchecked<test[aada8e7e76ba119b]::run_test::{closure#1}, ()>::{closure#1} as core[a373ad73a504971]::ops::function::FnOnce<()>>::call_once::{shim:vtable#0}
[INFO] [stdout]   21:     0x613f549f742f - <std[617be2ca0a6fd877]::sys::thread::unix::Thread>::new::thread_start
[INFO] [stdout]   22:     0x7a960ac61dfa - <unknown>
[INFO] [stdout]   23:     0x7a960acf53d4 - clone
[INFO] [stdout]   24:                0x0 - <unknown>
[INFO] [stdout] 
[INFO] [stdout] ---- fs_op::file::create::tests::test_undo_before_create_file stdout ----
[INFO] [stdout] 
[INFO] [stdout] thread 'fs_op::file::create::tests::test_undo_before_create_file' (249) panicked at src/test_util.rs:23:30:
[INFO] [stdout] called `Result::unwrap()` on an `Err` value: Os { code: 30, kind: ReadOnlyFilesystem, message: "Read-only file system" }
[INFO] [stdout] stack backtrace:
[INFO] [stdout]    0:     0x613f549f8181 - <<std[617be2ca0a6fd877]::sys::backtrace::BacktraceLock>::print::DisplayBacktrace as core[a373ad73a504971]::fmt::Display>::fmt
[INFO] [stdout]    1:     0x613f54a0c67a - core[a373ad73a504971]::fmt::write
[INFO] [stdout]    2:     0x613f549fc76c - <alloc[2e1b2a31b91974c5]::vec::Vec<u8> as core[a373ad73a504971]::io::write::Write>::write_fmt
[INFO] [stdout]    3:     0x613f549d1246 - std[617be2ca0a6fd877]::panicking::default_hook::{closure#0}
[INFO] [stdout]    4:     0x613f549ee629 - std[617be2ca0a6fd877]::panicking::default_hook
[INFO] [stdout]    5:     0x613f54988770 - test[aada8e7e76ba119b]::test_main_inner::{closure#0}
[INFO] [stdout]    6:     0x613f549ee7e2 - std[617be2ca0a6fd877]::panicking::panic_with_hook
[INFO] [stdout]    7:     0x613f549d12f2 - std[617be2ca0a6fd877]::panicking::panic_handler::{closure#0}
[INFO] [stdout]    8:     0x613f549c9bf9 - std[617be2ca0a6fd877]::sys::backtrace::__rust_end_short_backtrace::<std[617be2ca0a6fd877]::panicking::panic_handler::{closure#0}, !>
[INFO] [stdout]    9:     0x613f549d20dd - __rustc[ea4f61d10b84890b]::rust_begin_unwind
[INFO] [stdout]   10:     0x613f54a0cdac - core[a373ad73a504971]::panicking::panic_fmt
[INFO] [stdout]   11:     0x613f54a0cb82 - core[a373ad73a504971]::result::unwrap_failed
[INFO] [stdout]   12:     0x613f5496edcf - <std[617be2ca0a6fd877]::sync::once::Once>::call_once_force::<<std[617be2ca0a6fd877]::sync::once_lock::OnceLock<&std[617be2ca0a6fd877]::path::Path>>::initialize<<std[617be2ca0a6fd877]::sync::once_lock::OnceLock<&std[617be2ca0a6fd877]::path::Path>>::get_or_init<fs_undo[98fc37c7c710c139]::test_util::init_base_path::{closure#0}>::{closure#0}, !>::{closure#0}>::{closure#0}
[INFO] [stdout]   13:     0x613f549d7009 - <std[617be2ca0a6fd877]::sys::sync::once::futex::Once>::call
[INFO] [stdout]   14:     0x613f5496ea57 - <std[617be2ca0a6fd877]::sync::once_lock::OnceLock<&std[617be2ca0a6fd877]::path::Path>>::initialize::<<std[617be2ca0a6fd877]::sync::once_lock::OnceLock<&std[617be2ca0a6fd877]::path::Path>>::get_or_init<fs_undo[98fc37c7c710c139]::test_util::init_base_path::{closure#0}>::{closure#0}, !>
[INFO] [stdout]   15:     0x613f549771dd - fs_undo[98fc37c7c710c139]::test_util::init_test_path::<&str>
[INFO] [stdout]   16:     0x613f5496e7f8 - <fs_undo[98fc37c7c710c139]::fs_op::file::create::tests::test_undo_before_create_file::{closure#0} as core[a373ad73a504971]::ops::function::FnOnce<()>>::call_once
[INFO] [stdout]   17:     0x613f5497bbbb - test[aada8e7e76ba119b]::__rust_begin_short_backtrace::<core[a373ad73a504971]::result::Result<(), alloc[2e1b2a31b91974c5]::string::String>, fn() -> core[a373ad73a504971]::result::Result<(), alloc[2e1b2a31b91974c5]::string::String>>
[INFO] [stdout]   18:     0x613f54988d95 - test[aada8e7e76ba119b]::run_test::{closure#0}
[INFO] [stdout]   19:     0x613f54982684 - std[617be2ca0a6fd877]::sys::backtrace::__rust_begin_short_backtrace::<test[aada8e7e76ba119b]::run_test::{closure#1}, ()>
[INFO] [stdout]   20:     0x613f5498be22 - <std[617be2ca0a6fd877]::thread::lifecycle::spawn_unchecked<test[aada8e7e76ba119b]::run_test::{closure#1}, ()>::{closure#1} as core[a373ad73a504971]::ops::function::FnOnce<()>>::call_once::{shim:vtable#0}
[INFO] [stdout]   21:     0x613f549f742f - <std[617be2ca0a6fd877]::sys::thread::unix::Thread>::new::thread_start
[INFO] [stdout]   22:     0x7a960ac61dfa - <unknown>
[INFO] [stdout]   23:     0x7a960acf53d4 - clone
[INFO] [stdout]   24:                0x0 - <unknown>
[INFO] [stdout] 
[INFO] [stdout] ---- fs_op::file::remove::tests::test_remove_file stdout ----
[INFO] [stdout] 
[INFO] [stdout] thread 'fs_op::file::remove::tests::test_remove_file' (250) panicked at src/test_util.rs:23:30:
[INFO] [stdout] called `Result::unwrap()` on an `Err` value: Os { code: 30, kind: ReadOnlyFilesystem, message: "Read-only file system" }
[INFO] [stdout] stack backtrace:
[INFO] [stdout]    0:     0x613f549f8181 - <<std[617be2ca0a6fd877]::sys::backtrace::BacktraceLock>::print::DisplayBacktrace as core[a373ad73a504971]::fmt::Display>::fmt
[INFO] [stdout]    1:     0x613f54a0c67a - core[a373ad73a504971]::fmt::write
[INFO] [stdout]    2:     0x613f549fc76c - <alloc[2e1b2a31b91974c5]::vec::Vec<u8> as core[a373ad73a504971]::io::write::Write>::write_fmt
[INFO] [stdout]    3:     0x613f549d1246 - std[617be2ca0a6fd877]::panicking::default_hook::{closure#0}
[INFO] [stdout]    4:     0x613f549ee629 - std[617be2ca0a6fd877]::panicking::default_hook
[INFO] [stdout]    5:     0x613f54988770 - test[aada8e7e76ba119b]::test_main_inner::{closure#0}
[INFO] [stdout]    6:     0x613f549ee7e2 - std[617be2ca0a6fd877]::panicking::panic_with_hook
[INFO] [stdout]    7:     0x613f549d12f2 - std[617be2ca0a6fd877]::panicking::panic_handler::{closure#0}
[INFO] [stdout]    8:     0x613f549c9bf9 - std[617be2ca0a6fd877]::sys::backtrace::__rust_end_short_backtrace::<std[617be2ca0a6fd877]::panicking::panic_handler::{closure#0}, !>
[INFO] [stdout]    9:     0x613f549d20dd - __rustc[ea4f61d10b84890b]::rust_begin_unwind
[INFO] [stdout]   10:     0x613f54a0cdac - core[a373ad73a504971]::panicking::panic_fmt
[INFO] [stdout]   11:     0x613f54a0cb82 - core[a373ad73a504971]::result::unwrap_failed
[INFO] [stdout]   12:     0x613f5496edcf - <std[617be2ca0a6fd877]::sync::once::Once>::call_once_force::<<std[617be2ca0a6fd877]::sync::once_lock::OnceLock<&std[617be2ca0a6fd877]::path::Path>>::initialize<<std[617be2ca0a6fd877]::sync::once_lock::OnceLock<&std[617be2ca0a6fd877]::path::Path>>::get_or_init<fs_undo[98fc37c7c710c139]::test_util::init_base_path::{closure#0}>::{closure#0}, !>::{closure#0}>::{closure#0}
[INFO] [stdout]   13:     0x613f549d7009 - <std[617be2ca0a6fd877]::sys::sync::once::futex::Once>::call
[INFO] [stdout]   14:     0x613f5496ea57 - <std[617be2ca0a6fd877]::sync::once_lock::OnceLock<&std[617be2ca0a6fd877]::path::Path>>::initialize::<<std[617be2ca0a6fd877]::sync::once_lock::OnceLock<&std[617be2ca0a6fd877]::path::Path>>::get_or_init<fs_undo[98fc37c7c710c139]::test_util::init_base_path::{closure#0}>::{closure#0}, !>
[INFO] [stdout]   15:     0x613f549771dd - fs_undo[98fc37c7c710c139]::test_util::init_test_path::<&str>
[INFO] [stdout]   16:     0x613f5497845a - <fs_undo[98fc37c7c710c139]::fs_op::file::remove::tests::test_remove_file::{closure#0} as core[a373ad73a504971]::ops::function::FnOnce<()>>::call_once
[INFO] [stdout]   17:     0x613f5497bbbb - test[aada8e7e76ba119b]::__rust_begin_short_backtrace::<core[a373ad73a504971]::result::Result<(), alloc[2e1b2a31b91974c5]::string::String>, fn() -> core[a373ad73a504971]::result::Result<(), alloc[2e1b2a31b91974c5]::string::String>>
[INFO] [stdout]   18:     0x613f54988d95 - test[aada8e7e76ba119b]::run_test::{closure#0}
[INFO] [stdout]   19:     0x613f54982684 - std[617be2ca0a6fd877]::sys::backtrace::__rust_begin_short_backtrace::<test[aada8e7e76ba119b]::run_test::{closure#1}, ()>
[INFO] [stdout]   20:     0x613f5498be22 - <std[617be2ca0a6fd877]::thread::lifecycle::spawn_unchecked<test[aada8e7e76ba119b]::run_test::{closure#1}, ()>::{closure#1} as core[a373ad73a504971]::ops::function::FnOnce<()>>::call_once::{shim:vtable#0}
[INFO] [stdout]   21:     0x613f549f742f - <std[617be2ca0a6fd877]::sys::thread::unix::Thread>::new::thread_start
[INFO] [stdout]   22:     0x7a960ac61dfa - <unknown>
[INFO] [stdout]   23:     0x7a960acf53d4 - clone
[INFO] [stdout]   24:                0x0 - <unknown>
[INFO] [stdout] 
[INFO] [stdout] ---- fs_op::file::remove::tests::test_remove_file_twice stdout ----
[INFO] [stdout] 
[INFO] [stdout] thread 'fs_op::file::remove::tests::test_remove_file_twice' (251) panicked at src/test_util.rs:23:30:
[INFO] [stdout] called `Result::unwrap()` on an `Err` value: Os { code: 30, kind: ReadOnlyFilesystem, message: "Read-only file system" }
[INFO] [stdout] stack backtrace:
[INFO] [stdout]    0:     0x613f549f8181 - <<std[617be2ca0a6fd877]::sys::backtrace::BacktraceLock>::print::DisplayBacktrace as core[a373ad73a504971]::fmt::Display>::fmt
[INFO] [stdout]    1:     0x613f54a0c67a - core[a373ad73a504971]::fmt::write
[INFO] [stdout]    2:     0x613f549fc76c - <alloc[2e1b2a31b91974c5]::vec::Vec<u8> as core[a373ad73a504971]::io::write::Write>::write_fmt
[INFO] [stdout]    3:     0x613f549d1246 - std[617be2ca0a6fd877]::panicking::default_hook::{closure#0}
[INFO] [stdout]    4:     0x613f549ee629 - std[617be2ca0a6fd877]::panicking::default_hook
[INFO] [stdout]    5:     0x613f54988770 - test[aada8e7e76ba119b]::test_main_inner::{closure#0}
[INFO] [stdout]    6:     0x613f549ee7e2 - std[617be2ca0a6fd877]::panicking::panic_with_hook
[INFO] [stdout]    7:     0x613f549d12f2 - std[617be2ca0a6fd877]::panicking::panic_handler::{closure#0}
[INFO] [stdout]    8:     0x613f549c9bf9 - std[617be2ca0a6fd877]::sys::backtrace::__rust_end_short_backtrace::<std[617be2ca0a6fd877]::panicking::panic_handler::{closure#0}, !>
[INFO] [stdout]    9:     0x613f549d20dd - __rustc[ea4f61d10b84890b]::rust_begin_unwind
[INFO] [stdout]   10:     0x613f54a0cdac - core[a373ad73a504971]::panicking::panic_fmt
[INFO] [stdout]   11:     0x613f54a0cb82 - core[a373ad73a504971]::result::unwrap_failed
[INFO] [stdout]   12:     0x613f5496edcf - <std[617be2ca0a6fd877]::sync::once::Once>::call_once_force::<<std[617be2ca0a6fd877]::sync::once_lock::OnceLock<&std[617be2ca0a6fd877]::path::Path>>::initialize<<std[617be2ca0a6fd877]::sync::once_lock::OnceLock<&std[617be2ca0a6fd877]::path::Path>>::get_or_init<fs_undo[98fc37c7c710c139]::test_util::init_base_path::{closure#0}>::{closure#0}, !>::{closure#0}>::{closure#0}
[INFO] [stdout]   13:     0x613f549d7009 - <std[617be2ca0a6fd877]::sys::sync::once::futex::Once>::call
[INFO] [stdout]   14:     0x613f5496ea57 - <std[617be2ca0a6fd877]::sync::once_lock::OnceLock<&std[617be2ca0a6fd877]::path::Path>>::initialize::<<std[617be2ca0a6fd877]::sync::once_lock::OnceLock<&std[617be2ca0a6fd877]::path::Path>>::get_or_init<fs_undo[98fc37c7c710c139]::test_util::init_base_path::{closure#0}>::{closure#0}, !>
[INFO] [stdout]   15:     0x613f549771dd - fs_undo[98fc37c7c710c139]::test_util::init_test_path::<&str>
[INFO] [stdout]   16:     0x613f549789b7 - <fs_undo[98fc37c7c710c139]::fs_op::file::remove::tests::test_remove_file_twice::{closure#0} as core[a373ad73a504971]::ops::function::FnOnce<()>>::call_once
[INFO] [stdout]   17:     0x613f5497bbbb - test[aada8e7e76ba119b]::__rust_begin_short_backtrace::<core[a373ad73a504971]::result::Result<(), alloc[2e1b2a31b91974c5]::string::String>, fn() -> core[a373ad73a504971]::result::Result<(), alloc[2e1b2a31b91974c5]::string::String>>
[INFO] [stdout]   18:     0x613f54988d95 - test[aada8e7e76ba119b]::run_test::{closure#0}
[INFO] [stdout]   19:     0x613f54982684 - std[617be2ca0a6fd877]::sys::backtrace::__rust_begin_short_backtrace::<test[aada8e7e76ba119b]::run_test::{closure#1}, ()>
[INFO] [stdout]   20:     0x613f5498be22 - <std[617be2ca0a6fd877]::thread::lifecycle::spawn_unchecked<test[aada8e7e76ba119b]::run_test::{closure#1}, ()>::{closure#1} as core[a373ad73a504971]::ops::function::FnOnce<()>>::call_once::{shim:vtable#0}
[INFO] [stdout]   21:     0x613f549f742f - <std[617be2ca0a6fd877]::sys::thread::unix::Thread>::new::thread_start
[INFO] [stdout]   22:     0x7a960ac61dfa - <unknown>
[INFO] [stdout]   23:     0x7a960acf53d4 - clone
[INFO] [stdout]   24:                0x0 - <unknown>
[INFO] [stdout] 
[INFO] [stdout] ---- fs_op::file::remove::tests::test_remove_file_undo stdout ----
[INFO] [stdout] 
[INFO] [stdout] thread 'fs_op::file::remove::tests::test_remove_file_undo' (252) panicked at src/test_util.rs:23:30:
[INFO] [stdout] called `Result::unwrap()` on an `Err` value: Os { code: 30, kind: ReadOnlyFilesystem, message: "Read-only file system" }
[INFO] [stdout] stack backtrace:
[INFO] [stdout]    0:     0x613f549f8181 - <<std[617be2ca0a6fd877]::sys::backtrace::BacktraceLock>::print::DisplayBacktrace as core[a373ad73a504971]::fmt::Display>::fmt
[INFO] [stdout]    1:     0x613f54a0c67a - core[a373ad73a504971]::fmt::write
[INFO] [stdout]    2:     0x613f549fc76c - <alloc[2e1b2a31b91974c5]::vec::Vec<u8> as core[a373ad73a504971]::io::write::Write>::write_fmt
[INFO] [stdout]    3:     0x613f549d1246 - std[617be2ca0a6fd877]::panicking::default_hook::{closure#0}
[INFO] [stdout]    4:     0x613f549ee629 - std[617be2ca0a6fd877]::panicking::default_hook
[INFO] [stdout]    5:     0x613f54988770 - test[aada8e7e76ba119b]::test_main_inner::{closure#0}
[INFO] [stdout]    6:     0x613f549ee7e2 - std[617be2ca0a6fd877]::panicking::panic_with_hook
[INFO] [stdout]    7:     0x613f549d12f2 - std[617be2ca0a6fd877]::panicking::panic_handler::{closure#0}
[INFO] [stdout]    8:     0x613f549c9bf9 - std[617be2ca0a6fd877]::sys::backtrace::__rust_end_short_backtrace::<std[617be2ca0a6fd877]::panicking::panic_handler::{closure#0}, !>
[INFO] [stdout]    9:     0x613f549d20dd - __rustc[ea4f61d10b84890b]::rust_begin_unwind
[INFO] [stdout]   10:     0x613f54a0cdac - core[a373ad73a504971]::panicking::panic_fmt
[INFO] [stdout]   11:     0x613f54a0cb82 - core[a373ad73a504971]::result::unwrap_failed
[INFO] [stdout]   12:     0x613f5496edcf - <std[617be2ca0a6fd877]::sync::once::Once>::call_once_force::<<std[617be2ca0a6fd877]::sync::once_lock::OnceLock<&std[617be2ca0a6fd877]::path::Path>>::initialize<<std[617be2ca0a6fd877]::sync::once_lock::OnceLock<&std[617be2ca0a6fd877]::path::Path>>::get_or_init<fs_undo[98fc37c7c710c139]::test_util::init_base_path::{closure#0}>::{closure#0}, !>::{closure#0}>::{closure#0}
[INFO] [stdout]   13:     0x613f549d7009 - <std[617be2ca0a6fd877]::sys::sync::once::futex::Once>::call
[INFO] [stdout]   14:     0x613f5496ea57 - <std[617be2ca0a6fd877]::sync::once_lock::OnceLock<&std[617be2ca0a6fd877]::path::Path>>::initialize::<<std[617be2ca0a6fd877]::sync::once_lock::OnceLock<&std[617be2ca0a6fd877]::path::Path>>::get_or_init<fs_undo[98fc37c7c710c139]::test_util::init_base_path::{closure#0}>::{closure#0}, !>
[INFO] [stdout]   15:     0x613f549771dd - fs_undo[98fc37c7c710c139]::test_util::init_test_path::<&str>
[INFO] [stdout]   16:     0x613f549786da - <fs_undo[98fc37c7c710c139]::fs_op::file::remove::tests::test_remove_file_undo::{closure#0} as core[a373ad73a504971]::ops::function::FnOnce<()>>::call_once
[INFO] [stdout]   17:     0x613f5497bbbb - test[aada8e7e76ba119b]::__rust_begin_short_backtrace::<core[a373ad73a504971]::result::Result<(), alloc[2e1b2a31b91974c5]::string::String>, fn() -> core[a373ad73a504971]::result::Result<(), alloc[2e1b2a31b91974c5]::string::String>>
[INFO] [stdout]   18:     0x613f54988d95 - test[aada8e7e76ba119b]::run_test::{closure#0}
[INFO] [stderr] error: test failed, to rerun pass `--lib`
[INFO] [stdout]   19:     0x613f54982684 - std[617be2ca0a6fd877]::sys::backtrace::__rust_begin_short_backtrace::<test[aada8e7e76ba119b]::run_test::{closure#1}, ()>
[INFO] [stdout]   20:     0x613f5498be22 - <std[617be2ca0a6fd877]::thread::lifecycle::spawn_unchecked<test[aada8e7e76ba119b]::run_test::{closure#1}, ()>::{closure#1} as core[a373ad73a504971]::ops::function::FnOnce<()>>::call_once::{shim:vtable#0}
[INFO] [stdout]   21:     0x613f549f742f - <std[617be2ca0a6fd877]::sys::thread::unix::Thread>::new::thread_start
[INFO] [stdout]   22:     0x7a960ac61dfa - <unknown>
[INFO] [stdout]   23:     0x7a960acf53d4 - clone
[INFO] [stdout]   24:                0x0 - <unknown>
[INFO] [stdout] 
[INFO] [stdout] ---- fs_op::file::remove::tests::test_remove_file_undo_twice stdout ----
[INFO] [stdout] 
[INFO] [stdout] thread 'fs_op::file::remove::tests::test_remove_file_undo_twice' (253) panicked at src/test_util.rs:23:30:
[INFO] [stdout] called `Result::unwrap()` on an `Err` value: Os { code: 30, kind: ReadOnlyFilesystem, message: "Read-only file system" }
[INFO] [stdout] stack backtrace:
[INFO] [stdout]    0:     0x613f549f8181 - <<std[617be2ca0a6fd877]::sys::backtrace::BacktraceLock>::print::DisplayBacktrace as core[a373ad73a504971]::fmt::Display>::fmt
[INFO] [stdout]    1:     0x613f54a0c67a - core[a373ad73a504971]::fmt::write
[INFO] [stdout]    2:     0x613f549fc76c - <alloc[2e1b2a31b91974c5]::vec::Vec<u8> as core[a373ad73a504971]::io::write::Write>::write_fmt
[INFO] [stdout]    3:     0x613f549d1246 - std[617be2ca0a6fd877]::panicking::default_hook::{closure#0}
[INFO] [stdout]    4:     0x613f549ee629 - std[617be2ca0a6fd877]::panicking::default_hook
[INFO] [stdout]    5:     0x613f54988770 - test[aada8e7e76ba119b]::test_main_inner::{closure#0}
[INFO] [stdout]    6:     0x613f549ee7e2 - std[617be2ca0a6fd877]::panicking::panic_with_hook
[INFO] [stdout]    7:     0x613f549d12f2 - std[617be2ca0a6fd877]::panicking::panic_handler::{closure#0}
[INFO] [stdout]    8:     0x613f549c9bf9 - std[617be2ca0a6fd877]::sys::backtrace::__rust_end_short_backtrace::<std[617be2ca0a6fd877]::panicking::panic_handler::{closure#0}, !>
[INFO] [stdout]    9:     0x613f549d20dd - __rustc[ea4f61d10b84890b]::rust_begin_unwind
[INFO] [stdout]   10:     0x613f54a0cdac - core[a373ad73a504971]::panicking::panic_fmt
[INFO] [stdout]   11:     0x613f54a0cb82 - core[a373ad73a504971]::result::unwrap_failed
[INFO] [stdout]   12:     0x613f5496edcf - <std[617be2ca0a6fd877]::sync::once::Once>::call_once_force::<<std[617be2ca0a6fd877]::sync::once_lock::OnceLock<&std[617be2ca0a6fd877]::path::Path>>::initialize<<std[617be2ca0a6fd877]::sync::once_lock::OnceLock<&std[617be2ca0a6fd877]::path::Path>>::get_or_init<fs_undo[98fc37c7c710c139]::test_util::init_base_path::{closure#0}>::{closure#0}, !>::{closure#0}>::{closure#0}
[INFO] [stdout]   13:     0x613f549d7009 - <std[617be2ca0a6fd877]::sys::sync::once::futex::Once>::call
[INFO] [stdout]   14:     0x613f5496ea57 - <std[617be2ca0a6fd877]::sync::once_lock::OnceLock<&std[617be2ca0a6fd877]::path::Path>>::initialize::<<std[617be2ca0a6fd877]::sync::once_lock::OnceLock<&std[617be2ca0a6fd877]::path::Path>>::get_or_init<fs_undo[98fc37c7c710c139]::test_util::init_base_path::{closure#0}>::{closure#0}, !>
[INFO] [stdout]   15:     0x613f549771dd - fs_undo[98fc37c7c710c139]::test_util::init_test_path::<&str>
[INFO] [stdout]   16:     0x613f54978c4a - <fs_undo[98fc37c7c710c139]::fs_op::file::remove::tests::test_remove_file_undo_twice::{closure#0} as core[a373ad73a504971]::ops::function::FnOnce<()>>::call_once
[INFO] [stdout]   17:     0x613f5497bbbb - test[aada8e7e76ba119b]::__rust_begin_short_backtrace::<core[a373ad73a504971]::result::Result<(), alloc[2e1b2a31b91974c5]::string::String>, fn() -> core[a373ad73a504971]::result::Result<(), alloc[2e1b2a31b91974c5]::string::String>>
[INFO] [stdout]   18:     0x613f54988d95 - test[aada8e7e76ba119b]::run_test::{closure#0}
[INFO] [stdout]   19:     0x613f54982684 - std[617be2ca0a6fd877]::sys::backtrace::__rust_begin_short_backtrace::<test[aada8e7e76ba119b]::run_test::{closure#1}, ()>
[INFO] [stdout]   20:     0x613f5498be22 - <std[617be2ca0a6fd877]::thread::lifecycle::spawn_unchecked<test[aada8e7e76ba119b]::run_test::{closure#1}, ()>::{closure#1} as core[a373ad73a504971]::ops::function::FnOnce<()>>::call_once::{shim:vtable#0}
[INFO] [stdout]   21:     0x613f549f742f - <std[617be2ca0a6fd877]::sys::thread::unix::Thread>::new::thread_start
[INFO] [stdout]   22:     0x7a960ac61dfa - <unknown>
[INFO] [stdout]   23:     0x7a960acf53d4 - clone
[INFO] [stdout]   24:                0x0 - <unknown>
[INFO] [stdout] 
[INFO] [stdout] ---- fs_op::file::write_copy::tests::test_copy_file_twice stdout ----
[INFO] [stdout] 
[INFO] [stdout] thread 'fs_op::file::write_copy::tests::test_copy_file_twice' (254) panicked at src/test_util.rs:23:30:
[INFO] [stdout] called `Result::unwrap()` on an `Err` value: Os { code: 30, kind: ReadOnlyFilesystem, message: "Read-only file system" }
[INFO] [stdout] stack backtrace:
[INFO] [stdout]    0:     0x613f549f8181 - <<std[617be2ca0a6fd877]::sys::backtrace::BacktraceLock>::print::DisplayBacktrace as core[a373ad73a504971]::fmt::Display>::fmt
[INFO] [stdout]    1:     0x613f54a0c67a - core[a373ad73a504971]::fmt::write
[INFO] [stdout]    2:     0x613f549fc76c - <alloc[2e1b2a31b91974c5]::vec::Vec<u8> as core[a373ad73a504971]::io::write::Write>::write_fmt
[INFO] [stdout]    3:     0x613f549d1246 - std[617be2ca0a6fd877]::panicking::default_hook::{closure#0}
[INFO] [stdout]    4:     0x613f549ee629 - std[617be2ca0a6fd877]::panicking::default_hook
[INFO] [stdout]    5:     0x613f54988770 - test[aada8e7e76ba119b]::test_main_inner::{closure#0}
[INFO] [stdout]    6:     0x613f549ee7e2 - std[617be2ca0a6fd877]::panicking::panic_with_hook
[INFO] [stdout]    7:     0x613f549d12f2 - std[617be2ca0a6fd877]::panicking::panic_handler::{closure#0}
[INFO] [stdout]    8:     0x613f549c9bf9 - std[617be2ca0a6fd877]::sys::backtrace::__rust_end_short_backtrace::<std[617be2ca0a6fd877]::panicking::panic_handler::{closure#0}, !>
[INFO] [stdout]    9:     0x613f549d20dd - __rustc[ea4f61d10b84890b]::rust_begin_unwind
[INFO] [stdout]   10:     0x613f54a0cdac - core[a373ad73a504971]::panicking::panic_fmt
[INFO] [stdout]   11:     0x613f54a0cb82 - core[a373ad73a504971]::result::unwrap_failed
[INFO] [stdout]   12:     0x613f5496edcf - <std[617be2ca0a6fd877]::sync::once::Once>::call_once_force::<<std[617be2ca0a6fd877]::sync::once_lock::OnceLock<&std[617be2ca0a6fd877]::path::Path>>::initialize<<std[617be2ca0a6fd877]::sync::once_lock::OnceLock<&std[617be2ca0a6fd877]::path::Path>>::get_or_init<fs_undo[98fc37c7c710c139]::test_util::init_base_path::{closure#0}>::{closure#0}, !>::{closure#0}>::{closure#0}
[INFO] [stdout]   13:     0x613f549d7009 - <std[617be2ca0a6fd877]::sys::sync::once::futex::Once>::call
[INFO] [stdout]   14:     0x613f5496ea57 - <std[617be2ca0a6fd877]::sync::once_lock::OnceLock<&std[617be2ca0a6fd877]::path::Path>>::initialize::<<std[617be2ca0a6fd877]::sync::once_lock::OnceLock<&std[617be2ca0a6fd877]::path::Path>>::get_or_init<fs_undo[98fc37c7c710c139]::test_util::init_base_path::{closure#0}>::{closure#0}, !>
[INFO] [stdout]   15:     0x613f549771dd - fs_undo[98fc37c7c710c139]::test_util::init_test_path::<&str>
[INFO] [stdout]   16:     0x613f5497508a - <fs_undo[98fc37c7c710c139]::fs_op::file::write_copy::tests::test_copy_file_twice::{closure#0} as core[a373ad73a504971]::ops::function::FnOnce<()>>::call_once
[INFO] [stdout]   17:     0x613f5497bbbb - test[aada8e7e76ba119b]::__rust_begin_short_backtrace::<core[a373ad73a504971]::result::Result<(), alloc[2e1b2a31b91974c5]::string::String>, fn() -> core[a373ad73a504971]::result::Result<(), alloc[2e1b2a31b91974c5]::string::String>>
[INFO] [stdout]   18:     0x613f54988d95 - test[aada8e7e76ba119b]::run_test::{closure#0}
[INFO] [stdout]   19:     0x613f54982684 - std[617be2ca0a6fd877]::sys::backtrace::__rust_begin_short_backtrace::<test[aada8e7e76ba119b]::run_test::{closure#1}, ()>
[INFO] [stdout]   20:     0x613f5498be22 - <std[617be2ca0a6fd877]::thread::lifecycle::spawn_unchecked<test[aada8e7e76ba119b]::run_test::{closure#1}, ()>::{closure#1} as core[a373ad73a504971]::ops::function::FnOnce<()>>::call_once::{shim:vtable#0}
[INFO] [stdout]   21:     0x613f549f742f - <std[617be2ca0a6fd877]::sys::thread::unix::Thread>::new::thread_start
[INFO] [stdout]   22:     0x7a960ac61dfa - <unknown>
[INFO] [stdout]   23:     0x7a960acf53d4 - clone
[INFO] [stdout]   24:                0x0 - <unknown>
[INFO] [stdout] 
[INFO] [stdout] ---- fs_op::file::write_copy::tests::test_copy_new_file stdout ----
[INFO] [stdout] 
[INFO] [stdout] thread 'fs_op::file::write_copy::tests::test_copy_new_file' (255) panicked at src/test_util.rs:23:30:
[INFO] [stdout] called `Result::unwrap()` on an `Err` value: Os { code: 30, kind: ReadOnlyFilesystem, message: "Read-only file system" }
[INFO] [stdout] stack backtrace:
[INFO] [stdout]    0:     0x613f549f8181 - <<std[617be2ca0a6fd877]::sys::backtrace::BacktraceLock>::print::DisplayBacktrace as core[a373ad73a504971]::fmt::Display>::fmt
[INFO] [stdout]    1:     0x613f54a0c67a - core[a373ad73a504971]::fmt::write
[INFO] [stdout]    2:     0x613f549fc76c - <alloc[2e1b2a31b91974c5]::vec::Vec<u8> as core[a373ad73a504971]::io::write::Write>::write_fmt
[INFO] [stdout]    3:     0x613f549d1246 - std[617be2ca0a6fd877]::panicking::default_hook::{closure#0}
[INFO] [stdout]    4:     0x613f549ee629 - std[617be2ca0a6fd877]::panicking::default_hook
[INFO] [stdout]    5:     0x613f54988770 - test[aada8e7e76ba119b]::test_main_inner::{closure#0}
[INFO] [stdout]    6:     0x613f549ee7e2 - std[617be2ca0a6fd877]::panicking::panic_with_hook
[INFO] [stdout]    7:     0x613f549d12f2 - std[617be2ca0a6fd877]::panicking::panic_handler::{closure#0}
[INFO] [stdout]    8:     0x613f549c9bf9 - std[617be2ca0a6fd877]::sys::backtrace::__rust_end_short_backtrace::<std[617be2ca0a6fd877]::panicking::panic_handler::{closure#0}, !>
[INFO] [stdout]    9:     0x613f549d20dd - __rustc[ea4f61d10b84890b]::rust_begin_unwind
[INFO] [stdout]   10:     0x613f54a0cdac - core[a373ad73a504971]::panicking::panic_fmt
[INFO] [stdout]   11:     0x613f54a0cb82 - core[a373ad73a504971]::result::unwrap_failed
[INFO] [stdout]   12:     0x613f5496edcf - <std[617be2ca0a6fd877]::sync::once::Once>::call_once_force::<<std[617be2ca0a6fd877]::sync::once_lock::OnceLock<&std[617be2ca0a6fd877]::path::Path>>::initialize<<std[617be2ca0a6fd877]::sync::once_lock::OnceLock<&std[617be2ca0a6fd877]::path::Path>>::get_or_init<fs_undo[98fc37c7c710c139]::test_util::init_base_path::{closure#0}>::{closure#0}, !>::{closure#0}>::{closure#0}
[INFO] [stdout]   13:     0x613f549d7009 - <std[617be2ca0a6fd877]::sys::sync::once::futex::Once>::call
[INFO] [stdout]   14:     0x613f5496ea57 - <std[617be2ca0a6fd877]::sync::once_lock::OnceLock<&std[617be2ca0a6fd877]::path::Path>>::initialize::<<std[617be2ca0a6fd877]::sync::once_lock::OnceLock<&std[617be2ca0a6fd877]::path::Path>>::get_or_init<fs_undo[98fc37c7c710c139]::test_util::init_base_path::{closure#0}>::{closure#0}, !>
[INFO] [stdout]   15:     0x613f549771dd - fs_undo[98fc37c7c710c139]::test_util::init_test_path::<&str>
[INFO] [stdout]   16:     0x613f549744ba - <fs_undo[98fc37c7c710c139]::fs_op::file::write_copy::tests::test_copy_new_file::{closure#0} as core[a373ad73a504971]::ops::function::FnOnce<()>>::call_once
[INFO] [stdout]   17:     0x613f5497bbbb - test[aada8e7e76ba119b]::__rust_begin_short_backtrace::<core[a373ad73a504971]::result::Result<(), alloc[2e1b2a31b91974c5]::string::String>, fn() -> core[a373ad73a504971]::result::Result<(), alloc[2e1b2a31b91974c5]::string::String>>
[INFO] [stdout]   18:     0x613f54988d95 - test[aada8e7e76ba119b]::run_test::{closure#0}
[INFO] [stdout]   19:     0x613f54982684 - std[617be2ca0a6fd877]::sys::backtrace::__rust_begin_short_backtrace::<test[aada8e7e76ba119b]::run_test::{closure#1}, ()>
[INFO] [stdout]   20:     0x613f5498be22 - <std[617be2ca0a6fd877]::thread::lifecycle::spawn_unchecked<test[aada8e7e76ba119b]::run_test::{closure#1}, ()>::{closure#1} as core[a373ad73a504971]::ops::function::FnOnce<()>>::call_once::{shim:vtable#0}
[INFO] [stdout]   21:     0x613f549f742f - <std[617be2ca0a6fd877]::sys::thread::unix::Thread>::new::thread_start
[INFO] [stdout]   22:     0x7a960ac61dfa - <unknown>
[INFO] [stdout]   23:     0x7a960acf53d4 - clone
[INFO] [stdout]   24:                0x0 - <unknown>
[INFO] [stdout] 
[INFO] [stdout] ---- fs_op::file::write_copy::tests::test_copy_new_file_undo stdout ----
[INFO] [stdout] 
[INFO] [stdout] thread 'fs_op::file::write_copy::tests::test_copy_new_file_undo' (256) panicked at src/test_util.rs:23:30:
[INFO] [stdout] called `Result::unwrap()` on an `Err` value: Os { code: 30, kind: ReadOnlyFilesystem, message: "Read-only file system" }
[INFO] [stdout] stack backtrace:
[INFO] [stdout]    0:     0x613f549f8181 - <<std[617be2ca0a6fd877]::sys::backtrace::BacktraceLock>::print::DisplayBacktrace as core[a373ad73a504971]::fmt::Display>::fmt
[INFO] [stdout]    1:     0x613f54a0c67a - core[a373ad73a504971]::fmt::write
[INFO] [stdout]    2:     0x613f549fc76c - <alloc[2e1b2a31b91974c5]::vec::Vec<u8> as core[a373ad73a504971]::io::write::Write>::write_fmt
[INFO] [stdout]    3:     0x613f549d1246 - std[617be2ca0a6fd877]::panicking::default_hook::{closure#0}
[INFO] [stdout]    4:     0x613f549ee629 - std[617be2ca0a6fd877]::panicking::default_hook
[INFO] [stdout]    5:     0x613f54988770 - test[aada8e7e76ba119b]::test_main_inner::{closure#0}
[INFO] [stdout]    6:     0x613f549ee7e2 - std[617be2ca0a6fd877]::panicking::panic_with_hook
[INFO] [stdout]    7:     0x613f549d12f2 - std[617be2ca0a6fd877]::panicking::panic_handler::{closure#0}
[INFO] [stdout]    8:     0x613f549c9bf9 - std[617be2ca0a6fd877]::sys::backtrace::__rust_end_short_backtrace::<std[617be2ca0a6fd877]::panicking::panic_handler::{closure#0}, !>
[INFO] [stdout]    9:     0x613f549d20dd - __rustc[ea4f61d10b84890b]::rust_begin_unwind
[INFO] [stdout]   10:     0x613f54a0cdac - core[a373ad73a504971]::panicking::panic_fmt
[INFO] [stdout]   11:     0x613f54a0cb82 - core[a373ad73a504971]::result::unwrap_failed
[INFO] [stdout]   12:     0x613f5496edcf - <std[617be2ca0a6fd877]::sync::once::Once>::call_once_force::<<std[617be2ca0a6fd877]::sync::once_lock::OnceLock<&std[617be2ca0a6fd877]::path::Path>>::initialize<<std[617be2ca0a6fd877]::sync::once_lock::OnceLock<&std[617be2ca0a6fd877]::path::Path>>::get_or_init<fs_undo[98fc37c7c710c139]::test_util::init_base_path::{closure#0}>::{closure#0}, !>::{closure#0}>::{closure#0}
[INFO] [stdout]   13:     0x613f549d7009 - <std[617be2ca0a6fd877]::sys::sync::once::futex::Once>::call
[INFO] [stdout]   14:     0x613f5496ea57 - <std[617be2ca0a6fd877]::sync::once_lock::OnceLock<&std[617be2ca0a6fd877]::path::Path>>::initialize::<<std[617be2ca0a6fd877]::sync::once_lock::OnceLock<&std[617be2ca0a6fd877]::path::Path>>::get_or_init<fs_undo[98fc37c7c710c139]::test_util::init_base_path::{closure#0}>::{closure#0}, !>
[INFO] [stdout]   15:     0x613f549771dd - fs_undo[98fc37c7c710c139]::test_util::init_test_path::<&str>
[INFO] [stdout]   16:     0x613f5497571a - <fs_undo[98fc37c7c710c139]::fs_op::file::write_copy::tests::test_copy_new_file_undo::{closure#0} as core[a373ad73a504971]::ops::function::FnOnce<()>>::call_once
[INFO] [stdout]   17:     0x613f5497bbbb - test[aada8e7e76ba119b]::__rust_begin_short_backtrace::<core[a373ad73a504971]::result::Result<(), alloc[2e1b2a31b91974c5]::string::String>, fn() -> core[a373ad73a504971]::result::Result<(), alloc[2e1b2a31b91974c5]::string::String>>
[INFO] [stdout]   18:     0x613f54988d95 - test[aada8e7e76ba119b]::run_test::{closure#0}
[INFO] [stdout]   19:     0x613f54982684 - std[617be2ca0a6fd877]::sys::backtrace::__rust_begin_short_backtrace::<test[aada8e7e76ba119b]::run_test::{closure#1}, ()>
[INFO] [stdout]   20:     0x613f5498be22 - <std[617be2ca0a6fd877]::thread::lifecycle::spawn_unchecked<test[aada8e7e76ba119b]::run_test::{closure#1}, ()>::{closure#1} as core[a373ad73a504971]::ops::function::FnOnce<()>>::call_once::{shim:vtable#0}
[INFO] [stdout]   21:     0x613f549f742f - <std[617be2ca0a6fd877]::sys::thread::unix::Thread>::new::thread_start
[INFO] [stdout]   22:     0x7a960ac61dfa - <unknown>
[INFO] [stdout]   23:     0x7a960acf53d4 - clone
[INFO] [stdout]   24:                0x0 - <unknown>
[INFO] [stdout] 
[INFO] [stdout] ---- fs_op::file::write_copy::tests::test_copy_new_file_undo_twice stdout ----
[INFO] [stdout] 
[INFO] [stdout] thread 'fs_op::file::write_copy::tests::test_copy_new_file_undo_twice' (257) panicked at src/test_util.rs:23:30:
[INFO] [stdout] called `Result::unwrap()` on an `Err` value: Os { code: 30, kind: ReadOnlyFilesystem, message: "Read-only file system" }
[INFO] [stdout] stack backtrace:
[INFO] [stdout]    0:     0x613f549f8181 - <<std[617be2ca0a6fd877]::sys::backtrace::BacktraceLock>::print::DisplayBacktrace as core[a373ad73a504971]::fmt::Display>::fmt
[INFO] [stdout]    1:     0x613f54a0c67a - core[a373ad73a504971]::fmt::write
[INFO] [stdout]    2:     0x613f549fc76c - <alloc[2e1b2a31b91974c5]::vec::Vec<u8> as core[a373ad73a504971]::io::write::Write>::write_fmt
[INFO] [stdout]    3:     0x613f549d1246 - std[617be2ca0a6fd877]::panicking::default_hook::{closure#0}
[INFO] [stdout]    4:     0x613f549ee629 - std[617be2ca0a6fd877]::panicking::default_hook
[INFO] [stdout]    5:     0x613f54988770 - test[aada8e7e76ba119b]::test_main_inner::{closure#0}
[INFO] [stdout]    6:     0x613f549ee7e2 - std[617be2ca0a6fd877]::panicking::panic_with_hook
[INFO] [stdout]    7:     0x613f549d12f2 - std[617be2ca0a6fd877]::panicking::panic_handler::{closure#0}
[INFO] [stdout]    8:     0x613f549c9bf9 - std[617be2ca0a6fd877]::sys::backtrace::__rust_end_short_backtrace::<std[617be2ca0a6fd877]::panicking::panic_handler::{closure#0}, !>
[INFO] [stdout]    9:     0x613f549d20dd - __rustc[ea4f61d10b84890b]::rust_begin_unwind
[INFO] [stdout]   10:     0x613f54a0cdac - core[a373ad73a504971]::panicking::panic_fmt
[INFO] [stdout]   11:     0x613f54a0cb82 - core[a373ad73a504971]::result::unwrap_failed
[INFO] [stdout]   12:     0x613f5496edcf - <std[617be2ca0a6fd877]::sync::once::Once>::call_once_force::<<std[617be2ca0a6fd877]::sync::once_lock::OnceLock<&std[617be2ca0a6fd877]::path::Path>>::initialize<<std[617be2ca0a6fd877]::sync::once_lock::OnceLock<&std[617be2ca0a6fd877]::path::Path>>::get_or_init<fs_undo[98fc37c7c710c139]::test_util::init_base_path::{closure#0}>::{closure#0}, !>::{closure#0}>::{closure#0}
[INFO] [stdout]   13:     0x613f549d7009 - <std[617be2ca0a6fd877]::sys::sync::once::futex::Once>::call
[INFO] [stdout]   14:     0x613f5496ea57 - <std[617be2ca0a6fd877]::sync::once_lock::OnceLock<&std[617be2ca0a6fd877]::path::Path>>::initialize::<<std[617be2ca0a6fd877]::sync::once_lock::OnceLock<&std[617be2ca0a6fd877]::path::Path>>::get_or_init<fs_undo[98fc37c7c710c139]::test_util::init_base_path::{closure#0}>::{closure#0}, !>
[INFO] [stdout]   15:     0x613f549771dd - fs_undo[98fc37c7c710c139]::test_util::init_test_path::<&str>
[INFO] [stdout]   16:     0x613f5497660a - <fs_undo[98fc37c7c710c139]::fs_op::file::write_copy::tests::test_copy_new_file_undo_twice::{closure#0} as core[a373ad73a504971]::ops::function::FnOnce<()>>::call_once
[INFO] [stdout]   17:     0x613f5497bbbb - test[aada8e7e76ba119b]::__rust_begin_short_backtrace::<core[a373ad73a504971]::result::Result<(), alloc[2e1b2a31b91974c5]::string::String>, fn() -> core[a373ad73a504971]::result::Result<(), alloc[2e1b2a31b91974c5]::string::String>>
[INFO] [stdout]   18:     0x613f54988d95 - test[aada8e7e76ba119b]::run_test::{closure#0}
[INFO] [stdout]   19:     0x613f54982684 - std[617be2ca0a6fd877]::sys::backtrace::__rust_begin_short_backtrace::<test[aada8e7e76ba119b]::run_test::{closure#1}, ()>
[INFO] [stdout]   20:     0x613f5498be22 - <std[617be2ca0a6fd877]::thread::lifecycle::spawn_unchecked<test[aada8e7e76ba119b]::run_test::{closure#1}, ()>::{closure#1} as core[a373ad73a504971]::ops::function::FnOnce<()>>::call_once::{shim:vtable#0}
[INFO] [stdout]   21:     0x613f549f742f - <std[617be2ca0a6fd877]::sys::thread::unix::Thread>::new::thread_start
[INFO] [stdout]   22:     0x7a960ac61dfa - <unknown>
[INFO] [stdout]   23:     0x7a960acf53d4 - clone
[INFO] [stdout]   24:                0x0 - <unknown>
[INFO] [stdout] 
[INFO] [stdout] ---- fs_op::file::write_copy::tests::test_copy_over_file stdout ----
[INFO] [stdout] 
[INFO] [stdout] thread 'fs_op::file::write_copy::tests::test_copy_over_file' (258) panicked at src/test_util.rs:23:30:
[INFO] [stdout] called `Result::unwrap()` on an `Err` value: Os { code: 30, kind: ReadOnlyFilesystem, message: "Read-only file system" }
[INFO] [stdout] stack backtrace:
[INFO] [stdout]    0:     0x613f549f8181 - <<std[617be2ca0a6fd877]::sys::backtrace::BacktraceLock>::print::DisplayBacktrace as core[a373ad73a504971]::fmt::Display>::fmt
[INFO] [stdout]    1:     0x613f54a0c67a - core[a373ad73a504971]::fmt::write
[INFO] [stdout]    2:     0x613f549fc76c - <alloc[2e1b2a31b91974c5]::vec::Vec<u8> as core[a373ad73a504971]::io::write::Write>::write_fmt
[INFO] [stdout]    3:     0x613f549d1246 - std[617be2ca0a6fd877]::panicking::default_hook::{closure#0}
[INFO] [stdout]    4:     0x613f549ee629 - std[617be2ca0a6fd877]::panicking::default_hook
[INFO] [stdout]    5:     0x613f54988770 - test[aada8e7e76ba119b]::test_main_inner::{closure#0}
[INFO] [stdout]    6:     0x613f549ee7e2 - std[617be2ca0a6fd877]::panicking::panic_with_hook
[INFO] [stdout]    7:     0x613f549d12f2 - std[617be2ca0a6fd877]::panicking::panic_handler::{closure#0}
[INFO] [stdout]    8:     0x613f549c9bf9 - std[617be2ca0a6fd877]::sys::backtrace::__rust_end_short_backtrace::<std[617be2ca0a6fd877]::panicking::panic_handler::{closure#0}, !>
[INFO] [stdout]    9:     0x613f549d20dd - __rustc[ea4f61d10b84890b]::rust_begin_unwind
[INFO] [stdout]   10:     0x613f54a0cdac - core[a373ad73a504971]::panicking::panic_fmt
[INFO] [stdout]   11:     0x613f54a0cb82 - core[a373ad73a504971]::result::unwrap_failed
[INFO] [stdout]   12:     0x613f5496edcf - <std[617be2ca0a6fd877]::sync::once::Once>::call_once_force::<<std[617be2ca0a6fd877]::sync::once_lock::OnceLock<&std[617be2ca0a6fd877]::path::Path>>::initialize<<std[617be2ca0a6fd877]::sync::once_lock::OnceLock<&std[617be2ca0a6fd877]::path::Path>>::get_or_init<fs_undo[98fc37c7c710c139]::test_util::init_base_path::{closure#0}>::{closure#0}, !>::{closure#0}>::{closure#0}
[INFO] [stdout]   13:     0x613f549d7009 - <std[617be2ca0a6fd877]::sys::sync::once::futex::Once>::call
[INFO] [stdout]   14:     0x613f5496ea57 - <std[617be2ca0a6fd877]::sync::once_lock::OnceLock<&std[617be2ca0a6fd877]::path::Path>>::initialize::<<std[617be2ca0a6fd877]::sync::once_lock::OnceLock<&std[617be2ca0a6fd877]::path::Path>>::get_or_init<fs_undo[98fc37c7c710c139]::test_util::init_base_path::{closure#0}>::{closure#0}, !>
[INFO] [stdout]   15:     0x613f549771dd - fs_undo[98fc37c7c710c139]::test_util::init_test_path::<&str>
[INFO] [stdout]   16:     0x613f549747ea - <fs_undo[98fc37c7c710c139]::fs_op::file::write_copy::tests::test_copy_over_file::{closure#0} as core[a373ad73a504971]::ops::function::FnOnce<()>>::call_once
[INFO] [stdout]   17:     0x613f5497bbbb - test[aada8e7e76ba119b]::__rust_begin_short_backtrace::<core[a373ad73a504971]::result::Result<(), alloc[2e1b2a31b91974c5]::string::String>, fn() -> core[a373ad73a504971]::result::Result<(), alloc[2e1b2a31b91974c5]::string::String>>
[INFO] [stdout]   18:     0x613f54988d95 - test[aada8e7e76ba119b]::run_test::{closure#0}
[INFO] [stdout]   19:     0x613f54982684 - std[617be2ca0a6fd877]::sys::backtrace::__rust_begin_short_backtrace::<test[aada8e7e76ba119b]::run_test::{closure#1}, ()>
[INFO] [stdout]   20:     0x613f5498be22 - <std[617be2ca0a6fd877]::thread::lifecycle::spawn_unchecked<test[aada8e7e76ba119b]::run_test::{closure#1}, ()>::{closure#1} as core[a373ad73a504971]::ops::function::FnOnce<()>>::call_once::{shim:vtable#0}
[INFO] [stdout]   21:     0x613f549f742f - <std[617be2ca0a6fd877]::sys::thread::unix::Thread>::new::thread_start
[INFO] [stdout]   22:     0x7a960ac61dfa - <unknown>
[INFO] [stdout]   23:     0x7a960acf53d4 - clone
[INFO] [stdout]   24:                0x0 - <unknown>
[INFO] [stdout] 
[INFO] [stdout] ---- fs_op::file::write_copy::tests::test_copy_over_file_undo stdout ----
[INFO] [stdout] 
[INFO] [stdout] thread 'fs_op::file::write_copy::tests::test_copy_over_file_undo' (259) panicked at src/test_util.rs:23:30:
[INFO] [stdout] called `Result::unwrap()` on an `Err` value: Os { code: 30, kind: ReadOnlyFilesystem, message: "Read-only file system" }
[INFO] [stdout] stack backtrace:
[INFO] [stdout]    0:     0x613f549f8181 - <<std[617be2ca0a6fd877]::sys::backtrace::BacktraceLock>::print::DisplayBacktrace as core[a373ad73a504971]::fmt::Display>::fmt
[INFO] [stdout]    1:     0x613f54a0c67a - core[a373ad73a504971]::fmt::write
[INFO] [stdout]    2:     0x613f549fc76c - <alloc[2e1b2a31b91974c5]::vec::Vec<u8> as core[a373ad73a504971]::io::write::Write>::write_fmt
[INFO] [stdout]    3:     0x613f549d1246 - std[617be2ca0a6fd877]::panicking::default_hook::{closure#0}
[INFO] [stdout]    4:     0x613f549ee629 - std[617be2ca0a6fd877]::panicking::default_hook
[INFO] [stdout]    5:     0x613f54988770 - test[aada8e7e76ba119b]::test_main_inner::{closure#0}
[INFO] [stdout]    6:     0x613f549ee7e2 - std[617be2ca0a6fd877]::panicking::panic_with_hook
[INFO] [stdout]    7:     0x613f549d12f2 - std[617be2ca0a6fd877]::panicking::panic_handler::{closure#0}
[INFO] [stdout]    8:     0x613f549c9bf9 - std[617be2ca0a6fd877]::sys::backtrace::__rust_end_short_backtrace::<std[617be2ca0a6fd877]::panicking::panic_handler::{closure#0}, !>
[INFO] [stdout]    9:     0x613f549d20dd - __rustc[ea4f61d10b84890b]::rust_begin_unwind
[INFO] [stdout]   10:     0x613f54a0cdac - core[a373ad73a504971]::panicking::panic_fmt
[INFO] [stdout]   11:     0x613f54a0cb82 - core[a373ad73a504971]::result::unwrap_failed
[INFO] [stdout]   12:     0x613f5496edcf - <std[617be2ca0a6fd877]::sync::once::Once>::call_once_force::<<std[617be2ca0a6fd877]::sync::once_lock::OnceLock<&std[617be2ca0a6fd877]::path::Path>>::initialize<<std[617be2ca0a6fd877]::sync::once_lock::OnceLock<&std[617be2ca0a6fd877]::path::Path>>::get_or_init<fs_undo[98fc37c7c710c139]::test_util::init_base_path::{closure#0}>::{closure#0}, !>::{closure#0}>::{closure#0}
[INFO] [stdout]   13:     0x613f549d7009 - <std[617be2ca0a6fd877]::sys::sync::once::futex::Once>::call
[INFO] [stdout]   14:     0x613f5496ea57 - <std[617be2ca0a6fd877]::sync::once_lock::OnceLock<&std[617be2ca0a6fd877]::path::Path>>::initialize::<<std[617be2ca0a6fd877]::sync::once_lock::OnceLock<&std[617be2ca0a6fd877]::path::Path>>::get_or_init<fs_undo[98fc37c7c710c139]::test_util::init_base_path::{closure#0}>::{closure#0}, !>
[INFO] [stdout]   15:     0x613f549771dd - fs_undo[98fc37c7c710c139]::test_util::init_test_path::<&str>
[INFO] [stdout]   16:     0x613f54975b5a - <fs_undo[98fc37c7c710c139]::fs_op::file::write_copy::tests::test_copy_over_file_undo::{closure#0} as core[a373ad73a504971]::ops::function::FnOnce<()>>::call_once
[INFO] [stdout]   17:     0x613f5497bbbb - test[aada8e7e76ba119b]::__rust_begin_short_backtrace::<core[a373ad73a504971]::result::Result<(), alloc[2e1b2a31b91974c5]::string::String>, fn() -> core[a373ad73a504971]::result::Result<(), alloc[2e1b2a31b91974c5]::string::String>>
[INFO] [stdout]   18:     0x613f54988d95 - test[aada8e7e76ba119b]::run_test::{closure#0}
[INFO] [stdout]   19:     0x613f54982684 - std[617be2ca0a6fd877]::sys::backtrace::__rust_begin_short_backtrace::<test[aada8e7e76ba119b]::run_test::{closure#1}, ()>
[INFO] [stdout]   20:     0x613f5498be22 - <std[617be2ca0a6fd877]::thread::lifecycle::spawn_unchecked<test[aada8e7e76ba119b]::run_test::{closure#1}, ()>::{closure#1} as core[a373ad73a504971]::ops::function::FnOnce<()>>::call_once::{shim:vtable#0}
[INFO] [stdout]   21:     0x613f549f742f - <std[617be2ca0a6fd877]::sys::thread::unix::Thread>::new::thread_start
[INFO] [stdout]   22:     0x7a960ac61dfa - <unknown>
[INFO] [stdout]   23:     0x7a960acf53d4 - clone
[INFO] [stdout]   24:                0x0 - <unknown>
[INFO] [stdout] 
[INFO] [stdout] ---- fs_op::file::write_copy::tests::test_overwrite_file stdout ----
[INFO] [stdout] 
[INFO] [stdout] thread 'fs_op::file::write_copy::tests::test_overwrite_file' (260) panicked at src/test_util.rs:23:30:
[INFO] [stdout] called `Result::unwrap()` on an `Err` value: Os { code: 30, kind: ReadOnlyFilesystem, message: "Read-only file system" }
[INFO] [stdout] stack backtrace:
[INFO] [stdout]    0:     0x613f549f8181 - <<std[617be2ca0a6fd877]::sys::backtrace::BacktraceLock>::print::DisplayBacktrace as core[a373ad73a504971]::fmt::Display>::fmt
[INFO] [stdout]    1:     0x613f54a0c67a - core[a373ad73a504971]::fmt::write
[INFO] [stdout]    2:     0x613f549fc76c - <alloc[2e1b2a31b91974c5]::vec::Vec<u8> as core[a373ad73a504971]::io::write::Write>::write_fmt
[INFO] [stdout]    3:     0x613f549d1246 - std[617be2ca0a6fd877]::panicking::default_hook::{closure#0}
[INFO] [stdout]    4:     0x613f549ee629 - std[617be2ca0a6fd877]::panicking::default_hook
[INFO] [stdout]    5:     0x613f54988770 - test[aada8e7e76ba119b]::test_main_inner::{closure#0}
[INFO] [stdout]    6:     0x613f549ee7e2 - std[617be2ca0a6fd877]::panicking::panic_with_hook
[INFO] [stdout]    7:     0x613f549d12f2 - std[617be2ca0a6fd877]::panicking::panic_handler::{closure#0}
[INFO] [stdout]    8:     0x613f549c9bf9 - std[617be2ca0a6fd877]::sys::backtrace::__rust_end_short_backtrace::<std[617be2ca0a6fd877]::panicking::panic_handler::{closure#0}, !>
[INFO] [stdout]    9:     0x613f549d20dd - __rustc[ea4f61d10b84890b]::rust_begin_unwind
[INFO] [stdout]   10:     0x613f54a0cdac - core[a373ad73a504971]::panicking::panic_fmt
[INFO] [stdout]   11:     0x613f54a0cb82 - core[a373ad73a504971]::result::unwrap_failed
[INFO] [stdout]   12:     0x613f5496edcf - <std[617be2ca0a6fd877]::sync::once::Once>::call_once_force::<<std[617be2ca0a6fd877]::sync::once_lock::OnceLock<&std[617be2ca0a6fd877]::path::Path>>::initialize<<std[617be2ca0a6fd877]::sync::once_lock::OnceLock<&std[617be2ca0a6fd877]::path::Path>>::get_or_init<fs_undo[98fc37c7c710c139]::test_util::init_base_path::{closure#0}>::{closure#0}, !>::{closure#0}>::{closure#0}
[INFO] [stdout]   13:     0x613f549d7009 - <std[617be2ca0a6fd877]::sys::sync::once::futex::Once>::call
[INFO] [stdout]   14:     0x613f5496ea57 - <std[617be2ca0a6fd877]::sync::once_lock::OnceLock<&std[617be2ca0a6fd877]::path::Path>>::initialize::<<std[617be2ca0a6fd877]::sync::once_lock::OnceLock<&std[617be2ca0a6fd877]::path::Path>>::get_or_init<fs_undo[98fc37c7c710c139]::test_util::init_base_path::{closure#0}>::{closure#0}, !>
[INFO] [stdout]   15:     0x613f549771dd - fs_undo[98fc37c7c710c139]::test_util::init_test_path::<&str>
[INFO] [stdout]   16:     0x613f54974bda - <fs_undo[98fc37c7c710c139]::fs_op::file::write_copy::tests::test_overwrite_file::{closure#0} as core[a373ad73a504971]::ops::function::FnOnce<()>>::call_once
[INFO] [stdout]   17:     0x613f5497bbbb - test[aada8e7e76ba119b]::__rust_begin_short_backtrace::<core[a373ad73a504971]::result::Result<(), alloc[2e1b2a31b91974c5]::string::String>, fn() -> core[a373ad73a504971]::result::Result<(), alloc[2e1b2a31b91974c5]::string::String>>
[INFO] [stdout]   18:     0x613f54988d95 - test[aada8e7e76ba119b]::run_test::{closure#0}
[INFO] [stdout]   19:     0x613f54982684 - std[617be2ca0a6fd877]::sys::backtrace::__rust_begin_short_backtrace::<test[aada8e7e76ba119b]::run_test::{closure#1}, ()>
[INFO] [stdout]   20:     0x613f5498be22 - <std[617be2ca0a6fd877]::thread::lifecycle::spawn_unchecked<test[aada8e7e76ba119b]::run_test::{closure#1}, ()>::{closure#1} as core[a373ad73a504971]::ops::function::FnOnce<()>>::call_once::{shim:vtable#0}
[INFO] [stdout]   21:     0x613f549f742f - <std[617be2ca0a6fd877]::sys::thread::unix::Thread>::new::thread_start
[INFO] [stdout]   22:     0x7a960ac61dfa - <unknown>
[INFO] [stdout]   23:     0x7a960acf53d4 - clone
[INFO] [stdout]   24:                0x0 - <unknown>
[INFO] [stdout] 
[INFO] [stdout] ---- fs_op::file::write_copy::tests::test_overwrite_file_undo stdout ----
[INFO] [stdout] 
[INFO] [stdout] thread 'fs_op::file::write_copy::tests::test_overwrite_file_undo' (261) panicked at src/test_util.rs:23:30:
[INFO] [stdout] called `Result::unwrap()` on an `Err` value: Os { code: 30, kind: ReadOnlyFilesystem, message: "Read-only file system" }
[INFO] [stdout] stack backtrace:
[INFO] [stdout]    0:     0x613f549f8181 - <<std[617be2ca0a6fd877]::sys::backtrace::BacktraceLock>::print::DisplayBacktrace as core[a373ad73a504971]::fmt::Display>::fmt
[INFO] [stdout]    1:     0x613f54a0c67a - core[a373ad73a504971]::fmt::write
[INFO] [stdout]    2:     0x613f549fc76c - <alloc[2e1b2a31b91974c5]::vec::Vec<u8> as core[a373ad73a504971]::io::write::Write>::write_fmt
[INFO] [stdout]    3:     0x613f549d1246 - std[617be2ca0a6fd877]::panicking::default_hook::{closure#0}
[INFO] [stdout]    4:     0x613f549ee629 - std[617be2ca0a6fd877]::panicking::default_hook
[INFO] [stdout]    5:     0x613f54988770 - test[aada8e7e76ba119b]::test_main_inner::{closure#0}
[INFO] [stdout]    6:     0x613f549ee7e2 - std[617be2ca0a6fd877]::panicking::panic_with_hook
[INFO] [stdout]    7:     0x613f549d12f2 - std[617be2ca0a6fd877]::panicking::panic_handler::{closure#0}
[INFO] [stdout]    8:     0x613f549c9bf9 - std[617be2ca0a6fd877]::sys::backtrace::__rust_end_short_backtrace::<std[617be2ca0a6fd877]::panicking::panic_handler::{closure#0}, !>
[INFO] [stdout]    9:     0x613f549d20dd - __rustc[ea4f61d10b84890b]::rust_begin_unwind
[INFO] [stdout]   10:     0x613f54a0cdac - core[a373ad73a504971]::panicking::panic_fmt
[INFO] [stdout]   11:     0x613f54a0cb82 - core[a373ad73a504971]::result::unwrap_failed
[INFO] [stdout]   12:     0x613f5496edcf - <std[617be2ca0a6fd877]::sync::once::Once>::call_once_force::<<std[617be2ca0a6fd877]::sync::once_lock::OnceLock<&std[617be2ca0a6fd877]::path::Path>>::initialize<<std[617be2ca0a6fd877]::sync::once_lock::OnceLock<&std[617be2ca0a6fd877]::path::Path>>::get_or_init<fs_undo[98fc37c7c710c139]::test_util::init_base_path::{closure#0}>::{closure#0}, !>::{closure#0}>::{closure#0}
[INFO] [stdout]   13:     0x613f549d7009 - <std[617be2ca0a6fd877]::sys::sync::once::futex::Once>::call
[INFO] [stdout]   14:     0x613f5496ea57 - <std[617be2ca0a6fd877]::sync::once_lock::OnceLock<&std[617be2ca0a6fd877]::path::Path>>::initialize::<<std[617be2ca0a6fd877]::sync::once_lock::OnceLock<&std[617be2ca0a6fd877]::path::Path>>::get_or_init<fs_undo[98fc37c7c710c139]::test_util::init_base_path::{closure#0}>::{closure#0}, !>
[INFO] [stdout]   15:     0x613f549771dd - fs_undo[98fc37c7c710c139]::test_util::init_test_path::<&str>
[INFO] [stdout]   16:     0x613f54975ffa - <fs_undo[98fc37c7c710c139]::fs_op::file::write_copy::tests::test_overwrite_file_undo::{closure#0} as core[a373ad73a504971]::ops::function::FnOnce<()>>::call_once
[INFO] [stdout]   17:     0x613f5497bbbb - test[aada8e7e76ba119b]::__rust_begin_short_backtrace::<core[a373ad73a504971]::result::Result<(), alloc[2e1b2a31b91974c5]::string::String>, fn() -> core[a373ad73a504971]::result::Result<(), alloc[2e1b2a31b91974c5]::string::String>>
[INFO] [stdout]   18:     0x613f54988d95 - test[aada8e7e76ba119b]::run_test::{closure#0}
[INFO] [stdout]   19:     0x613f54982684 - std[617be2ca0a6fd877]::sys::backtrace::__rust_begin_short_backtrace::<test[aada8e7e76ba119b]::run_test::{closure#1}, ()>
[INFO] [stdout]   20:     0x613f5498be22 - <std[617be2ca0a6fd877]::thread::lifecycle::spawn_unchecked<test[aada8e7e76ba119b]::run_test::{closure#1}, ()>::{closure#1} as core[a373ad73a504971]::ops::function::FnOnce<()>>::call_once::{shim:vtable#0}
[INFO] [stdout]   21:     0x613f549f742f - <std[617be2ca0a6fd877]::sys::thread::unix::Thread>::new::thread_start
[INFO] [stdout]   22:     0x7a960ac61dfa - <unknown>
[INFO] [stdout]   23:     0x7a960acf53d4 - clone
[INFO] [stdout]   24:                0x0 - <unknown>
[INFO] [stdout] 
[INFO] [stdout] ---- fs_op::file::write_copy::tests::test_undo_before_write_or_copy stdout ----
[INFO] [stdout] 
[INFO] [stdout] thread 'fs_op::file::write_copy::tests::test_undo_before_write_or_copy' (262) panicked at src/test_util.rs:23:30:
[INFO] [stdout] called `Result::unwrap()` on an `Err` value: Os { code: 30, kind: ReadOnlyFilesystem, message: "Read-only file system" }
[INFO] [stdout] stack backtrace:
[INFO] [stdout]    0:     0x613f549f8181 - <<std[617be2ca0a6fd877]::sys::backtrace::BacktraceLock>::print::DisplayBacktrace as core[a373ad73a504971]::fmt::Display>::fmt
[INFO] [stdout]    1:     0x613f54a0c67a - core[a373ad73a504971]::fmt::write
[INFO] [stdout]    2:     0x613f549fc76c - <alloc[2e1b2a31b91974c5]::vec::Vec<u8> as core[a373ad73a504971]::io::write::Write>::write_fmt
[INFO] [stdout]    3:     0x613f549d1246 - std[617be2ca0a6fd877]::panicking::default_hook::{closure#0}
[INFO] [stdout]    4:     0x613f549ee629 - std[617be2ca0a6fd877]::panicking::default_hook
[INFO] [stdout]    5:     0x613f54988770 - test[aada8e7e76ba119b]::test_main_inner::{closure#0}
[INFO] [stdout]    6:     0x613f549ee7e2 - std[617be2ca0a6fd877]::panicking::panic_with_hook
[INFO] [stdout]    7:     0x613f549d12f2 - std[617be2ca0a6fd877]::panicking::panic_handler::{closure#0}
[INFO] [stdout]    8:     0x613f549c9bf9 - std[617be2ca0a6fd877]::sys::backtrace::__rust_end_short_backtrace::<std[617be2ca0a6fd877]::panicking::panic_handler::{closure#0}, !>
[INFO] [stdout]    9:     0x613f549d20dd - __rustc[ea4f61d10b84890b]::rust_begin_unwind
[INFO] [stdout]   10:     0x613f54a0cdac - core[a373ad73a504971]::panicking::panic_fmt
[INFO] [stdout]   11:     0x613f54a0cb82 - core[a373ad73a504971]::result::unwrap_failed
[INFO] [stdout]   12:     0x613f5496edcf - <std[617be2ca0a6fd877]::sync::once::Once>::call_once_force::<<std[617be2ca0a6fd877]::sync::once_lock::OnceLock<&std[617be2ca0a6fd877]::path::Path>>::initialize<<std[617be2ca0a6fd877]::sync::once_lock::OnceLock<&std[617be2ca0a6fd877]::path::Path>>::get_or_init<fs_undo[98fc37c7c710c139]::test_util::init_base_path::{closure#0}>::{closure#0}, !>::{closure#0}>::{closure#0}
[INFO] [stdout]   13:     0x613f549d7009 - <std[617be2ca0a6fd877]::sys::sync::once::futex::Once>::call
[INFO] [stdout]   14:     0x613f5496ea57 - <std[617be2ca0a6fd877]::sync::once_lock::OnceLock<&std[617be2ca0a6fd877]::path::Path>>::initialize::<<std[617be2ca0a6fd877]::sync::once_lock::OnceLock<&std[617be2ca0a6fd877]::path::Path>>::get_or_init<fs_undo[98fc37c7c710c139]::test_util::init_base_path::{closure#0}>::{closure#0}, !>
[INFO] [stdout]   15:     0x613f549771dd - fs_undo[98fc37c7c710c139]::test_util::init_test_path::<&str>
[INFO] [stdout]   16:     0x613f54976ad5 - <fs_undo[98fc37c7c710c139]::fs_op::file::write_copy::tests::test_undo_before_write_or_copy::{closure#0} as core[a373ad73a504971]::ops::function::FnOnce<()>>::call_once
[INFO] [stdout]   17:     0x613f5497bbbb - test[aada8e7e76ba119b]::__rust_begin_short_backtrace::<core[a373ad73a504971]::result::Result<(), alloc[2e1b2a31b91974c5]::string::String>, fn() -> core[a373ad73a504971]::result::Result<(), alloc[2e1b2a31b91974c5]::string::String>>
[INFO] [stdout]   18:     0x613f54988d95 - test[aada8e7e76ba119b]::run_test::{closure#0}
[INFO] [stdout]   19:     0x613f54982684 - std[617be2ca0a6fd877]::sys::backtrace::__rust_begin_short_backtrace::<test[aada8e7e76ba119b]::run_test::{closure#1}, ()>
[INFO] [stdout]   20:     0x613f5498be22 - <std[617be2ca0a6fd877]::thread::lifecycle::spawn_unchecked<test[aada8e7e76ba119b]::run_test::{closure#1}, ()>::{closure#1} as core[a373ad73a504971]::ops::function::FnOnce<()>>::call_once::{shim:vtable#0}
[INFO] [stdout]   21:     0x613f549f742f - <std[617be2ca0a6fd877]::sys::thread::unix::Thread>::new::thread_start
[INFO] [stdout]   22:     0x7a960ac61dfa - <unknown>
[INFO] [stdout]   23:     0x7a960acf53d4 - clone
[INFO] [stdout]   24:                0x0 - <unknown>
[INFO] [stdout] 
[INFO] [stdout] ---- fs_op::file::write_copy::tests::test_write_file_twice stdout ----
[INFO] [stdout] 
[INFO] [stdout] thread 'fs_op::file::write_copy::tests::test_write_file_twice' (263) panicked at src/test_util.rs:23:30:
[INFO] [stdout] called `Result::unwrap()` on an `Err` value: Os { code: 30, kind: ReadOnlyFilesystem, message: "Read-only file system" }
[INFO] [stdout] stack backtrace:
[INFO] [stdout]    0:     0x613f549f8181 - <<std[617be2ca0a6fd877]::sys::backtrace::BacktraceLock>::print::DisplayBacktrace as core[a373ad73a504971]::fmt::Display>::fmt
[INFO] [stdout]    1:     0x613f54a0c67a - core[a373ad73a504971]::fmt::write
[INFO] [stdout]    2:     0x613f549fc76c - <alloc[2e1b2a31b91974c5]::vec::Vec<u8> as core[a373ad73a504971]::io::write::Write>::write_fmt
[INFO] [stdout]    3:     0x613f549d1246 - std[617be2ca0a6fd877]::panicking::default_hook::{closure#0}
[INFO] [stdout]    4:     0x613f549ee629 - std[617be2ca0a6fd877]::panicking::default_hook
[INFO] [stdout]    5:     0x613f54988770 - test[aada8e7e76ba119b]::test_main_inner::{closure#0}
[INFO] [stdout]    6:     0x613f549ee7e2 - std[617be2ca0a6fd877]::panicking::panic_with_hook
[INFO] [stdout]    7:     0x613f549d12f2 - std[617be2ca0a6fd877]::panicking::panic_handler::{closure#0}
[INFO] [stdout]    8:     0x613f549c9bf9 - std[617be2ca0a6fd877]::sys::backtrace::__rust_end_short_backtrace::<std[617be2ca0a6fd877]::panicking::panic_handler::{closure#0}, !>
[INFO] [stdout]    9:     0x613f549d20dd - __rustc[ea4f61d10b84890b]::rust_begin_unwind
[INFO] [stdout]   10:     0x613f54a0cdac - core[a373ad73a504971]::panicking::panic_fmt
[INFO] [stdout]   11:     0x613f54a0cb82 - core[a373ad73a504971]::result::unwrap_failed
[INFO] [stdout]   12:     0x613f5496edcf - <std[617be2ca0a6fd877]::sync::once::Once>::call_once_force::<<std[617be2ca0a6fd877]::sync::once_lock::OnceLock<&std[617be2ca0a6fd877]::path::Path>>::initialize<<std[617be2ca0a6fd877]::sync::once_lock::OnceLock<&std[617be2ca0a6fd877]::path::Path>>::get_or_init<fs_undo[98fc37c7c710c139]::test_util::init_base_path::{closure#0}>::{closure#0}, !>::{closure#0}>::{closure#0}
[INFO] [stdout]   13:     0x613f549d7009 - <std[617be2ca0a6fd877]::sys::sync::once::futex::Once>::call
[INFO] [stdout]   14:     0x613f5496ea57 - <std[617be2ca0a6fd877]::sync::once_lock::OnceLock<&std[617be2ca0a6fd877]::path::Path>>::initialize::<<std[617be2ca0a6fd877]::sync::once_lock::OnceLock<&std[617be2ca0a6fd877]::path::Path>>::get_or_init<fs_undo[98fc37c7c710c139]::test_util::init_base_path::{closure#0}>::{closure#0}, !>
[INFO] [stdout]   15:     0x613f549771dd - fs_undo[98fc37c7c710c139]::test_util::init_test_path::<&str>
[INFO] [stdout]   16:     0x613f54975448 - <fs_undo[98fc37c7c710c139]::fs_op::file::write_copy::tests::test_write_file_twice::{closure#0} as core[a373ad73a504971]::ops::function::FnOnce<()>>::call_once
[INFO] [stdout]   17:     0x613f5497bbbb - test[aada8e7e76ba119b]::__rust_begin_short_backtrace::<core[a373ad73a504971]::result::Result<(), alloc[2e1b2a31b91974c5]::string::String>, fn() -> core[a373ad73a504971]::result::Result<(), alloc[2e1b2a31b91974c5]::string::String>>
[INFO] [stdout]   18:     0x613f54988d95 - test[aada8e7e76ba119b]::run_test::{closure#0}
[INFO] [stdout]   19:     0x613f54982684 - std[617be2ca0a6fd877]::sys::backtrace::__rust_begin_short_backtrace::<test[aada8e7e76ba119b]::run_test::{closure#1}, ()>
[INFO] [stdout]   20:     0x613f5498be22 - <std[617be2ca0a6fd877]::thread::lifecycle::spawn_unchecked<test[aada8e7e76ba119b]::run_test::{closure#1}, ()>::{closure#1} as core[a373ad73a504971]::ops::function::FnOnce<()>>::call_once::{shim:vtable#0}
[INFO] [stdout]   21:     0x613f549f742f - <std[617be2ca0a6fd877]::sys::thread::unix::Thread>::new::thread_start
[INFO] [stdout]   22:     0x7a960ac61dfa - <unknown>
[INFO] [stdout]   23:     0x7a960acf53d4 - clone
[INFO] [stdout]   24:                0x0 - <unknown>
[INFO] [stdout] 
[INFO] [stdout] ---- fs_op::file::write_copy::tests::test_write_new_file stdout ----
[INFO] [stdout] 
[INFO] [stdout] thread 'fs_op::file::write_copy::tests::test_write_new_file' (264) panicked at src/test_util.rs:23:30:
[INFO] [stdout] called `Result::unwrap()` on an `Err` value: Os { code: 30, kind: ReadOnlyFilesystem, message: "Read-only file system" }
[INFO] [stdout] stack backtrace:
[INFO] [stdout]    0:     0x613f549f8181 - <<std[617be2ca0a6fd877]::sys::backtrace::BacktraceLock>::print::DisplayBacktrace as core[a373ad73a504971]::fmt::Display>::fmt
[INFO] [stdout]    1:     0x613f54a0c67a - core[a373ad73a504971]::fmt::write
[INFO] [stdout]    2:     0x613f549fc76c - <alloc[2e1b2a31b91974c5]::vec::Vec<u8> as core[a373ad73a504971]::io::write::Write>::write_fmt
[INFO] [stdout]    3:     0x613f549d1246 - std[617be2ca0a6fd877]::panicking::default_hook::{closure#0}
[INFO] [stdout]    4:     0x613f549ee629 - std[617be2ca0a6fd877]::panicking::default_hook
[INFO] [stdout]    5:     0x613f54988770 - test[aada8e7e76ba119b]::test_main_inner::{closure#0}
[INFO] [stdout]    6:     0x613f549ee7e2 - std[617be2ca0a6fd877]::panicking::panic_with_hook
[INFO] [stdout]    7:     0x613f549d12f2 - std[617be2ca0a6fd877]::panicking::panic_handler::{closure#0}
[INFO] [stdout]    8:     0x613f549c9bf9 - std[617be2ca0a6fd877]::sys::backtrace::__rust_end_short_backtrace::<std[617be2ca0a6fd877]::panicking::panic_handler::{closure#0}, !>
[INFO] [stdout]    9:     0x613f549d20dd - __rustc[ea4f61d10b84890b]::rust_begin_unwind
[INFO] [stdout]   10:     0x613f54a0cdac - core[a373ad73a504971]::panicking::panic_fmt
[INFO] [stdout]   11:     0x613f54a0cb82 - core[a373ad73a504971]::result::unwrap_failed
[INFO] [stdout]   12:     0x613f5496edcf - <std[617be2ca0a6fd877]::sync::once::Once>::call_once_force::<<std[617be2ca0a6fd877]::sync::once_lock::OnceLock<&std[617be2ca0a6fd877]::path::Path>>::initialize<<std[617be2ca0a6fd877]::sync::once_lock::OnceLock<&std[617be2ca0a6fd877]::path::Path>>::get_or_init<fs_undo[98fc37c7c710c139]::test_util::init_base_path::{closure#0}>::{closure#0}, !>::{closure#0}>::{closure#0}
[INFO] [stdout]   13:     0x613f549d7009 - <std[617be2ca0a6fd877]::sys::sync::once::futex::Once>::call
[INFO] [stdout]   14:     0x613f5496ea57 - <std[617be2ca0a6fd877]::sync::once_lock::OnceLock<&std[617be2ca0a6fd877]::path::Path>>::initialize::<<std[617be2ca0a6fd877]::sync::once_lock::OnceLock<&std[617be2ca0a6fd877]::path::Path>>::get_or_init<fs_undo[98fc37c7c710c139]::test_util::init_base_path::{closure#0}>::{closure#0}, !>
[INFO] [stdout]   15:     0x613f549771dd - fs_undo[98fc37c7c710c139]::test_util::init_test_path::<&str>
[INFO] [stdout]   16:     0x613f54974e85 - <fs_undo[98fc37c7c710c139]::fs_op::file::write_copy::tests::test_write_new_file::{closure#0} as core[a373ad73a504971]::ops::function::FnOnce<()>>::call_once
[INFO] [stdout]   17:     0x613f5497bbbb - test[aada8e7e76ba119b]::__rust_begin_short_backtrace::<core[a373ad73a504971]::result::Result<(), alloc[2e1b2a31b91974c5]::string::String>, fn() -> core[a373ad73a504971]::result::Result<(), alloc[2e1b2a31b91974c5]::string::String>>
[INFO] [stdout]   18:     0x613f54988d95 - test[aada8e7e76ba119b]::run_test::{closure#0}
[INFO] [stdout]   19:     0x613f54982684 - std[617be2ca0a6fd877]::sys::backtrace::__rust_begin_short_backtrace::<test[aada8e7e76ba119b]::run_test::{closure#1}, ()>
[INFO] [stdout]   20:     0x613f5498be22 - <std[617be2ca0a6fd877]::thread::lifecycle::spawn_unchecked<test[aada8e7e76ba119b]::run_test::{closure#1}, ()>::{closure#1} as core[a373ad73a504971]::ops::function::FnOnce<()>>::call_once::{shim:vtable#0}
[INFO] [stdout]   21:     0x613f549f742f - <std[617be2ca0a6fd877]::sys::thread::unix::Thread>::new::thread_start
[INFO] [stdout]   22:     0x7a960ac61dfa - <unknown>
[INFO] [stdout]   23:     0x7a960acf53d4 - clone
[INFO] [stdout]   24:                0x0 - <unknown>
[INFO] [stdout] 
[INFO] [stdout] ---- fs_op::file::write_copy::tests::test_write_new_file_undo stdout ----
[INFO] [stdout] 
[INFO] [stdout] thread 'fs_op::file::write_copy::tests::test_write_new_file_undo' (265) panicked at src/test_util.rs:23:30:
[INFO] [stdout] called `Result::unwrap()` on an `Err` value: Os { code: 30, kind: ReadOnlyFilesystem, message: "Read-only file system" }
[INFO] [stdout] stack backtrace:
[INFO] [stdout]    0:     0x613f549f8181 - <<std[617be2ca0a6fd877]::sys::backtrace::BacktraceLock>::print::DisplayBacktrace as core[a373ad73a504971]::fmt::Display>::fmt
[INFO] [stdout]    1:     0x613f54a0c67a - core[a373ad73a504971]::fmt::write
[INFO] [stdout]    2:     0x613f549fc76c - <alloc[2e1b2a31b91974c5]::vec::Vec<u8> as core[a373ad73a504971]::io::write::Write>::write_fmt
[INFO] [stdout]    3:     0x613f549d1246 - std[617be2ca0a6fd877]::panicking::default_hook::{closure#0}
[INFO] [stdout]    4:     0x613f549ee629 - std[617be2ca0a6fd877]::panicking::default_hook
[INFO] [stdout]    5:     0x613f54988770 - test[aada8e7e76ba119b]::test_main_inner::{closure#0}
[INFO] [stdout]    6:     0x613f549ee7e2 - std[617be2ca0a6fd877]::panicking::panic_with_hook
[INFO] [stdout]    7:     0x613f549d12f2 - std[617be2ca0a6fd877]::panicking::panic_handler::{closure#0}
[INFO] [stdout]    8:     0x613f549c9bf9 - std[617be2ca0a6fd877]::sys::backtrace::__rust_end_short_backtrace::<std[617be2ca0a6fd877]::panicking::panic_handler::{closure#0}, !>
[INFO] [stdout]    9:     0x613f549d20dd - __rustc[ea4f61d10b84890b]::rust_begin_unwind
[INFO] [stdout]   10:     0x613f54a0cdac - core[a373ad73a504971]::panicking::panic_fmt
[INFO] [stdout]   11:     0x613f54a0cb82 - core[a373ad73a504971]::result::unwrap_failed
[INFO] [stdout]   12:     0x613f5496edcf - <std[617be2ca0a6fd877]::sync::once::Once>::call_once_force::<<std[617be2ca0a6fd877]::sync::once_lock::OnceLock<&std[617be2ca0a6fd877]::path::Path>>::initialize<<std[617be2ca0a6fd877]::sync::once_lock::OnceLock<&std[617be2ca0a6fd877]::path::Path>>::get_or_init<fs_undo[98fc37c7c710c139]::test_util::init_base_path::{closure#0}>::{closure#0}, !>::{closure#0}>::{closure#0}
[INFO] [stdout]   13:     0x613f549d7009 - <std[617be2ca0a6fd877]::sys::sync::once::futex::Once>::call
[INFO] [stdout]   14:     0x613f5496ea57 - <std[617be2ca0a6fd877]::sync::once_lock::OnceLock<&std[617be2ca0a6fd877]::path::Path>>::initialize::<<std[617be2ca0a6fd877]::sync::once_lock::OnceLock<&std[617be2ca0a6fd877]::path::Path>>::get_or_init<fs_undo[98fc37c7c710c139]::test_util::init_base_path::{closure#0}>::{closure#0}, !>
[INFO] [stdout]   15:     0x613f549771dd - fs_undo[98fc37c7c710c139]::test_util::init_test_path::<&str>
[INFO] [stdout]   16:     0x613f54976348 - <fs_undo[98fc37c7c710c139]::fs_op::file::write_copy::tests::test_write_new_file_undo::{closure#0} as core[a373ad73a504971]::ops::function::FnOnce<()>>::call_once
[INFO] [stdout]   17:     0x613f5497bbbb - test[aada8e7e76ba119b]::__rust_begin_short_backtrace::<core[a373ad73a504971]::result::Result<(), alloc[2e1b2a31b91974c5]::string::String>, fn() -> core[a373ad73a504971]::result::Result<(), alloc[2e1b2a31b91974c5]::string::String>>
[INFO] [stdout]   18:     0x613f54988d95 - test[aada8e7e76ba119b]::run_test::{closure#0}
[INFO] [stdout]   19:     0x613f54982684 - std[617be2ca0a6fd877]::sys::backtrace::__rust_begin_short_backtrace::<test[aada8e7e76ba119b]::run_test::{closure#1}, ()>
[INFO] [stdout]   20:     0x613f5498be22 - <std[617be2ca0a6fd877]::thread::lifecycle::spawn_unchecked<test[aada8e7e76ba119b]::run_test::{closure#1}, ()>::{closure#1} as core[a373ad73a504971]::ops::function::FnOnce<()>>::call_once::{shim:vtable#0}
[INFO] [stdout]   21:     0x613f549f742f - <std[617be2ca0a6fd877]::sys::thread::unix::Thread>::new::thread_start
[INFO] [stdout]   22:     0x7a960ac61dfa - <unknown>
[INFO] [stdout]   23:     0x7a960acf53d4 - clone
[INFO] [stdout]   24:                0x0 - <unknown>
[INFO] [stdout] 
[INFO] [stdout] ---- fs_op::file::write_copy::tests::test_write_new_file_undo_twice stdout ----
[INFO] [stdout] 
[INFO] [stdout] thread 'fs_op::file::write_copy::tests::test_write_new_file_undo_twice' (266) panicked at src/test_util.rs:23:30:
[INFO] [stdout] called `Result::unwrap()` on an `Err` value: Os { code: 30, kind: ReadOnlyFilesystem, message: "Read-only file system" }
[INFO] [stdout] stack backtrace:
[INFO] [stdout]    0:     0x613f549f8181 - <<std[617be2ca0a6fd877]::sys::backtrace::BacktraceLock>::print::DisplayBacktrace as core[a373ad73a504971]::fmt::Display>::fmt
[INFO] [stdout]    1:     0x613f54a0c67a - core[a373ad73a504971]::fmt::write
[INFO] [stdout]    2:     0x613f549fc76c - <alloc[2e1b2a31b91974c5]::vec::Vec<u8> as core[a373ad73a504971]::io::write::Write>::write_fmt
[INFO] [stdout]    3:     0x613f549d1246 - std[617be2ca0a6fd877]::panicking::default_hook::{closure#0}
[INFO] [stdout]    4:     0x613f549ee629 - std[617be2ca0a6fd877]::panicking::default_hook
[INFO] [stdout]    5:     0x613f54988770 - test[aada8e7e76ba119b]::test_main_inner::{closure#0}
[INFO] [stdout]    6:     0x613f549ee7e2 - std[617be2ca0a6fd877]::panicking::panic_with_hook
[INFO] [stdout]    7:     0x613f549d12f2 - std[617be2ca0a6fd877]::panicking::panic_handler::{closure#0}
[INFO] [stdout]    8:     0x613f549c9bf9 - std[617be2ca0a6fd877]::sys::backtrace::__rust_end_short_backtrace::<std[617be2ca0a6fd877]::panicking::panic_handler::{closure#0}, !>
[INFO] [stdout]    9:     0x613f549d20dd - __rustc[ea4f61d10b84890b]::rust_begin_unwind
[INFO] [stdout]   10:     0x613f54a0cdac - core[a373ad73a504971]::panicking::panic_fmt
[INFO] [stdout]   11:     0x613f54a0cb82 - core[a373ad73a504971]::result::unwrap_failed
[INFO] [stdout]   12:     0x613f5496edcf - <std[617be2ca0a6fd877]::sync::once::Once>::call_once_force::<<std[617be2ca0a6fd877]::sync::once_lock::OnceLock<&std[617be2ca0a6fd877]::path::Path>>::initialize<<std[617be2ca0a6fd877]::sync::once_lock::OnceLock<&std[617be2ca0a6fd877]::path::Path>>::get_or_init<fs_undo[98fc37c7c710c139]::test_util::init_base_path::{closure#0}>::{closure#0}, !>::{closure#0}>::{closure#0}
[INFO] [stdout]   13:     0x613f549d7009 - <std[617be2ca0a6fd877]::sys::sync::once::futex::Once>::call
[INFO] [stdout]   14:     0x613f5496ea57 - <std[617be2ca0a6fd877]::sync::once_lock::OnceLock<&std[617be2ca0a6fd877]::path::Path>>::initialize::<<std[617be2ca0a6fd877]::sync::once_lock::OnceLock<&std[617be2ca0a6fd877]::path::Path>>::get_or_init<fs_undo[98fc37c7c710c139]::test_util::init_base_path::{closure#0}>::{closure#0}, !>
[INFO] [stdout]   15:     0x613f549771dd - fs_undo[98fc37c7c710c139]::test_util::init_test_path::<&str>
[INFO] [stdout]   16:     0x613f54976c48 - <fs_undo[98fc37c7c710c139]::fs_op::file::write_copy::tests::test_write_new_file_undo_twice::{closure#0} as core[a373ad73a504971]::ops::function::FnOnce<()>>::call_once
[INFO] [stdout]   17:     0x613f5497bbbb - test[aada8e7e76ba119b]::__rust_begin_short_backtrace::<core[a373ad73a504971]::result::Result<(), alloc[2e1b2a31b91974c5]::string::String>, fn() -> core[a373ad73a504971]::result::Result<(), alloc[2e1b2a31b91974c5]::string::String>>
[INFO] [stdout]   18:     0x613f54988d95 - test[aada8e7e76ba119b]::run_test::{closure#0}
[INFO] [stdout]   19:     0x613f54982684 - std[617be2ca0a6fd877]::sys::backtrace::__rust_begin_short_backtrace::<test[aada8e7e76ba119b]::run_test::{closure#1}, ()>
[INFO] [stdout]   20:     0x613f5498be22 - <std[617be2ca0a6fd877]::thread::lifecycle::spawn_unchecked<test[aada8e7e76ba119b]::run_test::{closure#1}, ()>::{closure#1} as core[a373ad73a504971]::ops::function::FnOnce<()>>::call_once::{shim:vtable#0}
[INFO] [stdout]   21:     0x613f549f742f - <std[617be2ca0a6fd877]::sys::thread::unix::Thread>::new::thread_start
[INFO] [stdout]   22:     0x7a960ac61dfa - <unknown>
[INFO] [stdout]   23:     0x7a960acf53d4 - clone
[INFO] [stdout]   24:                0x0 - <unknown>
[INFO] [stdout] 
[INFO] [stdout] ---- fs_op::symlink::create::tests::test_create_symlink stdout ----
[INFO] [stdout] 
[INFO] [stdout] thread 'fs_op::symlink::create::tests::test_create_symlink' (267) panicked at src/test_util.rs:23:30:
[INFO] [stdout] called `Result::unwrap()` on an `Err` value: Os { code: 30, kind: ReadOnlyFilesystem, message: "Read-only file system" }
[INFO] [stdout] stack backtrace:
[INFO] [stdout]    0:     0x613f549f8181 - <<std[617be2ca0a6fd877]::sys::backtrace::BacktraceLock>::print::DisplayBacktrace as core[a373ad73a504971]::fmt::Display>::fmt
[INFO] [stdout]    1:     0x613f54a0c67a - core[a373ad73a504971]::fmt::write
[INFO] [stdout]    2:     0x613f549fc76c - <alloc[2e1b2a31b91974c5]::vec::Vec<u8> as core[a373ad73a504971]::io::write::Write>::write_fmt
[INFO] [stdout]    3:     0x613f549d1246 - std[617be2ca0a6fd877]::panicking::default_hook::{closure#0}
[INFO] [stdout]    4:     0x613f549ee629 - std[617be2ca0a6fd877]::panicking::default_hook
[INFO] [stdout]    5:     0x613f54988770 - test[aada8e7e76ba119b]::test_main_inner::{closure#0}
[INFO] [stdout]    6:     0x613f549ee7e2 - std[617be2ca0a6fd877]::panicking::panic_with_hook
[INFO] [stdout]    7:     0x613f549d12f2 - std[617be2ca0a6fd877]::panicking::panic_handler::{closure#0}
[INFO] [stdout]    8:     0x613f549c9bf9 - std[617be2ca0a6fd877]::sys::backtrace::__rust_end_short_backtrace::<std[617be2ca0a6fd877]::panicking::panic_handler::{closure#0}, !>
[INFO] [stdout]    9:     0x613f549d20dd - __rustc[ea4f61d10b84890b]::rust_begin_unwind
[INFO] [stdout]   10:     0x613f54a0cdac - core[a373ad73a504971]::panicking::panic_fmt
[INFO] [stdout]   11:     0x613f54a0cb82 - core[a373ad73a504971]::result::unwrap_failed
[INFO] [stdout]   12:     0x613f5496edcf - <std[617be2ca0a6fd877]::sync::once::Once>::call_once_force::<<std[617be2ca0a6fd877]::sync::once_lock::OnceLock<&std[617be2ca0a6fd877]::path::Path>>::initialize<<std[617be2ca0a6fd877]::sync::once_lock::OnceLock<&std[617be2ca0a6fd877]::path::Path>>::get_or_init<fs_undo[98fc37c7c710c139]::test_util::init_base_path::{closure#0}>::{closure#0}, !>::{closure#0}>::{closure#0}
[INFO] [stdout]   13:     0x613f549d7009 - <std[617be2ca0a6fd877]::sys::sync::once::futex::Once>::call
[INFO] [stdout]   14:     0x613f5496ea57 - <std[617be2ca0a6fd877]::sync::once_lock::OnceLock<&std[617be2ca0a6fd877]::path::Path>>::initialize::<<std[617be2ca0a6fd877]::sync::once_lock::OnceLock<&std[617be2ca0a6fd877]::path::Path>>::get_or_init<fs_undo[98fc37c7c710c139]::test_util::init_base_path::{closure#0}>::{closure#0}, !>
[INFO] [stdout]   15:     0x613f549771dd - fs_undo[98fc37c7c710c139]::test_util::init_test_path::<&str>
[INFO] [stdout]   16:     0x613f54970d4d - <fs_undo[98fc37c7c710c139]::fs_op::symlink::create::tests::test_create_symlink::{closure#0} as core[a373ad73a504971]::ops::function::FnOnce<()>>::call_once
[INFO] [stdout]   17:     0x613f5497bbbb - test[aada8e7e76ba119b]::__rust_begin_short_backtrace::<core[a373ad73a504971]::result::Result<(), alloc[2e1b2a31b91974c5]::string::String>, fn() -> core[a373ad73a504971]::result::Result<(), alloc[2e1b2a31b91974c5]::string::String>>
[INFO] [stdout]   18:     0x613f54988d95 - test[aada8e7e76ba119b]::run_test::{closure#0}
[INFO] [stdout]   19:     0x613f54982684 - std[617be2ca0a6fd877]::sys::backtrace::__rust_begin_short_backtrace::<test[aada8e7e76ba119b]::run_test::{closure#1}, ()>
[INFO] [stdout]   20:     0x613f5498be22 - <std[617be2ca0a6fd877]::thread::lifecycle::spawn_unchecked<test[aada8e7e76ba119b]::run_test::{closure#1}, ()>::{closure#1} as core[a373ad73a504971]::ops::function::FnOnce<()>>::call_once::{shim:vtable#0}
[INFO] [stdout]   21:     0x613f549f742f - <std[617be2ca0a6fd877]::sys::thread::unix::Thread>::new::thread_start
[INFO] [stdout]   22:     0x7a960ac61dfa - <unknown>
[INFO] [stdout]   23:     0x7a960acf53d4 - clone
[INFO] [stdout]   24:                0x0 - <unknown>
[INFO] [stdout] 
[INFO] [stdout] ---- fs_op::symlink::create::tests::test_create_symlink_twice stdout ----
[INFO] [stdout] 
[INFO] [stdout] thread 'fs_op::symlink::create::tests::test_create_symlink_twice' (268) panicked at src/test_util.rs:23:30:
[INFO] [stdout] called `Result::unwrap()` on an `Err` value: Os { code: 30, kind: ReadOnlyFilesystem, message: "Read-only file system" }
[INFO] [stdout] stack backtrace:
[INFO] [stdout]    0:     0x613f549f8181 - <<std[617be2ca0a6fd877]::sys::backtrace::BacktraceLock>::print::DisplayBacktrace as core[a373ad73a504971]::fmt::Display>::fmt
[INFO] [stdout]    1:     0x613f54a0c67a - core[a373ad73a504971]::fmt::write
[INFO] [stdout]    2:     0x613f549fc76c - <alloc[2e1b2a31b91974c5]::vec::Vec<u8> as core[a373ad73a504971]::io::write::Write>::write_fmt
[INFO] [stdout]    3:     0x613f549d1246 - std[617be2ca0a6fd877]::panicking::default_hook::{closure#0}
[INFO] [stdout]    4:     0x613f549ee629 - std[617be2ca0a6fd877]::panicking::default_hook
[INFO] [stdout]    5:     0x613f54988770 - test[aada8e7e76ba119b]::test_main_inner::{closure#0}
[INFO] [stdout]    6:     0x613f549ee7e2 - std[617be2ca0a6fd877]::panicking::panic_with_hook
[INFO] [stdout]    7:     0x613f549d12f2 - std[617be2ca0a6fd877]::panicking::panic_handler::{closure#0}
[INFO] [stdout]    8:     0x613f549c9bf9 - std[617be2ca0a6fd877]::sys::backtrace::__rust_end_short_backtrace::<std[617be2ca0a6fd877]::panicking::panic_handler::{closure#0}, !>
[INFO] [stdout]    9:     0x613f549d20dd - __rustc[ea4f61d10b84890b]::rust_begin_unwind
[INFO] [stdout]   10:     0x613f54a0cdac - core[a373ad73a504971]::panicking::panic_fmt
[INFO] [stdout]   11:     0x613f54a0cb82 - core[a373ad73a504971]::result::unwrap_failed
[INFO] [stdout]   12:     0x613f5496edcf - <std[617be2ca0a6fd877]::sync::once::Once>::call_once_force::<<std[617be2ca0a6fd877]::sync::once_lock::OnceLock<&std[617be2ca0a6fd877]::path::Path>>::initialize<<std[617be2ca0a6fd877]::sync::once_lock::OnceLock<&std[617be2ca0a6fd877]::path::Path>>::get_or_init<fs_undo[98fc37c7c710c139]::test_util::init_base_path::{closure#0}>::{closure#0}, !>::{closure#0}>::{closure#0}
[INFO] [stdout]   13:     0x613f549d7009 - <std[617be2ca0a6fd877]::sys::sync::once::futex::Once>::call
[INFO] [stdout]   14:     0x613f5496ea57 - <std[617be2ca0a6fd877]::sync::once_lock::OnceLock<&std[617be2ca0a6fd877]::path::Path>>::initialize::<<std[617be2ca0a6fd877]::sync::once_lock::OnceLock<&std[617be2ca0a6fd877]::path::Path>>::get_or_init<fs_undo[98fc37c7c710c139]::test_util::init_base_path::{closure#0}>::{closure#0}, !>
[INFO] [stdout]   15:     0x613f549771dd - fs_undo[98fc37c7c710c139]::test_util::init_test_path::<&str>
[INFO] [stdout]   16:     0x613f549718cd - <fs_undo[98fc37c7c710c139]::fs_op::symlink::create::tests::test_create_symlink_twice::{closure#0} as core[a373ad73a504971]::ops::function::FnOnce<()>>::call_once
[INFO] [stdout]   17:     0x613f5497bbbb - test[aada8e7e76ba119b]::__rust_begin_short_backtrace::<core[a373ad73a504971]::result::Result<(), alloc[2e1b2a31b91974c5]::string::String>, fn() -> core[a373ad73a504971]::result::Result<(), alloc[2e1b2a31b91974c5]::string::String>>
[INFO] [stdout]   18:     0x613f54988d95 - test[aada8e7e76ba119b]::run_test::{closure#0}
[INFO] [stdout]   19:     0x613f54982684 - std[617be2ca0a6fd877]::sys::backtrace::__rust_begin_short_backtrace::<test[aada8e7e76ba119b]::run_test::{closure#1}, ()>
[INFO] [stdout]   20:     0x613f5498be22 - <std[617be2ca0a6fd877]::thread::lifecycle::spawn_unchecked<test[aada8e7e76ba119b]::run_test::{closure#1}, ()>::{closure#1} as core[a373ad73a504971]::ops::function::FnOnce<()>>::call_once::{shim:vtable#0}
[INFO] [stdout]   21:     0x613f549f742f - <std[617be2ca0a6fd877]::sys::thread::unix::Thread>::new::thread_start
[INFO] [stdout]   22:     0x7a960ac61dfa - <unknown>
[INFO] [stdout]   23:     0x7a960acf53d4 - clone
[INFO] [stdout]   24:                0x0 - <unknown>
[INFO] [stdout] 
[INFO] [stdout] ---- fs_op::symlink::create::tests::test_create_symlink_undo stdout ----
[INFO] [stdout] 
[INFO] [stdout] thread 'fs_op::symlink::create::tests::test_create_symlink_undo' (269) panicked at src/test_util.rs:23:30:
[INFO] [stdout] called `Result::unwrap()` on an `Err` value: Os { code: 30, kind: ReadOnlyFilesystem, message: "Read-only file system" }
[INFO] [stdout] stack backtrace:
[INFO] [stdout]    0:     0x613f549f8181 - <<std[617be2ca0a6fd877]::sys::backtrace::BacktraceLock>::print::DisplayBacktrace as core[a373ad73a504971]::fmt::Display>::fmt
[INFO] [stdout]    1:     0x613f54a0c67a - core[a373ad73a504971]::fmt::write
[INFO] [stdout]    2:     0x613f549fc76c - <alloc[2e1b2a31b91974c5]::vec::Vec<u8> as core[a373ad73a504971]::io::write::Write>::write_fmt
[INFO] [stdout]    3:     0x613f549d1246 - std[617be2ca0a6fd877]::panicking::default_hook::{closure#0}
[INFO] [stdout]    4:     0x613f549ee629 - std[617be2ca0a6fd877]::panicking::default_hook
[INFO] [stdout]    5:     0x613f54988770 - test[aada8e7e76ba119b]::test_main_inner::{closure#0}
[INFO] [stdout]    6:     0x613f549ee7e2 - std[617be2ca0a6fd877]::panicking::panic_with_hook
[INFO] [stdout]    7:     0x613f549d12f2 - std[617be2ca0a6fd877]::panicking::panic_handler::{closure#0}
[INFO] [stdout]    8:     0x613f549c9bf9 - std[617be2ca0a6fd877]::sys::backtrace::__rust_end_short_backtrace::<std[617be2ca0a6fd877]::panicking::panic_handler::{closure#0}, !>
[INFO] [stdout]    9:     0x613f549d20dd - __rustc[ea4f61d10b84890b]::rust_begin_unwind
[INFO] [stdout]   10:     0x613f54a0cdac - core[a373ad73a504971]::panicking::panic_fmt
[INFO] [stdout]   11:     0x613f54a0cb82 - core[a373ad73a504971]::result::unwrap_failed
[INFO] [stdout]   12:     0x613f5496edcf - <std[617be2ca0a6fd877]::sync::once::Once>::call_once_force::<<std[617be2ca0a6fd877]::sync::once_lock::OnceLock<&std[617be2ca0a6fd877]::path::Path>>::initialize<<std[617be2ca0a6fd877]::sync::once_lock::OnceLock<&std[617be2ca0a6fd877]::path::Path>>::get_or_init<fs_undo[98fc37c7c710c139]::test_util::init_base_path::{closure#0}>::{closure#0}, !>::{closure#0}>::{closure#0}
[INFO] [stdout]   13:     0x613f549d7009 - <std[617be2ca0a6fd877]::sys::sync::once::futex::Once>::call
[INFO] [stdout]   14:     0x613f5496ea57 - <std[617be2ca0a6fd877]::sync::once_lock::OnceLock<&std[617be2ca0a6fd877]::path::Path>>::initialize::<<std[617be2ca0a6fd877]::sync::once_lock::OnceLock<&std[617be2ca0a6fd877]::path::Path>>::get_or_init<fs_undo[98fc37c7c710c139]::test_util::init_base_path::{closure#0}>::{closure#0}, !>
[INFO] [stdout]   15:     0x613f549771dd - fs_undo[98fc37c7c710c139]::test_util::init_test_path::<&str>
[INFO] [stdout]   16:     0x613f5497122d - <fs_undo[98fc37c7c710c139]::fs_op::symlink::create::tests::test_create_symlink_undo::{closure#0} as core[a373ad73a504971]::ops::function::FnOnce<()>>::call_once
[INFO] [stdout]   17:     0x613f5497bbbb - test[aada8e7e76ba119b]::__rust_begin_short_backtrace::<core[a373ad73a504971]::result::Result<(), alloc[2e1b2a31b91974c5]::string::String>, fn() -> core[a373ad73a504971]::result::Result<(), alloc[2e1b2a31b91974c5]::string::String>>
[INFO] [stdout]   18:     0x613f54988d95 - test[aada8e7e76ba119b]::run_test::{closure#0}
[INFO] [stdout]   19:     0x613f54982684 - std[617be2ca0a6fd877]::sys::backtrace::__rust_begin_short_backtrace::<test[aada8e7e76ba119b]::run_test::{closure#1}, ()>
[INFO] [stdout]   20:     0x613f5498be22 - <std[617be2ca0a6fd877]::thread::lifecycle::spawn_unchecked<test[aada8e7e76ba119b]::run_test::{closure#1}, ()>::{closure#1} as core[a373ad73a504971]::ops::function::FnOnce<()>>::call_once::{shim:vtable#0}
[INFO] [stdout]   21:     0x613f549f742f - <std[617be2ca0a6fd877]::sys::thread::unix::Thread>::new::thread_start
[INFO] [stdout]   22:     0x7a960ac61dfa - <unknown>
[INFO] [stdout]   23:     0x7a960acf53d4 - clone
[INFO] [stdout]   24:                0x0 - <unknown>
[INFO] [stdout] 
[INFO] [stdout] ---- fs_op::symlink::create::tests::test_create_symlink_undo_twice stdout ----
[INFO] [stdout] 
[INFO] [stdout] thread 'fs_op::symlink::create::tests::test_create_symlink_undo_twice' (270) panicked at src/test_util.rs:23:30:
[INFO] [stdout] called `Result::unwrap()` on an `Err` value: Os { code: 30, kind: ReadOnlyFilesystem, message: "Read-only file system" }
[INFO] [stdout] stack backtrace:
[INFO] [stdout]    0:     0x613f549f8181 - <<std[617be2ca0a6fd877]::sys::backtrace::BacktraceLock>::print::DisplayBacktrace as core[a373ad73a504971]::fmt::Display>::fmt
[INFO] [stdout]    1:     0x613f54a0c67a - core[a373ad73a504971]::fmt::write
[INFO] [stdout]    2:     0x613f549fc76c - <alloc[2e1b2a31b91974c5]::vec::Vec<u8> as core[a373ad73a504971]::io::write::Write>::write_fmt
[INFO] [stdout]    3:     0x613f549d1246 - std[617be2ca0a6fd877]::panicking::default_hook::{closure#0}
[INFO] [stdout]    4:     0x613f549ee629 - std[617be2ca0a6fd877]::panicking::default_hook
[INFO] [stdout]    5:     0x613f54988770 - test[aada8e7e76ba119b]::test_main_inner::{closure#0}
[INFO] [stdout]    6:     0x613f549ee7e2 - std[617be2ca0a6fd877]::panicking::panic_with_hook
[INFO] [stdout]    7:     0x613f549d12f2 - std[617be2ca0a6fd877]::panicking::panic_handler::{closure#0}
[INFO] [stdout]    8:     0x613f549c9bf9 - std[617be2ca0a6fd877]::sys::backtrace::__rust_end_short_backtrace::<std[617be2ca0a6fd877]::panicking::panic_handler::{closure#0}, !>
[INFO] [stdout]    9:     0x613f549d20dd - __rustc[ea4f61d10b84890b]::rust_begin_unwind
[INFO] [stdout]   10:     0x613f54a0cdac - core[a373ad73a504971]::panicking::panic_fmt
[INFO] [stdout]   11:     0x613f54a0cb82 - core[a373ad73a504971]::result::unwrap_failed
[INFO] [stdout]   12:     0x613f5496edcf - <std[617be2ca0a6fd877]::sync::once::Once>::call_once_force::<<std[617be2ca0a6fd877]::sync::once_lock::OnceLock<&std[617be2ca0a6fd877]::path::Path>>::initialize<<std[617be2ca0a6fd877]::sync::once_lock::OnceLock<&std[617be2ca0a6fd877]::path::Path>>::get_or_init<fs_undo[98fc37c7c710c139]::test_util::init_base_path::{closure#0}>::{closure#0}, !>::{closure#0}>::{closure#0}
[INFO] [stdout]   13:     0x613f549d7009 - <std[617be2ca0a6fd877]::sys::sync::once::futex::Once>::call
[INFO] [stdout]   14:     0x613f5496ea57 - <std[617be2ca0a6fd877]::sync::once_lock::OnceLock<&std[617be2ca0a6fd877]::path::Path>>::initialize::<<std[617be2ca0a6fd877]::sync::once_lock::OnceLock<&std[617be2ca0a6fd877]::path::Path>>::get_or_init<fs_undo[98fc37c7c710c139]::test_util::init_base_path::{closure#0}>::{closure#0}, !>
[INFO] [stdout]   15:     0x613f549771dd - fs_undo[98fc37c7c710c139]::test_util::init_test_path::<&str>
[INFO] [stdout]   16:     0x613f54971edd - <fs_undo[98fc37c7c710c139]::fs_op::symlink::create::tests::test_create_symlink_undo_twice::{closure#0} as core[a373ad73a504971]::ops::function::FnOnce<()>>::call_once
[INFO] [stdout]   17:     0x613f5497bbbb - test[aada8e7e76ba119b]::__rust_begin_short_backtrace::<core[a373ad73a504971]::result::Result<(), alloc[2e1b2a31b91974c5]::string::String>, fn() -> core[a373ad73a504971]::result::Result<(), alloc[2e1b2a31b91974c5]::string::String>>
[INFO] [stdout]   18:     0x613f54988d95 - test[aada8e7e76ba119b]::run_test::{closure#0}
[INFO] [stdout]   19:     0x613f54982684 - std[617be2ca0a6fd877]::sys::backtrace::__rust_begin_short_backtrace::<test[aada8e7e76ba119b]::run_test::{closure#1}, ()>
[INFO] [stdout]   20:     0x613f5498be22 - <std[617be2ca0a6fd877]::thread::lifecycle::spawn_unchecked<test[aada8e7e76ba119b]::run_test::{closure#1}, ()>::{closure#1} as core[a373ad73a504971]::ops::function::FnOnce<()>>::call_once::{shim:vtable#0}
[INFO] [stdout]   21:     0x613f549f742f - <std[617be2ca0a6fd877]::sys::thread::unix::Thread>::new::thread_start
[INFO] [stdout]   22:     0x7a960ac61dfa - <unknown>
[INFO] [stdout]   23:     0x7a960acf53d4 - clone
[INFO] [stdout]   24:                0x0 - <unknown>
[INFO] [stdout] 
[INFO] [stdout] ---- fs_op::symlink::create::tests::test_undo_before_create_symlink stdout ----
[INFO] [stdout] 
[INFO] [stdout] thread 'fs_op::symlink::create::tests::test_undo_before_create_symlink' (271) panicked at src/test_util.rs:23:30:
[INFO] [stdout] called `Result::unwrap()` on an `Err` value: Os { code: 30, kind: ReadOnlyFilesystem, message: "Read-only file system" }
[INFO] [stdout] stack backtrace:
[INFO] [stdout]    0:     0x613f549f8181 - <<std[617be2ca0a6fd877]::sys::backtrace::BacktraceLock>::print::DisplayBacktrace as core[a373ad73a504971]::fmt::Display>::fmt
[INFO] [stdout]    1:     0x613f54a0c67a - core[a373ad73a504971]::fmt::write
[INFO] [stdout]    2:     0x613f549fc76c - <alloc[2e1b2a31b91974c5]::vec::Vec<u8> as core[a373ad73a504971]::io::write::Write>::write_fmt
[INFO] [stdout]    3:     0x613f549d1246 - std[617be2ca0a6fd877]::panicking::default_hook::{closure#0}
[INFO] [stdout]    4:     0x613f549ee629 - std[617be2ca0a6fd877]::panicking::default_hook
[INFO] [stdout]    5:     0x613f54988770 - test[aada8e7e76ba119b]::test_main_inner::{closure#0}
[INFO] [stdout]    6:     0x613f549ee7e2 - std[617be2ca0a6fd877]::panicking::panic_with_hook
[INFO] [stdout]    7:     0x613f549d12f2 - std[617be2ca0a6fd877]::panicking::panic_handler::{closure#0}
[INFO] [stdout]    8:     0x613f549c9bf9 - std[617be2ca0a6fd877]::sys::backtrace::__rust_end_short_backtrace::<std[617be2ca0a6fd877]::panicking::panic_handler::{closure#0}, !>
[INFO] [stdout]    9:     0x613f549d20dd - __rustc[ea4f61d10b84890b]::rust_begin_unwind
[INFO] [stdout]   10:     0x613f54a0cdac - core[a373ad73a504971]::panicking::panic_fmt
[INFO] [stdout]   11:     0x613f54a0cb82 - core[a373ad73a504971]::result::unwrap_failed
[INFO] [stdout]   12:     0x613f5496edcf - <std[617be2ca0a6fd877]::sync::once::Once>::call_once_force::<<std[617be2ca0a6fd877]::sync::once_lock::OnceLock<&std[617be2ca0a6fd877]::path::Path>>::initialize<<std[617be2ca0a6fd877]::sync::once_lock::OnceLock<&std[617be2ca0a6fd877]::path::Path>>::get_or_init<fs_undo[98fc37c7c710c139]::test_util::init_base_path::{closure#0}>::{closure#0}, !>::{closure#0}>::{closure#0}
[INFO] [stdout]   13:     0x613f549d7009 - <std[617be2ca0a6fd877]::sys::sync::once::futex::Once>::call
[INFO] [stdout]   14:     0x613f5496ea57 - <std[617be2ca0a6fd877]::sync::once_lock::OnceLock<&std[617be2ca0a6fd877]::path::Path>>::initialize::<<std[617be2ca0a6fd877]::sync::once_lock::OnceLock<&std[617be2ca0a6fd877]::path::Path>>::get_or_init<fs_undo[98fc37c7c710c139]::test_util::init_base_path::{closure#0}>::{closure#0}, !>
[INFO] [stdout]   15:     0x613f549771dd - fs_undo[98fc37c7c710c139]::test_util::init_test_path::<&str>
[INFO] [stdout]   16:     0x613f5497263a - <fs_undo[98fc37c7c710c139]::fs_op::symlink::create::tests::test_undo_before_create_symlink::{closure#0} as core[a373ad73a504971]::ops::function::FnOnce<()>>::call_once
[INFO] [stdout]   17:     0x613f5497bbbb - test[aada8e7e76ba119b]::__rust_begin_short_backtrace::<core[a373ad73a504971]::result::Result<(), alloc[2e1b2a31b91974c5]::string::String>, fn() -> core[a373ad73a504971]::result::Result<(), alloc[2e1b2a31b91974c5]::string::String>>
[INFO] [stdout]   18:     0x613f54988d95 - test[aada8e7e76ba119b]::run_test::{closure#0}
[INFO] [stdout]   19:     0x613f54982684 - std[617be2ca0a6fd877]::sys::backtrace::__rust_begin_short_backtrace::<test[aada8e7e76ba119b]::run_test::{closure#1}, ()>
[INFO] [stdout]   20:     0x613f5498be22 - <std[617be2ca0a6fd877]::thread::lifecycle::spawn_unchecked<test[aada8e7e76ba119b]::run_test::{closure#1}, ()>::{closure#1} as core[a373ad73a504971]::ops::function::FnOnce<()>>::call_once::{shim:vtable#0}
[INFO] [stdout]   21:     0x613f549f742f - <std[617be2ca0a6fd877]::sys::thread::unix::Thread>::new::thread_start
[INFO] [stdout]   22:     0x7a960ac61dfa - <unknown>
[INFO] [stdout]   23:     0x7a960acf53d4 - clone
[INFO] [stdout]   24:                0x0 - <unknown>
[INFO] [stdout] 
[INFO] [stdout] 
[INFO] [stdout] failures:
[INFO] [stdout]     fs_op::dir::create::tests::test_create_dir
[INFO] [stdout]     fs_op::dir::create::tests::test_create_dir_no_parent
[INFO] [stdout]     fs_op::dir::create::tests::test_create_dir_twice
[INFO] [stdout]     fs_op::dir::create::tests::test_create_dir_undo
[INFO] [stdout]     fs_op::dir::create::tests::test_create_dir_undo_twice
[INFO] [stdout]     fs_op::dir::create::tests::test_undo_before_create_dir
[INFO] [stdout]     fs_op::dir::create_all::tests::test_create_dir_all
[INFO] [stdout]     fs_op::dir::create_all::tests::test_create_dir_all_twice
[INFO] [stdout]     fs_op::dir::create_all::tests::test_create_dir_all_undo
[INFO] [stdout]     fs_op::dir::create_all::tests::test_create_dir_all_undo_twice
[INFO] [stdout]     fs_op::dir::create_all::tests::test_undo_before_create_dir_all
[INFO] [stdout]     fs_op::dir::remove_all::tests::test_remove_dir_all
[INFO] [stdout]     fs_op::dir::remove_all::tests::test_remove_dir_all_twice
[INFO] [stdout]     fs_op::dir::remove_all::tests::test_remove_dir_all_undo
[INFO] [stdout]     fs_op::dir::remove_all::tests::test_remove_dir_all_undo_twice
[INFO] [stdout]     fs_op::dir::remove_empty::tests::test_remove_empty_dir
[INFO] [stdout]     fs_op::dir::remove_empty::tests::test_remove_empty_dir_twice
[INFO] [stdout]     fs_op::dir::remove_empty::tests::test_remove_empty_dir_undo
[INFO] [stdout]     fs_op::dir::remove_empty::tests::test_remove_empty_dir_undo_twice
[INFO] [stdout]     fs_op::file::create::tests::test_create_file
[INFO] [stdout]     fs_op::file::create::tests::test_create_file_twice
[INFO] [stdout]     fs_op::file::create::tests::test_create_file_undo
[INFO] [stdout]     fs_op::file::create::tests::test_create_file_undo_twice
[INFO] [stdout]     fs_op::file::create::tests::test_undo_before_create_file
[INFO] [stdout]     fs_op::file::remove::tests::test_remove_file
[INFO] [stdout]     fs_op::file::remove::tests::test_remove_file_twice
[INFO] [stdout]     fs_op::file::remove::tests::test_remove_file_undo
[INFO] [stdout]     fs_op::file::remove::tests::test_remove_file_undo_twice
[INFO] [stdout]     fs_op::file::write_copy::tests::test_copy_file_twice
[INFO] [stdout]     fs_op::file::write_copy::tests::test_copy_new_file
[INFO] [stdout]     fs_op::file::write_copy::tests::test_copy_new_file_undo
[INFO] [stdout]     fs_op::file::write_copy::tests::test_copy_new_file_undo_twice
[INFO] [stdout]     fs_op::file::write_copy::tests::test_copy_over_file
[INFO] [stdout]     fs_op::file::write_copy::tests::test_copy_over_file_undo
[INFO] [stdout]     fs_op::file::write_copy::tests::test_overwrite_file
[INFO] [stdout]     fs_op::file::write_copy::tests::test_overwrite_file_undo
[INFO] [stdout]     fs_op::file::write_copy::tests::test_undo_before_write_or_copy
[INFO] [stdout]     fs_op::file::write_copy::tests::test_write_file_twice
[INFO] [stdout]     fs_op::file::write_copy::tests::test_write_new_file
[INFO] [stdout]     fs_op::file::write_copy::tests::test_write_new_file_undo
[INFO] [stdout]     fs_op::file::write_copy::tests::test_write_new_file_undo_twice
[INFO] [stdout]     fs_op::symlink::create::tests::test_create_symlink
[INFO] [stdout]     fs_op::symlink::create::tests::test_create_symlink_twice
[INFO] [stdout]     fs_op::symlink::create::tests::test_create_symlink_undo
[INFO] [stdout]     fs_op::symlink::create::tests::test_create_symlink_undo_twice
[INFO] [stdout]     fs_op::symlink::create::tests::test_undo_before_create_symlink
[INFO] [stdout] 
[INFO] [stdout] test result: FAILED. 0 passed; 46 failed; 0 ignored; 0 measured; 0 filtered out; finished in 0.01s
[INFO] [stdout] 
[INFO] running `Command { std: "docker" "inspect" "9cf577e16dbf005402896a01a6d3bf84ee6442a21c6237349d7089c3c4d4b542", kill_on_drop: false }`
[INFO] running `Command { std: "docker" "rm" "-f" "9cf577e16dbf005402896a01a6d3bf84ee6442a21c6237349d7089c3c4d4b542", kill_on_drop: false }`
[INFO] [stdout] 9cf577e16dbf005402896a01a6d3bf84ee6442a21c6237349d7089c3c4d4b542
