[INFO] fetching crate fs_metadata 0.5.1...
[INFO] testing fs_metadata-0.5.1 against 1.100.0-beta.1+cargoflags=--release for beta-release-1.100-2
[INFO] extracting crate fs_metadata 0.5.1 into /workspace/builds/worker-2-tc2/source
[INFO] started tweaking crates.io crate fs_metadata 0.5.1
[INFO] finished tweaking crates.io crate fs_metadata 0.5.1
[INFO] tweaked toml for crates.io crate fs_metadata 0.5.1 written to /workspace/builds/worker-2-tc2/source/Cargo.toml
[INFO] validating manifest of crates.io crate fs_metadata 0.5.1 on toolchain 1.100.0-beta.1
[INFO] running `Command { std: CARGO_HOME="/workspace/cargo-home" RUSTUP_HOME="/workspace/rustup-home" "/workspace/cargo-home/bin/cargo" "+1.100.0-beta.1" "metadata" "--manifest-path" "Cargo.toml" "--no-deps", kill_on_drop: false }`
[INFO] crate crates.io crate fs_metadata 0.5.1 already has a lockfile, it will not be regenerated
[INFO] running `Command { std: CARGO_HOME="/workspace/cargo-home" RUSTUP_HOME="/workspace/rustup-home" "/workspace/cargo-home/bin/cargo" "+1.100.0-beta.1" "fetch" "--manifest-path" "Cargo.toml", kill_on_drop: false }`
[INFO] [stderr] warning: `package.homepage` is redundant with `package.repository`
[INFO] [stderr]   --> Cargo.toml:25:12
[INFO] [stderr]    |
[INFO] [stderr] 25 | homepage = "https://github.com/andrewgremlich/media_organizer"
[INFO] [stderr]    |            ^^^^^^^^^^^^^^^^^^^^^^^^^^^^^^^^^^^^^^^^^^^^^^^^^^^
[INFO] [stderr] ...
[INFO] [stderr] 30 | repository = "https://github.com/andrewgremlich/media_organizer"
[INFO] [stderr]    |              ---------------------------------------------------
[INFO] [stderr]    |
[INFO] [stderr]    = note: `cargo::redundant_homepage` is set to `warn` by default
[INFO] [stderr] help: consider removing `package.homepage`
[INFO] [stderr] warning: `fs_metadata` (manifest) generated 1 warning
[INFO] running `Command { std: "docker" "create" "-v" "/var/lib/crater-agent-workspace/builds/worker-2-tc2/source:/opt/rustwide/workdir:ro,Z" "-v" "/var/lib/crater-agent-workspace/builds/worker-2-tc2/target:/opt/rustwide/target:rw,Z" "-v" "/var/lib/crater-agent-workspace/cargo-home:/opt/rustwide/cargo-home:ro,Z" "-v" "/var/lib/crater-agent-workspace/rustup-home:/opt/rustwide/rustup-home:ro,Z" "-m" "1610612736" "--network" "none" "ghcr.io/rust-lang/crates-build-env/linux@sha256:77db811e55d90add9212f6832c23229e3de5f1c1f9905e8cb07319ea15df73ac" "sleep" "infinity", kill_on_drop: false }`
[INFO] [stdout] dce61c3e6a4daa79b72a41407d7bfba5aea48423d87c9e817d222637396f69f7
[INFO] running `Command { std: "docker" "start" "dce61c3e6a4daa79b72a41407d7bfba5aea48423d87c9e817d222637396f69f7", kill_on_drop: false }`
[INFO] running `Command { std: "docker" "inspect" "dce61c3e6a4daa79b72a41407d7bfba5aea48423d87c9e817d222637396f69f7", kill_on_drop: false }`
[INFO] running `Command { std: "docker" "exec" "-e" "SOURCE_DIR=/opt/rustwide/workdir" "-e" "CARGO_HOME=/opt/rustwide/cargo-home" "-e" "RUSTUP_HOME=/opt/rustwide/rustup-home" "-e" "CARGO_TARGET_DIR=/opt/rustwide/target" "-w" "/opt/rustwide/workdir" "--user" "0:0" "dce61c3e6a4daa79b72a41407d7bfba5aea48423d87c9e817d222637396f69f7" "/opt/rustwide/cargo-home/bin/cargo" "+1.100.0-beta.1" "metadata" "--no-deps" "--format-version=1", kill_on_drop: false }`
[INFO] running `Command { std: "docker" "inspect" "dce61c3e6a4daa79b72a41407d7bfba5aea48423d87c9e817d222637396f69f7", kill_on_drop: false }`
[INFO] running `Command { std: "docker" "exec" "-e" "SOURCE_DIR=/opt/rustwide/workdir" "-e" "CARGO_HOME=/opt/rustwide/cargo-home" "-e" "RUSTUP_HOME=/opt/rustwide/rustup-home" "-e" "CARGO_TARGET_DIR=/opt/rustwide/target" "-e" "CARGO_INCREMENTAL=0" "-e" "RUST_BACKTRACE=full" "-e" "RUSTFLAGS=--cap-lints=warn" "-e" "RUSTDOCFLAGS=--cap-lints=warn" "-w" "/opt/rustwide/workdir" "--user" "0:0" "dce61c3e6a4daa79b72a41407d7bfba5aea48423d87c9e817d222637396f69f7" "/opt/rustwide/cargo-home/bin/cargo" "+1.100.0-beta.1" "build" "--frozen" "--message-format=json" "--release", kill_on_drop: false }`
[INFO] [stderr] warning: `package.homepage` is redundant with `package.repository`
[INFO] [stderr]   --> Cargo.toml:25:12
[INFO] [stderr]    |
[INFO] [stderr] 25 | homepage = "https://github.com/andrewgremlich/media_organizer"
[INFO] [stderr]    |            ^^^^^^^^^^^^^^^^^^^^^^^^^^^^^^^^^^^^^^^^^^^^^^^^^^^
[INFO] [stderr] ...
[INFO] [stderr] 30 | repository = "https://github.com/andrewgremlich/media_organizer"
[INFO] [stderr]    |              ---------------------------------------------------
[INFO] [stderr]    |
[INFO] [stderr]    = note: `cargo::redundant_homepage` is set to `warn` by default
[INFO] [stderr] help: consider removing `package.homepage`
[INFO] [stderr] warning: `fs_metadata` (manifest) generated 1 warning
[INFO] [stderr]    Compiling libc v0.2.183
[INFO] [stderr]    Compiling faccess v0.2.4
[INFO] [stderr]    Compiling fs_metadata v0.5.1 (/opt/rustwide/workdir)
[INFO] [stderr]     Finished `release` profile [optimized] target(s) in 2.51s
[INFO] running `Command { std: "docker" "inspect" "dce61c3e6a4daa79b72a41407d7bfba5aea48423d87c9e817d222637396f69f7", kill_on_drop: false }`
[INFO] running `Command { std: "docker" "exec" "-e" "SOURCE_DIR=/opt/rustwide/workdir" "-e" "CARGO_HOME=/opt/rustwide/cargo-home" "-e" "RUSTUP_HOME=/opt/rustwide/rustup-home" "-e" "CARGO_TARGET_DIR=/opt/rustwide/target" "-e" "CARGO_INCREMENTAL=0" "-e" "RUST_BACKTRACE=full" "-e" "RUSTFLAGS=--cap-lints=warn" "-e" "RUSTDOCFLAGS=--cap-lints=warn" "-w" "/opt/rustwide/workdir" "--user" "0:0" "dce61c3e6a4daa79b72a41407d7bfba5aea48423d87c9e817d222637396f69f7" "/opt/rustwide/cargo-home/bin/cargo" "+1.100.0-beta.1" "test" "--frozen" "--no-run" "--message-format=json" "--release", kill_on_drop: false }`
[INFO] [stderr] warning: `package.homepage` is redundant with `package.repository`
[INFO] [stderr]   --> Cargo.toml:25:12
[INFO] [stderr]    |
[INFO] [stderr] 25 | homepage = "https://github.com/andrewgremlich/media_organizer"
[INFO] [stderr]    |            ^^^^^^^^^^^^^^^^^^^^^^^^^^^^^^^^^^^^^^^^^^^^^^^^^^^
[INFO] [stderr] ...
[INFO] [stderr] 30 | repository = "https://github.com/andrewgremlich/media_organizer"
[INFO] [stderr]    |              ---------------------------------------------------
[INFO] [stderr]    |
[INFO] [stderr]    = note: `cargo::redundant_homepage` is set to `warn` by default
[INFO] [stderr] help: consider removing `package.homepage`
[INFO] [stderr] warning: `fs_metadata` (manifest) generated 1 warning
[INFO] [stderr]    Compiling getrandom v0.4.2
[INFO] [stderr]    Compiling tempfile v3.26.0
[INFO] [stderr]    Compiling fs_metadata v0.5.1 (/opt/rustwide/workdir)
[INFO] [stderr]     Finished `release` profile [optimized] target(s) in 2.05s
[INFO] running `Command { std: "docker" "inspect" "dce61c3e6a4daa79b72a41407d7bfba5aea48423d87c9e817d222637396f69f7", kill_on_drop: false }`
[INFO] running `Command { std: "docker" "exec" "-e" "SOURCE_DIR=/opt/rustwide/workdir" "-e" "CARGO_HOME=/opt/rustwide/cargo-home" "-e" "RUSTUP_HOME=/opt/rustwide/rustup-home" "-e" "CARGO_TARGET_DIR=/opt/rustwide/target" "-e" "CARGO_INCREMENTAL=0" "-e" "RUST_BACKTRACE=full" "-e" "RUSTFLAGS=--cap-lints=warn" "-e" "RUSTDOCFLAGS=--cap-lints=warn" "-w" "/opt/rustwide/workdir" "--user" "0:0" "dce61c3e6a4daa79b72a41407d7bfba5aea48423d87c9e817d222637396f69f7" "/opt/rustwide/cargo-home/bin/cargo" "+1.100.0-beta.1" "test" "--frozen" "--release", kill_on_drop: false }`
[INFO] [stdout] 
[INFO] [stderr] warning: `package.homepage` is redundant with `package.repository`
[INFO] [stdout] running 12 tests
[INFO] [stderr]   --> Cargo.toml:25:12
[INFO] [stdout] test functions_metadata::tests::can_read_modified_string ... ok
[INFO] [stderr]    |
[INFO] [stdout] test functions_metadata::tests::can_read_creation_string ... ok
[INFO] [stderr] 25 | homepage = "https://github.com/andrewgremlich/media_organizer"
[INFO] [stdout] test functions_metadata::tests::can_read_accessed_string ... ok
[INFO] [stderr]    |            ^^^^^^^^^^^^^^^^^^^^^^^^^^^^^^^^^^^^^^^^^^^^^^^^^^^
[INFO] [stderr] ...
[INFO] [stderr] 30 | repository = "https://github.com/andrewgremlich/media_organizer"
[INFO] [stderr]    |              ---------------------------------------------------
[INFO] [stderr]    |
[INFO] [stderr]    = note: `cargo::redundant_homepage` is set to `warn` by default
[INFO] [stderr] help: consider removing `package.homepage`
[INFO] [stderr] warning: `fs_metadata` (manifest) generated 1 warning
[INFO] [stderr]     Finished `release` profile [optimized] target(s) in 0.08s
[INFO] [stderr]      Running unittests src/lib.rs (/opt/rustwide/target/release/build/fs_metadata/100bc3416a63227e/out/fs_metadata-100bc3416a63227e)
[INFO] [stdout] test struct_metadata::tests::can_make_file_metadata ... FAILED
[INFO] [stderr] error: test failed, to rerun pass `--lib`
[INFO] [stdout] test struct_metadata::tests::is_not_symlink ... FAILED
[INFO] [stdout] test struct_metadata::tests::has_permissions ... FAILED
[INFO] [stdout] test struct_metadata::tests::can_get_file_size ... FAILED
[INFO] [stdout] test struct_metadata::tests::has_size_in_bytes ... FAILED
[INFO] [stdout] test struct_metadata::tests::has_unix_metadata ... FAILED
[INFO] [stdout] test struct_metadata::tests::is_dir ... FAILED
[INFO] [stdout] test struct_metadata::tests::is_file_read_only ... FAILED
[INFO] [stdout] test struct_metadata::tests::is_file ... FAILED
[INFO] [stdout] 
[INFO] [stdout] failures:
[INFO] [stdout] 
[INFO] [stdout] ---- struct_metadata::tests::can_make_file_metadata stdout ----
[INFO] [stdout] 
[INFO] [stdout] thread 'struct_metadata::tests::can_make_file_metadata' (225) panicked at src/struct_metadata.rs:200:109:
[INFO] [stdout] called `Result::unwrap()` on an `Err` value: "Failed to read metadata from file"
[INFO] [stdout] stack backtrace:
[INFO] [stdout]    0:     0x5cc186f4a5a1 - <<std[617be2ca0a6fd877]::sys::backtrace::BacktraceLock>::print::DisplayBacktrace as core[a373ad73a504971]::fmt::Display>::fmt
[INFO] [stdout]    1:     0x5cc186f5e79a - core[a373ad73a504971]::fmt::write
[INFO] [stdout]    2:     0x5cc186f4e7bc - <alloc[2e1b2a31b91974c5]::vec::Vec<u8> as core[a373ad73a504971]::io::write::Write>::write_fmt
[INFO] [stdout]    3:     0x5cc186f25c56 - std[617be2ca0a6fd877]::panicking::default_hook::{closure#0}
[INFO] [stdout]    4:     0x5cc186f42289 - std[617be2ca0a6fd877]::panicking::default_hook
[INFO] [stdout]    5:     0x5cc186eceb10 - test[aada8e7e76ba119b]::test_main_inner::{closure#0}
[INFO] [stdout]    6:     0x5cc186f42442 - std[617be2ca0a6fd877]::panicking::panic_with_hook
[INFO] [stdout]    7:     0x5cc186f25d02 - std[617be2ca0a6fd877]::panicking::panic_handler::{closure#0}
[INFO] [stdout]    8:     0x5cc186f1e7d9 - std[617be2ca0a6fd877]::sys::backtrace::__rust_end_short_backtrace::<std[617be2ca0a6fd877]::panicking::panic_handler::{closure#0}, !>
[INFO] [stdout]    9:     0x5cc186f2690d - __rustc[ea4f61d10b84890b]::rust_begin_unwind
[INFO] [stdout]   10:     0x5cc186f5eecc - core[a373ad73a504971]::panicking::panic_fmt
[INFO] [stdout]   11:     0x5cc186f5eca2 - core[a373ad73a504971]::result::unwrap_failed
[INFO] [stdout]   12:     0x5cc186ebb380 - <fs_metadata[3f975caefea33937]::struct_metadata::tests::can_make_file_metadata::{closure#0} as core[a373ad73a504971]::ops::function::FnOnce<()>>::call_once
[INFO] [stdout]   13:     0x5cc186ec1f5b - test[aada8e7e76ba119b]::__rust_begin_short_backtrace::<core[a373ad73a504971]::result::Result<(), alloc[2e1b2a31b91974c5]::string::String>, fn() -> core[a373ad73a504971]::result::Result<(), alloc[2e1b2a31b91974c5]::string::String>>
[INFO] [stdout]   14:     0x5cc186ecf135 - test[aada8e7e76ba119b]::run_test::{closure#0}
[INFO] [stdout]   15:     0x5cc186ec8a24 - std[617be2ca0a6fd877]::sys::backtrace::__rust_begin_short_backtrace::<test[aada8e7e76ba119b]::run_test::{closure#1}, ()>
[INFO] [stdout]   16:     0x5cc186ed21c2 - <std[617be2ca0a6fd877]::thread::lifecycle::spawn_unchecked<test[aada8e7e76ba119b]::run_test::{closure#1}, ()>::{closure#1} as core[a373ad73a504971]::ops::function::FnOnce<()>>::call_once::{shim:vtable#0}
[INFO] [stdout]   17:     0x5cc186f4978f - <std[617be2ca0a6fd877]::sys::thread::unix::Thread>::new::thread_start
[INFO] [stdout]   18:     0x77e233286dfa - <unknown>
[INFO] [stdout]   19:     0x77e23331a3d4 - clone
[INFO] [stdout]   20:                0x0 - <unknown>
[INFO] [stdout] 
[INFO] [stdout] ---- struct_metadata::tests::is_not_symlink stdout ----
[INFO] [stdout] 
[INFO] [stdout] thread 'struct_metadata::tests::is_not_symlink' (232) panicked at src/struct_metadata.rs:258:46:
[INFO] [stdout] called `Result::unwrap()` on an `Err` value: "Failed to read metadata from file"
[INFO] [stdout] stack backtrace:
[INFO] [stdout]    0:     0x5cc186f4a5a1 - <<std[617be2ca0a6fd877]::sys::backtrace::BacktraceLock>::print::DisplayBacktrace as core[a373ad73a504971]::fmt::Display>::fmt
[INFO] [stdout]    1:     0x5cc186f5e79a - core[a373ad73a504971]::fmt::write
[INFO] [stdout]    2:     0x5cc186f4e7bc - <alloc[2e1b2a31b91974c5]::vec::Vec<u8> as core[a373ad73a504971]::io::write::Write>::write_fmt
[INFO] [stdout]    3:     0x5cc186f25c56 - std[617be2ca0a6fd877]::panicking::default_hook::{closure#0}
[INFO] [stdout]    4:     0x5cc186f42289 - std[617be2ca0a6fd877]::panicking::default_hook
[INFO] [stdout]    5:     0x5cc186eceb10 - test[aada8e7e76ba119b]::test_main_inner::{closure#0}
[INFO] [stdout]    6:     0x5cc186f42442 - std[617be2ca0a6fd877]::panicking::panic_with_hook
[INFO] [stdout]    7:     0x5cc186f25d02 - std[617be2ca0a6fd877]::panicking::panic_handler::{closure#0}
[INFO] [stdout]    8:     0x5cc186f1e7d9 - std[617be2ca0a6fd877]::sys::backtrace::__rust_end_short_backtrace::<std[617be2ca0a6fd877]::panicking::panic_handler::{closure#0}, !>
[INFO] [stdout]    9:     0x5cc186f2690d - __rustc[ea4f61d10b84890b]::rust_begin_unwind
[INFO] [stdout]   10:     0x5cc186f5eecc - core[a373ad73a504971]::panicking::panic_fmt
[INFO] [stdout]   11:     0x5cc186f5eca2 - core[a373ad73a504971]::result::unwrap_failed
[INFO] [stdout]   12:     0x5cc186eba999 - <fs_metadata[3f975caefea33937]::struct_metadata::tests::is_not_symlink::{closure#0} as core[a373ad73a504971]::ops::function::FnOnce<()>>::call_once
[INFO] [stdout]   13:     0x5cc186ec1f5b - test[aada8e7e76ba119b]::__rust_begin_short_backtrace::<core[a373ad73a504971]::result::Result<(), alloc[2e1b2a31b91974c5]::string::String>, fn() -> core[a373ad73a504971]::result::Result<(), alloc[2e1b2a31b91974c5]::string::String>>
[INFO] [stdout]   14:     0x5cc186ecf135 - test[aada8e7e76ba119b]::run_test::{closure#0}
[INFO] [stdout]   15:     0x5cc186ec8a24 - std[617be2ca0a6fd877]::sys::backtrace::__rust_begin_short_backtrace::<test[aada8e7e76ba119b]::run_test::{closure#1}, ()>
[INFO] [stdout]   16:     0x5cc186ed21c2 - <std[617be2ca0a6fd877]::thread::lifecycle::spawn_unchecked<test[aada8e7e76ba119b]::run_test::{closure#1}, ()>::{closure#1} as core[a373ad73a504971]::ops::function::FnOnce<()>>::call_once::{shim:vtable#0}
[INFO] [stdout]   17:     0x5cc186f4978f - <std[617be2ca0a6fd877]::sys::thread::unix::Thread>::new::thread_start
[INFO] [stdout]   18:     0x77e233286dfa - <unknown>
[INFO] [stdout]   19:     0x77e23331a3d4 - clone
[INFO] [stdout]   20:                0x0 - <unknown>
[INFO] [stdout] 
[INFO] [stdout] ---- struct_metadata::tests::has_permissions stdout ----
[INFO] [stdout] 
[INFO] [stdout] thread 'struct_metadata::tests::has_permissions' (226) panicked at src/struct_metadata.rs:210:46:
[INFO] [stdout] called `Result::unwrap()` on an `Err` value: "Failed to read metadata from file"
[INFO] [stdout] stack backtrace:
[INFO] [stdout]    0:     0x5cc186f4a5a1 - <<std[617be2ca0a6fd877]::sys::backtrace::BacktraceLock>::print::DisplayBacktrace as core[a373ad73a504971]::fmt::Display>::fmt
[INFO] [stdout]    1:     0x5cc186f5e79a - core[a373ad73a504971]::fmt::write
[INFO] [stdout]    2:     0x5cc186f4e7bc - <alloc[2e1b2a31b91974c5]::vec::Vec<u8> as core[a373ad73a504971]::io::write::Write>::write_fmt
[INFO] [stdout]    3:     0x5cc186f25c56 - std[617be2ca0a6fd877]::panicking::default_hook::{closure#0}
[INFO] [stdout]    4:     0x5cc186f42289 - std[617be2ca0a6fd877]::panicking::default_hook
[INFO] [stdout]    5:     0x5cc186eceb10 - test[aada8e7e76ba119b]::test_main_inner::{closure#0}
[INFO] [stdout]    6:     0x5cc186f42442 - std[617be2ca0a6fd877]::panicking::panic_with_hook
[INFO] [stdout]    7:     0x5cc186f25d02 - std[617be2ca0a6fd877]::panicking::panic_handler::{closure#0}
[INFO] [stdout]    8:     0x5cc186f1e7d9 - std[617be2ca0a6fd877]::sys::backtrace::__rust_end_short_backtrace::<std[617be2ca0a6fd877]::panicking::panic_handler::{closure#0}, !>
[INFO] [stdout]    9:     0x5cc186f2690d - __rustc[ea4f61d10b84890b]::rust_begin_unwind
[INFO] [stdout]   10:     0x5cc186f5eecc - core[a373ad73a504971]::panicking::panic_fmt
[INFO] [stdout]   11:     0x5cc186f5eca2 - core[a373ad73a504971]::result::unwrap_failed
[INFO] [stdout]   12:     0x5cc186ebab0c - <fs_metadata[3f975caefea33937]::struct_metadata::tests::has_permissions::{closure#0} as core[a373ad73a504971]::ops::function::FnOnce<()>>::call_once
[INFO] [stdout]   13:     0x5cc186ec1f5b - test[aada8e7e76ba119b]::__rust_begin_short_backtrace::<core[a373ad73a504971]::result::Result<(), alloc[2e1b2a31b91974c5]::string::String>, fn() -> core[a373ad73a504971]::result::Result<(), alloc[2e1b2a31b91974c5]::string::String>>
[INFO] [stdout]   14:     0x5cc186ecf135 - test[aada8e7e76ba119b]::run_test::{closure#0}
[INFO] [stdout]   15:     0x5cc186ec8a24 - std[617be2ca0a6fd877]::sys::backtrace::__rust_begin_short_backtrace::<test[aada8e7e76ba119b]::run_test::{closure#1}, ()>
[INFO] [stdout]   16:     0x5cc186ed21c2 - <std[617be2ca0a6fd877]::thread::lifecycle::spawn_unchecked<test[aada8e7e76ba119b]::run_test::{closure#1}, ()>::{closure#1} as core[a373ad73a504971]::ops::function::FnOnce<()>>::call_once::{shim:vtable#0}
[INFO] [stdout]   17:     0x5cc186f4978f - <std[617be2ca0a6fd877]::sys::thread::unix::Thread>::new::thread_start
[INFO] [stdout]   18:     0x77e233286dfa - <unknown>
[INFO] [stdout]   19:     0x77e23331a3d4 - clone
[INFO] [stdout]   20:                0x0 - <unknown>
[INFO] [stdout] 
[INFO] [stdout] ---- struct_metadata::tests::can_get_file_size stdout ----
[INFO] [stdout] 
[INFO] [stdout] thread 'struct_metadata::tests::can_get_file_size' (224) panicked at src/struct_metadata.rs:241:46:
[INFO] [stdout] called `Result::unwrap()` on an `Err` value: "Failed to read metadata from file"
[INFO] [stdout] stack backtrace:
[INFO] [stdout]    0:     0x5cc186f4a5a1 - <<std[617be2ca0a6fd877]::sys::backtrace::BacktraceLock>::print::DisplayBacktrace as core[a373ad73a504971]::fmt::Display>::fmt
[INFO] [stdout]    1:     0x5cc186f5e79a - core[a373ad73a504971]::fmt::write
[INFO] [stdout]    2:     0x5cc186f4e7bc - <alloc[2e1b2a31b91974c5]::vec::Vec<u8> as core[a373ad73a504971]::io::write::Write>::write_fmt
[INFO] [stdout]    3:     0x5cc186f25c56 - std[617be2ca0a6fd877]::panicking::default_hook::{closure#0}
[INFO] [stdout]    4:     0x5cc186f42289 - std[617be2ca0a6fd877]::panicking::default_hook
[INFO] [stdout]    5:     0x5cc186eceb10 - test[aada8e7e76ba119b]::test_main_inner::{closure#0}
[INFO] [stdout]    6:     0x5cc186f42442 - std[617be2ca0a6fd877]::panicking::panic_with_hook
[INFO] [stdout]    7:     0x5cc186f25d02 - std[617be2ca0a6fd877]::panicking::panic_handler::{closure#0}
[INFO] [stdout]    8:     0x5cc186f1e7d9 - std[617be2ca0a6fd877]::sys::backtrace::__rust_end_short_backtrace::<std[617be2ca0a6fd877]::panicking::panic_handler::{closure#0}, !>
[INFO] [stdout]    9:     0x5cc186f2690d - __rustc[ea4f61d10b84890b]::rust_begin_unwind
[INFO] [stdout]   10:     0x5cc186f5eecc - core[a373ad73a504971]::panicking::panic_fmt
[INFO] [stdout]   11:     0x5cc186f5eca2 - core[a373ad73a504971]::result::unwrap_failed
[INFO] [stdout]   12:     0x5cc186ebad1b - <fs_metadata[3f975caefea33937]::struct_metadata::tests::can_get_file_size::{closure#0} as core[a373ad73a504971]::ops::function::FnOnce<()>>::call_once
[INFO] [stdout]   13:     0x5cc186ec1f5b - test[aada8e7e76ba119b]::__rust_begin_short_backtrace::<core[a373ad73a504971]::result::Result<(), alloc[2e1b2a31b91974c5]::string::String>, fn() -> core[a373ad73a504971]::result::Result<(), alloc[2e1b2a31b91974c5]::string::String>>
[INFO] [stdout]   14:     0x5cc186ecf135 - test[aada8e7e76ba119b]::run_test::{closure#0}
[INFO] [stdout]   15:     0x5cc186ec8a24 - std[617be2ca0a6fd877]::sys::backtrace::__rust_begin_short_backtrace::<test[aada8e7e76ba119b]::run_test::{closure#1}, ()>
[INFO] [stdout]   16:     0x5cc186ed21c2 - <std[617be2ca0a6fd877]::thread::lifecycle::spawn_unchecked<test[aada8e7e76ba119b]::run_test::{closure#1}, ()>::{closure#1} as core[a373ad73a504971]::ops::function::FnOnce<()>>::call_once::{shim:vtable#0}
[INFO] [stdout]   17:     0x5cc186f4978f - <std[617be2ca0a6fd877]::sys::thread::unix::Thread>::new::thread_start
[INFO] [stdout]   18:     0x77e233286dfa - <unknown>
[INFO] [stdout]   19:     0x77e23331a3d4 - clone
[INFO] [stdout]   20:                0x0 - <unknown>
[INFO] [stdout] 
[INFO] [stdout] ---- struct_metadata::tests::has_size_in_bytes stdout ----
[INFO] [stdout] 
[INFO] [stdout] thread 'struct_metadata::tests::has_size_in_bytes' (227) panicked at src/struct_metadata.rs:251:46:
[INFO] [stdout] called `Result::unwrap()` on an `Err` value: "Failed to read metadata from file"
[INFO] [stdout] stack backtrace:
[INFO] [stdout]    0:     0x5cc186f4a5a1 - <<std[617be2ca0a6fd877]::sys::backtrace::BacktraceLock>::print::DisplayBacktrace as core[a373ad73a504971]::fmt::Display>::fmt
[INFO] [stdout]    1:     0x5cc186f5e79a - core[a373ad73a504971]::fmt::write
[INFO] [stdout]    2:     0x5cc186f4e7bc - <alloc[2e1b2a31b91974c5]::vec::Vec<u8> as core[a373ad73a504971]::io::write::Write>::write_fmt
[INFO] [stdout]    3:     0x5cc186f25c56 - std[617be2ca0a6fd877]::panicking::default_hook::{closure#0}
[INFO] [stdout]    4:     0x5cc186f42289 - std[617be2ca0a6fd877]::panicking::default_hook
[INFO] [stdout]    5:     0x5cc186eceb10 - test[aada8e7e76ba119b]::test_main_inner::{closure#0}
[INFO] [stdout]    6:     0x5cc186f42442 - std[617be2ca0a6fd877]::panicking::panic_with_hook
[INFO] [stdout]    7:     0x5cc186f25d02 - std[617be2ca0a6fd877]::panicking::panic_handler::{closure#0}
[INFO] [stdout]    8:     0x5cc186f1e7d9 - std[617be2ca0a6fd877]::sys::backtrace::__rust_end_short_backtrace::<std[617be2ca0a6fd877]::panicking::panic_handler::{closure#0}, !>
[INFO] [stdout]    9:     0x5cc186f2690d - __rustc[ea4f61d10b84890b]::rust_begin_unwind
[INFO] [stdout]   10:     0x5cc186f5eecc - core[a373ad73a504971]::panicking::panic_fmt
[INFO] [stdout]   11:     0x5cc186f5eca2 - core[a373ad73a504971]::result::unwrap_failed
[INFO] [stdout]   12:     0x5cc186ebae8a - <fs_metadata[3f975caefea33937]::struct_metadata::tests::has_size_in_bytes::{closure#0} as core[a373ad73a504971]::ops::function::FnOnce<()>>::call_once
[INFO] [stdout]   13:     0x5cc186ec1f5b - test[aada8e7e76ba119b]::__rust_begin_short_backtrace::<core[a373ad73a504971]::result::Result<(), alloc[2e1b2a31b91974c5]::string::String>, fn() -> core[a373ad73a504971]::result::Result<(), alloc[2e1b2a31b91974c5]::string::String>>
[INFO] [stdout]   14:     0x5cc186ecf135 - test[aada8e7e76ba119b]::run_test::{closure#0}
[INFO] [stdout]   15:     0x5cc186ec8a24 - std[617be2ca0a6fd877]::sys::backtrace::__rust_begin_short_backtrace::<test[aada8e7e76ba119b]::run_test::{closure#1}, ()>
[INFO] [stdout]   16:     0x5cc186ed21c2 - <std[617be2ca0a6fd877]::thread::lifecycle::spawn_unchecked<test[aada8e7e76ba119b]::run_test::{closure#1}, ()>::{closure#1} as core[a373ad73a504971]::ops::function::FnOnce<()>>::call_once::{shim:vtable#0}
[INFO] [stdout]   17:     0x5cc186f4978f - <std[617be2ca0a6fd877]::sys::thread::unix::Thread>::new::thread_start
[INFO] [stdout]   18:     0x77e233286dfa - <unknown>
[INFO] [stdout]   19:     0x77e23331a3d4 - clone
[INFO] [stdout]   20:                0x0 - <unknown>
[INFO] [stdout] 
[INFO] [stdout] ---- struct_metadata::tests::has_unix_metadata stdout ----
[INFO] [stdout] 
[INFO] [stdout] thread 'struct_metadata::tests::has_unix_metadata' (228) panicked at src/struct_metadata.rs:266:46:
[INFO] [stdout] called `Result::unwrap()` on an `Err` value: "Failed to read metadata from file"
[INFO] [stdout] stack backtrace:
[INFO] [stdout]    0:     0x5cc186f4a5a1 - <<std[617be2ca0a6fd877]::sys::backtrace::BacktraceLock>::print::DisplayBacktrace as core[a373ad73a504971]::fmt::Display>::fmt
[INFO] [stdout]    1:     0x5cc186f5e79a - core[a373ad73a504971]::fmt::write
[INFO] [stdout]    2:     0x5cc186f4e7bc - <alloc[2e1b2a31b91974c5]::vec::Vec<u8> as core[a373ad73a504971]::io::write::Write>::write_fmt
[INFO] [stdout]    3:     0x5cc186f25c56 - std[617be2ca0a6fd877]::panicking::default_hook::{closure#0}
[INFO] [stdout]    4:     0x5cc186f42289 - std[617be2ca0a6fd877]::panicking::default_hook
[INFO] [stdout]    5:     0x5cc186eceb10 - test[aada8e7e76ba119b]::test_main_inner::{closure#0}
[INFO] [stdout]    6:     0x5cc186f42442 - std[617be2ca0a6fd877]::panicking::panic_with_hook
[INFO] [stdout]    7:     0x5cc186f25d02 - std[617be2ca0a6fd877]::panicking::panic_handler::{closure#0}
[INFO] [stdout]    8:     0x5cc186f1e7d9 - std[617be2ca0a6fd877]::sys::backtrace::__rust_end_short_backtrace::<std[617be2ca0a6fd877]::panicking::panic_handler::{closure#0}, !>
[INFO] [stdout]    9:     0x5cc186f2690d - __rustc[ea4f61d10b84890b]::rust_begin_unwind
[INFO] [stdout]   10:     0x5cc186f5eecc - core[a373ad73a504971]::panicking::panic_fmt
[INFO] [stdout]   11:     0x5cc186f5eca2 - core[a373ad73a504971]::result::unwrap_failed
[INFO] [stdout]   12:     0x5cc186ebb015 - <fs_metadata[3f975caefea33937]::struct_metadata::tests::has_unix_metadata::{closure#0} as core[a373ad73a504971]::ops::function::FnOnce<()>>::call_once
[INFO] [stdout]   13:     0x5cc186ec1f5b - test[aada8e7e76ba119b]::__rust_begin_short_backtrace::<core[a373ad73a504971]::result::Result<(), alloc[2e1b2a31b91974c5]::string::String>, fn() -> core[a373ad73a504971]::result::Result<(), alloc[2e1b2a31b91974c5]::string::String>>
[INFO] [stdout]   14:     0x5cc186ecf135 - test[aada8e7e76ba119b]::run_test::{closure#0}
[INFO] [stdout]   15:     0x5cc186ec8a24 - std[617be2ca0a6fd877]::sys::backtrace::__rust_begin_short_backtrace::<test[aada8e7e76ba119b]::run_test::{closure#1}, ()>
[INFO] [stdout]   16:     0x5cc186ed21c2 - <std[617be2ca0a6fd877]::thread::lifecycle::spawn_unchecked<test[aada8e7e76ba119b]::run_test::{closure#1}, ()>::{closure#1} as core[a373ad73a504971]::ops::function::FnOnce<()>>::call_once::{shim:vtable#0}
[INFO] [stdout]   17:     0x5cc186f4978f - <std[617be2ca0a6fd877]::sys::thread::unix::Thread>::new::thread_start
[INFO] [stdout]   18:     0x77e233286dfa - <unknown>
[INFO] [stdout]   19:     0x77e23331a3d4 - clone
[INFO] [stdout]   20:                0x0 - <unknown>
[INFO] [stdout] 
[INFO] [stdout] ---- struct_metadata::tests::is_dir stdout ----
[INFO] [stdout] 
[INFO] [stdout] thread 'struct_metadata::tests::is_dir' (229) panicked at src/struct_metadata.rs:227:46:
[INFO] [stdout] called `Result::unwrap()` on an `Err` value: "Failed to read metadata from file"
[INFO] [stdout] stack backtrace:
[INFO] [stdout]    0:     0x5cc186f4a5a1 - <<std[617be2ca0a6fd877]::sys::backtrace::BacktraceLock>::print::DisplayBacktrace as core[a373ad73a504971]::fmt::Display>::fmt
[INFO] [stdout]    1:     0x5cc186f5e79a - core[a373ad73a504971]::fmt::write
[INFO] [stdout]    2:     0x5cc186f4e7bc - <alloc[2e1b2a31b91974c5]::vec::Vec<u8> as core[a373ad73a504971]::io::write::Write>::write_fmt
[INFO] [stdout]    3:     0x5cc186f25c56 - std[617be2ca0a6fd877]::panicking::default_hook::{closure#0}
[INFO] [stdout]    4:     0x5cc186f42289 - std[617be2ca0a6fd877]::panicking::default_hook
[INFO] [stdout]    5:     0x5cc186eceb10 - test[aada8e7e76ba119b]::test_main_inner::{closure#0}
[INFO] [stdout]    6:     0x5cc186f42442 - std[617be2ca0a6fd877]::panicking::panic_with_hook
[INFO] [stdout]    7:     0x5cc186f25d02 - std[617be2ca0a6fd877]::panicking::panic_handler::{closure#0}
[INFO] [stdout]    8:     0x5cc186f1e7d9 - std[617be2ca0a6fd877]::sys::backtrace::__rust_end_short_backtrace::<std[617be2ca0a6fd877]::panicking::panic_handler::{closure#0}, !>
[INFO] [stdout]    9:     0x5cc186f2690d - __rustc[ea4f61d10b84890b]::rust_begin_unwind
[INFO] [stdout]   10:     0x5cc186f5eecc - core[a373ad73a504971]::panicking::panic_fmt
[INFO] [stdout]   11:     0x5cc186f5eca2 - core[a373ad73a504971]::result::unwrap_failed
[INFO] [stdout]   12:     0x5cc186ebb529 - <fs_metadata[3f975caefea33937]::struct_metadata::tests::is_dir::{closure#0} as core[a373ad73a504971]::ops::function::FnOnce<()>>::call_once
[INFO] [stdout]   13:     0x5cc186ec1f5b - test[aada8e7e76ba119b]::__rust_begin_short_backtrace::<core[a373ad73a504971]::result::Result<(), alloc[2e1b2a31b91974c5]::string::String>, fn() -> core[a373ad73a504971]::result::Result<(), alloc[2e1b2a31b91974c5]::string::String>>
[INFO] [stdout]   14:     0x5cc186ecf135 - test[aada8e7e76ba119b]::run_test::{closure#0}
[INFO] [stdout]   15:     0x5cc186ec8a24 - std[617be2ca0a6fd877]::sys::backtrace::__rust_begin_short_backtrace::<test[aada8e7e76ba119b]::run_test::{closure#1}, ()>
[INFO] [stdout]   16:     0x5cc186ed21c2 - <std[617be2ca0a6fd877]::thread::lifecycle::spawn_unchecked<test[aada8e7e76ba119b]::run_test::{closure#1}, ()>::{closure#1} as core[a373ad73a504971]::ops::function::FnOnce<()>>::call_once::{shim:vtable#0}
[INFO] [stdout]   17:     0x5cc186f4978f - <std[617be2ca0a6fd877]::sys::thread::unix::Thread>::new::thread_start
[INFO] [stdout]   18:     0x77e233286dfa - <unknown>
[INFO] [stdout]   19:     0x77e23331a3d4 - clone
[INFO] [stdout]   20:                0x0 - <unknown>
[INFO] [stdout] 
[INFO] [stdout] ---- struct_metadata::tests::is_file_read_only stdout ----
[INFO] [stdout] 
[INFO] [stdout] thread 'struct_metadata::tests::is_file_read_only' (231) panicked at src/struct_metadata.rs:220:46:
[INFO] [stdout] called `Result::unwrap()` on an `Err` value: "Failed to read metadata from file"
[INFO] [stdout] stack backtrace:
[INFO] [stdout]    0:     0x5cc186f4a5a1 - <<std[617be2ca0a6fd877]::sys::backtrace::BacktraceLock>::print::DisplayBacktrace as core[a373ad73a504971]::fmt::Display>::fmt
[INFO] [stdout]    1:     0x5cc186f5e79a - core[a373ad73a504971]::fmt::write
[INFO] [stdout]    2:     0x5cc186f4e7bc - <alloc[2e1b2a31b91974c5]::vec::Vec<u8> as core[a373ad73a504971]::io::write::Write>::write_fmt
[INFO] [stdout]    3:     0x5cc186f25c56 - std[617be2ca0a6fd877]::panicking::default_hook::{closure#0}
[INFO] [stdout]    4:     0x5cc186f42289 - std[617be2ca0a6fd877]::panicking::default_hook
[INFO] [stdout]    5:     0x5cc186eceb10 - test[aada8e7e76ba119b]::test_main_inner::{closure#0}
[INFO] [stdout]    6:     0x5cc186f42442 - std[617be2ca0a6fd877]::panicking::panic_with_hook
[INFO] [stdout]    7:     0x5cc186f25d02 - std[617be2ca0a6fd877]::panicking::panic_handler::{closure#0}
[INFO] [stdout]    8:     0x5cc186f1e7d9 - std[617be2ca0a6fd877]::sys::backtrace::__rust_end_short_backtrace::<std[617be2ca0a6fd877]::panicking::panic_handler::{closure#0}, !>
[INFO] [stdout]    9:     0x5cc186f2690d - __rustc[ea4f61d10b84890b]::rust_begin_unwind
[INFO] [stdout]   10:     0x5cc186f5eecc - core[a373ad73a504971]::panicking::panic_fmt
[INFO] [stdout]   11:     0x5cc186f5eca2 - core[a373ad73a504971]::result::unwrap_failed
[INFO] [stdout]   12:     0x5cc186ebb1b9 - <fs_metadata[3f975caefea33937]::struct_metadata::tests::is_file_read_only::{closure#0} as core[a373ad73a504971]::ops::function::FnOnce<()>>::call_once
[INFO] [stdout]   13:     0x5cc186ec1f5b - test[aada8e7e76ba119b]::__rust_begin_short_backtrace::<core[a373ad73a504971]::result::Result<(), alloc[2e1b2a31b91974c5]::string::String>, fn() -> core[a373ad73a504971]::result::Result<(), alloc[2e1b2a31b91974c5]::string::String>>
[INFO] [stdout]   14:     0x5cc186ecf135 - test[aada8e7e76ba119b]::run_test::{closure#0}
[INFO] [stdout]   15:     0x5cc186ec8a24 - std[617be2ca0a6fd877]::sys::backtrace::__rust_begin_short_backtrace::<test[aada8e7e76ba119b]::run_test::{closure#1}, ()>
[INFO] [stdout]   16:     0x5cc186ed21c2 - <std[617be2ca0a6fd877]::thread::lifecycle::spawn_unchecked<test[aada8e7e76ba119b]::run_test::{closure#1}, ()>::{closure#1} as core[a373ad73a504971]::ops::function::FnOnce<()>>::call_once::{shim:vtable#0}
[INFO] [stdout]   17:     0x5cc186f4978f - <std[617be2ca0a6fd877]::sys::thread::unix::Thread>::new::thread_start
[INFO] [stdout]   18:     0x77e233286dfa - <unknown>
[INFO] [stdout]   19:     0x77e23331a3d4 - clone
[INFO] [stdout]   20:                0x0 - <unknown>
[INFO] [stdout] 
[INFO] [stdout] ---- struct_metadata::tests::is_file stdout ----
[INFO] [stdout] 
[INFO] [stdout] thread 'struct_metadata::tests::is_file' (230) panicked at src/struct_metadata.rs:234:46:
[INFO] [stdout] called `Result::unwrap()` on an `Err` value: "Failed to read metadata from file"
[INFO] [stdout] stack backtrace:
[INFO] [stdout]    0:     0x5cc186f4a5a1 - <<std[617be2ca0a6fd877]::sys::backtrace::BacktraceLock>::print::DisplayBacktrace as core[a373ad73a504971]::fmt::Display>::fmt
[INFO] [stdout]    1:     0x5cc186f5e79a - core[a373ad73a504971]::fmt::write
[INFO] [stdout]    2:     0x5cc186f4e7bc - <alloc[2e1b2a31b91974c5]::vec::Vec<u8> as core[a373ad73a504971]::io::write::Write>::write_fmt
[INFO] [stdout]    3:     0x5cc186f25c56 - std[617be2ca0a6fd877]::panicking::default_hook::{closure#0}
[INFO] [stdout]    4:     0x5cc186f42289 - std[617be2ca0a6fd877]::panicking::default_hook
[INFO] [stdout]    5:     0x5cc186eceb10 - test[aada8e7e76ba119b]::test_main_inner::{closure#0}
[INFO] [stdout]    6:     0x5cc186f42442 - std[617be2ca0a6fd877]::panicking::panic_with_hook
[INFO] [stdout]    7:     0x5cc186f25d02 - std[617be2ca0a6fd877]::panicking::panic_handler::{closure#0}
[INFO] [stdout]    8:     0x5cc186f1e7d9 - std[617be2ca0a6fd877]::sys::backtrace::__rust_end_short_backtrace::<std[617be2ca0a6fd877]::panicking::panic_handler::{closure#0}, !>
[INFO] [stdout]    9:     0x5cc186f2690d - __rustc[ea4f61d10b84890b]::rust_begin_unwind
[INFO] [stdout]   10:     0x5cc186f5eecc - core[a373ad73a504971]::panicking::panic_fmt
[INFO] [stdout]   11:     0x5cc186f5eca2 - core[a373ad73a504971]::result::unwrap_failed
[INFO] [stdout]   12:     0x5cc186ebb679 - <fs_metadata[3f975caefea33937]::struct_metadata::tests::is_file::{closure#0} as core[a373ad73a504971]::ops::function::FnOnce<()>>::call_once
[INFO] [stdout]   13:     0x5cc186ec1f5b - test[aada8e7e76ba119b]::__rust_begin_short_backtrace::<core[a373ad73a504971]::result::Result<(), alloc[2e1b2a31b91974c5]::string::String>, fn() -> core[a373ad73a504971]::result::Result<(), alloc[2e1b2a31b91974c5]::string::String>>
[INFO] [stdout]   14:     0x5cc186ecf135 - test[aada8e7e76ba119b]::run_test::{closure#0}
[INFO] [stdout]   15:     0x5cc186ec8a24 - std[617be2ca0a6fd877]::sys::backtrace::__rust_begin_short_backtrace::<test[aada8e7e76ba119b]::run_test::{closure#1}, ()>
[INFO] [stdout]   16:     0x5cc186ed21c2 - <std[617be2ca0a6fd877]::thread::lifecycle::spawn_unchecked<test[aada8e7e76ba119b]::run_test::{closure#1}, ()>::{closure#1} as core[a373ad73a504971]::ops::function::FnOnce<()>>::call_once::{shim:vtable#0}
[INFO] [stdout]   17:     0x5cc186f4978f - <std[617be2ca0a6fd877]::sys::thread::unix::Thread>::new::thread_start
[INFO] [stdout]   18:     0x77e233286dfa - <unknown>
[INFO] [stdout]   19:     0x77e23331a3d4 - clone
[INFO] [stdout]   20:                0x0 - <unknown>
[INFO] [stdout] 
[INFO] [stdout] 
[INFO] [stdout] failures:
[INFO] [stdout]     struct_metadata::tests::can_get_file_size
[INFO] [stdout]     struct_metadata::tests::can_make_file_metadata
[INFO] [stdout]     struct_metadata::tests::has_permissions
[INFO] [stdout]     struct_metadata::tests::has_size_in_bytes
[INFO] [stdout]     struct_metadata::tests::has_unix_metadata
[INFO] [stdout]     struct_metadata::tests::is_dir
[INFO] [stdout]     struct_metadata::tests::is_file
[INFO] [stdout]     struct_metadata::tests::is_file_read_only
[INFO] [stdout]     struct_metadata::tests::is_not_symlink
[INFO] [stdout] 
[INFO] [stdout] test result: FAILED. 3 passed; 9 failed; 0 ignored; 0 measured; 0 filtered out; finished in 0.01s
[INFO] [stdout] 
[INFO] running `Command { std: "docker" "inspect" "dce61c3e6a4daa79b72a41407d7bfba5aea48423d87c9e817d222637396f69f7", kill_on_drop: false }`
[INFO] running `Command { std: "docker" "rm" "-f" "dce61c3e6a4daa79b72a41407d7bfba5aea48423d87c9e817d222637396f69f7", kill_on_drop: false }`
[INFO] [stdout] dce61c3e6a4daa79b72a41407d7bfba5aea48423d87c9e817d222637396f69f7
