[INFO] fetching crate frugal_ml 0.1.1...
[INFO] testing frugal_ml-0.1.1 against 1.99.0-beta.8+cargoflags=--release for beta-release-1.100-2
[INFO] extracting crate frugal_ml 0.1.1 into /workspace/builds/worker-7-tc1/source
[INFO] started tweaking crates.io crate frugal_ml 0.1.1
[INFO] removed 0 missing tests
[INFO] finished tweaking crates.io crate frugal_ml 0.1.1
[INFO] tweaked toml for crates.io crate frugal_ml 0.1.1 written to /workspace/builds/worker-7-tc1/source/Cargo.toml
[INFO] validating manifest of crates.io crate frugal_ml 0.1.1 on toolchain 1.99.0-beta.8
[INFO] running `Command { std: CARGO_HOME="/workspace/cargo-home" RUSTUP_HOME="/workspace/rustup-home" "/workspace/cargo-home/bin/cargo" "+1.99.0-beta.8" "metadata" "--manifest-path" "Cargo.toml" "--no-deps", kill_on_drop: false }`
[INFO] crate crates.io crate frugal_ml 0.1.1 already has a lockfile, it will not be regenerated
[INFO] running `Command { std: CARGO_HOME="/workspace/cargo-home" RUSTUP_HOME="/workspace/rustup-home" "/workspace/cargo-home/bin/cargo" "+1.99.0-beta.8" "fetch" "--manifest-path" "Cargo.toml", kill_on_drop: false }`
[INFO] [stderr]     Updating crates.io index
[INFO] [stderr]  Downloading crates ...
[INFO] [stderr]   Downloaded supports-color v2.1.0
[INFO] [stderr]   Downloaded line-span v0.1.5
[INFO] [stderr]   Downloaded cargo-platform v0.3.3
[INFO] [stderr]   Downloaded asm v0.3.0
[INFO] [stderr]   Downloaded clap_builder v4.6.5
[INFO] [stderr]   Downloaded cargo_metadata v0.23.1
[INFO] [stderr]   Downloaded bpaf_derive v0.5.26
[INFO] [stderr]   Downloaded camino v1.2.5
[INFO] [stderr]   Downloaded cargo-show-asm v0.2.62
[INFO] [stderr]   Downloaded clap v4.6.5
[INFO] [stderr]   Downloaded bpaf v0.9.27
[INFO] running `Command { std: "docker" "create" "-v" "/var/lib/crater-agent-workspace/builds/worker-7-tc1/source:/opt/rustwide/workdir:ro,Z" "-v" "/var/lib/crater-agent-workspace/builds/worker-7-tc1/target:/opt/rustwide/target:rw,Z" "-v" "/var/lib/crater-agent-workspace/cargo-home:/opt/rustwide/cargo-home:ro,Z" "-v" "/var/lib/crater-agent-workspace/rustup-home:/opt/rustwide/rustup-home:ro,Z" "-m" "1610612736" "--network" "none" "ghcr.io/rust-lang/crates-build-env/linux@sha256:77db811e55d90add9212f6832c23229e3de5f1c1f9905e8cb07319ea15df73ac" "sleep" "infinity", kill_on_drop: false }`
[INFO] [stdout] 2c47e23965487bef1a2a72f0d1870c5dd7cd1ff7425b7437a1cd0bdd2ae8144a
[INFO] running `Command { std: "docker" "start" "2c47e23965487bef1a2a72f0d1870c5dd7cd1ff7425b7437a1cd0bdd2ae8144a", kill_on_drop: false }`
[INFO] running `Command { std: "docker" "inspect" "2c47e23965487bef1a2a72f0d1870c5dd7cd1ff7425b7437a1cd0bdd2ae8144a", kill_on_drop: false }`
[INFO] running `Command { std: "docker" "exec" "-e" "SOURCE_DIR=/opt/rustwide/workdir" "-e" "CARGO_HOME=/opt/rustwide/cargo-home" "-e" "RUSTUP_HOME=/opt/rustwide/rustup-home" "-e" "CARGO_TARGET_DIR=/opt/rustwide/target" "-w" "/opt/rustwide/workdir" "--user" "0:0" "2c47e23965487bef1a2a72f0d1870c5dd7cd1ff7425b7437a1cd0bdd2ae8144a" "/opt/rustwide/cargo-home/bin/cargo" "+1.99.0-beta.8" "metadata" "--no-deps" "--format-version=1", kill_on_drop: false }`
[INFO] running `Command { std: "docker" "inspect" "2c47e23965487bef1a2a72f0d1870c5dd7cd1ff7425b7437a1cd0bdd2ae8144a", kill_on_drop: false }`
[INFO] running `Command { std: "docker" "exec" "-e" "SOURCE_DIR=/opt/rustwide/workdir" "-e" "CARGO_HOME=/opt/rustwide/cargo-home" "-e" "RUSTUP_HOME=/opt/rustwide/rustup-home" "-e" "CARGO_TARGET_DIR=/opt/rustwide/target" "-e" "CARGO_INCREMENTAL=0" "-e" "RUST_BACKTRACE=full" "-e" "RUSTFLAGS=--cap-lints=warn" "-e" "RUSTDOCFLAGS=--cap-lints=warn" "-w" "/opt/rustwide/workdir" "--user" "0:0" "2c47e23965487bef1a2a72f0d1870c5dd7cd1ff7425b7437a1cd0bdd2ae8144a" "/opt/rustwide/cargo-home/bin/cargo" "+1.99.0-beta.8" "build" "--frozen" "--message-format=json" "--release", kill_on_drop: false }`
[INFO] [stderr]    Compiling regex-syntax v0.8.11
[INFO] [stderr]    Compiling libm v0.2.16
[INFO] [stderr]    Compiling aho-corasick v1.1.4
[INFO] [stderr]    Compiling syn v2.0.119
[INFO] [stderr]    Compiling thiserror-impl v1.0.69
[INFO] [stderr]    Compiling regex-automata v0.4.16
[INFO] [stderr]    Compiling thiserror v1.0.69
[INFO] [stderr]    Compiling asm v0.3.0
[INFO] [stderr]    Compiling regex v1.13.1
[INFO] [stderr]    Compiling frugal_ml v0.1.1 (/opt/rustwide/workdir)
[INFO] [stdout] warning: unused variable: `a`
[INFO] [stdout]  --> src/main.rs:3:9
[INFO] [stdout]   |
[INFO] [stdout] 3 |     let a = Tensor::<2, 2, 4>::new([1.0, 1.0, 1.0, 1.0]);
[INFO] [stdout]   |         ^ help: if this is intentional, prefix it with an underscore: `_a`
[INFO] [stdout]   |
[INFO] [stdout]   = note: `#[warn(unused_variables)]` (part of `#[warn(unused)]`) on by default
[INFO] [stdout] 
[INFO] [stdout] 
[INFO] [stderr]     Finished `release` profile [optimized] target(s) in 25.37s
[INFO] running `Command { std: "docker" "inspect" "2c47e23965487bef1a2a72f0d1870c5dd7cd1ff7425b7437a1cd0bdd2ae8144a", kill_on_drop: false }`
[INFO] running `Command { std: "docker" "exec" "-e" "SOURCE_DIR=/opt/rustwide/workdir" "-e" "CARGO_HOME=/opt/rustwide/cargo-home" "-e" "RUSTUP_HOME=/opt/rustwide/rustup-home" "-e" "CARGO_TARGET_DIR=/opt/rustwide/target" "-e" "CARGO_INCREMENTAL=0" "-e" "RUST_BACKTRACE=full" "-e" "RUSTFLAGS=--cap-lints=warn" "-e" "RUSTDOCFLAGS=--cap-lints=warn" "-w" "/opt/rustwide/workdir" "--user" "0:0" "2c47e23965487bef1a2a72f0d1870c5dd7cd1ff7425b7437a1cd0bdd2ae8144a" "/opt/rustwide/cargo-home/bin/cargo" "+1.99.0-beta.8" "test" "--frozen" "--no-run" "--message-format=json" "--release", kill_on_drop: false }`
[INFO] [stderr]    Compiling syn v2.0.119
[INFO] [stderr]    Compiling zerocopy v0.8.55
[INFO] [stderr]    Compiling serde_json v1.0.151
[INFO] [stderr]    Compiling is_ci v1.2.0
[INFO] [stderr]    Compiling serde_derive v1.0.229
[INFO] [stderr]    Compiling cc v1.4.0
[INFO] [stderr]    Compiling camino v1.2.5
[INFO] [stderr]    Compiling is-terminal v0.4.17
[INFO] [stderr]    Compiling thiserror v2.0.19
[INFO] [stderr]    Compiling either v1.17.0
[INFO] [stderr]    Compiling owo-colors v4.3.0
[INFO] [stderr]    Compiling thiserror-impl v2.0.19
[INFO] [stderr]    Compiling clap_builder v4.6.5
[INFO] [stderr]    Compiling semver v1.0.28
[INFO] [stderr]    Compiling cargo-platform v0.3.3
[INFO] [stderr]    Compiling plotters v0.3.7
[INFO] [stderr]    Compiling supports-color v3.0.2
[INFO] [stderr]    Compiling supports-color v2.1.0
[INFO] [stderr]    Compiling page_size v0.6.0
[INFO] [stderr]    Compiling nom v8.0.0
[INFO] [stderr]    Compiling rustc-demangle v0.1.28
[INFO] [stderr]    Compiling itertools v0.13.0
[INFO] [stderr]    Compiling rayon v1.12.0
[INFO] [stderr]    Compiling line-span v0.1.5
[INFO] [stderr]    Compiling alloca v0.4.0
[INFO] [stderr]    Compiling criterion-plot v0.8.2
[INFO] [stderr]    Compiling serde v1.0.229
[INFO] [stderr]    Compiling clap v4.6.5
[INFO] [stderr]    Compiling cargo_metadata v0.23.1
[INFO] [stderr]    Compiling tinytemplate v1.2.1
[INFO] [stderr]    Compiling zerocopy-derive v0.8.55
[INFO] [stderr]    Compiling thiserror-impl v1.0.69
[INFO] [stderr]    Compiling bpaf_derive v0.5.26
[INFO] [stderr]    Compiling bpaf v0.9.27
[INFO] [stderr]    Compiling thiserror v1.0.69
[INFO] [stderr]    Compiling asm v0.3.0
[INFO] [stderr]    Compiling frugal_ml v0.1.1 (/opt/rustwide/workdir)
[INFO] [stderr]    Compiling cargo-show-asm v0.2.62
[INFO] [stdout] warning: unused variable: `a`
[INFO] [stdout]  --> src/main.rs:3:9
[INFO] [stdout]   |
[INFO] [stdout] 3 |     let a = Tensor::<2, 2, 4>::new([1.0, 1.0, 1.0, 1.0]);
[INFO] [stdout]   |         ^ help: if this is intentional, prefix it with an underscore: `_a`
[INFO] [stdout]   |
[INFO] [stdout]   = note: `#[warn(unused_variables)]` (part of `#[warn(unused)]`) on by default
[INFO] [stdout] 
[INFO] [stdout] 
[INFO] [stderr]    Compiling half v2.7.1
[INFO] [stderr]    Compiling ciborium-ll v0.2.2
[INFO] [stderr]    Compiling ciborium v0.2.2
[INFO] [stderr]    Compiling criterion v0.8.2
[INFO] [stdout] warning: unused variable: `a`
[INFO] [stdout]  --> src/main.rs:3:9
[INFO] [stdout]   |
[INFO] [stdout] 3 |     let a = Tensor::<2, 2, 4>::new([1.0, 1.0, 1.0, 1.0]);
[INFO] [stdout]   |         ^ help: if this is intentional, prefix it with an underscore: `_a`
[INFO] [stdout]   |
[INFO] [stdout]   = note: `#[warn(unused_variables)]` (part of `#[warn(unused)]`) on by default
[INFO] [stdout] 
[INFO] [stdout] 
[INFO] [stderr]     Finished `release` profile [optimized] target(s) in 1m 07s
[INFO] running `Command { std: "docker" "inspect" "2c47e23965487bef1a2a72f0d1870c5dd7cd1ff7425b7437a1cd0bdd2ae8144a", kill_on_drop: false }`
[INFO] running `Command { std: "docker" "exec" "-e" "SOURCE_DIR=/opt/rustwide/workdir" "-e" "CARGO_HOME=/opt/rustwide/cargo-home" "-e" "RUSTUP_HOME=/opt/rustwide/rustup-home" "-e" "CARGO_TARGET_DIR=/opt/rustwide/target" "-e" "CARGO_INCREMENTAL=0" "-e" "RUST_BACKTRACE=full" "-e" "RUSTFLAGS=--cap-lints=warn" "-e" "RUSTDOCFLAGS=--cap-lints=warn" "-w" "/opt/rustwide/workdir" "--user" "0:0" "2c47e23965487bef1a2a72f0d1870c5dd7cd1ff7425b7437a1cd0bdd2ae8144a" "/opt/rustwide/cargo-home/bin/cargo" "+1.99.0-beta.8" "test" "--frozen" "--release", kill_on_drop: false }`
[INFO] [stderr] warning: unused variable: `a`
[INFO] [stderr]  --> src/main.rs:3:9
[INFO] [stderr]   |
[INFO] [stderr] 3 |     let a = Tensor::<2, 2, 4>::new([1.0, 1.0, 1.0, 1.0]);
[INFO] [stderr]   |         ^ help: if this is intentional, prefix it with an underscore: `_a`
[INFO] [stderr]   |
[INFO] [stderr]   = note: `#[warn(unused_variables)]` (part of `#[warn(unused)]`) on by default
[INFO] [stderr] 
[INFO] [stderr] warning: `frugal_ml` (bin "frugal_ml") generated 1 warning (run `cargo fix --bin "frugal_ml" -p frugal_ml` to apply 1 suggestion)
[INFO] [stderr] warning: `frugal_ml` (bin "frugal_ml" test) generated 1 warning (1 duplicate)
[INFO] [stderr]     Finished `release` profile [optimized] target(s) in 0.12s
[INFO] [stderr]      Running unittests src/lib.rs (/opt/rustwide/target/release/deps/frugal_ml-45dd3229203b642f)
[INFO] [stdout] 
[INFO] [stdout] running 6 tests
[INFO] [stdout] test sp::conv_streaming::tests::conv_streaming_720p_load_ramp ... ignored, needs tests/fixtures/sequence.npy locally (3.1 GB, gitignored)
[INFO] [stdout] test sp::conv_streaming::tests::ready_to_compute_true_once_kh_rows_pushed ... ok
[INFO] [stdout] test sp::conv_streaming::tests::conv2d_box_kernel_sums_2x2_window ... ok
[INFO] [stdout] test sp::conv_streaming::tests::conv2d_after_wraparound_uses_two_most_recent_rows ... ok
[INFO] [stdout] test sp::conv_streaming::tests::push_row_fills_buffer_and_caps_at_kh ... ok
[INFO] [stdout] test sp::conv_streaming::tests::conv2d_identity_kernel_picks_diagonal_elements ... ok
[INFO] [stdout] 
[INFO] [stdout] test result: ok. 5 passed; 0 failed; 1 ignored; 0 measured; 0 filtered out; finished in 0.35s
[INFO] [stdout] 
[INFO] [stderr]      Running unittests src/main.rs (/opt/rustwide/target/release/deps/frugal_ml-c210f883ee3379a5)
[INFO] [stdout] 
[INFO] [stderr]      Running tests/algorithms.rs (/opt/rustwide/target/release/deps/algorithms-89b7ca1c860c7c1c)
[INFO] [stdout] running 0 tests
[INFO] [stdout] 
[INFO] [stdout] test result: ok. 0 passed; 0 failed; 0 ignored; 0 measured; 0 filtered out; finished in 0.00s
[INFO] [stdout] 
[INFO] [stdout] 
[INFO] [stdout] running 18 tests
[INFO] [stdout] test test_gram_schmidt_2d ... ok
[INFO] [stdout] test test_qr_3x2_matrix ... ok
[INFO] [stdout] test test_jacobi_rotation_zero ... ok
[INFO] [stdout] test test_solve_linear_system_2d ... ok
[INFO] [stdout] test test_gram_schmidt_dependent ... ok
[INFO] [stdout] test test_qr_decomposition_simple ... ok
[INFO] [stdout] test test_orthogonal_projection_consistency ... ok
[INFO] [stdout] test test_identity_solver ... ok
[INFO] [stdout] test test_singular_system ... ok
[INFO] [stdout] test test_back_substitution_3d ... ok
[INFO] [stdout] test test_svd_2x2 ... ok
[INFO] [stdout] test test_svd_identity_3x3 ... ok
[INFO] [stdout] test test_svd_recomposition ... ok
[INFO] [stdout] test test_svd_reconstruction_3x3 ... ok
[INFO] [stdout] test bench_matmul ... ok
[INFO] [stdout] test bench_svd ... ok
[INFO] [stdout] test test_solve_upper_triangular ... ok
[INFO] [stdout] test test_svd_reconstruction_4x4 ... ok
[INFO] [stdout] 
[INFO] [stdout] test result: ok. 18 passed; 0 failed; 0 ignored; 0 measured; 0 filtered out; finished in 0.11s
[INFO] [stdout] 
[INFO] [stderr]      Running tests/autodiff.rs (/opt/rustwide/target/release/deps/autodiff-a9547617cd89a747)
[INFO] [stdout] 
[INFO] [stdout] running 6 tests
[INFO] [stdout] test test_mlp_training_step ... ok
[INFO] [stdout] test test_integration_vector_tensor ... ok
[INFO] [stdout] test test_convergence ... ok
[INFO] [stdout] test test_classifier ... ok
[INFO] [stdout] test bench_autodiff ... ok
[INFO] [stdout] test test_iris ... ok
[INFO] [stdout] 
[INFO] [stdout] test result: ok. 6 passed; 0 failed; 0 ignored; 0 measured; 0 filtered out; finished in 0.38s
[INFO] [stdout] 
[INFO] [stderr]      Running tests/iris_data.rs (/opt/rustwide/target/release/deps/iris_data-8c7673b69740fff1)
[INFO] [stdout] 
[INFO] [stdout] running 0 tests
[INFO] [stdout] 
[INFO] [stdout] test result: ok. 0 passed; 0 failed; 0 ignored; 0 measured; 0 filtered out; finished in 0.00s
[INFO] [stdout] 
[INFO] [stderr]      Running tests/sequential.rs (/opt/rustwide/target/release/deps/sequential-649b51d37a1b3ad3)
[INFO] [stdout] 
[INFO] [stdout] running 6 tests
[INFO] [stdout] test seq_2_layers_forward_backward ... ok
[INFO] [stdout] test seq_3_layers_loss ... ok
[INFO] [stdout] test seq_training_step_decreases_loss ... ok
[INFO] [stdout] test seq_single_layer ... ok
[INFO] [stdout] test seq_training_step_decreases_loss_leaky_relu ... ok
[INFO] [stderr]      Running tests/sp.rs (/opt/rustwide/target/release/deps/sp-84ff8d6acfbb7e00)
[INFO] [stdout] test grad_check_linear_tanh_linear ... ok
[INFO] [stdout] 
[INFO] [stdout] test result: ok. 6 passed; 0 failed; 0 ignored; 0 measured; 0 filtered out; finished in 0.01s
[INFO] [stdout] 
[INFO] [stdout] 
[INFO] [stdout] running 6 tests
[INFO] [stdout] test test_cross_correlate2d_stride_2 ... ok
[INFO] [stdout] test test_cross_correlate2d_gaussian_and_sobel_bank ... ok
[INFO] [stdout] test test_cross_correlate2d_sequence_matches_naive_correlation ... ok
[INFO] [stderr]      Running tests/tensors.rs (/opt/rustwide/target/release/deps/tensors-7f087a28af310b15)
[INFO] [stdout] test test_gaussian_bank_preserves_constant_sequence ... ok
[INFO] [stdout] test test_cross_correlate2d_bank_over_two_channels ... ok
[INFO] [stdout] test test_cross_correlate2d_single_frame_two_filters ... ok
[INFO] [stdout] 
[INFO] [stdout] test result: ok. 6 passed; 0 failed; 0 ignored; 0 measured; 0 filtered out; finished in 0.01s
[INFO] [stdout] 
[INFO] [stdout] 
[INFO] [stdout] running 70 tests
[INFO] [stdout] test test_im2col_view_feeds_tensordot_3 ... ok
[INFO] [stdout] test test_im2col_view_full_window ... ok
[INFO] [stdout] test test_indexing3d_axis_overflow - should panic ... FAILED
[INFO] [stdout] test test_indexing_axis_overflow - should panic ... FAILED
[INFO] [stdout] test test_indexing6d_axis_overflow - should panic ... FAILED
[INFO] [stdout] test test_indexing_tensore4d ... ok
[INFO] [stdout] test test_indexing_tensore6d ... ok
[INFO] [stdout] test test_mixed_storage_operands ... ok
[INFO] [stdout] test test_setting ... ok
[INFO] [stdout] test test_setting6d_axis_overflow - should panic ... FAILED
[INFO] [stdout] test test_im2col_view_stride_2 ... ok
[INFO] [stdout] test test_setting_axis_overflow - should panic ... FAILED
[INFO] [stdout] test test_im2col_view_strides_invariant ... ok
[INFO] [stdout] test test_setting_tensor6d ... ok
[INFO] [stdout] test test_storage_agnostic_cross_correlation ... ok
[INFO] [stdout] test test_tensor3d_creation_and_shape ... ok
[INFO] [stdout] test test_tensor4d_creation_and_shape ... ok
[INFO] [stdout] test test_tensor6d_creation_and_shape ... ok
[INFO] [stdout] test test_tensor_addition ... ok
[INFO] [stdout] test test_tensor_col_extraction ... ok
[INFO] [stdout] test test_tensor_creation_and_shape ... ok
[INFO] [stdout] test test_im2col_view_axis_overflow - should panic ... FAILED
[INFO] [stdout] test test_tensor_from_cols ... ok
[INFO] [stdout] test test_tensor_identity ... ok
[INFO] [stdout] test test_im2col_view_sliding_window ... ok
[INFO] [stdout] test test_tensor_index_get_set ... ok
[INFO] [stdout] test test_indexing3d_not_valid - should panic ... ok
[INFO] [stdout] test test_indexing_tensore3d ... ok
[INFO] [stdout] test test_tensor_matmul_accumulate ... ok
[INFO] [stdout] test test_tensor_multiply ... ok
[INFO] [stdout] test test_tensor_view ... ok
[INFO] [stdout] test test_im2col_view_null_stride - should panic ... ok
[INFO] [stdout] test test_indexing6d_not_valid - should panic ... ok
[INFO] [stdout] test test_indexing_axis_overflow_transposed - should panic ... ok
[INFO] [stdout] test test_indexing ... ok
[INFO] [stdout] test test_tensordot_3_matches_flattened_tensordot_1 ... ok
[INFO] [stdout] test test_tensordot_3_pointwise_filters ... ok
[INFO] [stdout] test test_tensordot_3_view_matches_materialised ... ok
[INFO] [stdout] test test_tensordot_identity ... ok
[INFO] [stdout] test test_im2col_view_wrong_output_size - should panic ... ok
[INFO] [stdout] test test_transpose ... ok
[INFO] [stdout] test test_tensor_index_out_of_bounds - should panic ... ok
[INFO] [stdout] test test_im2col_view_kernel_larger_than_input - should panic ... ok
[INFO] [stdout] test test_indexing4d_axis_overflow - should panic ... FAILED
[INFO] [stdout] test test_tensor_rows_cols ... ok
[INFO] [stdout] test test_tensor_transposed ... ok
[INFO] [stdout] test test_tensordot ... ok
[INFO] [stdout] test test_tensordot_2 ... ok
[INFO] [stdout] test test_tensordot_2_matches_flattened_tensordot_1 ... ok
[INFO] [stdout] test test_vector_neg ... ok
[INFO] [stdout] test test_tensordot_2_single_inner_axis ... ok
[INFO] [stdout] test test_tensordot_3 ... ok
[INFO] [stdout] test test_vector_creation_and_dim ... ok
[INFO] [stdout] test test_tensordot_shape_out_of_sync_with_type - should panic ... ok
[INFO] [stdout] test test_vector_div ... ok
[INFO] [stdout] test test_vector_dot_product ... ok
[INFO] [stdout] test test_vector_hadamard ... ok
[INFO] [stdout] test test_vector_index ... ok
[INFO] [stdout] test test_vector_inf_norm ... ok
[INFO] [stdout] test test_vector_l1_norm ... ok
[INFO] [stdout] test test_vector_addition ... ok
[INFO] [stdout] test test_tensordot_non_square ... ok
[INFO] [stdout] test test_vector_l2_norm ... ok
[INFO] [stdout] test test_vector_sum ... ok
[INFO] [stdout] test test_vector_projection ... ok
[INFO] [stdout] test test_vector_null_projection ... ok
[INFO] [stdout] test test_view_indexing_not_valid - should panic ... ok
[INFO] [stdout] test test_vector_scalar_mul ... ok
[INFO] [stdout] test test_vector_subtraction ... ok
[INFO] [stdout] test test_indexing_not_valid - should panic ... ok
[INFO] [stdout] 
[INFO] [stdout] failures:
[INFO] [stdout] 
[INFO] [stdout] ---- test_indexing3d_axis_overflow stdout ----
[INFO] [stdout] note: test did not panic as expected at tests/tensors.rs:322:4
[INFO] [stdout] ---- test_indexing_axis_overflow stdout ----
[INFO] [stdout] note: test did not panic as expected at tests/tensors.rs:68:4
[INFO] [stdout] ---- test_indexing6d_axis_overflow stdout ----
[INFO] [stdout] note: test did not panic as expected at tests/tensors.rs:389:4
[INFO] [stdout] ---- test_setting6d_axis_overflow stdout ----
[INFO] [stdout] note: test did not panic as expected at tests/tensors.rs:396:4
[INFO] [stdout] ---- test_setting_axis_overflow stdout ----
[INFO] [stdout] note: test did not panic as expected at tests/tensors.rs:76:4
[INFO] [stdout] ---- test_im2col_view_axis_overflow stdout ----
[INFO] [stdout] note: test did not panic as expected at tests/tensors.rs:540:4
[INFO] [stdout] ---- test_indexing4d_axis_overflow stdout ----
[INFO] [stdout] note: test did not panic as expected at tests/tensors.rs:345:4
[INFO] [stdout] 
[INFO] [stdout] failures:
[INFO] [stdout]     test_im2col_view_axis_overflow
[INFO] [stdout]     test_indexing3d_axis_overflow
[INFO] [stdout]     test_indexing4d_axis_overflow
[INFO] [stdout]     test_indexing6d_axis_overflow
[INFO] [stdout]     test_indexing_axis_overflow
[INFO] [stdout]     test_setting6d_axis_overflow
[INFO] [stdout]     test_setting_axis_overflow
[INFO] [stdout] 
[INFO] [stdout] test result: FAILED. 63 passed; 7 failed; 0 ignored; 0 measured; 0 filtered out; finished in 0.02s
[INFO] [stdout] 
[INFO] [stderr] error: test failed, to rerun pass `--test tensors`
[INFO] running `Command { std: "docker" "inspect" "2c47e23965487bef1a2a72f0d1870c5dd7cd1ff7425b7437a1cd0bdd2ae8144a", kill_on_drop: false }`
[INFO] running `Command { std: "docker" "rm" "-f" "2c47e23965487bef1a2a72f0d1870c5dd7cd1ff7425b7437a1cd0bdd2ae8144a", kill_on_drop: false }`
[INFO] [stdout] 2c47e23965487bef1a2a72f0d1870c5dd7cd1ff7425b7437a1cd0bdd2ae8144a
