[INFO] fetching crate frozen-hashbrown 0.1.0...
[INFO] testing frozen-hashbrown-0.1.0 against 1.99.0-beta.8+cargoflags=--release for beta-release-1.100-2
[INFO] extracting crate frozen-hashbrown 0.1.0 into /workspace/builds/worker-4-tc1/source
[INFO] started tweaking crates.io crate frozen-hashbrown 0.1.0
[INFO] finished tweaking crates.io crate frozen-hashbrown 0.1.0
[INFO] tweaked toml for crates.io crate frozen-hashbrown 0.1.0 written to /workspace/builds/worker-4-tc1/source/Cargo.toml
[INFO] validating manifest of crates.io crate frozen-hashbrown 0.1.0 on toolchain 1.99.0-beta.8
[INFO] running `Command { std: CARGO_HOME="/workspace/cargo-home" RUSTUP_HOME="/workspace/rustup-home" "/workspace/cargo-home/bin/cargo" "+1.99.0-beta.8" "metadata" "--manifest-path" "Cargo.toml" "--no-deps", kill_on_drop: false }`
[INFO] running `Command { std: CARGO_HOME="/workspace/cargo-home" RUSTUP_HOME="/workspace/rustup-home" "/workspace/cargo-home/bin/cargo" "+1.99.0-beta.8" "generate-lockfile" "--manifest-path" "Cargo.toml", kill_on_drop: false }`
[INFO] [stderr]     Updating crates.io index
[INFO] [stderr]      Locking 2 packages to highest compatible versions
[INFO] running `Command { std: CARGO_HOME="/workspace/cargo-home" RUSTUP_HOME="/workspace/rustup-home" "/workspace/cargo-home/bin/cargo" "+1.99.0-beta.8" "fetch" "--manifest-path" "Cargo.toml", kill_on_drop: false }`
[INFO] running `Command { std: "docker" "create" "-v" "/var/lib/crater-agent-workspace/builds/worker-4-tc1/source:/opt/rustwide/workdir:ro,Z" "-v" "/var/lib/crater-agent-workspace/builds/worker-4-tc1/target:/opt/rustwide/target:rw,Z" "-v" "/var/lib/crater-agent-workspace/cargo-home:/opt/rustwide/cargo-home:ro,Z" "-v" "/var/lib/crater-agent-workspace/rustup-home:/opt/rustwide/rustup-home:ro,Z" "-m" "1610612736" "--network" "none" "ghcr.io/rust-lang/crates-build-env/linux@sha256:77db811e55d90add9212f6832c23229e3de5f1c1f9905e8cb07319ea15df73ac" "sleep" "infinity", kill_on_drop: false }`
[INFO] [stdout] 71317645e3acafd8c2c0d74a48d4b505917b6d4ab8c88ec5f01d07718f17a808
[INFO] running `Command { std: "docker" "start" "71317645e3acafd8c2c0d74a48d4b505917b6d4ab8c88ec5f01d07718f17a808", kill_on_drop: false }`
[INFO] running `Command { std: "docker" "inspect" "71317645e3acafd8c2c0d74a48d4b505917b6d4ab8c88ec5f01d07718f17a808", kill_on_drop: false }`
[INFO] running `Command { std: "docker" "exec" "-e" "SOURCE_DIR=/opt/rustwide/workdir" "-e" "CARGO_HOME=/opt/rustwide/cargo-home" "-e" "RUSTUP_HOME=/opt/rustwide/rustup-home" "-e" "CARGO_TARGET_DIR=/opt/rustwide/target" "-w" "/opt/rustwide/workdir" "--user" "0:0" "71317645e3acafd8c2c0d74a48d4b505917b6d4ab8c88ec5f01d07718f17a808" "/opt/rustwide/cargo-home/bin/cargo" "+1.99.0-beta.8" "metadata" "--no-deps" "--format-version=1", kill_on_drop: false }`
[INFO] running `Command { std: "docker" "inspect" "71317645e3acafd8c2c0d74a48d4b505917b6d4ab8c88ec5f01d07718f17a808", kill_on_drop: false }`
[INFO] running `Command { std: "docker" "exec" "-e" "SOURCE_DIR=/opt/rustwide/workdir" "-e" "CARGO_HOME=/opt/rustwide/cargo-home" "-e" "RUSTUP_HOME=/opt/rustwide/rustup-home" "-e" "CARGO_TARGET_DIR=/opt/rustwide/target" "-e" "CARGO_INCREMENTAL=0" "-e" "RUST_BACKTRACE=full" "-e" "RUSTFLAGS=--cap-lints=warn" "-e" "RUSTDOCFLAGS=--cap-lints=warn" "-w" "/opt/rustwide/workdir" "--user" "0:0" "71317645e3acafd8c2c0d74a48d4b505917b6d4ab8c88ec5f01d07718f17a808" "/opt/rustwide/cargo-home/bin/cargo" "+1.99.0-beta.8" "build" "--frozen" "--message-format=json" "--release", kill_on_drop: false }`
[INFO] [stderr]    Compiling frozen-hashbrown v0.1.0 (/opt/rustwide/workdir)
[INFO] [stderr]     Finished `release` profile [optimized] target(s) in 0.26s
[INFO] running `Command { std: "docker" "inspect" "71317645e3acafd8c2c0d74a48d4b505917b6d4ab8c88ec5f01d07718f17a808", kill_on_drop: false }`
[INFO] running `Command { std: "docker" "exec" "-e" "SOURCE_DIR=/opt/rustwide/workdir" "-e" "CARGO_HOME=/opt/rustwide/cargo-home" "-e" "RUSTUP_HOME=/opt/rustwide/rustup-home" "-e" "CARGO_TARGET_DIR=/opt/rustwide/target" "-e" "CARGO_INCREMENTAL=0" "-e" "RUST_BACKTRACE=full" "-e" "RUSTFLAGS=--cap-lints=warn" "-e" "RUSTDOCFLAGS=--cap-lints=warn" "-w" "/opt/rustwide/workdir" "--user" "0:0" "71317645e3acafd8c2c0d74a48d4b505917b6d4ab8c88ec5f01d07718f17a808" "/opt/rustwide/cargo-home/bin/cargo" "+1.99.0-beta.8" "test" "--frozen" "--no-run" "--message-format=json" "--release", kill_on_drop: false }`
[INFO] [stderr]    Compiling frozen-hashbrown v0.1.0 (/opt/rustwide/workdir)
[INFO] [stderr]     Finished `release` profile [optimized] target(s) in 1.04s
[INFO] running `Command { std: "docker" "inspect" "71317645e3acafd8c2c0d74a48d4b505917b6d4ab8c88ec5f01d07718f17a808", kill_on_drop: false }`
[INFO] running `Command { std: "docker" "exec" "-e" "SOURCE_DIR=/opt/rustwide/workdir" "-e" "CARGO_HOME=/opt/rustwide/cargo-home" "-e" "RUSTUP_HOME=/opt/rustwide/rustup-home" "-e" "CARGO_TARGET_DIR=/opt/rustwide/target" "-e" "CARGO_INCREMENTAL=0" "-e" "RUST_BACKTRACE=full" "-e" "RUSTFLAGS=--cap-lints=warn" "-e" "RUSTDOCFLAGS=--cap-lints=warn" "-w" "/opt/rustwide/workdir" "--user" "0:0" "71317645e3acafd8c2c0d74a48d4b505917b6d4ab8c88ec5f01d07718f17a808" "/opt/rustwide/cargo-home/bin/cargo" "+1.99.0-beta.8" "test" "--frozen" "--release", kill_on_drop: false }`
[INFO] [stderr]     Finished `release` profile [optimized] target(s) in 0.03s
[INFO] [stderr]      Running unittests src/lib.rs (/opt/rustwide/target/release/deps/frozen_hashbrown-1de6476d3816b9a0)
[INFO] [stderr]      Running tests/unfreeze.rs (/opt/rustwide/target/release/deps/unfreeze-6ddebed857192dc4)
[INFO] [stdout] 
[INFO] [stdout] running 0 tests
[INFO] [stdout] 
[INFO] [stdout] test result: ok. 0 passed; 0 failed; 0 ignored; 0 measured; 0 filtered out; finished in 0.00s
[INFO] [stdout] 
[INFO] [stdout] 
[INFO] [stdout] running 8 tests
[INFO] [stdout] test unfreeze_raw_iter_generic_1 ... ok
[INFO] [stdout] test unfreeze_raw_iter_generic_2 ... ok
[INFO] [stdout] test unfreeze_raw_iter_generic_3 ... ok
[INFO] [stdout] test unfreeze_raw_iter_generic_4 ... ok
[INFO] [stdout] test unfreeze ... ok
[INFO] [stdout] test unfreeze_u128 ... FAILED
[INFO] [stdout] test unfreeze_raw ... ok
[INFO] [stdout] test unfreeze_str ... ok
[INFO] [stdout] 
[INFO] [stdout] failures:
[INFO] [stdout] 
[INFO] [stdout] ---- unfreeze_u128 stdout ----
[INFO] [stdout] {333: 333333333, 444: 444444444, 111: 111111111, 222: 222222222}
[INFO] [stdout] FrozenHashMap { table_layout: TableLayout { size: 32, ctrl_align: 16 }, hashmap: HashMap { hash_builder: RandomState { k0: 14337872558509517595, k1: 2401904978497069902 }, table: RawTable { table: RawTableInner { bucket_mask: 7, ctrl: 0x773550003900, growth_left: 3, items: 4 } } }, memory: "<binary data of size 280>" }
[INFO] [stdout] 
[INFO] [stdout] thread 'unfreeze_u128' (189) panicked at tests/unfreeze.rs:84:5:
[INFO] [stdout] assertion `left == right` failed
[INFO] [stdout]   left: "{333: 333333333, 444: 444444444, 111: 111111111, 222: 222222222}"
[INFO] [stdout]  right: "{151895665027194198355458042718473683277: 333333333, 9223372036854775808444: 444444444, 340282366920938463297353910776972181615: 111111111, 475368975159373001851806941406: 222222222}"
[INFO] [stdout] stack backtrace:
[INFO] [stdout]    0:     0x5ef8727e30b1 - <<std[70759c8f55707aa4]::sys::backtrace::BacktraceLock>::print::DisplayBacktrace as core[df12db4294e9bfd3]::fmt::Display>::fmt
[INFO] [stdout]    1:     0x5ef8727f828a - core[df12db4294e9bfd3]::fmt::write
[INFO] [stdout]    2:     0x5ef8727e7a4c - <alloc[2182bb758b4b3781]::vec::Vec<u8> as core[df12db4294e9bfd3]::io::write::Write>::write_fmt
[INFO] [stdout]    3:     0x5ef8727bf0a6 - std[70759c8f55707aa4]::panicking::default_hook::{closure#0}
[INFO] [stdout]    4:     0x5ef8727db779 - std[70759c8f55707aa4]::panicking::default_hook
[INFO] [stdout]    5:     0x5ef872775440 - test[9d35eded1c95d3be]::test_main_inner::<test[9d35eded1c95d3be]::test_main_static::{closure#0}>::{closure#0}
[INFO] [stdout]    6:     0x5ef8727db932 - std[70759c8f55707aa4]::panicking::panic_with_hook
[INFO] [stdout]    7:     0x5ef8727bf152 - std[70759c8f55707aa4]::panicking::panic_handler::{closure#0}
[INFO] [stdout]    8:     0x5ef8727b7949 - std[70759c8f55707aa4]::sys::backtrace::__rust_end_short_backtrace::<std[70759c8f55707aa4]::panicking::panic_handler::{closure#0}, !>
[INFO] [stdout]    9:     0x5ef8727bfe5d - __rustc[8fa7c3cbc660c2b3]::rust_begin_unwind
[INFO] [stdout]   10:     0x5ef8727f89bc - core[df12db4294e9bfd3]::panicking::panic_fmt
[INFO] [stdout]   11:     0x5ef8727f88d3 - core[df12db4294e9bfd3]::panicking::assert_failed_inner
[INFO] [stdout]   12:     0x5ef872760b0b - core[df12db4294e9bfd3]::panicking::assert_failed::<alloc[2182bb758b4b3781]::string::String, alloc[2182bb758b4b3781]::string::String>
[INFO] [stdout]   13:     0x5ef872766cd5 - <unfreeze[941fc05412e44f06]::unfreeze_u128::{closure#0} as core[df12db4294e9bfd3]::ops::function::FnOnce<()>>::call_once
[INFO] [stdout]   14:     0x5ef87276872b - test[9d35eded1c95d3be]::__rust_begin_short_backtrace::<core[df12db4294e9bfd3]::result::Result<(), alloc[2182bb758b4b3781]::string::String>, fn() -> core[df12db4294e9bfd3]::result::Result<(), alloc[2182bb758b4b3781]::string::String>>
[INFO] [stdout]   15:     0x5ef872775d95 - test[9d35eded1c95d3be]::run_test::{closure#0}
[INFO] [stdout]   16:     0x5ef87276f654 - std[70759c8f55707aa4]::sys::backtrace::__rust_begin_short_backtrace::<test[9d35eded1c95d3be]::run_test::{closure#1}, ()>
[INFO] [stdout]   17:     0x5ef872778ef2 - <std[70759c8f55707aa4]::thread::lifecycle::spawn_unchecked<test[9d35eded1c95d3be]::run_test::{closure#1}, ()>::{closure#1} as core[df12db4294e9bfd3]::ops::function::FnOnce<()>>::call_once::{shim:vtable#0}
[INFO] [stdout]   18:     0x5ef8727e2989 - <std[70759c8f55707aa4]::sys::thread::unix::Thread>::new::thread_start
[INFO] [stdout]   19:     0x773555db0dfa - <unknown>
[INFO] [stdout]   20:     0x773555e443d4 - clone
[INFO] [stdout]   21:                0x0 - <unknown>
[INFO] [stdout] 
[INFO] [stdout] 
[INFO] [stdout] failures:
[INFO] [stdout]     unfreeze_u128
[INFO] [stdout] 
[INFO] [stdout] test result: FAILED. 7 passed; 1 failed; 0 ignored; 0 measured; 0 filtered out; finished in 0.01s
[INFO] [stdout] 
[INFO] [stderr] error: test failed, to rerun pass `--test unfreeze`
[INFO] running `Command { std: "docker" "inspect" "71317645e3acafd8c2c0d74a48d4b505917b6d4ab8c88ec5f01d07718f17a808", kill_on_drop: false }`
[INFO] running `Command { std: "docker" "rm" "-f" "71317645e3acafd8c2c0d74a48d4b505917b6d4ab8c88ec5f01d07718f17a808", kill_on_drop: false }`
[INFO] [stdout] 71317645e3acafd8c2c0d74a48d4b505917b6d4ab8c88ec5f01d07718f17a808
