[INFO] fetching crate frozen-core 0.0.34...
[INFO] testing frozen-core-0.0.34 against 1.99.0-beta.8+cargoflags=--release for beta-release-1.100-2
[INFO] extracting crate frozen-core 0.0.34 into /workspace/builds/worker-6-tc1/source
[INFO] started tweaking crates.io crate frozen-core 0.0.34
[INFO] finished tweaking crates.io crate frozen-core 0.0.34
[INFO] tweaked toml for crates.io crate frozen-core 0.0.34 written to /workspace/builds/worker-6-tc1/source/Cargo.toml
[INFO] validating manifest of crates.io crate frozen-core 0.0.34 on toolchain 1.99.0-beta.8
[INFO] running `Command { std: CARGO_HOME="/workspace/cargo-home" RUSTUP_HOME="/workspace/rustup-home" "/workspace/cargo-home/bin/cargo" "+1.99.0-beta.8" "metadata" "--manifest-path" "Cargo.toml" "--no-deps", kill_on_drop: false }`
[INFO] crate crates.io crate frozen-core 0.0.34 already has a lockfile, it will not be regenerated
[INFO] running `Command { std: CARGO_HOME="/workspace/cargo-home" RUSTUP_HOME="/workspace/rustup-home" "/workspace/cargo-home/bin/cargo" "+1.99.0-beta.8" "fetch" "--manifest-path" "Cargo.toml", kill_on_drop: false }`
[INFO] running `Command { std: "docker" "create" "-v" "/var/lib/crater-agent-workspace/builds/worker-6-tc1/source:/opt/rustwide/workdir:ro,Z" "-v" "/var/lib/crater-agent-workspace/builds/worker-6-tc1/target:/opt/rustwide/target:rw,Z" "-v" "/var/lib/crater-agent-workspace/cargo-home:/opt/rustwide/cargo-home:ro,Z" "-v" "/var/lib/crater-agent-workspace/rustup-home:/opt/rustwide/rustup-home:ro,Z" "-m" "1610612736" "--network" "none" "ghcr.io/rust-lang/crates-build-env/linux@sha256:77db811e55d90add9212f6832c23229e3de5f1c1f9905e8cb07319ea15df73ac" "sleep" "infinity", kill_on_drop: false }`
[INFO] [stdout] 5e785939d39aa5ee693639e7a5af45dfcfa30a2c787d1ca55c09c8517cb4160b
[INFO] running `Command { std: "docker" "start" "5e785939d39aa5ee693639e7a5af45dfcfa30a2c787d1ca55c09c8517cb4160b", kill_on_drop: false }`
[INFO] running `Command { std: "docker" "inspect" "5e785939d39aa5ee693639e7a5af45dfcfa30a2c787d1ca55c09c8517cb4160b", kill_on_drop: false }`
[INFO] running `Command { std: "docker" "exec" "-e" "SOURCE_DIR=/opt/rustwide/workdir" "-e" "CARGO_HOME=/opt/rustwide/cargo-home" "-e" "RUSTUP_HOME=/opt/rustwide/rustup-home" "-e" "CARGO_TARGET_DIR=/opt/rustwide/target" "-w" "/opt/rustwide/workdir" "--user" "0:0" "5e785939d39aa5ee693639e7a5af45dfcfa30a2c787d1ca55c09c8517cb4160b" "/opt/rustwide/cargo-home/bin/cargo" "+1.99.0-beta.8" "metadata" "--no-deps" "--format-version=1", kill_on_drop: false }`
[INFO] running `Command { std: "docker" "inspect" "5e785939d39aa5ee693639e7a5af45dfcfa30a2c787d1ca55c09c8517cb4160b", kill_on_drop: false }`
[INFO] running `Command { std: "docker" "exec" "-e" "SOURCE_DIR=/opt/rustwide/workdir" "-e" "CARGO_HOME=/opt/rustwide/cargo-home" "-e" "RUSTUP_HOME=/opt/rustwide/rustup-home" "-e" "CARGO_TARGET_DIR=/opt/rustwide/target" "-e" "CARGO_INCREMENTAL=0" "-e" "RUST_BACKTRACE=full" "-e" "RUSTFLAGS=--cap-lints=warn" "-e" "RUSTDOCFLAGS=--cap-lints=warn" "-w" "/opt/rustwide/workdir" "--user" "0:0" "5e785939d39aa5ee693639e7a5af45dfcfa30a2c787d1ca55c09c8517cb4160b" "/opt/rustwide/cargo-home/bin/cargo" "+1.99.0-beta.8" "build" "--frozen" "--message-format=json" "--release", kill_on_drop: false }`
[INFO] [stderr]    Compiling libc v0.2.189
[INFO] [stderr]    Compiling frozen-core v0.0.34 (/opt/rustwide/workdir)
[INFO] [stderr]     Finished `release` profile [optimized] target(s) in 2.78s
[INFO] running `Command { std: "docker" "inspect" "5e785939d39aa5ee693639e7a5af45dfcfa30a2c787d1ca55c09c8517cb4160b", kill_on_drop: false }`
[INFO] running `Command { std: "docker" "exec" "-e" "SOURCE_DIR=/opt/rustwide/workdir" "-e" "CARGO_HOME=/opt/rustwide/cargo-home" "-e" "RUSTUP_HOME=/opt/rustwide/rustup-home" "-e" "CARGO_TARGET_DIR=/opt/rustwide/target" "-e" "CARGO_INCREMENTAL=0" "-e" "RUST_BACKTRACE=full" "-e" "RUSTFLAGS=--cap-lints=warn" "-e" "RUSTDOCFLAGS=--cap-lints=warn" "-w" "/opt/rustwide/workdir" "--user" "0:0" "5e785939d39aa5ee693639e7a5af45dfcfa30a2c787d1ca55c09c8517cb4160b" "/opt/rustwide/cargo-home/bin/cargo" "+1.99.0-beta.8" "test" "--frozen" "--no-run" "--message-format=json" "--release", kill_on_drop: false }`
[INFO] [stderr]    Compiling getrandom v0.4.3
[INFO] [stderr]    Compiling rustix v1.1.5
[INFO] [stderr]    Compiling cfg-if v1.0.5
[INFO] [stderr]    Compiling linux-raw-sys v0.12.1
[INFO] [stderr]    Compiling bitflags v2.13.2
[INFO] [stderr]    Compiling fastrand v2.5.0
[INFO] [stderr]    Compiling once_cell v1.21.4
[INFO] [stderr]    Compiling tempfile v3.27.0
[INFO] [stderr]    Compiling frozen-core v0.0.34 (/opt/rustwide/workdir)
[INFO] [stderr]     Finished `release` profile [optimized] target(s) in 34.03s
[INFO] running `Command { std: "docker" "inspect" "5e785939d39aa5ee693639e7a5af45dfcfa30a2c787d1ca55c09c8517cb4160b", kill_on_drop: false }`
[INFO] running `Command { std: "docker" "exec" "-e" "SOURCE_DIR=/opt/rustwide/workdir" "-e" "CARGO_HOME=/opt/rustwide/cargo-home" "-e" "RUSTUP_HOME=/opt/rustwide/rustup-home" "-e" "CARGO_TARGET_DIR=/opt/rustwide/target" "-e" "CARGO_INCREMENTAL=0" "-e" "RUST_BACKTRACE=full" "-e" "RUSTFLAGS=--cap-lints=warn" "-e" "RUSTDOCFLAGS=--cap-lints=warn" "-w" "/opt/rustwide/workdir" "--user" "0:0" "5e785939d39aa5ee693639e7a5af45dfcfa30a2c787d1ca55c09c8517cb4160b" "/opt/rustwide/cargo-home/bin/cargo" "+1.99.0-beta.8" "test" "--frozen" "--release", kill_on_drop: false }`
[INFO] [stderr]     Finished `release` profile [optimized] target(s) in 0.03s
[INFO] [stderr]      Running unittests src/lib.rs (/opt/rustwide/target/release/deps/frozen_core-0128003b510551b3)
[INFO] [stdout] 
[INFO] [stdout] running 272 tests
[INFO] [stdout] test ack::tests::err_ticket_force_without_trigger ... ok
[INFO] [stdout] test error::tests::ok_compare_different_id ... ok
[INFO] [stdout] test error::tests::ok_empty_detail ... ok
[INFO] [stdout] test error::tests::ok_compare_same_id_different_context ... ok
[INFO] [stdout] test ack::tests::ok_ticket_epoch_and_is_durable ... ok
[INFO] [stdout] test error::tests::ok_display_format ... ok
[INFO] [stdout] test error::tests::ok_empty_message ... ok
[INFO] [stdout] test ack::tests::ok_ticket_force_with_trigger ... ok
[INFO] [stdout] test error::tests::ok_context_formatting ... ok
[INFO] [stdout] test error::tests::ok_debug_format_includes_context ... ok
[INFO] [stdout] test error::tests::ok_with_suppressed_builder ... ok
[INFO] [stdout] test error::tests::ok_bind_module_trait ... ok
[INFO] [stdout] test error::tests::ok_context_exact_format ... ok
[INFO] [stdout] test file::posix::tests::file_create_open::err_create_on_directory ... ok
[INFO] [stdout] test file::posix::tests::file_create_open::err_create_on_missing_parent_dir ... ok
[INFO] [stdout] test file::posix::tests::fil_sync::ok_sync ... ok
[INFO] [stdout] test error::tests::ok_suppressed_tree_display ... ok
[INFO] [stdout] test error::tests::ok_unbound_and_with_module ... ok
[INFO] [stdout] test error::tests::ok_new_and_new_raw_same_id ... ok
[INFO] [stdout] test file::posix::tests::file_exists::ok_exists_false_on_missing_file ... ok
[INFO] [stdout] test file::posix::tests::file_create_open::ok_open_existing_file ... ok
[INFO] [stdout] test error::tests::ok_new_raw_uses_display ... ok
[INFO] [stdout] test file::posix::tests::file_exists::err_exists_on_symlink_loop ... ok
[INFO] [stdout] test file::posix::tests::file_create_open::err_open_on_directory ... ok
[INFO] [stdout] test file::posix::tests::file_lifecycle::err_grow_after_closed ... ok
[INFO] [stdout] test file::posix::tests::fil_sync::ok_sync_after_sync ... ok
[INFO] [stdout] test file::posix::tests::file_lifecycle::err_length_after_closed ... ok
[INFO] [stdout] test file::posix::tests::file_lifecycle::err_pread_after_closed ... ok
[INFO] [stdout] test file::posix::tests::file_lifecycle::err_sync_after_closed ... ok
[INFO] [stdout] test file::posix::tests::file_create_open::err_open_on_missing_file ... ok
[INFO] [stdout] test file::posix::tests::file_create_open::ok_create_close_cycle ... ok
[INFO] [stdout] test file::posix::tests::file_exists::err_exists_on_permission_denied ... FAILED
[INFO] [stdout] test file::posix::tests::file_lifecycle::err_pwrite_after_closed ... ok
[INFO] [stdout] test file::posix::tests::file_exists::ok_exists_true_on_existing_file ... ok
[INFO] [stdout] test file::posix::tests::file_new_close::err_new_on_directory ... ok
[INFO] [stdout] test file::posix::tests::file_grow::ok_grow_len_zero ... ok
[INFO] [stdout] test file::posix::tests::file_grow::err_grow_exceeds_off_t_max ... ok
[INFO] [stdout] test file::posix::tests::file_new_close::err_new_on_interior_nul ... ok
[INFO] [stdout] test file::posix::tests::file_exists::ok_exists_false_on_enotdir ... ok
[INFO] [stdout] test ack::tests::ok_ticket_wait_blocks_until_durable ... ok
[INFO] [stdout] test file::posix::tests::file_new_close::err_new_on_missing_parent_dir ... ok
[INFO] [stdout] test file::posix::tests::file_create_open::err_create_when_already_exists ... ok
[INFO] [stdout] test error::tests::ok_is_std_error ... ok
[INFO] [stdout] test file::posix::tests::raw_syscalls::err_f_advise_closed_fd ... ok
[INFO] [stdout] test file::posix::tests::file_grow::err_grow_overflow_usize ... ok
[INFO] [stdout] test file::posix::tests::file_grow::ok_grow ... ok
[INFO] [stdout] test file::posix::tests::file_lifecycle::ok_drop_closes_descriptor ... ok
[INFO] [stdout] test file::posix::tests::file_new_close::ok_new_close_cycle ... ok
[INFO] [stdout] test file::posix::tests::file_lock::ok_flock_acquires_exclusive_lock ... ok
[INFO] [stdout] test file::posix::tests::file_lock::ok_flock_released_after_close ... ok
[INFO] [stdout] test file::posix::tests::file_lock::err_flock_when_already_locked ... ok
[INFO] [stdout] test file::posix::tests::raw_syscalls::err_ftruncate_overflow ... ok
[INFO] [stdout] test file::posix::tests::raw_syscalls::ok_f_advice_random ... ok
[INFO] [stdout] test file::posix::tests::file_new_close::err_new_on_permission_denied ... FAILED
[INFO] [stdout] test file::posix::tests::file_grow::ok_grow_extends_with_zero ... ok
[INFO] [stdout] test file::posix::tests::utils::ok_err_msg ... ok
[INFO] [stdout] test file::posix::tests::utils::ok_extract_parent_dir ... ok
[INFO] [stdout] test file::posix::tests::utils::ok_last_errno ... ok
[INFO] [stdout] test file::posix::tests::utils::ok_path_to_cstring ... ok
[INFO] [stdout] test file::posix::tests::raw_syscalls::ok_sync_range_zero_len ... ok
[INFO] [stdout] test file::posix::tests::file_new_close::ok_new_close_cycle_on_existing ... ok
[INFO] [stdout] test file::posix::tests::raw_syscalls::ok_write_read_at_eof_boundary ... ok
[INFO] [stdout] test file::posix::tests::raw_syscalls::ok_sync_parent_dir ... ok
[INFO] [stdout] test file::posix::tests::file_unlink::err_unlink_missing ... ok
[INFO] [stdout] test file::posix::tests::file_unlink::err_unlink_permission_denied ... FAILED
[INFO] [stdout] test ack::tests::err_ticket_wait_returns_error ... ok
[INFO] [stdout] test file::posix::tests::raw_syscalls::ok_sync_range ... ok
[INFO] [stdout] test file::posix::tests::write_read_single::err_pwrite_offset_exceeds_off_t ... ok
[INFO] [stdout] test file::posix::tests::file_unlink::ok_unlink_existing ... ok
[INFO] [stdout] test file::posix::tests::raw_syscalls::ok_sync_cycle ... ok
[INFO] [stdout] test file::posix::tests::write_read_single::err_pread_past_eof ... ok
[INFO] [stdout] test file::posix::tests::write_read_single::err_pread_offset_exceeds_off_t ... ok
[INFO] [stdout] test file::posix::tests::write_read_single::ok_pwrite_zero_len ... ok
[INFO] [stdout] test file::posix::tests::write_read_single::ok_pwrite_when_overlapping_last_wins ... ok
[INFO] [stdout] test file::posix::tests::write_read_single::ok_pwrite_pread_cycle ... ok
[INFO] [stdout] test file::posix::tests::write_read_single::ok_pread_zero_len ... ok
[INFO] [stdout] test file::posix::tests::write_read_single::ok_pwrite_concurrent_non_overlapping ... ok
[INFO] [stdout] test file::tests::file_delete_exists::err_delete_when_unlinked_externally ... ok
[INFO] [stdout] test file::tests::file_delete_exists::ok_exists_true_on_created_file ... ok
[INFO] [stdout] test file::posix::tests::write_read_single::ok_pwrite_pread_across_sessions ... ok
[INFO] [stdout] test file::tests::file_delete_exists::err_open_after_delete_grown_file ... ok
[INFO] [stdout] test file::tests::file_drop::ok_drop_releases_exclusive_lock ... ok
[INFO] [stdout] test file::tests::file_delete_exists::err_delete_permission_denied ... FAILED
[INFO] [stdout] test file::tests::file_grow::err_total_buffers_unaligned_file ... ok
[INFO] [stdout] test file::tests::file_delete_exists::ok_exists_false_after_external_removal ... ok
[INFO] [stdout] test file::tests::file_grow::err_sync_range_index_overflow ... ok
[INFO] [stdout] test file::tests::file_new::err_new_cfg_overflow ... ok
[INFO] [stdout] test file::tests::file_new::err_new_invalid_cfg ... ok
[INFO] [stdout] test file::tests::file_new::err_new_missing_parent_dir ... ok
[INFO] [stdout] test file::tests::file_drop::ok_drop_persists_written_data ... ok
[INFO] [stdout] test file::tests::file_open::err_open_cfg_overflow ... ok
[INFO] [stdout] test file::tests::file_delete_exists::ok_open_and_delete ... ok
[INFO] [stdout] test file::tests::file_open::err_open_invalid_cfg ... ok
[INFO] [stdout] test file::tests::file_grow::ok_concurrent_grow_and_write ... ok
[INFO] [stdout] test file::tests::file_open::err_open_when_file_not_buffer_multiple ... ok
[INFO] [stdout] test file::tests::file_open::err_open_missing_file ... ok
[INFO] [stdout] test file::tests::file_open_or_create::err_open_or_create_cfg_overflow ... ok
[INFO] [stdout] test file::tests::file_open::err_open_when_file_smaller_than_init_len ... ok
[INFO] [stdout] test file::tests::file_open_or_create::err_open_or_create_invalid_cfg ... ok
[INFO] [stdout] test file::tests::file_grow::ok_sync_range_zero_count ... ok
[INFO] [stdout] test file::tests::file_delete_exists::ok_delete_removes_file ... ok
[INFO] [stdout] test file::tests::file_grow::ok_grow_and_multi_buffer_write_read ... ok
[INFO] [stdout] test file::tests::file_grow::ok_grow_zero_count ... ok
[INFO] [stdout] test file::tests::file_open_or_create::err_open_or_create_corrupt_existing ... ok
[INFO] [stdout] test file::tests::file_new::err_new_when_already_exists ... ok
[INFO] [stdout] test file::tests::file_new::ok_new_creates_file_with_correct_length ... ok
[INFO] [stdout] test file::posix::tests::raw_syscalls::ok_multiple_open_close_cycles ... ok
[INFO] [stdout] test file::tests::file_grow::ok_concurrent_multiple_growers ... ok
[INFO] [stdout] test file::tests::file_grow::ok_sync_range ... ok
[INFO] [stdout] test file::tests::file_grow::ok_grow_updates_length ... ok
[INFO] [stdout] test file::tests::file_open::ok_open_existing_valid_file ... ok
[INFO] [stdout] test file::tests::file_open_or_create::ok_creates_when_missing ... ok
[INFO] [stdout] test file::tests::file_grow::ok_concurrent_readers_during_grow ... ok
[INFO] [stdout] test file::tests::file_open_or_create::err_open_or_create_when_locked ... ok
[INFO] [stdout] test file::tests::file_sync_and_durability::err_ticket_wait_surfaces_sync_failure ... ok
[INFO] [stdout] test file::tests::file_sync_and_durability::err_ticket_wait_when_file_deleted ... ok
[INFO] [stdout] test file::tests::file_sync_and_durability::ok_manual_sync_advances_epoch_and_tickets ... ok
[INFO] [stdout] test file::tests::file_toctou_and_concurrency::err_concurrent_new_and_open ... ok
[INFO] [stdout] test file::tests::file_sync_and_durability::ok_ticket_force_with_background_thread ... ok
[INFO] [stdout] test file::tests::file_toctou_and_concurrency::err_concurrent_new_exact_same_path ... ok
[INFO] [stdout] test file::tests::file_open_or_create::ok_opens_when_existing ... ok
[INFO] [stdout] test file::tests::file_sync_and_durability::ok_ticket_force_without_background_thread ... ok
[INFO] [stdout] test file::tests::file_toctou_and_concurrency::ok_file_send_and_sync ... ok
[INFO] [stdout] test file::tests::file_sync_and_durability::ok_concurrent_writes_distinct_epochs ... ok
[INFO] [stdout] test file::tests::file_toctou_and_concurrency::err_new_while_file_open ... ok
[INFO] [stdout] test file::tests::file_toctou_and_concurrency::err_concurrent_open_same_file ... ok
[INFO] [stdout] test file::tests::file_write_read::err_read_past_eof ... ok
[INFO] [stdout] test file::tests::file_write_read::err_read_unaligned_buffer_size ... ok
[INFO] [stdout] test file::tests::file_write_read::err_write_past_eof ... ok
[INFO] [stdout] test file::tests::file_toctou_and_concurrency::err_concurrent_open_during_and_after_delete ... ok
[INFO] [stdout] test file::tests::file_sync_and_durability::ok_background_sync_advances_epoch ... ok
[INFO] [stdout] test hints::tests::sanity_checks_for_likely ... ok
[INFO] [stdout] test hints::tests::sanity_checks_for_unlikely ... ok
[INFO] [stdout] test isa::tests::detection::ok_cross_validate_with_std_feature_detection ... ok
[INFO] [stdout] test isa::tests::detection::ok_detection_across_threads ... ok
[INFO] [stdout] test file::tests::file_write_read::err_write_unaligned_buffer_size ... ok
[INFO] [stdout] test isa::tests::detection::ok_detection_is_deterministic_and_idempotent ... ok
[INFO] [stdout] test isa::tests::detection::ok_meets_x86_64_baseline ... ok
[INFO] [stdout] test isa::tests::enum_invariants::ok_enum_representation_and_layout ... ok
[INFO] [stdout] test isa::tests::enum_invariants::ok_extension_monotonic_ordering ... ok
[INFO] [stdout] test isa::tests::enum_invariants::ok_hashing_and_equality ... ok
[INFO] [stdout] test isa::tests::execution_smoke::ok_execute_detected_isa_instructions ... ok
[INFO] [stdout] test file::tests::file_new::err_new_cleans_up_on_grow_failure ... ok
[INFO] [stdout] test file::tests::file_write_read::ok_concurrent_non_overlapping_writes ... ok
[INFO] [stdout] test file::tests::file_write_read::ok_empty_buffer_noop ... ok
[INFO] [stdout] test file::tests::file_write_read::ok_single_buffer_write_read ... ok
[INFO] [stdout] test file::tests::file_write_read::ok_multi_buffer_write_read ... ok
[INFO] [stdout] test memmap::posix::tests::active_pages::ok_active_pages_after_touch ... ok
[INFO] [stdout] test memmap::posix::tests::active_pages::ok_active_pages_all_touched ... ok
[INFO] [stdout] test file::tests::file_write_read::ok_concurrent_readers ... ok
[INFO] [stdout] test file::tests::module_binding::ok_multiple_files_distinct_module_ids ... ok
[INFO] [stdout] test memmap::posix::tests::active_pages::ok_active_pages_read_faults_page ... ok
[INFO] [stdout] test memmap::posix::tests::active_pages::ok_active_pages_consecutive_consistency ... ok
[INFO] [stdout] test file::tests::file_toctou_and_concurrency::ok_concurrent_new_fails_before_delete_and_succeeds_after ... ok
[INFO] [stdout] test file::tests::file_delete_exists::ok_delete_and_recreate_cycle ... ok
[INFO] [stdout] test memmap::posix::tests::eviction::err_evict_unmapped_and_unaligned_ptr ... ok
[INFO] [stdout] test file::tests::file_sync_and_durability::ok_drop_with_background_thread_persists_data ... ok
[INFO] [stdout] test file::tests::file_sync_and_durability::ok_delete_with_background_thread ... ok
[INFO] [stdout] test memmap::posix::tests::eviction::err_evict_out_of_bounds ... ok
[INFO] [stdout] test memmap::posix::tests::eviction::ok_evict_empty_indices ... ok
[INFO] [stdout] test memmap::posix::tests::eviction::ok_evict_all_using_active_page_indices ... ok
[INFO] [stdout] test memmap::posix::tests::eviction::ok_evict_single_page ... ok
[INFO] [stdout] test memmap::posix::tests::map_drop::ok_drop_tracks_length ... ok
[INFO] [stdout] test memmap::posix::tests::eviction::ok_evict_contiguous_runs ... ok
[INFO] [stdout] test memmap::posix::tests::map_drop::ok_drop_unmaps_from_proc_maps ... ok
[INFO] [stdout] test memmap::posix::tests::map_drop::ok_explicit_unmap_prevents_drop_double_unmap ... ok
[INFO] [stdout] test memmap::posix::tests::map_sync::err_sync_on_unaligned_pointer ... ok
[INFO] [stdout] test memmap::posix::tests::map_drop::ok_drop_persists_written_data ... ok
[INFO] [stdout] test memmap::posix::tests::map_sync::ok_sync ... ok
[INFO] [stdout] test memmap::posix::tests::eviction::ok_evict_unsorted_and_duplicate_indices ... ok
[INFO] [stdout] test memmap::posix::tests::map_durability::ok_map_durability_after_unmap ... ok
[INFO] [stdout] test memmap::posix::tests::map_durability::ok_map_durability_after_unmap_and_close ... ok
[INFO] [stdout] test file::tests::file_toctou_and_concurrency::ok_concurrent_open_or_create_same_file ... ok
[INFO] [stdout] test memmap::posix::tests::map_sync::ok_sync_after_sync ... ok
[INFO] [stdout] test file::tests::file_sync_and_durability::ok_concurrent_ticket_force_storm ... ok
[INFO] [stdout] test memmap::posix::tests::map_unmap::err_map_on_read_only_fd ... ok
[INFO] [stdout] test memmap::posix::tests::map_sync::ok_sync_zero_length ... ok
[INFO] [stdout] test memmap::posix::tests::map_durability::ok_map_durability_on_drop_and_reopen ... ok
[INFO] [stdout] test memmap::posix::tests::map_unmap::err_map_on_invalid_length ... ok
[INFO] [stdout] test memmap::posix::tests::map_unmap::err_unmap_on_invalid_length ... ok
[INFO] [stdout] test memmap::posix::tests::map_unmap::err_map_on_invalid_fd ... ok
[INFO] [stdout] test memmap::posix::tests::map_sync::ok_sync_partial_range ... ok
[INFO] [stdout] test memmap::posix::tests::page_size::ok_page_size_matches_libc_sysconf ... ok
[INFO] [stdout] test memmap::posix::tests::page_size::ok_page_size_returns_valid_power_of_two ... ok
[INFO] [stdout] test memmap::posix::tests::utils::ok_err_msg ... ok
[INFO] [stdout] test memmap::posix::tests::page_size::ok_page_size_consistency ... ok
[INFO] [stdout] test memmap::posix::tests::utils::ok_last_errno ... ok
[INFO] [stdout] test memmap::posix::tests::page_size::ok_page_size_across_threads ... ok
[INFO] [stdout] test memmap::tests::err_new_when_t_invalid ... ok
[INFO] [stdout] test memmap::tests::err_open_when_file_missing ... ok
[INFO] [stdout] test memmap::tests::err_path_when_empty ... ok
[INFO] [stdout] test memmap::posix::tests::map_unmap::ok_map_zero_bytes_on_new ... ok
[INFO] [stdout] test memmap::posix::tests::map_unmap::ok_unmap_consumes_self ... ok
[INFO] [stdout] test memmap::tests::err_path_when_dir_missing ... ok
[INFO] [stdout] test memmap::tests::err_validate_t_invariants ... ok
[INFO] [stdout] test memmap::tests::err_path_when_no_filename ... ok
[INFO] [stdout] test memmap::posix::tests::map_unmap::ok_map_unmap_cycle ... ok
[INFO] [stdout] test memmap::tests::err_path_when_parent_is_not_dir ... ok
[INFO] [stdout] test memmap::tests::err_path_when_is_directory ... ok
[INFO] [stdout] test memmap::posix::tests::map_write_read::ok_write_read_at_boundary ... ok
[INFO] [stdout] test memmap::posix::tests::map_unmap::ok_multiple_shared_mappings_reflect_writes ... ok
[INFO] [stdout] test memmap::posix::tests::map_write_read::ok_write_read_with_offset ... ok
[INFO] [stdout] test memmap::tests::err_new_when_file_exists ... ok
[INFO] [stdout] test memmap::posix::tests::map_write_read::ok_write_read_heterogeneous_types ... ok
[INFO] [stdout] test memmap::posix::tests::map_write_read::ok_read_zero_bytes ... ok
[INFO] [stdout] test memmap::posix::tests::map_write_read::ok_write_read_sync_cycle ... ok
[INFO] [stdout] test memmap::posix::tests::map_write_read::ok_write_read_cycle ... ok
[INFO] [stdout] test memmap::tests::memmap_grow::err_grow_overflow_usize ... ok
[INFO] [stdout] test memmap::tests::err_write_read_out_of_bounds ... ok
[INFO] [stdout] test memmap::tests::memmap_page_size::ok_page_size_returns_valid_power_of_two ... ok
[INFO] [stdout] test memmap::tests::err_concurrent_new_same_path ... ok
[INFO] [stdout] test memmap::tests::err_write_read_overflow_index ... ok
[INFO] [stdout] test memmap::tests::memmap_grow::ok_grow_extends_with_zero ... ok
[INFO] [stdout] test memmap::tests::memmap_grow::ok_grow_zero_count ... ok
[INFO] [stdout] test memmap::tests::memmap_transactions::err_tx_duplicate_index ... ok
[INFO] [stdout] test memmap::tests::memmap_grow::ok_grow_updates_length ... ok
[INFO] [stdout] test memmap::tests::memmap_page_size::ok_page_size_consistency ... ok
[INFO] [stdout] test memmap::tests::memmap_page_size::ok_page_size_across_threads ... ok
[INFO] [stdout] test memmap::tests::memmap_grow::ok_grow_when_already_durable ... ok
[INFO] [stdout] test memmap::tests::memmap_transactions::err_tx_out_of_bounds ... ok
[INFO] [stdout] test memmap::tests::memmap_grow::ok_grow_preserves_existing_data ... ok
[INFO] [stdout] test memmap::tests::memmap_transactions::err_tx_cas_conflict_aborts_all_with_zero_side_effects ... ok
[INFO] [stdout] test memmap::tests::memmap_grow::ok_grow_syncs_dirty_pages_when_curr_epoch_gt_durable ... ok
[INFO] [stdout] test memmap::tests::memmap_grow::ok_grow_multiple_times ... ok
[INFO] [stdout] test memmap::tests::memmap_transactions::err_tx_out_of_order ... ok
[INFO] [stdout] test memmap::tests::memmap_transactions::err_tx_empty_commit ... ok
[INFO] [stdout] test file::tests::file_toctou_and_concurrency::ok_reopen_after_drop ... ok
[INFO] [stdout] test memmap::tests::memmap_transactions::ok_tx_discard_on_drop ... ok
[INFO] [stdout] test memmap::tests::err_concurrent_open_same_path ... ok
[INFO] [stdout] test memmap::tests::memmap_transactions::ok_single_slot_cas_success_and_conflict ... ok
[INFO] [stdout] test memmap::tests::memmap_grow::ok_concurrent_grow_and_reads_writes ... ok
[INFO] [stdout] test memmap::tests::ok_delete ... ok
[INFO] [stdout] test memmap::tests::ok_concurrent_distinct_slots_no_contention ... ok
[INFO] [stdout] test memmap::tests::ok_concurrent_slot_locking ... ok
[INFO] [stdout] test memmap::tests::ok_delete_cleans_up_file_when_mmap_already_unmapped ... ok
[INFO] [stdout] test memmap::tests::ok_drop_persists_unflushed_writes ... ok
[INFO] [stdout] test memmap::tests::ok_bg_worker_parks_when_idle_and_unparks_on_write ... ok
[INFO] [stdout] test memmap::tests::ok_drop_with_sync_interval_none ... ok
[INFO] [stdout] test memmap::tests::ok_exact_boundary_indices ... ok
[INFO] [stdout] test memmap::tests::ok_background_sync_advances_epoch ... ok
[INFO] [stdout] test memmap::tests::ok_concurrent_ticket_force_stress ... ok
[INFO] [stdout] test memmap::tests::ok_durability_across_reopen ... ok
[INFO] [stdout] test memmap::tests::ok_batched_writes_while_active_remain_unparked ... ok
[INFO] [stdout] test memmap::tests::ok_large_slot_count_initialization ... ok
[INFO] [stdout] test memmap::tests::ok_new_sets_file_sync_interval_none ... ok
[INFO] [stdout] test memmap::tests::ok_open ... ok
[INFO] [stdout] test memmap::tests::ok_validate_t ... ok
[INFO] [stdout] test memmap::tests::ok_new_with_sync_interval_none ... ok
[INFO] [stdout] test memmap::tests::ok_versioned_path_resolution ... ok
[INFO] [stdout] test memmap::tests::ok_reopen_after_drop_releases_lock ... ok
[INFO] [stdout] test memmap::tests::ok_open_or_create ... ok
[INFO] [stdout] test memmap::tests::ok_ticket_force_with_sync_interval_none ... ok
[INFO] [stdout] test memmap::tests::ok_ticket_force_wakes_bg_worker ... ok
[INFO] [stdout] test memmap::tests::thread_failure_lifecycle::err_new_failure_paths_spawn_no_sync_thread ... ok
[INFO] [stdout] test memmap::tests::ok_spurious_wakeup_resumes_park_immediately ... ok
[INFO] [stdout] test memmap::tests::ok_delete_and_recreate_cycle ... ok
[INFO] [stdout] test memmap::tests::thread_failure_lifecycle::err_open_failure_paths_spawn_no_sync_thread ... ok
[INFO] [stdout] test memmap::tests::ok_stress_interleaved_reads_writes ... ok
[INFO] [stdout] test memmap::tests::ok_concurrent_writers_with_background_sync ... ok
[INFO] [stdout] test memmap::tests::ok_write_read_multiple_indices ... ok
[INFO] [stdout] test memmap::tests::ok_write_read_struct ... ok
[INFO] [stdout] test memmap::tests::thread_failure_lifecycle::ok_thread_shutdown_on_panic_unwinding ... ok
[INFO] [stdout] test memmap::tests::ok_write_read_single ... ok
[INFO] [stdout] test memmap::tests::thread_failure_lifecycle::ok_thread_shutdown_in_delete_even_if_already_unmapped ... ok
[INFO] [stdout] test memmap::tests::thread_failure_lifecycle::ok_grow_failure_keeps_thread_healthy ... ok
[INFO] [stdout] test memmap::tests::memmap_transactions::ok_tx_concurrent_non_overlapping ... ok
[INFO] [stdout] test memmap::tests::ok_concurrent_stress_park_unpark_no_lost_wakeups ... ok
[INFO] [stdout] test memmap::tests::memmap_transactions::ok_tx_durability_across_reopen ... ok
[INFO] [stdout] test memmap::tests::ok_versioned_path_and_multiversion ... ok
[INFO] [stdout] test memmap::tests::memmap_transactions::ok_tx_multiple_writes_single_epoch ... ok
[INFO] [stdout] test memmap::tests::memmap_transactions::ok_tx_retry_after_conflict ... ok
[INFO] [stdout] test memmap::tests::memmap_transactions::ok_tx_unparks_idle_bg_worker ... ok
[INFO] [stdout] 
[INFO] [stdout] failures:
[INFO] [stdout] 
[INFO] [stdout] ---- file::posix::tests::file_exists::err_exists_on_permission_denied stdout ----
[INFO] [stdout] 
[INFO] [stdout] thread 'file::posix::tests::file_exists::err_exists_on_permission_denied' (329) panicked at src/file/posix.rs:1988:27:
[INFO] [stdout] called `Result::unwrap_err()` on an `Ok` value: false
[INFO] [stdout] stack backtrace:
[INFO] [stdout]    0:     0x59775434e4a5 - <<std[70759c8f55707aa4]::sys::backtrace::BacktraceLock>::print::DisplayBacktrace as core[df12db4294e9bfd3]::fmt::Display>::fmt
[INFO] [stdout]    1:     0x59775433601a - core[df12db4294e9bfd3]::fmt::write
[INFO] [stdout]    2:     0x59775434db3b - <alloc[2182bb758b4b3781]::vec::Vec<u8> as core[df12db4294e9bfd3]::io::write::Write>::write_fmt
[INFO] [stdout]    3:     0x59775434d61f - std[70759c8f55707aa4]::panicking::default_hook::{closure#0}
[INFO] [stdout]    4:     0x59775434d24a - std[70759c8f55707aa4]::panicking::default_hook
[INFO] [stdout]    5:     0x59775434cd82 - std[70759c8f55707aa4]::panicking::panic_with_hook
[INFO] [stdout]    6:     0x597754374281 - std[70759c8f55707aa4]::panicking::panic_handler::{closure#0}
[INFO] [stdout]    7:     0x597754374239 - std[70759c8f55707aa4]::sys::backtrace::__rust_end_short_backtrace::<std[70759c8f55707aa4]::panicking::panic_handler::{closure#0}, !>
[INFO] [stdout]    8:     0x59775437474c - __rustc[8fa7c3cbc660c2b3]::rust_begin_unwind
[INFO] [stdout]    9:     0x597754335eab - core[df12db4294e9bfd3]::panicking::panic_fmt
[INFO] [stdout]   10:     0x597754339751 - core[df12db4294e9bfd3]::result::unwrap_failed
[INFO] [stdout]   11:     0x59775431aa5f - <frozen_core[a62b7fc6046ab340]::file::posix::tests::file_exists::err_exists_on_permission_denied::{closure#0} as core[df12db4294e9bfd3]::ops::function::FnOnce<()>>::call_once
[INFO] [stdout]   12:     0x59775439006b - test[9d35eded1c95d3be]::__rust_begin_short_backtrace::<core[df12db4294e9bfd3]::result::Result<(), alloc[2182bb758b4b3781]::string::String>, fn() -> core[df12db4294e9bfd3]::result::Result<(), alloc[2182bb758b4b3781]::string::String>>
[INFO] [stdout]   13:     0x59775438b65f - test[9d35eded1c95d3be]::run_test::{closure#0}
[INFO] [stdout]   14:     0x59775438b0dc - std[70759c8f55707aa4]::sys::backtrace::__rust_begin_short_backtrace::<test[9d35eded1c95d3be]::run_test::{closure#1}, ()>
[INFO] [stdout]   15:     0x5977543a7d0c - <std[70759c8f55707aa4]::thread::lifecycle::spawn_unchecked<test[9d35eded1c95d3be]::run_test::{closure#1}, ()>::{closure#1} as core[df12db4294e9bfd3]::ops::function::FnOnce<()>>::call_once::{shim:vtable#0}
[INFO] [stdout]   16:     0x597754375ec2 - <std[70759c8f55707aa4]::sys::thread::unix::Thread>::new::thread_start
[INFO] [stdout]   17:     0x7cc59ddf7dfa - <unknown>
[INFO] [stdout]   18:     0x7cc59de8b3d4 - clone
[INFO] [stdout]   19:                0x0 - <unknown>
[INFO] [stdout] 
[INFO] [stdout] ---- file::posix::tests::file_new_close::err_new_on_permission_denied stdout ----
[INFO] [stdout] 
[INFO] [stdout] thread 'file::posix::tests::file_new_close::err_new_on_permission_denied' (351) panicked at src/file/posix.rs:1558:47:
[INFO] [stdout] called `Result::unwrap_err()` on an `Ok` value: POSIXFile { fd: 22 }
[INFO] [stdout] stack backtrace:
[INFO] [stdout]    0:     0x59775434e4a5 - <<std[70759c8f55707aa4]::sys::backtrace::BacktraceLock>::print::DisplayBacktrace as core[df12db4294e9bfd3]::fmt::Display>::fmt
[INFO] [stdout]    1:     0x59775433601a - core[df12db4294e9bfd3]::fmt::write
[INFO] [stdout]    2:     0x59775434db3b - <alloc[2182bb758b4b3781]::vec::Vec<u8> as core[df12db4294e9bfd3]::io::write::Write>::write_fmt
[INFO] [stdout]    3:     0x59775434d61f - std[70759c8f55707aa4]::panicking::default_hook::{closure#0}
[INFO] [stdout]    4:     0x59775434d24a - std[70759c8f55707aa4]::panicking::default_hook
[INFO] [stdout]    5:     0x59775434cd82 - std[70759c8f55707aa4]::panicking::panic_with_hook
[INFO] [stdout]    6:     0x597754374281 - std[70759c8f55707aa4]::panicking::panic_handler::{closure#0}
[INFO] [stdout]    7:     0x597754374239 - std[70759c8f55707aa4]::sys::backtrace::__rust_end_short_backtrace::<std[70759c8f55707aa4]::panicking::panic_handler::{closure#0}, !>
[INFO] [stdout]    8:     0x59775437474c - __rustc[8fa7c3cbc660c2b3]::rust_begin_unwind
[INFO] [stdout]    9:     0x597754335eab - core[df12db4294e9bfd3]::panicking::panic_fmt
[INFO] [stdout]   10:     0x597754339751 - core[df12db4294e9bfd3]::result::unwrap_failed
[INFO] [stdout]   11:     0x59775432115f - <frozen_core[a62b7fc6046ab340]::file::posix::tests::file_new_close::err_new_on_permission_denied::{closure#0} as core[df12db4294e9bfd3]::ops::function::FnOnce<()>>::call_once
[INFO] [stdout]   12:     0x59775439006b - test[9d35eded1c95d3be]::__rust_begin_short_backtrace::<core[df12db4294e9bfd3]::result::Result<(), alloc[2182bb758b4b3781]::string::String>, fn() -> core[df12db4294e9bfd3]::result::Result<(), alloc[2182bb758b4b3781]::string::String>>
[INFO] [stdout]   13:     0x59775438b65f - test[9d35eded1c95d3be]::run_test::{closure#0}
[INFO] [stdout]   14:     0x59775438b0dc - std[70759c8f55707aa4]::sys::backtrace::__rust_begin_short_backtrace::<test[9d35eded1c95d3be]::run_test::{closure#1}, ()>
[INFO] [stdout]   15:     0x5977543a7d0c - <std[70759c8f55707aa4]::thread::lifecycle::spawn_unchecked<test[9d35eded1c95d3be]::run_test::{closure#1}, ()>::{closure#1} as core[df12db4294e9bfd3]::ops::function::FnOnce<()>>::call_once::{shim:vtable#0}
[INFO] [stdout]   16:     0x597754375ec2 - <std[70759c8f55707aa4]::sys::thread::unix::Thread>::new::thread_start
[INFO] [stdout]   17:     0x7cc59ddf7dfa - <unknown>
[INFO] [stdout]   18:     0x7cc59de8b3d4 - clone
[INFO] [stdout]   19:                0x0 - <unknown>
[INFO] [stdout] 
[INFO] [stdout] ---- file::posix::tests::file_unlink::err_unlink_permission_denied stdout ----
[INFO] [stdout] 
[INFO] [stdout] thread 'file::posix::tests::file_unlink::err_unlink_permission_denied' (355) panicked at src/file/posix.rs:1668:44:
[INFO] [stdout] called `Result::unwrap_err()` on an `Ok` value: ()
[INFO] [stdout] stack backtrace:
[INFO] [stdout]    0:     0x59775434e4a5 - <<std[70759c8f55707aa4]::sys::backtrace::BacktraceLock>::print::DisplayBacktrace as core[df12db4294e9bfd3]::fmt::Display>::fmt
[INFO] [stdout]    1:     0x59775433601a - core[df12db4294e9bfd3]::fmt::write
[INFO] [stdout]    2:     0x59775434db3b - <alloc[2182bb758b4b3781]::vec::Vec<u8> as core[df12db4294e9bfd3]::io::write::Write>::write_fmt
[INFO] [stdout]    3:     0x59775434d61f - std[70759c8f55707aa4]::panicking::default_hook::{closure#0}
[INFO] [stdout]    4:     0x59775434d24a - std[70759c8f55707aa4]::panicking::default_hook
[INFO] [stdout]    5:     0x59775434cd82 - std[70759c8f55707aa4]::panicking::panic_with_hook
[INFO] [stdout]    6:     0x597754374281 - std[70759c8f55707aa4]::panicking::panic_handler::{closure#0}
[INFO] [stdout]    7:     0x597754374239 - std[70759c8f55707aa4]::sys::backtrace::__rust_end_short_backtrace::<std[70759c8f55707aa4]::panicking::panic_handler::{closure#0}, !>
[INFO] [stdout]    8:     0x59775437474c - __rustc[8fa7c3cbc660c2b3]::rust_begin_unwind
[INFO] [stdout]    9:     0x597754335eab - core[df12db4294e9bfd3]::panicking::panic_fmt
[INFO] [stdout]   10:     0x597754339751 - core[df12db4294e9bfd3]::result::unwrap_failed
[INFO] [stdout]   11:     0x59775431b7e9 - <frozen_core[a62b7fc6046ab340]::file::posix::tests::file_unlink::err_unlink_permission_denied::{closure#0} as core[df12db4294e9bfd3]::ops::function::FnOnce<()>>::call_once
[INFO] [stdout]   12:     0x59775439006b - test[9d35eded1c95d3be]::__rust_begin_short_backtrace::<core[df12db4294e9bfd3]::result::Result<(), alloc[2182bb758b4b3781]::string::String>, fn() -> core[df12db4294e9bfd3]::result::Result<(), alloc[2182bb758b4b3781]::string::String>>
[INFO] [stdout]   13:     0x59775438b65f - test[9d35eded1c95d3be]::run_test::{closure#0}
[INFO] [stdout]   14:     0x59775438b0dc - std[70759c8f55707aa4]::sys::backtrace::__rust_begin_short_backtrace::<test[9d35eded1c95d3be]::run_test::{closure#1}, ()>
[INFO] [stdout]   15:     0x5977543a7d0c - <std[70759c8f55707aa4]::thread::lifecycle::spawn_unchecked<test[9d35eded1c95d3be]::run_test::{closure#1}, ()>::{closure#1} as core[df12db4294e9bfd3]::ops::function::FnOnce<()>>::call_once::{shim:vtable#0}
[INFO] [stdout]   16:     0x597754375ec2 - <std[70759c8f55707aa4]::sys::thread::unix::Thread>::new::thread_start
[INFO] [stdout]   17:     0x7cc59ddf7dfa - <unknown>
[INFO] [stdout]   18:     0x7cc59de8b3d4 - clone
[INFO] [stdout]   19:                0x0 - <unknown>
[INFO] [stdout] 
[INFO] [stdout] ---- file::tests::file_delete_exists::err_delete_permission_denied stdout ----
[INFO] [stdout] 
[INFO] [stdout] thread 'file::tests::file_delete_exists::err_delete_permission_denied' (379) panicked at src/file/mod.rs:2209:37:
[INFO] [stdout] called `Result::unwrap_err()` on an `Ok` value: ()
[INFO] [stdout] stack backtrace:
[INFO] [stdout]    0:     0x59775434e4a5 - <<std[70759c8f55707aa4]::sys::backtrace::BacktraceLock>::print::DisplayBacktrace as core[df12db4294e9bfd3]::fmt::Display>::fmt
[INFO] [stdout]    1:     0x59775433601a - core[df12db4294e9bfd3]::fmt::write
[INFO] [stdout]    2:     0x59775434db3b - <alloc[2182bb758b4b3781]::vec::Vec<u8> as core[df12db4294e9bfd3]::io::write::Write>::write_fmt
[INFO] [stdout]    3:     0x59775434d61f - std[70759c8f55707aa4]::panicking::default_hook::{closure#0}
[INFO] [stdout]    4:     0x59775434d24a - std[70759c8f55707aa4]::panicking::default_hook
[INFO] [stdout]    5:     0x59775434cd82 - std[70759c8f55707aa4]::panicking::panic_with_hook
[INFO] [stdout]    6:     0x597754374281 - std[70759c8f55707aa4]::panicking::panic_handler::{closure#0}
[INFO] [stdout]    7:     0x597754374239 - std[70759c8f55707aa4]::sys::backtrace::__rust_end_short_backtrace::<std[70759c8f55707aa4]::panicking::panic_handler::{closure#0}, !>
[INFO] [stdout]    8:     0x59775437474c - __rustc[8fa7c3cbc660c2b3]::rust_begin_unwind
[INFO] [stdout]    9:     0x597754335eab - core[df12db4294e9bfd3]::panicking::panic_fmt
[INFO] [stdout]   10:     0x597754339751 - core[df12db4294e9bfd3]::result::unwrap_failed
[INFO] [stdout]   11:     0x5977542d7d2c - <frozen_core[a62b7fc6046ab340]::file::tests::file_delete_exists::err_delete_permission_denied::{closure#0} as core[df12db4294e9bfd3]::ops::function::FnOnce<()>>::call_once
[INFO] [stdout]   12:     0x59775439006b - test[9d35eded1c95d3be]::__rust_begin_short_backtrace::<core[df12db4294e9bfd3]::result::Result<(), alloc[2182bb758b4b3781]::string::String>, fn() -> core[df12db4294e9bfd3]::result::Result<(), alloc[2182bb758b4b3781]::string::String>>
[INFO] [stdout]   13:     0x59775438b65f - test[9d35eded1c95d3be]::run_test::{closure#0}
[INFO] [stdout]   14:     0x59775438b0dc - std[70759c8f55707aa4]::sys::backtrace::__rust_begin_short_backtrace::<test[9d35eded1c95d3be]::run_test::{closure#1}, ()>
[INFO] [stdout]   15:     0x5977543a7d0c - <std[70759c8f55707aa4]::thread::lifecycle::spawn_unchecked<test[9d35eded1c95d3be]::run_test::{closure#1}, ()>::{closure#1} as core[df12db4294e9bfd3]::ops::function::FnOnce<()>>::call_once::{shim:vtable#0}
[INFO] [stdout]   16:     0x597754375ec2 - <std[70759c8f55707aa4]::sys::thread::unix::Thread>::new::thread_start
[INFO] [stdout]   17:     0x7cc59ddf7dfa - <unknown>
[INFO] [stdout]   18:     0x7cc59de8b3d4 - clone
[INFO] [stdout]   19:                0x0 - <unknown>
[INFO] [stdout] 
[INFO] [stdout] 
[INFO] [stdout] failures:
[INFO] [stdout]     file::posix::tests::file_exists::err_exists_on_permission_denied
[INFO] [stdout]     file::posix::tests::file_new_close::err_new_on_permission_denied
[INFO] [stdout]     file::posix::tests::file_unlink::err_unlink_permission_denied
[INFO] [stdout]     file::tests::file_delete_exists::err_delete_permission_denied
[INFO] [stdout] 
[INFO] [stdout] test result: FAILED. 268 passed; 4 failed; 0 ignored; 0 measured; 0 filtered out; finished in 0.40s
[INFO] [stdout] 
[INFO] [stderr] error: test failed, to rerun pass `--lib`
[INFO] running `Command { std: "docker" "inspect" "5e785939d39aa5ee693639e7a5af45dfcfa30a2c787d1ca55c09c8517cb4160b", kill_on_drop: false }`
[INFO] running `Command { std: "docker" "rm" "-f" "5e785939d39aa5ee693639e7a5af45dfcfa30a2c787d1ca55c09c8517cb4160b", kill_on_drop: false }`
[INFO] [stdout] 5e785939d39aa5ee693639e7a5af45dfcfa30a2c787d1ca55c09c8517cb4160b
