[INFO] fetching crate frost-zle 0.1.24...
[INFO] testing frost-zle-0.1.24 against 1.99.0-beta.8+cargoflags=--release for beta-release-1.100-2
[INFO] extracting crate frost-zle 0.1.24 into /workspace/builds/worker-3-tc1/source
[INFO] started tweaking crates.io crate frost-zle 0.1.24
[INFO] removed 0 missing tests
[INFO] finished tweaking crates.io crate frost-zle 0.1.24
[INFO] tweaked toml for crates.io crate frost-zle 0.1.24 written to /workspace/builds/worker-3-tc1/source/Cargo.toml
[INFO] validating manifest of crates.io crate frost-zle 0.1.24 on toolchain 1.99.0-beta.8
[INFO] running `Command { std: CARGO_HOME="/workspace/cargo-home" RUSTUP_HOME="/workspace/rustup-home" "/workspace/cargo-home/bin/cargo" "+1.99.0-beta.8" "metadata" "--manifest-path" "Cargo.toml" "--no-deps", kill_on_drop: false }`
[INFO] crate crates.io crate frost-zle 0.1.24 already has a lockfile, it will not be regenerated
[INFO] running `Command { std: CARGO_HOME="/workspace/cargo-home" RUSTUP_HOME="/workspace/rustup-home" "/workspace/cargo-home/bin/cargo" "+1.99.0-beta.8" "fetch" "--manifest-path" "Cargo.toml", kill_on_drop: false }`
[INFO] [stderr]     Updating crates.io index
[INFO] [stderr]  Downloading crates ...
[INFO] [stderr]   Downloaded strip-ansi-escapes v0.2.1
[INFO] [stderr]   Downloaded log v0.4.32
[INFO] [stderr]   Downloaded fd-lock v4.0.4
[INFO] [stderr]   Downloaded wasm-bindgen-macro v0.2.123
[INFO] [stderr]   Downloaded wasm-bindgen-shared v0.2.123
[INFO] [stderr]   Downloaded vte v0.14.1
[INFO] [stderr]   Downloaded frost-lexer v0.1.24
[INFO] [stderr]   Downloaded frost-options v0.1.24
[INFO] [stderr]   Downloaded wasm-bindgen v0.2.123
[INFO] [stderr]   Downloaded wasm-bindgen-macro-support v0.2.123
[INFO] [stderr]   Downloaded reedline v0.42.0
[INFO] [stderr]   Downloaded insta v1.47.2
[INFO] [stderr]   Downloaded js-sys v0.3.100
[INFO] running `Command { std: "docker" "create" "-v" "/var/lib/crater-agent-workspace/builds/worker-3-tc1/source:/opt/rustwide/workdir:ro,Z" "-v" "/var/lib/crater-agent-workspace/builds/worker-3-tc1/target:/opt/rustwide/target:rw,Z" "-v" "/var/lib/crater-agent-workspace/cargo-home:/opt/rustwide/cargo-home:ro,Z" "-v" "/var/lib/crater-agent-workspace/rustup-home:/opt/rustwide/rustup-home:ro,Z" "-m" "1610612736" "--network" "none" "ghcr.io/rust-lang/crates-build-env/linux@sha256:77db811e55d90add9212f6832c23229e3de5f1c1f9905e8cb07319ea15df73ac" "sleep" "infinity", kill_on_drop: false }`
[INFO] [stdout] 1bbad459e7fd58e3024c1e4700e39b658edbae3e5fe7773ebaef1af14b9b97df
[INFO] running `Command { std: "docker" "start" "1bbad459e7fd58e3024c1e4700e39b658edbae3e5fe7773ebaef1af14b9b97df", kill_on_drop: false }`
[INFO] running `Command { std: "docker" "inspect" "1bbad459e7fd58e3024c1e4700e39b658edbae3e5fe7773ebaef1af14b9b97df", kill_on_drop: false }`
[INFO] running `Command { std: "docker" "exec" "-e" "SOURCE_DIR=/opt/rustwide/workdir" "-e" "CARGO_HOME=/opt/rustwide/cargo-home" "-e" "RUSTUP_HOME=/opt/rustwide/rustup-home" "-e" "CARGO_TARGET_DIR=/opt/rustwide/target" "-w" "/opt/rustwide/workdir" "--user" "0:0" "1bbad459e7fd58e3024c1e4700e39b658edbae3e5fe7773ebaef1af14b9b97df" "/opt/rustwide/cargo-home/bin/cargo" "+1.99.0-beta.8" "metadata" "--no-deps" "--format-version=1", kill_on_drop: false }`
[INFO] running `Command { std: "docker" "inspect" "1bbad459e7fd58e3024c1e4700e39b658edbae3e5fe7773ebaef1af14b9b97df", kill_on_drop: false }`
[INFO] running `Command { std: "docker" "exec" "-e" "SOURCE_DIR=/opt/rustwide/workdir" "-e" "CARGO_HOME=/opt/rustwide/cargo-home" "-e" "RUSTUP_HOME=/opt/rustwide/rustup-home" "-e" "CARGO_TARGET_DIR=/opt/rustwide/target" "-e" "CARGO_INCREMENTAL=0" "-e" "RUST_BACKTRACE=full" "-e" "RUSTFLAGS=--cap-lints=warn" "-e" "RUSTDOCFLAGS=--cap-lints=warn" "-w" "/opt/rustwide/workdir" "--user" "0:0" "1bbad459e7fd58e3024c1e4700e39b658edbae3e5fe7773ebaef1af14b9b97df" "/opt/rustwide/cargo-home/bin/cargo" "+1.99.0-beta.8" "build" "--frozen" "--message-format=json" "--release", kill_on_drop: false }`
[INFO] [stderr]    Compiling libc v0.2.186
[INFO] [stderr]    Compiling thiserror v2.0.18
[INFO] [stderr]    Compiling memchr v2.8.1
[INFO] [stderr]    Compiling log v0.4.32
[INFO] [stderr]    Compiling syn v2.0.117
[INFO] [stderr]    Compiling serde v1.0.228
[INFO] [stderr]    Compiling cfg_aliases v0.2.1
[INFO] [stderr]    Compiling regex-automata v0.4.14
[INFO] [stderr]    Compiling either v1.16.0
[INFO] [stderr]    Compiling bitflags v2.13.0
[INFO] [stderr]    Compiling strum v0.26.3
[INFO] [stderr]    Compiling nu-ansi-term v0.50.3
[INFO] [stderr]    Compiling compact_str v0.8.2
[INFO] [stderr]    Compiling nix v0.29.0
[INFO] [stderr]    Compiling rustix v0.38.44
[INFO] [stderr]    Compiling rustix v1.1.4
[INFO] [stderr]    Compiling itertools v0.13.0
[INFO] [stderr]    Compiling vte v0.14.1
[INFO] [stderr]    Compiling bstr v1.12.1
[INFO] [stderr]    Compiling strip-ansi-escapes v0.2.1
[INFO] [stderr]    Compiling errno v0.3.14
[INFO] [stderr]    Compiling parking_lot_core v0.9.12
[INFO] [stderr]    Compiling mio v1.2.1
[INFO] [stderr]    Compiling parking_lot v0.12.5
[INFO] [stderr]    Compiling signal-hook-registry v1.4.8
[INFO] [stderr]    Compiling signal-hook v0.3.18
[INFO] [stderr]    Compiling signal-hook-mio v0.2.5
[INFO] [stderr]    Compiling thiserror-impl v2.0.18
[INFO] [stderr]    Compiling serde_derive v1.0.228
[INFO] [stderr]    Compiling strum_macros v0.26.4
[INFO] [stderr]    Compiling fd-lock v4.0.4
[INFO] [stderr]    Compiling frost-options v0.1.24
[INFO] [stderr]    Compiling frost-lexer v0.1.24
[INFO] [stderr]    Compiling chrono v0.4.45
[INFO] [stderr]    Compiling crossterm v0.28.1
[INFO] [stderr]    Compiling reedline v0.42.0
[INFO] [stderr]    Compiling frost-zle v0.1.24 (/opt/rustwide/workdir)
[INFO] [stderr]     Finished `release` profile [optimized] target(s) in 26.71s
[INFO] running `Command { std: "docker" "inspect" "1bbad459e7fd58e3024c1e4700e39b658edbae3e5fe7773ebaef1af14b9b97df", kill_on_drop: false }`
[INFO] running `Command { std: "docker" "exec" "-e" "SOURCE_DIR=/opt/rustwide/workdir" "-e" "CARGO_HOME=/opt/rustwide/cargo-home" "-e" "RUSTUP_HOME=/opt/rustwide/rustup-home" "-e" "CARGO_TARGET_DIR=/opt/rustwide/target" "-e" "CARGO_INCREMENTAL=0" "-e" "RUST_BACKTRACE=full" "-e" "RUSTFLAGS=--cap-lints=warn" "-e" "RUSTDOCFLAGS=--cap-lints=warn" "-w" "/opt/rustwide/workdir" "--user" "0:0" "1bbad459e7fd58e3024c1e4700e39b658edbae3e5fe7773ebaef1af14b9b97df" "/opt/rustwide/cargo-home/bin/cargo" "+1.99.0-beta.8" "test" "--frozen" "--no-run" "--message-format=json" "--release", kill_on_drop: false }`
[INFO] [stderr]    Compiling getrandom v0.4.2
[INFO] [stderr]    Compiling console v0.16.3
[INFO] [stderr]    Compiling yansi v1.0.1
[INFO] [stderr]    Compiling diff v0.1.13
[INFO] [stderr]    Compiling tempfile v3.27.0
[INFO] [stderr]    Compiling pretty_assertions v1.4.1
[INFO] [stderr]    Compiling insta v1.47.2
[INFO] [stderr]    Compiling frost-zle v0.1.24 (/opt/rustwide/workdir)
[INFO] [stderr]     Finished `release` profile [optimized] target(s) in 11.82s
[INFO] running `Command { std: "docker" "inspect" "1bbad459e7fd58e3024c1e4700e39b658edbae3e5fe7773ebaef1af14b9b97df", kill_on_drop: false }`
[INFO] running `Command { std: "docker" "exec" "-e" "SOURCE_DIR=/opt/rustwide/workdir" "-e" "CARGO_HOME=/opt/rustwide/cargo-home" "-e" "RUSTUP_HOME=/opt/rustwide/rustup-home" "-e" "CARGO_TARGET_DIR=/opt/rustwide/target" "-e" "CARGO_INCREMENTAL=0" "-e" "RUST_BACKTRACE=full" "-e" "RUSTFLAGS=--cap-lints=warn" "-e" "RUSTDOCFLAGS=--cap-lints=warn" "-w" "/opt/rustwide/workdir" "--user" "0:0" "1bbad459e7fd58e3024c1e4700e39b658edbae3e5fe7773ebaef1af14b9b97df" "/opt/rustwide/cargo-home/bin/cargo" "+1.99.0-beta.8" "test" "--frozen" "--release", kill_on_drop: false }`
[INFO] [stderr]     Finished `release` profile [optimized] target(s) in 0.11s
[INFO] [stderr]      Running unittests src/lib.rs (/opt/rustwide/target/release/deps/frost_zle-f51703cae6115051)
[INFO] [stdout] 
[INFO] [stdout] running 41 tests
[INFO] [stdout] test highlight::tests::empty_line_yields_no_segments ... ok
[INFO] [stdout] test highlight::tests::parse_hex_style_rrggbb_and_rgb ... ok
[INFO] [stdout] test highlight::tests::pipe_breaks_command_boundary ... ok
[INFO] [stdout] test highlight::tests::unknown_command_gets_yellow ... ok
[INFO] [stdout] test tests::apply_custom_bindings_to_reports_applied_count ... ok
[INFO] [stdout] test tests::classify_chord_rejects_malformed_single_chord ... ok
[INFO] [stdout] test tests::classify_chord_rejects_multi_key_with_invalid_piece ... ok
[INFO] [stdout] test highlight::tests::palette_from_hex_slots_overrides_only_set_slots ... ok
[INFO] [stdout] test tests::default_history_path_is_nonempty ... ok
[INFO] [stdout] test tests::classify_chord_recognizes_multi_key_sequences ... ok
[INFO] [stdout] test highlight::tests::known_command_gets_green ... ok
[INFO] [stdout] test tests::parse_chord_named_key ... ok
[INFO] [stdout] test tests::parse_chord_alt_char ... ok
[INFO] [stdout] test highlight::tests::reserved_word_gets_magenta_bold ... ok
[INFO] [stdout] test tests::classify_chord_recognizes_single_key_forms ... ok
[INFO] [stdout] test tests::parse_chord_single_char ... ok
[INFO] [stdout] test tests::continuation_replaces_ps1_and_blanks_rps1 ... ok
[INFO] [stdout] test tests::prompt_defaults_to_frost_gt_and_gt ... ok
[INFO] [stdout] test tests::prompt_indicator_distinguishes_vi_normal_from_vi_insert ... ok
[INFO] [stdout] test tests::parse_chord_multiple_modifiers ... ok
[INFO] [stdout] test tests::prompt_mode_indicators_are_configurable ... ok
[INFO] [stdout] test tests::prompt_indicators_are_single_width_ascii ... ok
[INFO] [stdout] [0 q[?25h[0 q[?25h[0 q[?25htest highlight::tests::strings_get_cyan ... ok
[INFO] [stdout] test tests::tab_is_bound_to_completion_menu ... ok
[INFO] [stdout] test tests::parse_chord_ctrl_char ... ok
[INFO] [stdout] [0 q[?25h[0 q[?25htest tests::inject_prefill_does_not_panic_on_in_memory_engine ... ok
[INFO] [stdout] test tests::set_edit_mode_rebuilds_keymap_on_mode_change_with_custom_bindings ... ok
[INFO] [stdout] test tests::set_edit_mode_idempotent_on_same_mode ... ok
[INFO] [stdout] test tests::in_memory_engine_reports_no_history_error ... ok
[INFO] [stdout] test tests::in_memory_engine_constructs ... ok
[INFO] [stdout] test tests::parse_chord_plus_separator_works_too ... ok
[INFO] [stdout] test tests::parse_chord_rejects_garbage ... ok
[INFO] [stdout] [0 q[?25htest tests::unopenable_history_file_is_reported_not_swallowed ... FAILED
[INFO] [stdout] test tests::rc_binding_beats_reedline_builtin_in_vi_normal ... ok
[INFO] [stdout] test highlight::tests::highlighter_uses_custom_palette_for_command ... ok
[INFO] [stdout] [0 q[?25h[0 q[?25htest tests::with_bindings_silently_skips_multi_key_chords ... ok
[INFO] [stdout] test highlight::tests::parse_hex_style_rejects_garbage ... ok
[INFO] [stdout] test tests::vi_keymaps_carry_custom_bindings_in_both_halves ... ok
[INFO] [stdout] test tests::with_bindings_stashes_custom_bindings ... ok
[INFO] [stdout] test highlight::tests::second_word_is_arg_default_style ... ok
[INFO] [stdout] test tests::parse_single_chord_key_case_insensitive ... ok
[INFO] [stdout] 
[INFO] [stdout] failures:
[INFO] [stdout] 
[INFO] [stdout] ---- tests::unopenable_history_file_is_reported_not_swallowed stdout ----
[INFO] [stdout] 
[INFO] [stdout] thread 'tests::unopenable_history_file_is_reported_not_swallowed' (1001) panicked at src/lib.rs:1040:9:
[INFO] [stdout] an unopenable history file must leave a reason behind
[INFO] [stdout] stack backtrace:
[INFO] [stdout]    0:     0x619fbf0b7581 - <<std[70759c8f55707aa4]::sys::backtrace::BacktraceLock>::print::DisplayBacktrace as core[df12db4294e9bfd3]::fmt::Display>::fmt
[INFO] [stdout]    1:     0x619fbf0cd53a - core[df12db4294e9bfd3]::fmt::write
[INFO] [stdout]    2:     0x619fbf0bbdac - <alloc[2182bb758b4b3781]::vec::Vec<u8> as core[df12db4294e9bfd3]::io::write::Write>::write_fmt
[INFO] [stdout]    3:     0x619fbf092c26 - std[70759c8f55707aa4]::panicking::default_hook::{closure#0}
[INFO] [stdout]    4:     0x619fbf0afb59 - std[70759c8f55707aa4]::panicking::default_hook
[INFO] [stdout]    5:     0x619fbf0204d0 - test[9d35eded1c95d3be]::test_main_inner::<test[9d35eded1c95d3be]::test_main_static::{closure#0}>::{closure#0}
[INFO] [stdout]    6:     0x619fbf0afd12 - std[70759c8f55707aa4]::panicking::panic_with_hook
[INFO] [stdout]    7:     0x619fbf092d04 - std[70759c8f55707aa4]::panicking::panic_handler::{closure#0}
[INFO] [stdout]    8:     0x619fbf08b939 - std[70759c8f55707aa4]::sys::backtrace::__rust_end_short_backtrace::<std[70759c8f55707aa4]::panicking::panic_handler::{closure#0}, !>
[INFO] [stdout]    9:     0x619fbf0938cd - __rustc[8fa7c3cbc660c2b3]::rust_begin_unwind
[INFO] [stdout]   10:     0x619fbf0cdc6c - core[df12db4294e9bfd3]::panicking::panic_fmt
[INFO] [stdout]   11:     0x619fbf0048e9 - frost_zle[bcf5f306ffe004a7]::tests::unopenable_history_file_is_reported_not_swallowed
[INFO] [stdout]   12:     0x619fbf009d79 - <frost_zle[bcf5f306ffe004a7]::tests::unopenable_history_file_is_reported_not_swallowed::{closure#0} as core[df12db4294e9bfd3]::ops::function::FnOnce<()>>::call_once
[INFO] [stdout]   13:     0x619fbf0137bb - test[9d35eded1c95d3be]::__rust_begin_short_backtrace::<core[df12db4294e9bfd3]::result::Result<(), alloc[2182bb758b4b3781]::string::String>, fn() -> core[df12db4294e9bfd3]::result::Result<(), alloc[2182bb758b4b3781]::string::String>>
[INFO] [stdout]   14:     0x619fbf020e25 - test[9d35eded1c95d3be]::run_test::{closure#0}
[INFO] [stdout]   15:     0x619fbf01a6e4 - std[70759c8f55707aa4]::sys::backtrace::__rust_begin_short_backtrace::<test[9d35eded1c95d3be]::run_test::{closure#1}, ()>
[INFO] [stdout]   16:     0x619fbf023f82 - <std[70759c8f55707aa4]::thread::lifecycle::spawn_unchecked<test[9d35eded1c95d3be]::run_test::{closure#1}, ()>::{closure#1} as core[df12db4294e9bfd3]::ops::function::FnOnce<()>>::call_once::{shim:vtable#0}
[INFO] [stdout]   17:     0x619fbf0b6e59 - <std[70759c8f55707aa4]::sys::thread::unix::Thread>::new::thread_start
[INFO] [stdout]   18:     0x71a5faabfdfa - <unknown>
[INFO] [stdout]   19:     0x71a5fab533d4 - clone
[INFO] [stdout]   20:                0x0 - <unknown>
[INFO] [stdout] 
[INFO] [stdout] 
[INFO] [stdout] failures:
[INFO] [stdout]     tests::unopenable_history_file_is_reported_not_swallowed
[INFO] [stdout] 
[INFO] [stdout] test result: FAILED. 40 passed; 1 failed; 0 ignored; 0 measured; 0 filtered out; finished in 0.02s
[INFO] [stdout] 
[INFO] [stderr] error: test failed, to rerun pass `--lib`
[INFO] running `Command { std: "docker" "inspect" "1bbad459e7fd58e3024c1e4700e39b658edbae3e5fe7773ebaef1af14b9b97df", kill_on_drop: false }`
[INFO] running `Command { std: "docker" "rm" "-f" "1bbad459e7fd58e3024c1e4700e39b658edbae3e5fe7773ebaef1af14b9b97df", kill_on_drop: false }`
[INFO] [stdout] 1bbad459e7fd58e3024c1e4700e39b658edbae3e5fe7773ebaef1af14b9b97df
