[INFO] fetching crate from-athena-derive 0.1.1...
[INFO] testing from-athena-derive-0.1.1 against 1.99.0-beta.8+cargoflags=--release for beta-release-1.100-2
[INFO] extracting crate from-athena-derive 0.1.1 into /workspace/builds/worker-3-tc1/source
[INFO] started tweaking crates.io crate from-athena-derive 0.1.1
[INFO] finished tweaking crates.io crate from-athena-derive 0.1.1
[INFO] tweaked toml for crates.io crate from-athena-derive 0.1.1 written to /workspace/builds/worker-3-tc1/source/Cargo.toml
[INFO] validating manifest of crates.io crate from-athena-derive 0.1.1 on toolchain 1.99.0-beta.8
[INFO] running `Command { std: CARGO_HOME="/workspace/cargo-home" RUSTUP_HOME="/workspace/rustup-home" "/workspace/cargo-home/bin/cargo" "+1.99.0-beta.8" "metadata" "--manifest-path" "Cargo.toml" "--no-deps", kill_on_drop: false }`
[INFO] running `Command { std: CARGO_HOME="/workspace/cargo-home" RUSTUP_HOME="/workspace/rustup-home" "/workspace/cargo-home/bin/cargo" "+1.99.0-beta.8" "generate-lockfile" "--manifest-path" "Cargo.toml", kill_on_drop: false }`
[INFO] [stderr]     Updating crates.io index
[INFO] [stderr]      Locking 161 packages to highest compatible versions
[INFO] [stderr]       Adding syn v2.0.119 (available: v3.0.9)
[INFO] running `Command { std: CARGO_HOME="/workspace/cargo-home" RUSTUP_HOME="/workspace/rustup-home" "/workspace/cargo-home/bin/cargo" "+1.99.0-beta.8" "fetch" "--manifest-path" "Cargo.toml", kill_on_drop: false }`
[INFO] [stderr]  Downloading crates ...
[INFO] [stderr]   Downloaded pin-utils v0.1.1
[INFO] [stderr]   Downloaded aws-smithy-schema v0.2.1
[INFO] [stderr]   Downloaded aws-smithy-observability v0.3.0
[INFO] [stderr]   Downloaded aws-types v1.6.0
[INFO] [stderr]   Downloaded aws-smithy-runtime-api-macros v1.1.0
[INFO] [stderr]   Downloaded aws-smithy-types v1.8.1
[INFO] [stderr]   Downloaded aws-smithy-async v1.3.0
[INFO] [stderr]   Downloaded aws-credential-types v1.3.0
[INFO] [stderr]   Downloaded aws-smithy-http v0.64.1
[INFO] [stderr]   Downloaded aws-smithy-json v0.63.1
[INFO] [stderr]   Downloaded aws-runtime v1.10.0
[INFO] [stderr]   Downloaded arc-swap v1.9.3
[INFO] [stderr]   Downloaded aws-sigv4 v1.6.0
[INFO] [stderr]   Downloaded aws-smithy-runtime-api v1.19.0
[INFO] [stderr]   Downloaded aws-smithy-runtime v1.16.0
[INFO] [stderr]   Downloaded aws-smithy-http-client v1.5.0
[INFO] [stderr]   Downloaded aws-sdk-athena v1.122.0
[INFO] running `Command { std: "docker" "create" "-v" "/var/lib/crater-agent-workspace/builds/worker-3-tc1/source:/opt/rustwide/workdir:ro,Z" "-v" "/var/lib/crater-agent-workspace/builds/worker-3-tc1/target:/opt/rustwide/target:rw,Z" "-v" "/var/lib/crater-agent-workspace/cargo-home:/opt/rustwide/cargo-home:ro,Z" "-v" "/var/lib/crater-agent-workspace/rustup-home:/opt/rustwide/rustup-home:ro,Z" "-m" "1610612736" "--network" "none" "ghcr.io/rust-lang/crates-build-env/linux@sha256:77db811e55d90add9212f6832c23229e3de5f1c1f9905e8cb07319ea15df73ac" "sleep" "infinity", kill_on_drop: false }`
[INFO] [stdout] a891f80b1c9ddf4c23e0d613b0caf156222b56241c59e307b5b2cf745820efac
[INFO] running `Command { std: "docker" "start" "a891f80b1c9ddf4c23e0d613b0caf156222b56241c59e307b5b2cf745820efac", kill_on_drop: false }`
[INFO] running `Command { std: "docker" "inspect" "a891f80b1c9ddf4c23e0d613b0caf156222b56241c59e307b5b2cf745820efac", kill_on_drop: false }`
[INFO] running `Command { std: "docker" "exec" "-e" "SOURCE_DIR=/opt/rustwide/workdir" "-e" "CARGO_HOME=/opt/rustwide/cargo-home" "-e" "RUSTUP_HOME=/opt/rustwide/rustup-home" "-e" "CARGO_TARGET_DIR=/opt/rustwide/target" "-w" "/opt/rustwide/workdir" "--user" "0:0" "a891f80b1c9ddf4c23e0d613b0caf156222b56241c59e307b5b2cf745820efac" "/opt/rustwide/cargo-home/bin/cargo" "+1.99.0-beta.8" "metadata" "--no-deps" "--format-version=1", kill_on_drop: false }`
[INFO] running `Command { std: "docker" "inspect" "a891f80b1c9ddf4c23e0d613b0caf156222b56241c59e307b5b2cf745820efac", kill_on_drop: false }`
[INFO] running `Command { std: "docker" "exec" "-e" "SOURCE_DIR=/opt/rustwide/workdir" "-e" "CARGO_HOME=/opt/rustwide/cargo-home" "-e" "RUSTUP_HOME=/opt/rustwide/rustup-home" "-e" "CARGO_TARGET_DIR=/opt/rustwide/target" "-e" "CARGO_INCREMENTAL=0" "-e" "RUST_BACKTRACE=full" "-e" "RUSTFLAGS=--cap-lints=warn" "-e" "RUSTDOCFLAGS=--cap-lints=warn" "-w" "/opt/rustwide/workdir" "--user" "0:0" "a891f80b1c9ddf4c23e0d613b0caf156222b56241c59e307b5b2cf745820efac" "/opt/rustwide/cargo-home/bin/cargo" "+1.99.0-beta.8" "build" "--frozen" "--message-format=json" "--release", kill_on_drop: false }`
[INFO] [stderr]    Compiling libc v0.2.191
[INFO] [stderr]    Compiling bytes v1.12.1
[INFO] [stderr]    Compiling pin-project-lite v0.2.17
[INFO] [stderr]    Compiling find-msvc-tools v0.1.14
[INFO] [stderr]    Compiling futures-core v0.3.34
[INFO] [stderr]    Compiling fnv v1.0.7
[INFO] [stderr]    Compiling futures-sink v0.3.34
[INFO] [stderr]    Compiling tracing-attributes v0.1.31
[INFO] [stderr]    Compiling tracing-core v0.1.36
[INFO] [stderr]    Compiling futures-task v0.3.34
[INFO] [stderr]    Compiling zeroize v1.9.1
[INFO] [stderr]    Compiling num-traits v0.2.19
[INFO] [stderr]    Compiling futures-util v0.3.34
[INFO] [stderr]    Compiling time-core v0.1.9
[INFO] [stderr]    Compiling outref v0.5.2
[INFO] [stderr]    Compiling num-conv v0.2.2
[INFO] [stderr]    Compiling deranged v0.5.9
[INFO] [stderr]    Compiling fs_extra v1.3.0
[INFO] [stderr]    Compiling vsimd v0.8.0
[INFO] [stderr]    Compiling http v1.5.0
[INFO] [stderr]    Compiling http v0.2.12
[INFO] [stderr]    Compiling powerfmt v0.2.1
[INFO] [stderr]    Compiling untrusted v0.9.0
[INFO] [stderr]    Compiling tracing v0.1.44
[INFO] [stderr]    Compiling pkg-config v0.3.34
[INFO] [stderr]    Compiling dunce v1.0.5
[INFO] [stderr]    Compiling either v1.19.0
[INFO] [stderr]    Compiling base64-simd v0.8.0
[INFO] [stderr]    Compiling bytes-utils v0.1.4
[INFO] [stderr]    Compiling socket2 v0.6.5
[INFO] [stderr]    Compiling mio v1.2.4
[INFO] [stderr]    Compiling jobserver v0.1.35
[INFO] [stderr]    Compiling http-body v1.1.0
[INFO] [stderr]    Compiling num-integer v0.1.47
[INFO] [stderr]    Compiling cfg-if v1.0.5
[INFO] [stderr]    Compiling http-body-util v0.1.5
[INFO] [stderr]    Compiling http-body v0.4.6
[INFO] [stderr]    Compiling time v0.3.55
[INFO] [stderr]    Compiling cc v1.8.0
[INFO] [stderr]    Compiling tokio v1.53.3
[INFO] [stderr]    Compiling ryu v1.0.23
[INFO] [stderr]    Compiling pin-utils v0.1.1
[INFO] [stderr]    Compiling aws-smithy-runtime-api-macros v1.1.0
[INFO] [stderr]    Compiling equivalent v1.0.3
[INFO] [stderr]    Compiling aws-lc-rs v1.18.2
[INFO] [stderr]    Compiling indexmap v2.14.2
[INFO] [stderr]    Compiling slab v0.4.12
[INFO] [stderr]    Compiling httparse v1.10.1
[INFO] [stderr]    Compiling getrandom v0.2.17
[INFO] [stderr]    Compiling try-lock v0.2.5
[INFO] [stderr]    Compiling rustls-pki-types v1.15.1
[INFO] [stderr]    Compiling want v0.3.2
[INFO] [stderr]    Compiling futures-channel v0.3.34
[INFO] [stderr]    Compiling percent-encoding v2.3.2
[INFO] [stderr]    Compiling tower-service v0.3.3
[INFO] [stderr]    Compiling typenum v1.20.1
[INFO] [stderr]    Compiling rustls v0.23.46
[INFO] [stderr]    Compiling atomic-waker v1.1.2
[INFO] [stderr]    Compiling rustls v0.21.12
[INFO] [stderr]    Compiling cmov v0.5.4
[INFO] [stderr]    Compiling log v0.4.34
[INFO] [stderr]    Compiling subtle v2.6.1
[INFO] [stderr]    Compiling smallvec v1.16.3
[INFO] [stderr]    Compiling ctutils v0.4.3
[INFO] [stderr]    Compiling socket2 v0.5.10
[INFO] [stderr]    Compiling base64 v0.23.1
[INFO] [stderr]    Compiling openssl-probe v0.2.1
[INFO] [stderr]    Compiling ipnet v2.12.2
[INFO] [stderr]    Compiling httpdate v1.0.3
[INFO] [stderr]    Compiling const-oid v0.10.2
[INFO] [stderr]    Compiling rustls-native-certs v0.8.5
[INFO] [stderr]    Compiling hybrid-array v0.4.15
[INFO] [stderr]    Compiling tower-layer v0.3.3
[INFO] [stderr]    Compiling cmake v0.1.58
[INFO] [stderr]    Compiling tower v0.5.3
[INFO] [stderr]    Compiling aws-types v1.6.0
[INFO] [stderr]    Compiling cpufeatures v0.3.1
[INFO] [stderr]    Compiling form_urlencoded v1.2.2
[INFO] [stderr]    Compiling fastrand v2.5.0
[INFO] [stderr]    Compiling uuid v1.28.0
[INFO] [stderr]    Compiling arc-swap v1.9.3
[INFO] [stderr]    Compiling regex-lite v0.1.9
[INFO] [stderr]    Compiling anyhow v1.0.104
[INFO] [stderr]    Compiling block-buffer v0.12.1
[INFO] [stderr]    Compiling crypto-common v0.2.2
[INFO] [stderr]    Compiling aws-lc-sys v0.46.0
[INFO] [stderr]    Compiling ring v0.17.14
[INFO] [stderr]    Compiling digest v0.11.3
[INFO] [stderr]    Compiling hmac v0.13.0
[INFO] [stderr]    Compiling sha2 v0.11.1
[INFO] [stderr]    Compiling tokio-util v0.7.20
[INFO] [stderr]    Compiling aws-smithy-async v1.3.0
[INFO] [stderr]    Compiling rustls-webpki v0.101.7
[INFO] [stderr]    Compiling sct v0.7.1
[INFO] [stderr]    Compiling aws-smithy-types v1.8.1
[INFO] [stderr]    Compiling h2 v0.4.20
[INFO] [stderr]    Compiling h2 v0.3.27
[INFO] [stderr]    Compiling aws-smithy-runtime-api v1.19.0
[INFO] [stderr]    Compiling aws-smithy-schema v0.2.1
[INFO] [stderr]    Compiling hyper v1.12.0
[INFO] [stderr]    Compiling hyper v0.14.32
[INFO] [stderr]    Compiling tokio-rustls v0.24.1
[INFO] [stderr]    Compiling aws-credential-types v1.3.0
[INFO] [stderr]    Compiling aws-smithy-http v0.64.1
[INFO] [stderr]    Compiling aws-smithy-observability v0.3.0
[INFO] [stderr]    Compiling hyper-util v0.1.21
[INFO] [stderr]    Compiling aws-sigv4 v1.6.0
[INFO] [stderr]    Compiling aws-smithy-json v0.63.1
[INFO] [stderr]    Compiling hyper-rustls v0.24.2
[INFO] [stderr]    Compiling rustls-webpki v0.103.15
[INFO] [stderr]    Compiling tokio-rustls v0.26.6
[INFO] [stderr]    Compiling hyper-rustls v0.27.10
[INFO] [stderr]    Compiling aws-smithy-http-client v1.5.0
[INFO] [stderr]    Compiling aws-smithy-runtime v1.16.0
[INFO] [stderr]    Compiling aws-runtime v1.10.0
[INFO] [stderr]    Compiling aws-sdk-athena v1.122.0
[INFO] [stderr]    Compiling from-athena-derive v0.1.1 (/opt/rustwide/workdir)
[INFO] [stderr]     Finished `release` profile [optimized] target(s) in 2m 27s
[INFO] running `Command { std: "docker" "inspect" "a891f80b1c9ddf4c23e0d613b0caf156222b56241c59e307b5b2cf745820efac", kill_on_drop: false }`
[INFO] running `Command { std: "docker" "exec" "-e" "SOURCE_DIR=/opt/rustwide/workdir" "-e" "CARGO_HOME=/opt/rustwide/cargo-home" "-e" "RUSTUP_HOME=/opt/rustwide/rustup-home" "-e" "CARGO_TARGET_DIR=/opt/rustwide/target" "-e" "CARGO_INCREMENTAL=0" "-e" "RUST_BACKTRACE=full" "-e" "RUSTFLAGS=--cap-lints=warn" "-e" "RUSTDOCFLAGS=--cap-lints=warn" "-w" "/opt/rustwide/workdir" "--user" "0:0" "a891f80b1c9ddf4c23e0d613b0caf156222b56241c59e307b5b2cf745820efac" "/opt/rustwide/cargo-home/bin/cargo" "+1.99.0-beta.8" "test" "--frozen" "--no-run" "--message-format=json" "--release", kill_on_drop: false }`
[INFO] [stderr]    Compiling from-athena-derive v0.1.1 (/opt/rustwide/workdir)
[INFO] [stderr]     Finished `release` profile [optimized] target(s) in 0.66s
[INFO] running `Command { std: "docker" "inspect" "a891f80b1c9ddf4c23e0d613b0caf156222b56241c59e307b5b2cf745820efac", kill_on_drop: false }`
[INFO] running `Command { std: "docker" "exec" "-e" "SOURCE_DIR=/opt/rustwide/workdir" "-e" "CARGO_HOME=/opt/rustwide/cargo-home" "-e" "RUSTUP_HOME=/opt/rustwide/rustup-home" "-e" "CARGO_TARGET_DIR=/opt/rustwide/target" "-e" "CARGO_INCREMENTAL=0" "-e" "RUST_BACKTRACE=full" "-e" "RUSTFLAGS=--cap-lints=warn" "-e" "RUSTDOCFLAGS=--cap-lints=warn" "-w" "/opt/rustwide/workdir" "--user" "0:0" "a891f80b1c9ddf4c23e0d613b0caf156222b56241c59e307b5b2cf745820efac" "/opt/rustwide/cargo-home/bin/cargo" "+1.99.0-beta.8" "test" "--frozen" "--release", kill_on_drop: false }`
[INFO] [stderr]     Finished `release` profile [optimized] target(s) in 0.15s
[INFO] [stderr]      Running unittests src/lib.rs (/opt/rustwide/target/release/deps/from_athena_derive-c067629b34cbdf28)
[INFO] [stdout] 
[INFO] [stdout] running 0 tests
[INFO] [stdout] 
[INFO] [stdout] test result: ok. 0 passed; 0 failed; 0 ignored; 0 measured; 0 filtered out; finished in 0.00s
[INFO] [stdout] 
[INFO] [stderr]    Doc-tests from_athena_derive
[INFO] [stdout] 
[INFO] [stdout] running 1 test
[INFO] [stdout] test src/lib.rs - from_athena (line 23) ... FAILED
[INFO] [stdout] 
[INFO] [stdout] failures:
[INFO] [stdout] 
[INFO] [stdout] ---- src/lib.rs - from_athena (line 23) stdout ----
[INFO] [stdout] error[E0432]: unresolved import `aws_athena_parser`
[INFO] [stdout]   --> src/lib.rs:24:5
[INFO] [stdout]    |
[INFO] [stdout] 24 | use aws_athena_parser::{from_athena, FromAthena};
[INFO] [stdout]    |     ^^^^^^^^^^^^^^^^^ use of unresolved module or unlinked crate `aws_athena_parser`
[INFO] [stdout]    |
[INFO] [stdout]    = help: if you wanted to use a crate named `aws_athena_parser`, use `cargo add aws_athena_parser` to add it to your `Cargo.toml`
[INFO] [stdout] 
[INFO] [stdout] error: aborting due to 1 previous error
[INFO] [stdout] 
[INFO] [stdout] For more information about this error, try `rustc --explain E0432`.
[INFO] [stdout] Couldn't compile the test.
[INFO] [stdout] 
[INFO] [stdout] failures:
[INFO] [stdout]     src/lib.rs - from_athena (line 23)
[INFO] [stdout] 
[INFO] [stdout] test result: FAILED. 0 passed; 1 failed; 0 ignored; 0 measured; 0 filtered out; finished in 0.22s
[INFO] [stdout] 
[INFO] [stderr] error: doctest failed, to rerun pass `--doc`
[INFO] running `Command { std: "docker" "inspect" "a891f80b1c9ddf4c23e0d613b0caf156222b56241c59e307b5b2cf745820efac", kill_on_drop: false }`
[INFO] running `Command { std: "docker" "rm" "-f" "a891f80b1c9ddf4c23e0d613b0caf156222b56241c59e307b5b2cf745820efac", kill_on_drop: false }`
[INFO] [stdout] a891f80b1c9ddf4c23e0d613b0caf156222b56241c59e307b5b2cf745820efac
