[INFO] fetching crate frogql 0.5.10...
[INFO] testing frogql-0.5.10 against 1.100.0-beta.1+cargoflags=--release for beta-release-1.100-2
[INFO] extracting crate frogql 0.5.10 into /workspace/builds/worker-4-tc2/source
[INFO] started tweaking crates.io crate frogql 0.5.10
[INFO] finished tweaking crates.io crate frogql 0.5.10
[INFO] tweaked toml for crates.io crate frogql 0.5.10 written to /workspace/builds/worker-4-tc2/source/Cargo.toml
[INFO] validating manifest of crates.io crate frogql 0.5.10 on toolchain 1.100.0-beta.1
[INFO] running `Command { std: CARGO_HOME="/workspace/cargo-home" RUSTUP_HOME="/workspace/rustup-home" "/workspace/cargo-home/bin/cargo" "+1.100.0-beta.1" "metadata" "--manifest-path" "Cargo.toml" "--no-deps", kill_on_drop: false }`
[INFO] crate crates.io crate frogql 0.5.10 already has a lockfile, it will not be regenerated
[INFO] running `Command { std: CARGO_HOME="/workspace/cargo-home" RUSTUP_HOME="/workspace/rustup-home" "/workspace/cargo-home/bin/cargo" "+1.100.0-beta.1" "fetch" "--manifest-path" "Cargo.toml", kill_on_drop: false }`
[INFO] running `Command { std: "docker" "create" "-v" "/var/lib/crater-agent-workspace/builds/worker-4-tc2/source:/opt/rustwide/workdir:ro,Z" "-v" "/var/lib/crater-agent-workspace/builds/worker-4-tc2/target:/opt/rustwide/target:rw,Z" "-v" "/var/lib/crater-agent-workspace/cargo-home:/opt/rustwide/cargo-home:ro,Z" "-v" "/var/lib/crater-agent-workspace/rustup-home:/opt/rustwide/rustup-home:ro,Z" "-m" "1610612736" "--network" "none" "ghcr.io/rust-lang/crates-build-env/linux@sha256:77db811e55d90add9212f6832c23229e3de5f1c1f9905e8cb07319ea15df73ac" "sleep" "infinity", kill_on_drop: false }`
[INFO] [stdout] c7785b6c654afbeee5019af9b7315ad6f493fe4d55f2a2f3a43a1ceee1dcc5f1
[INFO] running `Command { std: "docker" "start" "c7785b6c654afbeee5019af9b7315ad6f493fe4d55f2a2f3a43a1ceee1dcc5f1", kill_on_drop: false }`
[INFO] running `Command { std: "docker" "inspect" "c7785b6c654afbeee5019af9b7315ad6f493fe4d55f2a2f3a43a1ceee1dcc5f1", kill_on_drop: false }`
[INFO] running `Command { std: "docker" "exec" "-e" "SOURCE_DIR=/opt/rustwide/workdir" "-e" "CARGO_HOME=/opt/rustwide/cargo-home" "-e" "RUSTUP_HOME=/opt/rustwide/rustup-home" "-e" "CARGO_TARGET_DIR=/opt/rustwide/target" "-w" "/opt/rustwide/workdir" "--user" "0:0" "c7785b6c654afbeee5019af9b7315ad6f493fe4d55f2a2f3a43a1ceee1dcc5f1" "/opt/rustwide/cargo-home/bin/cargo" "+1.100.0-beta.1" "metadata" "--no-deps" "--format-version=1", kill_on_drop: false }`
[INFO] running `Command { std: "docker" "inspect" "c7785b6c654afbeee5019af9b7315ad6f493fe4d55f2a2f3a43a1ceee1dcc5f1", kill_on_drop: false }`
[INFO] running `Command { std: "docker" "exec" "-e" "SOURCE_DIR=/opt/rustwide/workdir" "-e" "CARGO_HOME=/opt/rustwide/cargo-home" "-e" "RUSTUP_HOME=/opt/rustwide/rustup-home" "-e" "CARGO_TARGET_DIR=/opt/rustwide/target" "-e" "CARGO_INCREMENTAL=0" "-e" "RUST_BACKTRACE=full" "-e" "RUSTFLAGS=--cap-lints=warn" "-e" "RUSTDOCFLAGS=--cap-lints=warn" "-w" "/opt/rustwide/workdir" "--user" "0:0" "c7785b6c654afbeee5019af9b7315ad6f493fe4d55f2a2f3a43a1ceee1dcc5f1" "/opt/rustwide/cargo-home/bin/cargo" "+1.100.0-beta.1" "build" "--frozen" "--message-format=json" "--release", kill_on_drop: false }`
[INFO] [stderr]    Compiling libc v0.2.184
[INFO] [stderr]    Compiling serde_core v1.0.228
[INFO] [stderr]    Compiling smallvec v1.15.1
[INFO] [stderr]    Compiling bitflags v2.11.0
[INFO] [stderr]    Compiling serde v1.0.228
[INFO] [stderr]    Compiling syn v2.0.117
[INFO] [stderr]    Compiling typenum v1.20.0
[INFO] [stderr]    Compiling cfg_aliases v0.2.1
[INFO] [stderr]    Compiling jobserver v0.1.34
[INFO] [stderr]    Compiling crossbeam-epoch v0.9.18
[INFO] [stderr]    Compiling rustls v0.23.40
[INFO] [stderr]    Compiling zstd-safe v7.2.4
[INFO] [stderr]    Compiling form_urlencoded v1.2.2
[INFO] [stderr]    Compiling webpki-roots v1.0.7
[INFO] [stderr]    Compiling endian-type v0.1.2
[INFO] [stderr]    Compiling signal-hook v0.3.18
[INFO] [stderr]    Compiling nix v0.29.0
[INFO] [stderr]    Compiling either v1.15.0
[INFO] [stderr]    Compiling webpki-roots v0.26.11
[INFO] [stderr]    Compiling cpufeatures v0.2.17
[INFO] [stderr]    Compiling nibble_vec v0.1.0
[INFO] [stderr]    Compiling unicode-segmentation v1.13.2
[INFO] [stderr]    Compiling home v0.5.12
[INFO] [stderr]    Compiling cc v1.2.61
[INFO] [stderr]    Compiling rustix v1.1.4
[INFO] [stderr]    Compiling crossbeam-deque v0.8.6
[INFO] [stderr]    Compiling radix_trie v0.2.1
[INFO] [stderr]    Compiling rayon-core v1.13.0
[INFO] [stderr]    Compiling generic-array v0.14.7
[INFO] [stderr]    Compiling rayon v1.12.0
[INFO] [stderr]    Compiling crypto-common v0.1.7
[INFO] [stderr]    Compiling block-buffer v0.10.4
[INFO] [stderr]    Compiling digest v0.10.7
[INFO] [stderr]    Compiling ring v0.17.14
[INFO] [stderr]    Compiling zstd-sys v2.0.16+zstd.1.5.7
[INFO] [stderr]    Compiling synstructure v0.13.2
[INFO] [stderr]    Compiling sha2 v0.10.9
[INFO] [stderr]    Compiling xattr v1.6.1
[INFO] [stderr]    Compiling fd-lock v4.0.4
[INFO] [stderr]    Compiling zerovec-derive v0.11.3
[INFO] [stderr]    Compiling displaydoc v0.2.5
[INFO] [stderr]    Compiling serde_derive v1.0.228
[INFO] [stderr]    Compiling zerofrom-derive v0.1.7
[INFO] [stderr]    Compiling yoke-derive v0.8.2
[INFO] [stderr]    Compiling getrandom v0.2.17
[INFO] [stderr]    Compiling errno v0.3.14
[INFO] [stderr]    Compiling thiserror-impl v2.0.18
[INFO] [stderr]    Compiling signal-hook-registry v1.4.8
[INFO] [stderr]    Compiling filetime v0.2.27
[INFO] [stderr]    Compiling tar v0.4.45
[INFO] [stderr]    Compiling zerofrom v0.1.7
[INFO] [stderr]    Compiling yoke v0.8.2
[INFO] [stderr]    Compiling zerotrie v0.2.4
[INFO] [stderr]    Compiling thiserror v2.0.18
[INFO] [stderr]    Compiling zerovec v0.11.6
[INFO] [stderr]    Compiling serde_json v1.0.149
[INFO] [stderr]    Compiling rustyline v15.0.0
[INFO] [stderr]    Compiling tinystr v0.8.3
[INFO] [stderr]    Compiling potential_utf v0.1.5
[INFO] [stderr]    Compiling sysinfo v0.30.13
[INFO] [stderr]    Compiling icu_locale_core v2.2.0
[INFO] [stderr]    Compiling icu_collections v2.2.0
[INFO] [stderr]    Compiling serde_spanned v0.6.9
[INFO] [stderr]    Compiling toml_datetime v0.6.11
[INFO] [stderr]    Compiling toml_edit v0.22.27
[INFO] [stderr]    Compiling icu_provider v2.2.0
[INFO] [stderr]    Compiling icu_properties v2.2.0
[INFO] [stderr]    Compiling icu_normalizer v2.2.0
[INFO] [stderr]    Compiling idna_adapter v1.2.2
[INFO] [stderr]    Compiling idna v1.1.0
[INFO] [stderr]    Compiling toml v0.8.23
[INFO] [stderr]    Compiling url v2.5.8
[INFO] [stderr]    Compiling rustls-webpki v0.103.13
[INFO] [stderr]    Compiling ureq v2.12.1
[INFO] [stderr]    Compiling zstd v0.13.3
[INFO] [stderr]    Compiling frogql v0.5.10 (/opt/rustwide/workdir)
[INFO] [stderr]     Finished `release` profile [optimized] target(s) in 3m 43s
[INFO] [stderr] warning: the following packages contain code that will be rejected by a future version of Rust: nix v0.29.0
[INFO] [stderr] note: to see what the problems were, use the option `--future-incompat-report`, or run `cargo report future-incompatibilities --id 3`
[INFO] running `Command { std: "docker" "inspect" "c7785b6c654afbeee5019af9b7315ad6f493fe4d55f2a2f3a43a1ceee1dcc5f1", kill_on_drop: false }`
[INFO] running `Command { std: "docker" "exec" "-e" "SOURCE_DIR=/opt/rustwide/workdir" "-e" "CARGO_HOME=/opt/rustwide/cargo-home" "-e" "RUSTUP_HOME=/opt/rustwide/rustup-home" "-e" "CARGO_TARGET_DIR=/opt/rustwide/target" "-e" "CARGO_INCREMENTAL=0" "-e" "RUST_BACKTRACE=full" "-e" "RUSTFLAGS=--cap-lints=warn" "-e" "RUSTDOCFLAGS=--cap-lints=warn" "-w" "/opt/rustwide/workdir" "--user" "0:0" "c7785b6c654afbeee5019af9b7315ad6f493fe4d55f2a2f3a43a1ceee1dcc5f1" "/opt/rustwide/cargo-home/bin/cargo" "+1.100.0-beta.1" "test" "--frozen" "--no-run" "--message-format=json" "--release", kill_on_drop: false }`
[INFO] [stderr]    Compiling getrandom v0.3.4
[INFO] [stderr]    Compiling zerocopy v0.8.48
[INFO] [stderr]    Compiling getrandom v0.4.2
[INFO] [stderr]    Compiling num-traits v0.2.19
[INFO] [stderr]    Compiling wait-timeout v0.2.1
[INFO] [stderr]    Compiling bit-vec v0.8.0
[INFO] [stderr]    Compiling tempfile v3.27.0
[INFO] [stderr]    Compiling rand_core v0.9.5
[INFO] [stderr]    Compiling bit-set v0.8.0
[INFO] [stderr]    Compiling rusty-fork v0.3.1
[INFO] [stderr]    Compiling rand_xorshift v0.4.0
[INFO] [stderr]    Compiling rand v0.9.4
[INFO] [stderr]    Compiling ppv-lite86 v0.2.21
[INFO] [stderr]    Compiling rand_chacha v0.9.0
[INFO] [stderr]    Compiling proptest v1.11.0
[INFO] [stderr]    Compiling frogql v0.5.10 (/opt/rustwide/workdir)
[INFO] [stderr]     Finished `release` profile [optimized] target(s) in 1m 04s
[INFO] [stderr] warning: the following packages contain code that will be rejected by a future version of Rust: nix v0.29.0
[INFO] [stderr] note: to see what the problems were, use the option `--future-incompat-report`, or run `cargo report future-incompatibilities --id 3`
[INFO] running `Command { std: "docker" "inspect" "c7785b6c654afbeee5019af9b7315ad6f493fe4d55f2a2f3a43a1ceee1dcc5f1", kill_on_drop: false }`
[INFO] running `Command { std: "docker" "exec" "-e" "SOURCE_DIR=/opt/rustwide/workdir" "-e" "CARGO_HOME=/opt/rustwide/cargo-home" "-e" "RUSTUP_HOME=/opt/rustwide/rustup-home" "-e" "CARGO_TARGET_DIR=/opt/rustwide/target" "-e" "CARGO_INCREMENTAL=0" "-e" "RUST_BACKTRACE=full" "-e" "RUSTFLAGS=--cap-lints=warn" "-e" "RUSTDOCFLAGS=--cap-lints=warn" "-w" "/opt/rustwide/workdir" "--user" "0:0" "c7785b6c654afbeee5019af9b7315ad6f493fe4d55f2a2f3a43a1ceee1dcc5f1" "/opt/rustwide/cargo-home/bin/cargo" "+1.100.0-beta.1" "test" "--frozen" "--release", kill_on_drop: false }`
[INFO] [stderr]     Finished `release` profile [optimized] target(s) in 0.30s
[INFO] [stderr] warning: the following packages contain code that will be rejected by a future version of Rust: nix v0.29.0
[INFO] [stderr] note: to see what the problems were, use the option `--future-incompat-report`, or run `cargo report future-incompatibilities --id 3`
[INFO] [stderr]      Running unittests src/lib.rs (/opt/rustwide/target/release/build/frogql/7439cdf029aef56e/out/frogql-7439cdf029aef56e)
[INFO] [stdout] 
[INFO] [stdout] running 302 tests
[INFO] [stdout] test optimizer::order_by_alias::tests::alias_to_aggregate_stays_column ... ok
[INFO] [stdout] test optimizer::order_by_alias::tests::alias_to_attr_lookup_becomes_expr ... ok
[INFO] [stdout] test model::csv_loader::ldbc_tests::loads_ldbc_fixture ... ok
[INFO] [stdout] test optimizer::order_by_alias::tests::alias_rewrite_aborts_when_mixed_with_casted_alias ... ok
[INFO] [stdout] test optimizer::order_by_alias::tests::alias_to_coalesce_stays_column ... ok
[INFO] [stdout] test optimizer::order_by_alias::tests::direct_expr_sort_unchanged ... ok
[INFO] [stdout] test optimizer::pushdown::tests::selected_shortest_keeps_interior_value_pred_as_filter ... ok
[INFO] [stdout] test optimizer::pushdown::tests::selected_shortest_pushes_boundary_value_preds ... ok
[INFO] [stdout] test model::value::tests::test_path_concat ... ok
[INFO] [stdout] test optimizer::pushdown::tests::test_no_pushdown_or ... ok
[INFO] [stdout] test optimizer::pushdown::tests::test_pushdown_simple_is ... ok
[INFO] [stdout] test optimizer::pushdown::tests::test_pushdown_same_var_multiple_attrs ... ok
[INFO] [stdout] test optimizer::pushdown::tests::selected_mode_all_pushes_interior_value_preds ... ok
[INFO] [stdout] test model::value::tests::test_pathvalue_display ... ok
[INFO] [stdout] test optimizer::pushdown::tests::test_pushdown_value_pred_on_edge_stays_in_filter ... ok
[INFO] [stdout] test optimizer::pushdown::tests::test_pushdown_flipped_literal_lhs ... ok
[INFO] [stdout] test optimizer::unroll_repeat::tests::keeps_repeat_when_inner_has_named_var ... ok
[INFO] [stdout] test optimizer::unroll_repeat::tests::keeps_repeat_when_lb_zero ... ok
[INFO] [stdout] test optimizer::unroll_repeat::tests::keeps_repeat_when_range_is_nine ... ok
[INFO] [stdout] test optimizer::unroll_repeat::tests::keeps_repeat_when_range_too_wide ... ok
[INFO] [stdout] test optimizer::pushdown::tests::test_pushdown_partial ... ok
[INFO] [stdout] test optimizer::pushdown::tests::test_pushdown_value_cmp_on_node ... ok
[INFO] [stdout] test model::value::tests::test_path_can_concat ... ok
[INFO] [stdout] test optimizer::pushdown::tests::test_pushdown_value_eq_on_node ... ok
[INFO] [stdout] test model::graph::tests::test_social_node_count ... FAILED
[INFO] [stdout] test model::graph::tests::test_fraud_edge_counts ... FAILED
[INFO] [stdout] test optimizer::pushdown::tests::test_pushdown_preserves_semantics ... FAILED
[INFO] [stdout] test model::graph::tests::test_social_edge_counts ... FAILED
[INFO] [stdout] test model::graph::tests::test_fraud_node_count ... FAILED
[INFO] [stdout] test optimizer::unroll_repeat::tests::lb_eq_ub_one_collapses_to_inner ... ok
[INFO] [stdout] test pager::page::tests::test_free_space_accounting ... ok
[INFO] [stdout] test pager::page::tests::test_page_full ... ok
[INFO] [stdout] test optimizer::unroll_repeat::tests::unrolls_any_direction_inner ... ok
[INFO] [stdout] test pager::page::tests::test_new_page ... ok
[INFO] [stdout] test optimizer::unroll_repeat::tests::lb_eq_ub_does_not_wrap_in_union ... ok
[INFO] [stdout] test optimizer::unroll_repeat::tests::unrolls_one_to_eight ... ok
[INFO] [stdout] test pager::pager::tests::test_allocate_and_write ... ok
[INFO] [stdout] test pager::pager::tests::test_free_list ... ok
[INFO] [stdout] test pager::pager::tests::test_cache_hits ... ok
[INFO] [stdout] test pager::pager::tests::test_free_list_persistence ... ok
[INFO] [stdout] test pager::pager::tests::test_read_out_of_range ... ok
[INFO] [stdout] test pager::header::tests::test_bad_magic ... ok
[INFO] [stdout] test runtime::budget::cancel_tests::arming_clears_the_verdict_but_keeps_the_flag ... ok
[INFO] [stdout] test pager::header::tests::test_header_roundtrip ... ok
[INFO] [stdout] test pager::page::tests::test_insert_cell ... ok
[INFO] [stdout] test pager::page::tests::test_insert_multiple_cells ... ok
[INFO] [stdout] test pager::pager::tests::test_cache_eviction ... ok
[INFO] [stdout] test pager::pager::tests::test_cannot_free_page_zero ... ok
[INFO] [stdout] test pager::pager::tests::test_create_and_open ... ok
[INFO] [stdout] test runtime::budget::tests::a_generous_budget_does_not_expire ... ok
[INFO] [stdout] test runtime::budget::tests::an_unlimited_budget_never_expires_and_never_reads_the_clock ... ok
[INFO] [stdout] test runtime::budget::cancel_tests::a_raised_cancel_flag_stops_the_search ... ok
[INFO] [stdout] test optimizer::unroll_repeat::tests::keeps_repeat_when_ub_unbounded ... ok
[INFO] [stdout] test runtime::budget::tests::arming_again_clears_the_previous_verdict ... ok
[INFO] [stdout] test optimizer::unroll_repeat::tests::unrolls_one_to_two ... ok
[INFO] [stdout] test runtime::catalog::tests::active_schema_falls_back_to_star_when_none ... ok
[INFO] [stdout] test runtime::catalog::tests::json_roundtrip_default_only ... ok
[INFO] [stdout] test runtime::engine::group_key_tests::cross_kind_values_are_unequal ... ok
[INFO] [stdout] test runtime::catalog::tests::drop_rejects_default ... ok
[INFO] [stdout] test runtime::catalog::tests::drop_clears_active_if_dropping_active ... ok
[INFO] [stdout] test runtime::catalog::tests::set_active_unknown_errors ... ok
[INFO] [stdout] test runtime::catalog::tests::drop_preserves_other_active ... ok
[INFO] [stdout] test runtime::catalog::tests::register_rejects_default ... ok
[INFO] [stdout] test runtime::engine::group_key_tests::equal_ints_are_equal_and_hash_same ... ok
[INFO] [stdout] test runtime::catalog::tests::install_default_sets_active ... ok
[INFO] [stdout] test runtime::engine::group_key_tests::nan_payloads_are_normalized ... ok
[INFO] [stdout] test runtime::engine::group_key_tests::nested_list_equality_is_structural ... ok
[INFO] [stdout] test runtime::engine::group_key_tests::nested_record_equality_is_structural ... ok
[INFO] [stdout] test runtime::ltj::compact::tests::test_compact_index_empty ... ok
[INFO] [stdout] test runtime::ltj::compact::tests::test_compact_trie_duplicates_collapse ... ok
[INFO] [stdout] test runtime::engine::group_key_tests::works_as_hashmap_key ... ok
[INFO] [stdout] test runtime::budget::tests::an_armed_budget_expires_and_stays_expired ... ok
[INFO] [stdout] test runtime::ltj::compact::tests::test_compact_trie_worked_example ... ok
[INFO] [stdout] test runtime::engine::group_key_tests::nan_equals_nan_under_group_key ... ok
[INFO] [stdout] test runtime::ltj::iterator::tests::test_compact_iterator_single_triple ... ok
[INFO] [stdout] test runtime::engine::group_key_tests::positive_and_negative_zero_are_equal ... ok
[INFO] [stdout] test runtime::ltj::iterator::tests::test_compact_iterator_repeated_var_dead_level ... ok
[INFO] [stdout] test runtime::ltj::triple_index::tests::test_range_and_leap ... ok
[INFO] [stdout] test runtime::ltj::compact::tests::test_select_bitvec ... ok
[INFO] [stdout] test runtime::engine::group_key_tests::distinct_floats_are_unequal ... ok
[INFO] [stdout] test runtime::engine::group_key_tests::distinct_ints_are_unequal ... ok
[INFO] [stdout] test runtime::ltj::iterator::tests::test_compact_iterator_seek_all_matches_leap ... ok
[INFO] [stdout] test runtime::ltj::iterator::tests::test_compact_iterator_constants ... ok
[INFO] [stdout] test runtime::ltj::compact::tests::test_compact_index_eids ... ok
[INFO] [stdout] test runtime::ltj::compact::tests::test_int_seq ... ok
[INFO] [stdout] test runtime::ltj::triple_index::tests::test_build_from_fraud_graph ... FAILED
[INFO] [stdout] test runtime::ltj::veo::tests::a_forced_order_matches_veo_simple ... ok
[INFO] [stdout] test runtime::ltj::compact::tests::test_succ0_last_block ... ok
[INFO] [stdout] test runtime::ltj::compact::tests::test_succ0_zero_in_final_word ... ok
[INFO] [stdout] test runtime::ltj::compact::tests::test_select_bitvec_large ... ok
[INFO] [stdout] test runtime::ltj::veo::tests::override_is_none_for_a_variable_that_was_folded_away ... ok
[INFO] [stdout] test runtime::ltj::veo::tests::override_keeps_the_size_so_filter_placement_still_lines_up ... ok
[INFO] [stdout] test runtime::ltj::veo::tests::simple_puts_lonely_variables_last ... ok
[INFO] [stdout] test runtime::ltj::veo::tests::max_level_stops_before_the_first_lonely_variable ... ok
[INFO] [stdout] test runtime::ltj::veo::tests::override_preserves_the_relative_order_of_the_rest ... ok
[INFO] [stdout] test runtime::path_select::tests::acyclic_rejects_any_repeated_node ... ok
[INFO] [stdout] test runtime::ltj::veo::tests::adaptive_picks_the_variable_the_index_says_is_smallest ... ok
[INFO] [stdout] test runtime::ltj::veo::tests::adaptive_breaks_a_measured_tie_on_the_syntactic_weight ... ok
[INFO] [stdout] test runtime::ltj::veo::tests::forcing_a_binding_takes_it_out_of_the_pool_and_done_puts_it_back ... ok
[INFO] [stdout] test runtime::ltj::veo::tests::adaptive_restores_weights_on_backtracking ... ok
[INFO] [stdout] test runtime::ltj::veo::tests::adaptive_never_picks_a_variable_before_its_prerequisite ... ok
[INFO] [stdout] test runtime::ltj::veo::tests::override_moves_a_variable_to_the_front ... ok
[INFO] [stdout] test runtime::ltj::veo::tests::override_clamps_a_level_past_the_end ... ok
[INFO] [stdout] test runtime::path_select::tests::shortest_paths_keeps_min_length_per_boundary ... ok
[INFO] [stdout] test runtime::path_select::tests::trail_rejects_repeated_edge ... ok
[INFO] [stdout] test runtime::path_select::tests::simple_allows_only_first_equals_last ... ok
[INFO] [stdout] test runtime::ltj::veo::tests::a_forced_order_is_recognised_so_the_caller_can_skip_the_adaptive_veo ... ok
[INFO] [stdout] test runtime::path_select::tests::any_caps_per_boundary ... ok
[INFO] [stdout] test runtime::path_select::tests::shortest_groups_keeps_ties ... ok
[INFO] [stdout] test runtime::vsearch::topk::tests::distinct_var_mode_ignores_a_repeat_offer ... ok
[INFO] [stdout] test runtime::vsearch::topk::tests::an_empty_binding_never_takes_a_slot ... ok
[INFO] [stdout] test runtime::vsearch::topk::tests::k_zero_accepts_nothing_in_either_mode ... ok
[INFO] [stdout] test runtime::vsearch::topk::tests::distinct_var_mode_keeps_every_row_of_an_accepted_binding ... ok
[INFO] [stdout] test runtime::vsearch::topk::tests::rows_mode_keeps_the_k_nearest_in_order ... ok
[INFO] [stdout] test runtime::vsearch::topk::tests::rows_mode_threshold_is_infinite_until_full_then_the_worst ... ok
[INFO] [stdout] test runtime::vsearch::topk::tests::distinct_var_eviction_drops_the_loser_rows ... ok
[INFO] [stdout] test store::disk::tests::test_disk_basic ... FAILED
[INFO] [stdout] test store::disk::tests::test_disk_complex ... FAILED
[INFO] [stdout] test store::lazy::tests::test_lazy_basic_queries ... FAILED
[INFO] [stdout] test store::disk::tests::test_disk_filters ... FAILED
[INFO] [stdout] test store::disk::tests::test_disk_traversal ... FAILED
[INFO] [stdout] test store::lazy::tests::test_lazy_multi_label ... FAILED
[INFO] [stdout] test runtime::vsearch::topk::tests::threshold_never_grows_across_a_long_offer_sequence ... ok
[INFO] [stdout] test runtime::vsearch::topk::tests::rows_mode_rejects_a_tie_once_full_so_the_incumbent_wins ... ok
[INFO] [stdout] test store::lazy::tests::test_lazy_filters ... FAILED
[INFO] [stdout] test store::catalog_io::tests::roundtrip_empty_catalog ... ok
[INFO] [stdout] test store::lazy::tests::test_lazy_traversal ... FAILED
[INFO] [stdout] test store::record::tests::test_edge_roundtrip ... ok
[INFO] [stdout] test store::catalog_io::tests::read_zero_root_is_empty ... ok
[INFO] [stdout] test store::lazy::tests::test_lazy_tiny_cache ... FAILED
[INFO] [stdout] test store::record::tests::test_node_roundtrip ... ok
[INFO] [stdout] test store::catalog_io::tests::rewrite_frees_old_chain ... ok
[INFO] [stdout] test store::record::tests::test_undirected_edge ... ok
[INFO] [stdout] test store::catalog_io::tests::roundtrip_default_catalog ... ok
[INFO] [stdout] test store::lazy::tests::test_lazy_complex ... FAILED
[INFO] [stdout] test store::secondary_index::tests::auto_indexes_unique_props_only ... ok
[INFO] [stdout] test store::secondary_index::tests::lookup_eq_returns_node_id ... ok
[INFO] [stdout] test store::string_table::tests::test_intern_and_resolve ... ok
[INFO] [stdout] test store::string_table::tests::test_load_from_disk ... ok
[INFO] [stdout] test store::record::tests::test_nested_null_roundtrip ... ok
[INFO] [stdout] test store::string_table::tests::test_many_strings_span_pages ... ok
[INFO] [stdout] test typing::checker::orderable_tests::zero_is_not_orderable ... ok
[INFO] [stdout] test typing::format::tests::formats_simple_node ... ok
[INFO] [stdout] test typing::checker::orderable_tests::lists_and_records_are_not_orderable_without_ga04 ... ok
[INFO] [stdout] test typing::format::tests::formats_open_record_with_star_marker ... ok
[INFO] [stdout] test typing::checker::orderable_tests::scalars_and_star_are_orderable ... ok
[INFO] [stdout] test typing::inference::tests::infer_nested_list ... ok
[INFO] [stdout] test store::string_table::tests::test_overflow_very_large_string ... ok
[INFO] [stdout] test typing::inference::tests::infer_atomic_props ... ok
[INFO] [stdout] test typing::label_type::tests::test_from_list_multi ... ok
[INFO] [stdout] test typing::label_type::tests::test_from_list_single ... ok
[INFO] [stdout] test typing::format::tests::formats_directed_edge ... ok
[INFO] [stdout] test typing::format::tests::formats_list_record_union_any ... ok
[INFO] [stdout] test store::string_table::tests::test_overflow_dedup ... ok
[INFO] [stdout] test store::string_table::tests::test_overflow_exact_page_boundary ... ok
[INFO] [stdout] test store::string_table::tests::test_overflow_single_large_string ... ok
[INFO] [stdout] test typing::inference::tests::infer_conflicting_types_unions_without_null ... ok
[INFO] [stdout] test typing::checker::orderable_tests::union_orderable_iff_both_sides_orderable ... ok
[INFO] [stdout] test typing::inference::tests::infer_edge_with_endpoints ... ok
[INFO] [stdout] test typing::label_type::tests::test_meet_keeps_right_star ... ok
[INFO] [stdout] test typing::inference::tests::infer_list_element_type ... ok
[INFO] [stdout] test typing::label_type::tests::test_meet_same_atom_returns_atom ... ok
[INFO] [stdout] test typing::label_type::tests::test_meet_keeps_left_star ... ok
[INFO] [stdout] test typing::inference::tests::infer_optional_prop_is_nullable_not_dropped ... ok
[INFO] [stdout] test typing::format::tests::formats_undirected_edge ... ok
[INFO] [stdout] test typing::property_type::tests::test_meet_closed_open_symmetric_with_open_closed ... ok
[INFO] [stdout] test typing::path_type::tests::test_union_drops_right_zero ... ok
[INFO] [stdout] test typing::label_type::tests::test_meet_with_star_still_admits_what_the_operand_admits ... ok
[INFO] [stdout] test typing::label_type::tests::test_meet_distinct_atoms_yields_and ... ok
[INFO] [stdout] test typing::path_type::tests::test_node_unsat_iff_descriptor_empty ... ok
[INFO] [stdout] test typing::property_type::tests::test_meet_different_closed_keys_yields_zero ... ok
[INFO] [stdout] test typing::label_type::tests::test_subtype_and ... ok
[INFO] [stdout] test typing::path_type::tests::test_zero_is_unsatisfiable ... ok
[INFO] [stdout] test typing::path_type::tests::test_union_drops_left_zero ... ok
[INFO] [stdout] test typing::path_type::tests::test_union_unsat_iff_both_unsat ... ok
[INFO] [stdout] test typing::property_type::tests::test_empty_record_is_not_empty ... ok
[INFO] [stdout] test typing::property_type::tests::test_meet_open_open_meets_shared_simple_types ... ok
[INFO] [stdout] test typing::property_type::tests::test_meet_open_open_unions_keys_pointwise ... ok
[INFO] [stdout] test typing::property_type::tests::test_meet_open_closed_extra_keys_yields_zero ... ok
[INFO] [stdout] test typing::property_type::tests::test_meet_same_closed_returns_same ... ok
[INFO] [stdout] test typing::property_type::tests::test_subtype_open_open_fails_on_shared_key_mismatch ... ok
[INFO] [stdout] test typing::label_type::tests::test_subtype_label_eq ... ok
[INFO] [stdout] test typing::property_type::tests::test_record_with_empty_field_is_empty ... ok
[INFO] [stdout] test typing::label_type::tests::test_subtype_star ... ok
[INFO] [stdout] test typing::property_type::tests::test_meet_open_closed_subset_yields_closed ... ok
[INFO] [stdout] test typing::property_type::tests::test_subtype_closed_under_open_requires_open_keys_subset_of_closed ... ok
[INFO] [stdout] test typing::property_type::tests::test_zero_is_empty ... ok
[INFO] [stdout] test typing::property_type::tests::test_subtype_open_open_constrains_only_shared_keys ... ok
[INFO] [stdout] test typing::property_type::tests::test_record_with_only_full_fields_is_not_empty ... ok
[INFO] [stdout] test typing::property_type::tests::test_subtype_closed_closed_requires_equal_keysets ... ok
[INFO] [stdout] test typing::property_type::tests::test_subtype_open_under_closed_requires_open_keys_subset_of_closed ... ok
[INFO] [stdout] test typing::simple_type::tests::test_is_empty ... ok
[INFO] [stdout] test typing::format::tests::formats_compound_label ... ok
[INFO] [stdout] test typing::property_type::tests::test_subtype_zero_is_bottom ... ok
[INFO] [stdout] test typing::simple_type::tests::test_is_empty_record_uses_any_semantics ... ok
[INFO] [stdout] test typing::simple_type::tests::test_is_empty_union_short_circuits ... ok
[INFO] [stdout] test typing::simple_type::tests::test_meet_list_incompatible_inner_propagates_zero ... ok
[INFO] [stdout] test typing::simple_type::tests::test_meet_record_covariant_field ... ok
[INFO] [stdout] test typing::simple_type::tests::test_meet_record_same_keys_recursive ... ok
[INFO] [stdout] test typing::simple_type::tests::test_subtype_same ... ok
[INFO] [stdout] test typing::simple_type::tests::test_is_empty_group_and_list_propagate ... ok
[INFO] [stdout] test typing::simple_type::tests::test_meet_list_covariant_with_union ... ok
[INFO] [stdout] test typing::simple_type::tests::test_meet_record_incompatible_field_propagates ... ok
[INFO] [stdout] test typing::simple_type::tests::test_meet_list_same_inner ... ok
[INFO] [stdout] test typing::simple_type::tests::test_meet_record_different_arity_is_zero ... ok
[INFO] [stdout] test typing::simple_type::tests::test_meet_record_distinct_keys_is_zero ... ok
[INFO] [stdout] test typing::simple_type::tests::test_meet_nested_list_of_records ... ok
[INFO] [stdout] test typing::simple_type::tests::test_meet_same ... ok
[INFO] [stdout] test typing::simple_type::tests::test_union_with_zero ... ok
[INFO] [stdout] test typing::simple_type::tests::test_meet_different ... ok
[INFO] [stdout] test typing::type_environment::tests::test_union_shared_key_joins_pointwise ... ok
[INFO] [stdout] test typing::type_environment::tests::test_union_key_only_in_right_joins_with_null ... ok
[INFO] [stdout] test typing::type_environment::tests::test_outer_join_empty_right_is_identity ... ok
[INFO] [stdout] test typing::type_environment::tests::test_outer_join_new_var_gains_null ... ok
[INFO] [stdout] test typing::validate::tests::validate_flags_missing_required_prop ... ok
[INFO] [stdout] test typing::simple_type::tests::test_subtype_star ... ok
[INFO] [stdout] test typing::simple_type::tests::test_union_collapses_equal_operands ... ok
[INFO] [stdout] test typing::variable_type::tests::test_join_collapses_equal_operands ... ok
[INFO] [stdout] test typing::variable_type::tests::test_join_drops_right_zero ... ok
[INFO] [stdout] test typing::variable_type::tests::test_join_drops_left_zero ... ok
[INFO] [stdout] test typing::variable_type::tests::test_node_empty_iff_descriptor_empty ... ok
[INFO] [stdout] test typing::simple_type::tests::test_is_empty_atoms ... ok
[INFO] [stdout] test typing::type_environment::tests::test_outer_join_shared_var_unchanged_under_star_schema ... ok
[INFO] [stdout] test typing::type_environment::tests::test_union_key_only_in_left_joins_with_null ... ok
[INFO] [stdout] test typing::validate::tests::validate_caps_samples ... ok
[INFO] [stdout] test typing::validate::tests::validate_flags_unknown_label ... ok
[INFO] [stdout] test vector::cursor::tests::brute_force_breaks_ties_by_id ... ok
[INFO] [stdout] test typing::variable_type::tests::test_meet_same_node_returns_same ... ok
[INFO] [stdout] test typing::variable_type::tests::test_refine_with_no_matching_label_returns_zero ... ok
[INFO] [stdout] test typing::variable_type::tests::test_zero_is_empty ... ok
[INFO] [stdout] test vector::cursor::tests::stream_replays_the_prefix_without_re_driving_the_cursor ... ok
[INFO] [stdout] test vector::cursor::tests::brute_force_emits_in_distance_order ... ok
[INFO] [stdout] test typing::type_environment::tests::test_outer_join_irreconcilable_meet_falls_back_to_unsuccess ... ok
[INFO] [stdout] test vector::cursor::tests::brute_force_reports_scan_width ... ok
[INFO] [stdout] test store::string_table::tests::test_overflow_mixed_with_inline ... ok
[INFO] [stdout] test typing::simple_type::tests::test_meet_star ... ok
[INFO] [stdout] test vector::cursor::tests::stream_reports_end_and_stays_ended ... ok
[INFO] [stdout] test vector::hnsw::tests::build_on_a_single_row_is_valid_and_navigable ... ok
[INFO] [stdout] test typing::validate::tests::validate_passes_against_inferred_default ... ok
[INFO] [stdout] test vector::cursor::tests::empty_cursor_yields_nothing ... ok
[INFO] [stdout] test typing::simple_type::tests::test_meet_group_covariant ... ok
[INFO] [stdout] test typing::variable_type::tests::test_edge_directional_empty_iff_any_component_empty ... ok
[INFO] [stdout] test vector::cursor::tests::stream_extends_only_past_the_high_water_mark ... ok
[INFO] [stdout] test vector::cursor::tests::stream_counts_inversions ... ok
[INFO] [stdout] test typing::variable_type::tests::test_union_empty_iff_both_empty ... ok
[INFO] [stdout] test typing::variable_type::tests::test_meet_distinct_node_atoms_collapses_descriptor ... ok
[INFO] [stdout] test vector::hnsw::tests::build_on_an_empty_set_is_an_empty_graph ... ok
[INFO] [stdout] test vector::hnsw::tests::max_level_reads_the_deepest_stack ... ok
[INFO] [stdout] test vector::hnsw::tests::validate_rejects_an_out_of_range_entry ... ok
[INFO] [stdout] test vector::hnsw::tests::neighbours_are_empty_off_the_end ... ok
[INFO] [stdout] test vector::hnsw::tests::empty_graph_round_trips ... ok
[INFO] [stdout] test vector::hnsw::tests::validate_accepts_a_consistent_graph ... ok
[INFO] [stdout] test vector::hnsw::tests::validate_rejects_a_row_count_mismatch ... ok
[INFO] [stdout] test vector::hnsw::tests::encode_decode_round_trips ... ok
[INFO] [stdout] test vector::hnsw::tests::validate_rejects_an_out_of_range_neighbour ... ok
[INFO] [stdout] test vector::metric::tests::cosine_is_zero_on_parallel_vectors ... ok
[INFO] [stdout] test vector::metric::tests::cosine_is_two_on_opposite_vectors ... ok
[INFO] [stdout] test vector::metric::tests::cmp_dist_orders_nan_last ... ok
[INFO] [stdout] test vector::metric::tests::cosine_is_one_on_orthogonal_vectors ... ok
[INFO] [stdout] test vector::metric::tests::cosine_treats_zero_vector_as_orthogonal ... ok
[INFO] [stdout] test vector::metric::tests::ip_is_negated_so_larger_dot_is_nearer ... ok
[INFO] [stdout] test vector::sidecar::tests::attr_from_path_rejects_foreign_files ... ok
[INFO] [stdout] test vector::sidecar::tests::decode_rejects_a_future_version ... ok
[INFO] [stdout] test vector::metric::tests::l2sq_is_zero_on_identical ... ok
[INFO] [stdout] test vector::sidecar::tests::decode_rejects_an_out_of_range_hnsw_neighbour ... ok
[INFO] [stdout] test vector::metric::tests::l2sq_matches_hand_computation ... ok
[INFO] [stdout] test vector::metric::tests::tags_round_trip ... ok
[INFO] [stdout] test vector::sidecar::tests::attr_from_path_is_the_inverse_of_path_for ... ok
[INFO] [stdout] test vector::sidecar::tests::decode_rejects_an_unknown_metric ... ok
[INFO] [stdout] test vector::sidecar::tests::decode_rejects_bad_magic ... ok
[INFO] [stdout] test vector::sidecar::tests::decode_rejects_duplicate_ids ... ok
[INFO] [stdout] test vector::sidecar::tests::decode_rejects_truncation ... ok
[INFO] [stdout] test vector::sidecar::tests::decode_rejects_unsorted_ids ... ok
[INFO] [stdout] test vector::sidecar::tests::encode_decode_round_trips ... ok
[INFO] [stdout] test vector::sidecar::tests::encode_decode_round_trips_with_hnsw ... ok
[INFO] [stdout] test vector::sidecar::tests::fingerprint_separates_different_shapes ... ok
[INFO] [stdout] test vector::sidecar::tests::discover_on_a_missing_directory_is_empty ... ok
[INFO] [stdout] test vector::sidecar::tests::path_for_appends_the_infix ... ok
[INFO] [stdout] test vector::sidecar::tests::empty_sidecar_round_trips ... ok
[INFO] [stdout] test vector::hnsw::tests::cursor_round_trips_through_the_sidecar_encoding ... ok
[INFO] [stdout] test vector::sidecar::tests::path_for_handles_a_bare_filename ... ok
[INFO] [stdout] test vector::store::tests::a_dimension_mismatch_yields_an_empty_cursor_and_an_error ... ok
[INFO] [stdout] test vector::store::tests::l2_metric_skips_norm_computation ... ok
[INFO] [stdout] test vector::store::tests::row_lookup_is_by_node_id_not_row_index ... ok
[INFO] [stdout] test vector::store::tests::store_hides_sets_once_disabled ... ok
[INFO] [stdout] test vector::sidecar::tests::write_read_round_trips_on_disk ... ok
[INFO] [stdout] test vector::store::tests::store_open_on_a_db_with_no_sidecars_is_empty_and_quiet ... ok
[INFO] [stdout] test vector::store::tests::store_open_skips_a_fingerprint_mismatch ... ok
[INFO] [stdout] test vector::store::tests::cursor_over_drops_candidates_without_vectors ... ok
[INFO] [stdout] test vector::store::tests::cursor_over_restricts_to_the_candidate_set ... ok
[INFO] [stdout] test vector::store::tests::cursor_walks_the_whole_attribute_in_distance_order ... ok
[INFO] [stdout] test vector::store::tests::cosine_precomputes_norms_and_ranks_by_direction ... ok
[INFO] [stdout] test vector::store::tests::dist_to_is_none_for_a_node_without_a_vector ... ok
[INFO] [stdout] test vector::hnsw::tests::cursor_emits_distinct_rows_and_terminates ... ok
[INFO] [stdout] test vector::hnsw::tests::build_respects_the_degree_cap ... ok
[INFO] [stdout] test vector::hnsw::tests::build_is_deterministic_for_a_fixed_seed ... ok
[INFO] [stdout] test vector::hnsw::tests::build_produces_a_structurally_valid_graph ... ok
[INFO] [stdout] test vector::hnsw::tests::cursor_finds_the_true_nearest_neighbour ... ok
[INFO] [stdout] test vector::hnsw::tests::a_narrow_lookahead_trades_accuracy_for_expansions ... ok
[INFO] [stdout] test vector::hnsw::tests::cursor_recall_at_10_is_high ... ok
[INFO] [stdout] test vector::hnsw::tests::cursor_expands_far_fewer_nodes_than_a_full_scan_for_the_top_k ... ok
[INFO] [stdout] test runtime::ltj::compact::tests::test_succ0_two_level_matches_linear_scan ... ok
[INFO] [stdout] 
[INFO] [stdout] failures:
[INFO] [stdout] 
[INFO] [stdout] ---- model::graph::tests::test_social_node_count stdout ----
[INFO] [stdout] 
[INFO] [stdout] thread 'model::graph::tests::test_social_node_count' (3427) panicked at src/model/graph.rs:987:44:
[INFO] [stdout] called `Result::unwrap()` on an `Err` value: Io("No such file or directory (os error 2)")
[INFO] [stdout] stack backtrace:
[INFO] [stdout]    0:     0x63b52c7fafc1 - <<std[617be2ca0a6fd877]::sys::backtrace::BacktraceLock>::print::DisplayBacktrace as core[a373ad73a504971]::fmt::Display>::fmt
[INFO] [stdout]    1:     0x63b52c81277a - core[a373ad73a504971]::fmt::write
[INFO] [stdout]    2:     0x63b52c7ff54c - <alloc[2e1b2a31b91974c5]::vec::Vec<u8> as core[a373ad73a504971]::io::write::Write>::write_fmt
[INFO] [stdout]    3:     0x63b52c7d4786 - std[617be2ca0a6fd877]::panicking::default_hook::{closure#0}
[INFO] [stdout]    4:     0x63b52c7f2129 - std[617be2ca0a6fd877]::panicking::default_hook
[INFO] [stdout]    5:     0x63b52c786310 - test[aada8e7e76ba119b]::test_main_inner::{closure#0}
[INFO] [stdout]    6:     0x63b52c7f22e2 - std[617be2ca0a6fd877]::panicking::panic_with_hook
[INFO] [stdout]    7:     0x63b52c7d4832 - std[617be2ca0a6fd877]::panicking::panic_handler::{closure#0}
[INFO] [stdout]    8:     0x63b52c7cd009 - std[617be2ca0a6fd877]::sys::backtrace::__rust_end_short_backtrace::<std[617be2ca0a6fd877]::panicking::panic_handler::{closure#0}, !>
[INFO] [stdout]    9:     0x63b52c7d574d - __rustc[ea4f61d10b84890b]::rust_begin_unwind
[INFO] [stdout]   10:     0x63b52c812edc - core[a373ad73a504971]::panicking::panic_fmt
[INFO] [stdout]   11:     0x63b52c812cb2 - core[a373ad73a504971]::result::unwrap_failed
[INFO] [stdout]   12:     0x63b52c732f4f - frogql[b1f994c7fe5db522]::model::graph::tests::social_graph
[INFO] [stdout]   13:     0x63b52c733805 - <frogql[b1f994c7fe5db522]::model::graph::tests::test_social_node_count::{closure#0} as core[a373ad73a504971]::ops::function::FnOnce<()>>::call_once
[INFO] [stdout]   14:     0x63b52c77975b - test[aada8e7e76ba119b]::__rust_begin_short_backtrace::<core[a373ad73a504971]::result::Result<(), alloc[2e1b2a31b91974c5]::string::String>, fn() -> core[a373ad73a504971]::result::Result<(), alloc[2e1b2a31b91974c5]::string::String>>
[INFO] [stdout]   15:     0x63b52c786935 - test[aada8e7e76ba119b]::run_test::{closure#0}
[INFO] [stdout]   16:     0x63b52c780224 - std[617be2ca0a6fd877]::sys::backtrace::__rust_begin_short_backtrace::<test[aada8e7e76ba119b]::run_test::{closure#1}, ()>
[INFO] [stdout]   17:     0x63b52c7899c2 - <std[617be2ca0a6fd877]::thread::lifecycle::spawn_unchecked<test[aada8e7e76ba119b]::run_test::{closure#1}, ()>::{closure#1} as core[a373ad73a504971]::ops::function::FnOnce<()>>::call_once::{shim:vtable#0}
[INFO] [stdout]   18:     0x63b52c7f9fcf - <std[617be2ca0a6fd877]::sys::thread::unix::Thread>::new::thread_start
[INFO] [stdout]   19:     0x7e3006245dfa - <unknown>
[INFO] [stdout]   20:     0x7e30062d93d4 - clone
[INFO] [stdout]   21:                0x0 - <unknown>
[INFO] [stdout] 
[INFO] [stdout] ---- model::graph::tests::test_fraud_edge_counts stdout ----
[INFO] [stdout] 
[INFO] [stdout] thread 'model::graph::tests::test_fraud_edge_counts' (3424) panicked at src/model/graph.rs:982:44:
[INFO] [stdout] called `Result::unwrap()` on an `Err` value: Io("No such file or directory (os error 2)")
[INFO] [stdout] stack backtrace:
[INFO] [stdout]    0:     0x63b52c7fafc1 - <<std[617be2ca0a6fd877]::sys::backtrace::BacktraceLock>::print::DisplayBacktrace as core[a373ad73a504971]::fmt::Display>::fmt
[INFO] [stdout]    1:     0x63b52c81277a - core[a373ad73a504971]::fmt::write
[INFO] [stdout]    2:     0x63b52c7ff54c - <alloc[2e1b2a31b91974c5]::vec::Vec<u8> as core[a373ad73a504971]::io::write::Write>::write_fmt
[INFO] [stdout]    3:     0x63b52c7d4786 - std[617be2ca0a6fd877]::panicking::default_hook::{closure#0}
[INFO] [stdout]    4:     0x63b52c7f2129 - std[617be2ca0a6fd877]::panicking::default_hook
[INFO] [stdout]    5:     0x63b52c786310 - test[aada8e7e76ba119b]::test_main_inner::{closure#0}
[INFO] [stdout]    6:     0x63b52c7f22e2 - std[617be2ca0a6fd877]::panicking::panic_with_hook
[INFO] [stdout]    7:     0x63b52c7d4832 - std[617be2ca0a6fd877]::panicking::panic_handler::{closure#0}
[INFO] [stdout]    8:     0x63b52c7cd009 - std[617be2ca0a6fd877]::sys::backtrace::__rust_end_short_backtrace::<std[617be2ca0a6fd877]::panicking::panic_handler::{closure#0}, !>
[INFO] [stdout]    9:     0x63b52c7d574d - __rustc[ea4f61d10b84890b]::rust_begin_unwind
[INFO] [stdout]   10:     0x63b52c812edc - core[a373ad73a504971]::panicking::panic_fmt
[INFO] [stdout]   11:     0x63b52c812cb2 - core[a373ad73a504971]::result::unwrap_failed
[INFO] [stdout]   12:     0x63b52c732e3f - frogql[b1f994c7fe5db522]::model::graph::tests::fraud_graph
[INFO] [stdout]   13:     0x63b52c733785 - <frogql[b1f994c7fe5db522]::model::graph::tests::test_fraud_edge_counts::{closure#0} as core[a373ad73a504971]::ops::function::FnOnce<()>>::call_once
[INFO] [stdout]   14:     0x63b52c77975b - test[aada8e7e76ba119b]::__rust_begin_short_backtrace::<core[a373ad73a504971]::result::Result<(), alloc[2e1b2a31b91974c5]::string::String>, fn() -> core[a373ad73a504971]::result::Result<(), alloc[2e1b2a31b91974c5]::string::String>>
[INFO] [stdout]   15:     0x63b52c786935 - test[aada8e7e76ba119b]::run_test::{closure#0}
[INFO] [stdout]   16:     0x63b52c780224 - std[617be2ca0a6fd877]::sys::backtrace::__rust_begin_short_backtrace::<test[aada8e7e76ba119b]::run_test::{closure#1}, ()>
[INFO] [stdout]   17:     0x63b52c7899c2 - <std[617be2ca0a6fd877]::thread::lifecycle::spawn_unchecked<test[aada8e7e76ba119b]::run_test::{closure#1}, ()>::{closure#1} as core[a373ad73a504971]::ops::function::FnOnce<()>>::call_once::{shim:vtable#0}
[INFO] [stdout]   18:     0x63b52c7f9fcf - <std[617be2ca0a6fd877]::sys::thread::unix::Thread>::new::thread_start
[INFO] [stdout]   19:     0x7e3006245dfa - <unknown>
[INFO] [stdout]   20:     0x7e30062d93d4 - clone
[INFO] [stdout]   21:                0x0 - <unknown>
[INFO] [stdout] 
[INFO] [stdout] ---- optimizer::pushdown::tests::test_pushdown_preserves_semantics stdout ----
[INFO] [stdout] 
[INFO] [stdout] thread 'optimizer::pushdown::tests::test_pushdown_preserves_semantics' (3442) panicked at src/optimizer/pushdown.rs:511:52:
[INFO] [stdout] called `Result::unwrap()` on an `Err` value: Io("No such file or directory (os error 2)")
[INFO] [stdout] stack backtrace:
[INFO] [stdout]    0:     0x63b52c7fafc1 - <<std[617be2ca0a6fd877]::sys::backtrace::BacktraceLock>::print::DisplayBacktrace as core[a373ad73a504971]::fmt::Display>::fmt
[INFO] [stdout]    1:     0x63b52c81277a - core[a373ad73a504971]::fmt::write
[INFO] [stdout]    2:     0x63b52c7ff54c - <alloc[2e1b2a31b91974c5]::vec::Vec<u8> as core[a373ad73a504971]::io::write::Write>::write_fmt
[INFO] [stdout]    3:     0x63b52c7d4786 - std[617be2ca0a6fd877]::panicking::default_hook::{closure#0}
[INFO] [stdout]    4:     0x63b52c7f2129 - std[617be2ca0a6fd877]::panicking::default_hook
[INFO] [stdout]    5:     0x63b52c786310 - test[aada8e7e76ba119b]::test_main_inner::{closure#0}
[INFO] [stdout]    6:     0x63b52c7f22e2 - std[617be2ca0a6fd877]::panicking::panic_with_hook
[INFO] [stdout]    7:     0x63b52c7d4832 - std[617be2ca0a6fd877]::panicking::panic_handler::{closure#0}
[INFO] [stdout]    8:     0x63b52c7cd009 - std[617be2ca0a6fd877]::sys::backtrace::__rust_end_short_backtrace::<std[617be2ca0a6fd877]::panicking::panic_handler::{closure#0}, !>
[INFO] [stdout]    9:     0x63b52c7d574d - __rustc[ea4f61d10b84890b]::rust_begin_unwind
[INFO] [stdout]   10:     0x63b52c812edc - core[a373ad73a504971]::panicking::panic_fmt
[INFO] [stdout]   11:     0x63b52c812cb2 - core[a373ad73a504971]::result::unwrap_failed
[INFO] [stdout]   12:     0x63b52c64e4cd - <frogql[b1f994c7fe5db522]::optimizer::pushdown::tests::test_pushdown_preserves_semantics::{closure#0} as core[a373ad73a504971]::ops::function::FnOnce<()>>::call_once
[INFO] [stdout]   13:     0x63b52c77975b - test[aada8e7e76ba119b]::__rust_begin_short_backtrace::<core[a373ad73a504971]::result::Result<(), alloc[2e1b2a31b91974c5]::string::String>, fn() -> core[a373ad73a504971]::result::Result<(), alloc[2e1b2a31b91974c5]::string::String>>
[INFO] [stdout]   14:     0x63b52c786935 - test[aada8e7e76ba119b]::run_test::{closure#0}
[INFO] [stdout]   15:     0x63b52c780224 - std[617be2ca0a6fd877]::sys::backtrace::__rust_begin_short_backtrace::<test[aada8e7e76ba119b]::run_test::{closure#1}, ()>
[INFO] [stdout]   16:     0x63b52c7899c2 - <std[617be2ca0a6fd877]::thread::lifecycle::spawn_unchecked<test[aada8e7e76ba119b]::run_test::{closure#1}, ()>::{closure#1} as core[a373ad73a504971]::ops::function::FnOnce<()>>::call_once::{shim:vtable#0}
[INFO] [stdout]   17:     0x63b52c7f9fcf - <std[617be2ca0a6fd877]::sys::thread::unix::Thread>::new::thread_start
[INFO] [stdout]   18:     0x7e3006245dfa - <unknown>
[INFO] [stdout]   19:     0x7e30062d93d4 - clone
[INFO] [stdout]   20:                0x0 - <unknown>
[INFO] [stdout] 
[INFO] [stdout] ---- model::graph::tests::test_social_edge_counts stdout ----
[INFO] [stdout] 
[INFO] [stdout] thread 'model::graph::tests::test_social_edge_counts' (3426) panicked at src/model/graph.rs:987:44:
[INFO] [stdout] called `Result::unwrap()` on an `Err` value: Io("No such file or directory (os error 2)")
[INFO] [stdout] stack backtrace:
[INFO] [stdout]    0:     0x63b52c7fafc1 - <<std[617be2ca0a6fd877]::sys::backtrace::BacktraceLock>::print::DisplayBacktrace as core[a373ad73a504971]::fmt::Display>::fmt
[INFO] [stdout]    1:     0x63b52c81277a - core[a373ad73a504971]::fmt::write
[INFO] [stdout]    2:     0x63b52c7ff54c - <alloc[2e1b2a31b91974c5]::vec::Vec<u8> as core[a373ad73a504971]::io::write::Write>::write_fmt
[INFO] [stdout]    3:     0x63b52c7d4786 - std[617be2ca0a6fd877]::panicking::default_hook::{closure#0}
[INFO] [stdout]    4:     0x63b52c7f2129 - std[617be2ca0a6fd877]::panicking::default_hook
[INFO] [stdout]    5:     0x63b52c786310 - test[aada8e7e76ba119b]::test_main_inner::{closure#0}
[INFO] [stdout]    6:     0x63b52c7f22e2 - std[617be2ca0a6fd877]::panicking::panic_with_hook
[INFO] [stdout]    7:     0x63b52c7d4832 - std[617be2ca0a6fd877]::panicking::panic_handler::{closure#0}
[INFO] [stdout]    8:     0x63b52c7cd009 - std[617be2ca0a6fd877]::sys::backtrace::__rust_end_short_backtrace::<std[617be2ca0a6fd877]::panicking::panic_handler::{closure#0}, !>
[INFO] [stdout]    9:     0x63b52c7d574d - __rustc[ea4f61d10b84890b]::rust_begin_unwind
[INFO] [stdout]   10:     0x63b52c812edc - core[a373ad73a504971]::panicking::panic_fmt
[INFO] [stdout]   11:     0x63b52c812cb2 - core[a373ad73a504971]::result::unwrap_failed
[INFO] [stdout]   12:     0x63b52c732f4f - frogql[b1f994c7fe5db522]::model::graph::tests::social_graph
[INFO] [stdout]   13:     0x63b52c733885 - <frogql[b1f994c7fe5db522]::model::graph::tests::test_social_edge_counts::{closure#0} as core[a373ad73a504971]::ops::function::FnOnce<()>>::call_once
[INFO] [stdout]   14:     0x63b52c77975b - test[aada8e7e76ba119b]::__rust_begin_short_backtrace::<core[a373ad73a504971]::result::Result<(), alloc[2e1b2a31b91974c5]::string::String>, fn() -> core[a373ad73a504971]::result::Result<(), alloc[2e1b2a31b91974c5]::string::String>>
[INFO] [stdout]   15:     0x63b52c786935 - test[aada8e7e76ba119b]::run_test::{closure#0}
[INFO] [stdout]   16:     0x63b52c780224 - std[617be2ca0a6fd877]::sys::backtrace::__rust_begin_short_backtrace::<test[aada8e7e76ba119b]::run_test::{closure#1}, ()>
[INFO] [stdout]   17:     0x63b52c7899c2 - <std[617be2ca0a6fd877]::thread::lifecycle::spawn_unchecked<test[aada8e7e76ba119b]::run_test::{closure#1}, ()>::{closure#1} as core[a373ad73a504971]::ops::function::FnOnce<()>>::call_once::{shim:vtable#0}
[INFO] [stdout]   18:     0x63b52c7f9fcf - <std[617be2ca0a6fd877]::sys::thread::unix::Thread>::new::thread_start
[INFO] [stdout]   19:     0x7e3006245dfa - <unknown>
[INFO] [stdout]   20:     0x7e30062d93d4 - clone
[INFO] [stdout]   21:                0x0 - <unknown>
[INFO] [stdout] 
[INFO] [stdout] ---- model::graph::tests::test_fraud_node_count stdout ----
[INFO] [stdout] 
[INFO] [stdout] thread 'model::graph::tests::test_fraud_node_count' (3425) panicked at src/model/graph.rs:982:44:
[INFO] [stdout] called `Result::unwrap()` on an `Err` value: Io("No such file or directory (os error 2)")
[INFO] [stdout] stack backtrace:
[INFO] [stdout]    0:     0x63b52c7fafc1 - <<std[617be2ca0a6fd877]::sys::backtrace::BacktraceLock>::print::DisplayBacktrace as core[a373ad73a504971]::fmt::Display>::fmt
[INFO] [stdout]    1:     0x63b52c81277a - core[a373ad73a504971]::fmt::write
[INFO] [stdout]    2:     0x63b52c7ff54c - <alloc[2e1b2a31b91974c5]::vec::Vec<u8> as core[a373ad73a504971]::io::write::Write>::write_fmt
[INFO] [stdout]    3:     0x63b52c7d4786 - std[617be2ca0a6fd877]::panicking::default_hook::{closure#0}
[INFO] [stdout]    4:     0x63b52c7f2129 - std[617be2ca0a6fd877]::panicking::default_hook
[INFO] [stdout]    5:     0x63b52c786310 - test[aada8e7e76ba119b]::test_main_inner::{closure#0}
[INFO] [stdout]    6:     0x63b52c7f22e2 - std[617be2ca0a6fd877]::panicking::panic_with_hook
[INFO] [stdout]    7:     0x63b52c7d4832 - std[617be2ca0a6fd877]::panicking::panic_handler::{closure#0}
[INFO] [stdout]    8:     0x63b52c7cd009 - std[617be2ca0a6fd877]::sys::backtrace::__rust_end_short_backtrace::<std[617be2ca0a6fd877]::panicking::panic_handler::{closure#0}, !>
[INFO] [stdout]    9:     0x63b52c7d574d - __rustc[ea4f61d10b84890b]::rust_begin_unwind
[INFO] [stdout]   10:     0x63b52c812edc - core[a373ad73a504971]::panicking::panic_fmt
[INFO] [stdout]   11:     0x63b52c812cb2 - core[a373ad73a504971]::result::unwrap_failed
[INFO] [stdout]   12:     0x63b52c732e3f - frogql[b1f994c7fe5db522]::model::graph::tests::fraud_graph
[INFO] [stdout]   13:     0x63b52c733705 - <frogql[b1f994c7fe5db522]::model::graph::tests::test_fraud_node_count::{closure#0} as core[a373ad73a504971]::ops::function::FnOnce<()>>::call_once
[INFO] [stdout]   14:     0x63b52c77975b - test[aada8e7e76ba119b]::__rust_begin_short_backtrace::<core[a373ad73a504971]::result::Result<(), alloc[2e1b2a31b91974c5]::string::String>, fn() -> core[a373ad73a504971]::result::Result<(), alloc[2e1b2a31b91974c5]::string::String>>
[INFO] [stdout]   15:     0x63b52c786935 - test[aada8e7e76ba119b]::run_test::{closure#0}
[INFO] [stdout]   16:     0x63b52c780224 - std[617be2ca0a6fd877]::sys::backtrace::__rust_begin_short_backtrace::<test[aada8e7e76ba119b]::run_test::{closure#1}, ()>
[INFO] [stdout]   17:     0x63b52c7899c2 - <std[617be2ca0a6fd877]::thread::lifecycle::spawn_unchecked<test[aada8e7e76ba119b]::run_test::{closure#1}, ()>::{closure#1} as core[a373ad73a504971]::ops::function::FnOnce<()>>::call_once::{shim:vtable#0}
[INFO] [stdout]   18:     0x63b52c7f9fcf - <std[617be2ca0a6fd877]::sys::thread::unix::Thread>::new::thread_start
[INFO] [stdout]   19:     0x7e3006245dfa - <unknown>
[INFO] [stdout]   20:     0x7e30062d93d4 - clone
[INFO] [stdout]   21:                0x0 - <unknown>
[INFO] [stdout] 
[INFO] [stdout] ---- runtime::ltj::triple_index::tests::test_build_from_fraud_graph stdout ----
[INFO] [stdout] 
[INFO] [stdout] thread 'runtime::ltj::triple_index::tests::test_build_from_fraud_graph' (3511) panicked at src/runtime/ltj/triple_index.rs:486:84:
[INFO] [stdout] called `Result::unwrap()` on an `Err` value: Io("No such file or directory (os error 2)")
[INFO] [stdout] stack backtrace:
[INFO] [stdout]    0:     0x63b52c7fafc1 - <<std[617be2ca0a6fd877]::sys::backtrace::BacktraceLock>::print::DisplayBacktrace as core[a373ad73a504971]::fmt::Display>::fmt
[INFO] [stdout]    1:     0x63b52c81277a - core[a373ad73a504971]::fmt::write
[INFO] [stdout]    2:     0x63b52c7ff54c - <alloc[2e1b2a31b91974c5]::vec::Vec<u8> as core[a373ad73a504971]::io::write::Write>::write_fmt
[INFO] [stdout]    3:     0x63b52c7d4786 - std[617be2ca0a6fd877]::panicking::default_hook::{closure#0}
[INFO] [stdout]    4:     0x63b52c7f2129 - std[617be2ca0a6fd877]::panicking::default_hook
[INFO] [stdout]    5:     0x63b52c786310 - test[aada8e7e76ba119b]::test_main_inner::{closure#0}
[INFO] [stdout]    6:     0x63b52c7f22e2 - std[617be2ca0a6fd877]::panicking::panic_with_hook
[INFO] [stdout]    7:     0x63b52c7d4832 - std[617be2ca0a6fd877]::panicking::panic_handler::{closure#0}
[INFO] [stdout]    8:     0x63b52c7cd009 - std[617be2ca0a6fd877]::sys::backtrace::__rust_end_short_backtrace::<std[617be2ca0a6fd877]::panicking::panic_handler::{closure#0}, !>
[INFO] [stdout]    9:     0x63b52c7d574d - __rustc[ea4f61d10b84890b]::rust_begin_unwind
[INFO] [stdout]   10:     0x63b52c812edc - core[a373ad73a504971]::panicking::panic_fmt
[INFO] [stdout]   11:     0x63b52c812cb2 - core[a373ad73a504971]::result::unwrap_failed
[INFO] [stdout]   12:     0x63b52c6fa9e8 - <frogql[b1f994c7fe5db522]::runtime::ltj::triple_index::tests::test_build_from_fraud_graph::{closure#0} as core[a373ad73a504971]::ops::function::FnOnce<()>>::call_once
[INFO] [stdout]   13:     0x63b52c77975b - test[aada8e7e76ba119b]::__rust_begin_short_backtrace::<core[a373ad73a504971]::result::Result<(), alloc[2e1b2a31b91974c5]::string::String>, fn() -> core[a373ad73a504971]::result::Result<(), alloc[2e1b2a31b91974c5]::string::String>>
[INFO] [stdout]   14:     0x63b52c786935 - test[aada8e7e76ba119b]::run_test::{closure#0}
[INFO] [stdout]   15:     0x63b52c780224 - std[617be2ca0a6fd877]::sys::backtrace::__rust_begin_short_backtrace::<test[aada8e7e76ba119b]::run_test::{closure#1}, ()>
[INFO] [stdout]   16:     0x63b52c7899c2 - <std[617be2ca0a6fd877]::thread::lifecycle::spawn_unchecked<test[aada8e7e76ba119b]::run_test::{closure#1}, ()>::{closure#1} as core[a373ad73a504971]::ops::function::FnOnce<()>>::call_once::{shim:vtable#0}
[INFO] [stdout]   17:     0x63b52c7f9fcf - <std[617be2ca0a6fd877]::sys::thread::unix::Thread>::new::thread_start
[INFO] [stdout]   18:     0x7e3006245dfa - <unknown>
[INFO] [stdout]   19:     0x7e30062d93d4 - clone
[INFO] [stdout]   20:                0x0 - <unknown>
[INFO] [stdout] 
[INFO] [stdout] ---- store::disk::tests::test_disk_basic stdout ----
[INFO] [stdout] 
[INFO] [stdout] thread 'store::disk::tests::test_disk_basic' (3546) panicked at src/store/disk.rs:538:61:
[INFO] [stdout] called `Result::unwrap()` on an `Err` value: Io("No such file or directory (os error 2)")
[INFO] [stdout] stack backtrace:
[INFO] [stdout]    0:     0x63b52c7fafc1 - <<std[617be2ca0a6fd877]::sys::backtrace::BacktraceLock>::print::DisplayBacktrace as core[a373ad73a504971]::fmt::Display>::fmt
[INFO] [stdout]    1:     0x63b52c81277a - core[a373ad73a504971]::fmt::write
[INFO] [stdout]    2:     0x63b52c7ff54c - <alloc[2e1b2a31b91974c5]::vec::Vec<u8> as core[a373ad73a504971]::io::write::Write>::write_fmt
[INFO] [stdout]    3:     0x63b52c7d4786 - std[617be2ca0a6fd877]::panicking::default_hook::{closure#0}
[INFO] [stdout]    4:     0x63b52c7f2129 - std[617be2ca0a6fd877]::panicking::default_hook
[INFO] [stdout]    5:     0x63b52c786310 - test[aada8e7e76ba119b]::test_main_inner::{closure#0}
[INFO] [stdout]    6:     0x63b52c7f22e2 - std[617be2ca0a6fd877]::panicking::panic_with_hook
[INFO] [stdout]    7:     0x63b52c7d4832 - std[617be2ca0a6fd877]::panicking::panic_handler::{closure#0}
[INFO] [stdout]    8:     0x63b52c7cd009 - std[617be2ca0a6fd877]::sys::backtrace::__rust_end_short_backtrace::<std[617be2ca0a6fd877]::panicking::panic_handler::{closure#0}, !>
[INFO] [stdout]    9:     0x63b52c7d574d - __rustc[ea4f61d10b84890b]::rust_begin_unwind
[INFO] [stdout]   10:     0x63b52c812edc - core[a373ad73a504971]::panicking::panic_fmt
[INFO] [stdout]   11:     0x63b52c812cb2 - core[a373ad73a504971]::result::unwrap_failed
[INFO] [stdout]   12:     0x63b52c6f09ef - frogql[b1f994c7fe5db522]::store::disk::tests::disk_fraud_run
[INFO] [stdout]   13:     0x63b52c6f90d9 - <frogql[b1f994c7fe5db522]::store::disk::tests::test_disk_basic::{closure#0} as core[a373ad73a504971]::ops::function::FnOnce<()>>::call_once
[INFO] [stdout]   14:     0x63b52c77975b - test[aada8e7e76ba119b]::__rust_begin_short_backtrace::<core[a373ad73a504971]::result::Result<(), alloc[2e1b2a31b91974c5]::string::String>, fn() -> core[a373ad73a504971]::result::Result<(), alloc[2e1b2a31b91974c5]::string::String>>
[INFO] [stdout]   15:     0x63b52c786935 - test[aada8e7e76ba119b]::run_test::{closure#0}
[INFO] [stdout]   16:     0x63b52c780224 - std[617be2ca0a6fd877]::sys::backtrace::__rust_begin_short_backtrace::<test[aada8e7e76ba119b]::run_test::{closure#1}, ()>
[INFO] [stdout]   17:     0x63b52c7899c2 - <std[617be2ca0a6fd877]::thread::lifecycle::spawn_unchecked<test[aada8e7e76ba119b]::run_test::{closure#1}, ()>::{closure#1} as core[a373ad73a504971]::ops::function::FnOnce<()>>::call_once::{shim:vtable#0}
[INFO] [stdout]   18:     0x63b52c7f9fcf - <std[617be2ca0a6fd877]::sys::thread::unix::Thread>::new::thread_start
[INFO] [stdout]   19:     0x7e3006245dfa - <unknown>
[INFO] [stdout]   20:     0x7e30062d93d4 - clone
[INFO] [stdout]   21:                0x0 - <unknown>
[INFO] [stdout] 
[INFO] [stdout] ---- store::disk::tests::test_disk_complex stdout ----
[INFO] [stdout] 
[INFO] [stdout] thread 'store::disk::tests::test_disk_complex' (3547) panicked at src/store/disk.rs:538:61:
[INFO] [stdout] called `Result::unwrap()` on an `Err` value: Io("No such file or directory (os error 2)")
[INFO] [stdout] stack backtrace:
[INFO] [stdout]    0:     0x63b52c7fafc1 - <<std[617be2ca0a6fd877]::sys::backtrace::BacktraceLock>::print::DisplayBacktrace as core[a373ad73a504971]::fmt::Display>::fmt
[INFO] [stdout]    1:     0x63b52c81277a - core[a373ad73a504971]::fmt::write
[INFO] [stdout]    2:     0x63b52c7ff54c - <alloc[2e1b2a31b91974c5]::vec::Vec<u8> as core[a373ad73a504971]::io::write::Write>::write_fmt
[INFO] [stdout]    3:     0x63b52c7d4786 - std[617be2ca0a6fd877]::panicking::default_hook::{closure#0}
[INFO] [stdout]    4:     0x63b52c7f2129 - std[617be2ca0a6fd877]::panicking::default_hook
[INFO] [stdout]    5:     0x63b52c786310 - test[aada8e7e76ba119b]::test_main_inner::{closure#0}
[INFO] [stdout]    6:     0x63b52c7f22e2 - std[617be2ca0a6fd877]::panicking::panic_with_hook
[INFO] [stdout]    7:     0x63b52c7d4832 - std[617be2ca0a6fd877]::panicking::panic_handler::{closure#0}
[INFO] [stdout]    8:     0x63b52c7cd009 - std[617be2ca0a6fd877]::sys::backtrace::__rust_end_short_backtrace::<std[617be2ca0a6fd877]::panicking::panic_handler::{closure#0}, !>
[INFO] [stdout]    9:     0x63b52c7d574d - __rustc[ea4f61d10b84890b]::rust_begin_unwind
[INFO] [stdout]   10:     0x63b52c812edc - core[a373ad73a504971]::panicking::panic_fmt
[INFO] [stdout]   11:     0x63b52c812cb2 - core[a373ad73a504971]::result::unwrap_failed
[INFO] [stdout]   12:     0x63b52c6f09ef - frogql[b1f994c7fe5db522]::store::disk::tests::disk_fraud_run
[INFO] [stdout]   13:     0x63b52c6f91d9 - <frogql[b1f994c7fe5db522]::store::disk::tests::test_disk_complex::{closure#0} as core[a373ad73a504971]::ops::function::FnOnce<()>>::call_once
[INFO] [stdout]   14:     0x63b52c77975b - test[aada8e7e76ba119b]::__rust_begin_short_backtrace::<core[a373ad73a504971]::result::Result<(), alloc[2e1b2a31b91974c5]::string::String>, fn() -> core[a373ad73a504971]::result::Result<(), alloc[2e1b2a31b91974c5]::string::String>>
[INFO] [stdout]   15:     0x63b52c786935 - test[aada8e7e76ba119b]::run_test::{closure#0}
[INFO] [stdout]   16:     0x63b52c780224 - std[617be2ca0a6fd877]::sys::backtrace::__rust_begin_short_backtrace::<test[aada8e7e76ba119b]::run_test::{closure#1}, ()>
[INFO] [stdout]   17:     0x63b52c7899c2 - <std[617be2ca0a6fd877]::thread::lifecycle::spawn_unchecked<test[aada8e7e76ba119b]::run_test::{closure#1}, ()>::{closure#1} as core[a373ad73a504971]::ops::function::FnOnce<()>>::call_once::{shim:vtable#0}
[INFO] [stdout]   18:     0x63b52c7f9fcf - <std[617be2ca0a6fd877]::sys::thread::unix::Thread>::new::thread_start
[INFO] [stdout]   19:     0x7e3006245dfa - <unknown>
[INFO] [stdout]   20:     0x7e30062d93d4 - clone
[INFO] [stdout]   21:                0x0 - <unknown>
[INFO] [stdout] 
[INFO] [stdout] ---- store::lazy::tests::test_lazy_basic_queries stdout ----
[INFO] [stdout] 
[INFO] [stdout] thread 'store::lazy::tests::test_lazy_basic_queries' (3550) panicked at src/store/lazy.rs:2210:61:
[INFO] [stdout] called `Result::unwrap()` on an `Err` value: Io("No such file or directory (os error 2)")
[INFO] [stdout] stack backtrace:
[INFO] [stdout]    0:     0x63b52c7fafc1 - <<std[617be2ca0a6fd877]::sys::backtrace::BacktraceLock>::print::DisplayBacktrace as core[a373ad73a504971]::fmt::Display>::fmt
[INFO] [stdout]    1:     0x63b52c81277a - core[a373ad73a504971]::fmt::write
[INFO] [stdout]    2:     0x63b52c7ff54c - <alloc[2e1b2a31b91974c5]::vec::Vec<u8> as core[a373ad73a504971]::io::write::Write>::write_fmt
[INFO] [stdout]    3:     0x63b52c7d4786 - std[617be2ca0a6fd877]::panicking::default_hook::{closure#0}
[INFO] [stdout]    4:     0x63b52c7f2129 - std[617be2ca0a6fd877]::panicking::default_hook
[INFO] [stdout]    5:     0x63b52c786310 - test[aada8e7e76ba119b]::test_main_inner::{closure#0}
[INFO] [stdout]    6:     0x63b52c7f22e2 - std[617be2ca0a6fd877]::panicking::panic_with_hook
[INFO] [stdout]    7:     0x63b52c7d4832 - std[617be2ca0a6fd877]::panicking::panic_handler::{closure#0}
[INFO] [stdout]    8:     0x63b52c7cd009 - std[617be2ca0a6fd877]::sys::backtrace::__rust_end_short_backtrace::<std[617be2ca0a6fd877]::panicking::panic_handler::{closure#0}, !>
[INFO] [stdout]    9:     0x63b52c7d574d - __rustc[ea4f61d10b84890b]::rust_begin_unwind
[INFO] [stdout]   10:     0x63b52c812edc - core[a373ad73a504971]::panicking::panic_fmt
[INFO] [stdout]   11:     0x63b52c812cb2 - core[a373ad73a504971]::result::unwrap_failed
[INFO] [stdout]   12:     0x63b52c6212ab - frogql[b1f994c7fe5db522]::store::lazy::tests::lazy_fraud_run
[INFO] [stdout]   13:     0x63b52c626c79 - <frogql[b1f994c7fe5db522]::store::lazy::tests::test_lazy_basic_queries::{closure#0} as core[a373ad73a504971]::ops::function::FnOnce<()>>::call_once
[INFO] [stdout]   14:     0x63b52c77975b - test[aada8e7e76ba119b]::__rust_begin_short_backtrace::<core[a373ad73a504971]::result::Result<(), alloc[2e1b2a31b91974c5]::string::String>, fn() -> core[a373ad73a504971]::result::Result<(), alloc[2e1b2a31b91974c5]::string::String>>
[INFO] [stdout]   15:     0x63b52c786935 - test[aada8e7e76ba119b]::run_test::{closure#0}
[INFO] [stdout]   16:     0x63b52c780224 - std[617be2ca0a6fd877]::sys::backtrace::__rust_begin_short_backtrace::<test[aada8e7e76ba119b]::run_test::{closure#1}, ()>
[INFO] [stdout]   17:     0x63b52c7899c2 - <std[617be2ca0a6fd877]::thread::lifecycle::spawn_unchecked<test[aada8e7e76ba119b]::run_test::{closure#1}, ()>::{closure#1} as core[a373ad73a504971]::ops::function::FnOnce<()>>::call_once::{shim:vtable#0}
[INFO] [stdout]   18:     0x63b52c7f9fcf - <std[617be2ca0a6fd877]::sys::thread::unix::Thread>::new::thread_start
[INFO] [stdout]   19:     0x7e3006245dfa - <unknown>
[INFO] [stdout]   20:     0x7e30062d93d4 - clone
[INFO] [stdout]   21:                0x0 - <unknown>
[INFO] [stdout] 
[INFO] [stdout] ---- store::disk::tests::test_disk_filters stdout ----
[INFO] [stdout] 
[INFO] [stdout] thread 'store::disk::tests::test_disk_filters' (3548) panicked at src/store/disk.rs:538:61:
[INFO] [stdout] called `Result::unwrap()` on an `Err` value: Io("No such file or directory (os error 2)")
[INFO] [stdout] stack backtrace:
[INFO] [stdout]    0:     0x63b52c7fafc1 - <<std[617be2ca0a6fd877]::sys::backtrace::BacktraceLock>::print::DisplayBacktrace as core[a373ad73a504971]::fmt::Display>::fmt
[INFO] [stdout]    1:     0x63b52c81277a - core[a373ad73a504971]::fmt::write
[INFO] [stdout]    2:     0x63b52c7ff54c - <alloc[2e1b2a31b91974c5]::vec::Vec<u8> as core[a373ad73a504971]::io::write::Write>::write_fmt
[INFO] [stdout]    3:     0x63b52c7d4786 - std[617be2ca0a6fd877]::panicking::default_hook::{closure#0}
[INFO] [stdout]    4:     0x63b52c7f2129 - std[617be2ca0a6fd877]::panicking::default_hook
[INFO] [stdout]    5:     0x63b52c786310 - test[aada8e7e76ba119b]::test_main_inner::{closure#0}
[INFO] [stdout]    6:     0x63b52c7f22e2 - std[617be2ca0a6fd877]::panicking::panic_with_hook
[INFO] [stdout]    7:     0x63b52c7d4832 - std[617be2ca0a6fd877]::panicking::panic_handler::{closure#0}
[INFO] [stdout]    8:     0x63b52c7cd009 - std[617be2ca0a6fd877]::sys::backtrace::__rust_end_short_backtrace::<std[617be2ca0a6fd877]::panicking::panic_handler::{closure#0}, !>
[INFO] [stdout]    9:     0x63b52c7d574d - __rustc[ea4f61d10b84890b]::rust_begin_unwind
[INFO] [stdout]   10:     0x63b52c812edc - core[a373ad73a504971]::panicking::panic_fmt
[INFO] [stdout]   11:     0x63b52c812cb2 - core[a373ad73a504971]::result::unwrap_failed
[INFO] [stdout]   12:     0x63b52c6f09ef - frogql[b1f994c7fe5db522]::store::disk::tests::disk_fraud_run
[INFO] [stdout]   13:     0x63b52c6f9329 - <frogql[b1f994c7fe5db522]::store::disk::tests::test_disk_filters::{closure#0} as core[a373ad73a504971]::ops::function::FnOnce<()>>::call_once
[INFO] [stdout]   14:     0x63b52c77975b - test[aada8e7e76ba119b]::__rust_begin_short_backtrace::<core[a373ad73a504971]::result::Result<(), alloc[2e1b2a31b91974c5]::string::String>, fn() -> core[a373ad73a504971]::result::Result<(), alloc[2e1b2a31b91974c5]::string::String>>
[INFO] [stdout]   15:     0x63b52c786935 - test[aada8e7e76ba119b]::run_test::{closure#0}
[INFO] [stdout]   16:     0x63b52c780224 - std[617be2ca0a6fd877]::sys::backtrace::__rust_begin_short_backtrace::<test[aada8e7e76ba119b]::run_test::{closure#1}, ()>
[INFO] [stdout]   17:     0x63b52c7899c2 - <std[617be2ca0a6fd877]::thread::lifecycle::spawn_unchecked<test[aada8e7e76ba119b]::run_test::{closure#1}, ()>::{closure#1} as core[a373ad73a504971]::ops::function::FnOnce<()>>::call_once::{shim:vtable#0}
[INFO] [stdout]   18:     0x63b52c7f9fcf - <std[617be2ca0a6fd877]::sys::thread::unix::Thread>::new::thread_start
[INFO] [stdout]   19:     0x7e3006245dfa - <unknown>
[INFO] [stdout]   20:     0x7e30062d93d4 - clone
[INFO] [stdout]   21:                0x0 - <unknown>
[INFO] [stdout] 
[INFO] [stdout] ---- store::disk::tests::test_disk_traversal stdout ----
[INFO] [stdout] 
[INFO] [stdout] thread 'store::disk::tests::test_disk_traversal' (3549) panicked at src/store/disk.rs:538:61:
[INFO] [stdout] called `Result::unwrap()` on an `Err` value: Io("No such file or directory (os error 2)")
[INFO] [stdout] stack backtrace:
[INFO] [stdout]    0:     0x63b52c7fafc1 - <<std[617be2ca0a6fd877]::sys::backtrace::BacktraceLock>::print::DisplayBacktrace as core[a373ad73a504971]::fmt::Display>::fmt
[INFO] [stdout]    1:     0x63b52c81277a - core[a373ad73a504971]::fmt::write
[INFO] [stdout]    2:     0x63b52c7ff54c - <alloc[2e1b2a31b91974c5]::vec::Vec<u8> as core[a373ad73a504971]::io::write::Write>::write_fmt
[INFO] [stdout]    3:     0x63b52c7d4786 - std[617be2ca0a6fd877]::panicking::default_hook::{closure#0}
[INFO] [stdout]    4:     0x63b52c7f2129 - std[617be2ca0a6fd877]::panicking::default_hook
[INFO] [stdout]    5:     0x63b52c786310 - test[aada8e7e76ba119b]::test_main_inner::{closure#0}
[INFO] [stdout]    6:     0x63b52c7f22e2 - std[617be2ca0a6fd877]::panicking::panic_with_hook
[INFO] [stdout]    7:     0x63b52c7d4832 - std[617be2ca0a6fd877]::panicking::panic_handler::{closure#0}
[INFO] [stdout]    8:     0x63b52c7cd009 - std[617be2ca0a6fd877]::sys::backtrace::__rust_end_short_backtrace::<std[617be2ca0a6fd877]::panicking::panic_handler::{closure#0}, !>
[INFO] [stdout]    9:     0x63b52c7d574d - __rustc[ea4f61d10b84890b]::rust_begin_unwind
[INFO] [stdout]   10:     0x63b52c812edc - core[a373ad73a504971]::panicking::panic_fmt
[INFO] [stdout]   11:     0x63b52c812cb2 - core[a373ad73a504971]::result::unwrap_failed
[INFO] [stdout]   12:     0x63b52c6f09ef - frogql[b1f994c7fe5db522]::store::disk::tests::disk_fraud_run
[INFO] [stdout]   13:     0x63b52c6f93f9 - <frogql[b1f994c7fe5db522]::store::disk::tests::test_disk_traversal::{closure#0} as core[a373ad73a504971]::ops::function::FnOnce<()>>::call_once
[INFO] [stdout]   14:     0x63b52c77975b - test[aada8e7e76ba119b]::__rust_begin_short_backtrace::<core[a373ad73a504971]::result::Result<(), alloc[2e1b2a31b91974c5]::string::String>, fn() -> core[a373ad73a504971]::result::Result<(), alloc[2e1b2a31b91974c5]::string::String>>
[INFO] [stdout]   15:     0x63b52c786935 - test[aada8e7e76ba119b]::run_test::{closure#0}
[INFO] [stdout]   16:     0x63b52c780224 - std[617be2ca0a6fd877]::sys::backtrace::__rust_begin_short_backtrace::<test[aada8e7e76ba119b]::run_test::{closure#1}, ()>
[INFO] [stdout]   17:     0x63b52c7899c2 - <std[617be2ca0a6fd877]::thread::lifecycle::spawn_unchecked<test[aada8e7e76ba119b]::run_test::{closure#1}, ()>::{closure#1} as core[a373ad73a504971]::ops::function::FnOnce<()>>::call_once::{shim:vtable#0}
[INFO] [stdout]   18:     0x63b52c7f9fcf - <std[617be2ca0a6fd877]::sys::thread::unix::Thread>::new::thread_start
[INFO] [stdout]   19:     0x7e3006245dfa - <unknown>
[INFO] [stdout]   20:     0x7e30062d93d4 - clone
[INFO] [stdout]   21:                0x0 - <unknown>
[INFO] [stdout] 
[INFO] [stdout] ---- store::lazy::tests::test_lazy_multi_label stdout ----
[INFO] [stdout] 
[INFO] [stdout] thread 'store::lazy::tests::test_lazy_multi_label' (3553) panicked at src/store/lazy.rs:2210:61:
[INFO] [stdout] called `Result::unwrap()` on an `Err` value: Io("No such file or directory (os error 2)")
[INFO] [stdout] stack backtrace:
[INFO] [stdout]    0:     0x63b52c7fafc1 - <<std[617be2ca0a6fd877]::sys::backtrace::BacktraceLock>::print::DisplayBacktrace as core[a373ad73a504971]::fmt::Display>::fmt
[INFO] [stdout]    1:     0x63b52c81277a - core[a373ad73a504971]::fmt::write
[INFO] [stdout]    2:     0x63b52c7ff54c - <alloc[2e1b2a31b91974c5]::vec::Vec<u8> as core[a373ad73a504971]::io::write::Write>::write_fmt
[INFO] [stdout]    3:     0x63b52c7d4786 - std[617be2ca0a6fd877]::panicking::default_hook::{closure#0}
[INFO] [stdout]    4:     0x63b52c7f2129 - std[617be2ca0a6fd877]::panicking::default_hook
[INFO] [stdout]    5:     0x63b52c786310 - test[aada8e7e76ba119b]::test_main_inner::{closure#0}
[INFO] [stdout]    6:     0x63b52c7f22e2 - std[617be2ca0a6fd877]::panicking::panic_with_hook
[INFO] [stdout]    7:     0x63b52c7d4832 - std[617be2ca0a6fd877]::panicking::panic_handler::{closure#0}
[INFO] [stdout]    8:     0x63b52c7cd009 - std[617be2ca0a6fd877]::sys::backtrace::__rust_end_short_backtrace::<std[617be2ca0a6fd877]::panicking::panic_handler::{closure#0}, !>
[INFO] [stdout]    9:     0x63b52c7d574d - __rustc[ea4f61d10b84890b]::rust_begin_unwind
[INFO] [stdout]   10:     0x63b52c812edc - core[a373ad73a504971]::panicking::panic_fmt
[INFO] [stdout]   11:     0x63b52c812cb2 - core[a373ad73a504971]::result::unwrap_failed
[INFO] [stdout]   12:     0x63b52c6212ab - frogql[b1f994c7fe5db522]::store::lazy::tests::lazy_fraud_run
[INFO] [stdout]   13:     0x63b52c626c19 - <frogql[b1f994c7fe5db522]::store::lazy::tests::test_lazy_multi_label::{closure#0} as core[a373ad73a504971]::ops::function::FnOnce<()>>::call_once
[INFO] [stdout]   14:     0x63b52c77975b - test[aada8e7e76ba119b]::__rust_begin_short_backtrace::<core[a373ad73a504971]::result::Result<(), alloc[2e1b2a31b91974c5]::string::String>, fn() -> core[a373ad73a504971]::result::Result<(), alloc[2e1b2a31b91974c5]::string::String>>
[INFO] [stdout]   15:     0x63b52c786935 - test[aada8e7e76ba119b]::run_test::{closure#0}
[INFO] [stdout]   16:     0x63b52c780224 - std[617be2ca0a6fd877]::sys::backtrace::__rust_begin_short_backtrace::<test[aada8e7e76ba119b]::run_test::{closure#1}, ()>
[INFO] [stdout]   17:     0x63b52c7899c2 - <std[617be2ca0a6fd877]::thread::lifecycle::spawn_unchecked<test[aada8e7e76ba119b]::run_test::{closure#1}, ()>::{closure#1} as core[a373ad73a504971]::ops::function::FnOnce<()>>::call_once::{shim:vtable#0}
[INFO] [stdout]   18:     0x63b52c7f9fcf - <std[617be2ca0a6fd877]::sys::thread::unix::Thread>::new::thread_start
[INFO] [stdout]   19:     0x7e3006245dfa - <unknown>
[INFO] [stdout]   20:     0x7e30062d93d4 - clone
[INFO] [stdout]   21:                0x0 - <unknown>
[INFO] [stdout] 
[INFO] [stdout] ---- store::lazy::tests::test_lazy_filters stdout ----
[INFO] [stdout] 
[INFO] [stdout] thread 'store::lazy::tests::test_lazy_filters' (3552) panicked at src/store/lazy.rs:2210:61:
[INFO] [stdout] called `Result::unwrap()` on an `Err` value: Io("No such file or directory (os error 2)")
[INFO] [stdout] stack backtrace:
[INFO] [stdout]    0:     0x63b52c7fafc1 - <<std[617be2ca0a6fd877]::sys::backtrace::BacktraceLock>::print::DisplayBacktrace as core[a373ad73a504971]::fmt::Display>::fmt
[INFO] [stdout]    1:     0x63b52c81277a - core[a373ad73a504971]::fmt::write
[INFO] [stdout]    2:     0x63b52c7ff54c - <alloc[2e1b2a31b91974c5]::vec::Vec<u8> as core[a373ad73a504971]::io::write::Write>::write_fmt
[INFO] [stdout]    3:     0x63b52c7d4786 - std[617be2ca0a6fd877]::panicking::default_hook::{closure#0}
[INFO] [stdout]    4:     0x63b52c7f2129 - std[617be2ca0a6fd877]::panicking::default_hook
[INFO] [stdout]    5:     0x63b52c786310 - test[aada8e7e76ba119b]::test_main_inner::{closure#0}
[INFO] [stdout]    6:     0x63b52c7f22e2 - std[617be2ca0a6fd877]::panicking::panic_with_hook
[INFO] [stdout]    7:     0x63b52c7d4832 - std[617be2ca0a6fd877]::panicking::panic_handler::{closure#0}
[INFO] [stdout]    8:     0x63b52c7cd009 - std[617be2ca0a6fd877]::sys::backtrace::__rust_end_short_backtrace::<std[617be2ca0a6fd877]::panicking::panic_handler::{closure#0}, !>
[INFO] [stdout]    9:     0x63b52c7d574d - __rustc[ea4f61d10b84890b]::rust_begin_unwind
[INFO] [stdout]   10:     0x63b52c812edc - core[a373ad73a504971]::panicking::panic_fmt
[INFO] [stdout]   11:     0x63b52c812cb2 - core[a373ad73a504971]::result::unwrap_failed
[INFO] [stdout]   12:     0x63b52c6212ab - frogql[b1f994c7fe5db522]::store::lazy::tests::lazy_fraud_run
[INFO] [stdout]   13:     0x63b52c6263a9 - <frogql[b1f994c7fe5db522]::store::lazy::tests::test_lazy_filters::{closure#0} as core[a373ad73a504971]::ops::function::FnOnce<()>>::call_once
[INFO] [stdout]   14:     0x63b52c77975b - test[aada8e7e76ba119b]::__rust_begin_short_backtrace::<core[a373ad73a504971]::result::Result<(), alloc[2e1b2a31b91974c5]::string::String>, fn() -> core[a373ad73a504971]::result::Result<(), alloc[2e1b2a31b91974c5]::string::String>>
[INFO] [stdout]   15:     0x63b52c786935 - test[aada8e7e76ba119b]::run_test::{closure#0}
[INFO] [stdout]   16:     0x63b52c780224 - std[617be2ca0a6fd877]::sys::backtrace::__rust_begin_short_backtrace::<test[aada8e7e76ba119b]::run_test::{closure#1}, ()>
[INFO] [stdout]   17:     0x63b52c7899c2 - <std[617be2ca0a6fd877]::thread::lifecycle::spawn_unchecked<test[aada8e7e76ba119b]::run_test::{closure#1}, ()>::{closure#1} as core[a373ad73a504971]::ops::function::FnOnce<()>>::call_once::{shim:vtable#0}
[INFO] [stdout]   18:     0x63b52c7f9fcf - <std[617be2ca0a6fd877]::sys::thread::unix::Thread>::new::thread_start
[INFO] [stdout]   19:     0x7e3006245dfa - <unknown>
[INFO] [stdout]   20:     0x7e30062d93d4 - clone
[INFO] [stdout]   21:                0x0 - <unknown>
[INFO] [stdout] 
[INFO] [stdout] ---- store::lazy::tests::test_lazy_traversal stdout ----
[INFO] [stdout] 
[INFO] [stdout] thread 'store::lazy::tests::test_lazy_traversal' (3555) panicked at src/store/lazy.rs:2210:61:
[INFO] [stdout] called `Result::unwrap()` on an `Err` value: Io("No such file or directory (os error 2)")
[INFO] [stdout] stack backtrace:
[INFO] [stdout]    0:     0x63b52c7fafc1 - <<std[617be2ca0a6fd877]::sys::backtrace::BacktraceLock>::print::DisplayBacktrace as core[a373ad73a504971]::fmt::Display>::fmt
[INFO] [stdout]    1:     0x63b52c81277a - core[a373ad73a504971]::fmt::write
[INFO] [stdout]    2:     0x63b52c7ff54c - <alloc[2e1b2a31b91974c5]::vec::Vec<u8> as core[a373ad73a504971]::io::write::Write>::write_fmt
[INFO] [stdout]    3:     0x63b52c7d4786 - std[617be2ca0a6fd877]::panicking::default_hook::{closure#0}
[INFO] [stdout]    4:     0x63b52c7f2129 - std[617be2ca0a6fd877]::panicking::default_hook
[INFO] [stdout]    5:     0x63b52c786310 - test[aada8e7e76ba119b]::test_main_inner::{closure#0}
[INFO] [stdout]    6:     0x63b52c7f22e2 - std[617be2ca0a6fd877]::panicking::panic_with_hook
[INFO] [stdout]    7:     0x63b52c7d4832 - std[617be2ca0a6fd877]::panicking::panic_handler::{closure#0}
[INFO] [stdout]    8:     0x63b52c7cd009 - std[617be2ca0a6fd877]::sys::backtrace::__rust_end_short_backtrace::<std[617be2ca0a6fd877]::panicking::panic_handler::{closure#0}, !>
[INFO] [stdout]    9:     0x63b52c7d574d - __rustc[ea4f61d10b84890b]::rust_begin_unwind
[INFO] [stdout]   10:     0x63b52c812edc - core[a373ad73a504971]::panicking::panic_fmt
[INFO] [stdout]   11:     0x63b52c812cb2 - core[a373ad73a504971]::result::unwrap_failed
[INFO] [stdout]   12:     0x63b52c6212ab - frogql[b1f994c7fe5db522]::store::lazy::tests::lazy_fraud_run
[INFO] [stdout]   13:     0x63b52c626479 - <frogql[b1f994c7fe5db522]::store::lazy::tests::test_lazy_traversal::{closure#0} as core[a373ad73a504971]::ops::function::FnOnce<()>>::call_once
[INFO] [stdout]   14:     0x63b52c77975b - test[aada8e7e76ba119b]::__rust_begin_short_backtrace::<core[a373ad73a504971]::result::Result<(), alloc[2e1b2a31b91974c5]::string::String>, fn() -> core[a373ad73a504971]::result::Result<(), alloc[2e1b2a31b91974c5]::string::String>>
[INFO] [stdout]   15:     0x63b52c786935 - test[aada8e7e76ba119b]::run_test::{closure#0}
[INFO] [stdout]   16:     0x63b52c780224 - std[617be2ca0a6fd877]::sys::backtrace::__rust_begin_short_backtrace::<test[aada8e7e76ba119b]::run_test::{closure#1}, ()>
[INFO] [stdout]   17:     0x63b52c7899c2 - <std[617be2ca0a6fd877]::thread::lifecycle::spawn_unchecked<test[aada8e7e76ba119b]::run_test::{closure#1}, ()>::{closure#1} as core[a373ad73a504971]::ops::function::FnOnce<()>>::call_once::{shim:vtable#0}
[INFO] [stdout]   18:     0x63b52c7f9fcf - <std[617be2ca0a6fd877]::sys::thread::unix::Thread>::new::thread_start
[INFO] [stdout]   19:     0x7e3006245dfa - <unknown>
[INFO] [stdout]   20:     0x7e30062d93d4 - clone
[INFO] [stdout]   21:                0x0 - <unknown>
[INFO] [stdout] 
[INFO] [stdout] ---- store::lazy::tests::test_lazy_tiny_cache stdout ----
[INFO] [stdout] 
[INFO] [stdout] thread 'store::lazy::tests::test_lazy_tiny_cache' (3554) panicked at src/store/lazy.rs:2271:61:
[INFO] [stdout] called `Result::unwrap()` on an `Err` value: Io("No such file or directory (os error 2)")
[INFO] [stdout] stack backtrace:
[INFO] [stdout]    0:     0x63b52c7fafc1 - <<std[617be2ca0a6fd877]::sys::backtrace::BacktraceLock>::print::DisplayBacktrace as core[a373ad73a504971]::fmt::Display>::fmt
[INFO] [stdout]    1:     0x63b52c81277a - core[a373ad73a504971]::fmt::write
[INFO] [stdout]    2:     0x63b52c7ff54c - <alloc[2e1b2a31b91974c5]::vec::Vec<u8> as core[a373ad73a504971]::io::write::Write>::write_fmt
[INFO] [stdout]    3:     0x63b52c7d4786 - std[617be2ca0a6fd877]::panicking::default_hook::{closure#0}
[INFO] [stdout]    4:     0x63b52c7f2129 - std[617be2ca0a6fd877]::panicking::default_hook
[INFO] [stdout]    5:     0x63b52c786310 - test[aada8e7e76ba119b]::test_main_inner::{closure#0}
[INFO] [stdout]    6:     0x63b52c7f22e2 - std[617be2ca0a6fd877]::panicking::panic_with_hook
[INFO] [stdout]    7:     0x63b52c7d4832 - std[617be2ca0a6fd877]::panicking::panic_handler::{closure#0}
[INFO] [stdout]    8:     0x63b52c7cd009 - std[617be2ca0a6fd877]::sys::backtrace::__rust_end_short_backtrace::<std[617be2ca0a6fd877]::panicking::panic_handler::{closure#0}, !>
[INFO] [stdout]    9:     0x63b52c7d574d - __rustc[ea4f61d10b84890b]::rust_begin_unwind
[INFO] [stdout]   10:     0x63b52c812edc - core[a373ad73a504971]::panicking::panic_fmt
[INFO] [stdout]   11:     0x63b52c812cb2 - core[a373ad73a504971]::result::unwrap_failed
[INFO] [stdout]   12:     0x63b52c626928 - <frogql[b1f994c7fe5db522]::store::lazy::tests::test_lazy_tiny_cache::{closure#0} as core[a373ad73a504971]::ops::function::FnOnce<()>>::call_once
[INFO] [stdout]   13:     0x63b52c77975b - test[aada8e7e76ba119b]::__rust_begin_short_backtrace::<core[a373ad73a504971]::result::Result<(), alloc[2e1b2a31b91974c5]::string::String>, fn() -> core[a373ad73a504971]::result::Result<(), alloc[2e1b2a31b91974c5]::string::String>>
[INFO] [stdout]   14:     0x63b52c786935 - test[aada8e7e76ba119b]::run_test::{closure#0}
[INFO] [stdout]   15:     0x63b52c780224 - std[617be2ca0a6fd877]::sys::backtrace::__rust_begin_short_backtrace::<test[aada8e7e76ba119b]::run_test::{closure#1}, ()>
[INFO] [stdout]   16:     0x63b52c7899c2 - <std[617be2ca0a6fd877]::thread::lifecycle::spawn_unchecked<test[aada8e7e76ba119b]::run_test::{closure#1}, ()>::{closure#1} as core[a373ad73a504971]::ops::function::FnOnce<()>>::call_once::{shim:vtable#0}
[INFO] [stdout]   17:     0x63b52c7f9fcf - <std[617be2ca0a6fd877]::sys::thread::unix::Thread>::new::thread_start
[INFO] [stdout]   18:     0x7e3006245dfa - <unknown>
[INFO] [stdout]   19:     0x7e30062d93d4 - clone
[INFO] [stdout]   20:                0x0 - <unknown>
[INFO] [stdout] 
[INFO] [stdout] ---- store::lazy::tests::test_lazy_complex stdout ----
[INFO] [stdout] 
[INFO] [stdout] thread 'store::lazy::tests::test_lazy_complex' (3551) panicked at src/store/lazy.rs:2210:61:
[INFO] [stdout] called `Result::unwrap()` on an `Err` value: Io("No such file or directory (os error 2)")
[INFO] [stdout] stack backtrace:
[INFO] [stdout]    0:     0x63b52c7fafc1 - <<std[617be2ca0a6fd877]::sys::backtrace::BacktraceLock>::print::DisplayBacktrace as core[a373ad73a504971]::fmt::Display>::fmt
[INFO] [stdout]    1:     0x63b52c81277a - core[a373ad73a504971]::fmt::write
[INFO] [stdout]    2:     0x63b52c7ff54c - <alloc[2e1b2a31b91974c5]::vec::Vec<u8> as core[a373ad73a504971]::io::write::Write>::write_fmt
[INFO] [stdout]    3:     0x63b52c7d4786 - std[617be2ca0a6fd877]::panicking::default_hook::{closure#0}
[INFO] [stdout]    4:     0x63b52c7f2129 - std[617be2ca0a6fd877]::panicking::default_hook
[INFO] [stdout]    5:     0x63b52c786310 - test[aada8e7e76ba119b]::test_main_inner::{closure#0}
[INFO] [stdout]    6:     0x63b52c7f22e2 - std[617be2ca0a6fd877]::panicking::panic_with_hook
[INFO] [stdout]    7:     0x63b52c7d4832 - std[617be2ca0a6fd877]::panicking::panic_handler::{closure#0}
[INFO] [stdout]    8:     0x63b52c7cd009 - std[617be2ca0a6fd877]::sys::backtrace::__rust_end_short_backtrace::<std[617be2ca0a6fd877]::panicking::panic_handler::{closure#0}, !>
[INFO] [stdout]    9:     0x63b52c7d574d - __rustc[ea4f61d10b84890b]::rust_begin_unwind
[INFO] [stdout]   10:     0x63b52c812edc - core[a373ad73a504971]::panicking::panic_fmt
[INFO] [stdout]   11:     0x63b52c812cb2 - core[a373ad73a504971]::result::unwrap_failed
[INFO] [stdout]   12:     0x63b52c6212ab - frogql[b1f994c7fe5db522]::store::lazy::tests::lazy_fraud_run
[INFO] [stdout]   13:     0x63b52c6262a9 - <frogql[b1f994c7fe5db522]::store::lazy::tests::test_lazy_complex::{closure#0} as core[a373ad73a504971]::ops::function::FnOnce<()>>::call_once
[INFO] [stdout]   14:     0x63b52c77975b - test[aada8e7e76ba119b]::__rust_begin_short_backtrace::<core[a373ad73a504971]::result::Result<(), alloc[2e1b2a31b91974c5]::string::String>, fn() -> core[a373ad73a504971]::result::Result<(), alloc[2e1b2a31b91974c5]::string::String>>
[INFO] [stdout]   15:     0x63b52c786935 - test[aada8e7e76ba119b]::run_test::{closure#0}
[INFO] [stdout]   16:     0x63b52c780224 - std[617be2ca0a6fd877]::sys::backtrace::__rust_begin_short_backtrace::<test[aada8e7e76ba119b]::run_test::{closure#1}, ()>
[INFO] [stdout]   17:     0x63b52c7899c2 - <std[617be2ca0a6fd877]::thread::lifecycle::spawn_unchecked<test[aada8e7e76ba119b]::run_test::{closure#1}, ()>::{closure#1} as core[a373ad73a504971]::ops::function::FnOnce<()>>::call_once::{shim:vtable#0}
[INFO] [stdout]   18:     0x63b52c7f9fcf - <std[617be2ca0a6fd877]::sys::thread::unix::Thread>::new::thread_start
[INFO] [stdout]   19:     0x7e3006245dfa - <unknown>
[INFO] [stdout]   20:     0x7e30062d93d4 - clone
[INFO] [stdout]   21:                0x0 - <unknown>
[INFO] [stdout] 
[INFO] [stdout] 
[INFO] [stdout] failures:
[INFO] [stdout]     model::graph::tests::test_fraud_edge_counts
[INFO] [stdout]     model::graph::tests::test_fraud_node_count
[INFO] [stdout]     model::graph::tests::test_social_edge_counts
[INFO] [stdout]     model::graph::tests::test_social_node_count
[INFO] [stdout]     optimizer::pushdown::tests::test_pushdown_preserves_semantics
[INFO] [stdout]     runtime::ltj::triple_index::tests::test_build_from_fraud_graph
[INFO] [stdout]     store::disk::tests::test_disk_basic
[INFO] [stdout]     store::disk::tests::test_disk_complex
[INFO] [stdout]     store::disk::tests::test_disk_filters
[INFO] [stdout]     store::disk::tests::test_disk_traversal
[INFO] [stdout]     store::lazy::tests::test_lazy_basic_queries
[INFO] [stdout]     store::lazy::tests::test_lazy_complex
[INFO] [stdout]     store::lazy::tests::test_lazy_filters
[INFO] [stdout]     store::lazy::tests::test_lazy_multi_label
[INFO] [stdout]     store::lazy::tests::test_lazy_tiny_cache
[INFO] [stdout]     store::lazy::tests::test_lazy_traversal
[INFO] [stdout] 
[INFO] [stdout] test result: FAILED. 286 passed; 16 failed; 0 ignored; 0 measured; 0 filtered out; finished in 2.03s
[INFO] [stdout] 
[INFO] [stderr] error: test failed, to rerun pass `--lib`
[INFO] running `Command { std: "docker" "inspect" "c7785b6c654afbeee5019af9b7315ad6f493fe4d55f2a2f3a43a1ceee1dcc5f1", kill_on_drop: false }`
[INFO] running `Command { std: "docker" "rm" "-f" "c7785b6c654afbeee5019af9b7315ad6f493fe4d55f2a2f3a43a1ceee1dcc5f1", kill_on_drop: false }`
[INFO] [stdout] c7785b6c654afbeee5019af9b7315ad6f493fe4d55f2a2f3a43a1ceee1dcc5f1
