[INFO] fetching crate fresh-update 0.5.3...
[INFO] testing fresh-update-0.5.3 against 1.100.0-beta.1+cargoflags=--release for beta-release-1.100-2
[INFO] extracting crate fresh-update 0.5.3 into /workspace/builds/worker-7-tc2/source
[INFO] started tweaking crates.io crate fresh-update 0.5.3
[INFO] removed 0 missing tests
[INFO] finished tweaking crates.io crate fresh-update 0.5.3
[INFO] tweaked toml for crates.io crate fresh-update 0.5.3 written to /workspace/builds/worker-7-tc2/source/Cargo.toml
[INFO] validating manifest of crates.io crate fresh-update 0.5.3 on toolchain 1.100.0-beta.1
[INFO] running `Command { std: CARGO_HOME="/workspace/cargo-home" RUSTUP_HOME="/workspace/rustup-home" "/workspace/cargo-home/bin/cargo" "+1.100.0-beta.1" "metadata" "--manifest-path" "Cargo.toml" "--no-deps", kill_on_drop: false }`
[INFO] crate crates.io crate fresh-update 0.5.3 already has a lockfile, it will not be regenerated
[INFO] running `Command { std: CARGO_HOME="/workspace/cargo-home" RUSTUP_HOME="/workspace/rustup-home" "/workspace/cargo-home/bin/cargo" "+1.100.0-beta.1" "fetch" "--manifest-path" "Cargo.toml", kill_on_drop: false }`
[INFO] running `Command { std: "docker" "create" "-v" "/var/lib/crater-agent-workspace/builds/worker-7-tc2/source:/opt/rustwide/workdir:ro,Z" "-v" "/var/lib/crater-agent-workspace/builds/worker-7-tc2/target:/opt/rustwide/target:rw,Z" "-v" "/var/lib/crater-agent-workspace/cargo-home:/opt/rustwide/cargo-home:ro,Z" "-v" "/var/lib/crater-agent-workspace/rustup-home:/opt/rustwide/rustup-home:ro,Z" "-m" "1610612736" "--network" "none" "ghcr.io/rust-lang/crates-build-env/linux@sha256:77db811e55d90add9212f6832c23229e3de5f1c1f9905e8cb07319ea15df73ac" "sleep" "infinity", kill_on_drop: false }`
[INFO] [stdout] 0ce408ef5bf2b3268af6ca9c95f38aca8e5c8ad54f2a3c57c7101452347ceddd
[INFO] running `Command { std: "docker" "start" "0ce408ef5bf2b3268af6ca9c95f38aca8e5c8ad54f2a3c57c7101452347ceddd", kill_on_drop: false }`
[INFO] running `Command { std: "docker" "inspect" "0ce408ef5bf2b3268af6ca9c95f38aca8e5c8ad54f2a3c57c7101452347ceddd", kill_on_drop: false }`
[INFO] running `Command { std: "docker" "exec" "-e" "SOURCE_DIR=/opt/rustwide/workdir" "-e" "CARGO_HOME=/opt/rustwide/cargo-home" "-e" "RUSTUP_HOME=/opt/rustwide/rustup-home" "-e" "CARGO_TARGET_DIR=/opt/rustwide/target" "-w" "/opt/rustwide/workdir" "--user" "0:0" "0ce408ef5bf2b3268af6ca9c95f38aca8e5c8ad54f2a3c57c7101452347ceddd" "/opt/rustwide/cargo-home/bin/cargo" "+1.100.0-beta.1" "metadata" "--no-deps" "--format-version=1", kill_on_drop: false }`
[INFO] running `Command { std: "docker" "inspect" "0ce408ef5bf2b3268af6ca9c95f38aca8e5c8ad54f2a3c57c7101452347ceddd", kill_on_drop: false }`
[INFO] running `Command { std: "docker" "exec" "-e" "SOURCE_DIR=/opt/rustwide/workdir" "-e" "CARGO_HOME=/opt/rustwide/cargo-home" "-e" "RUSTUP_HOME=/opt/rustwide/rustup-home" "-e" "CARGO_TARGET_DIR=/opt/rustwide/target" "-e" "CARGO_INCREMENTAL=0" "-e" "RUST_BACKTRACE=full" "-e" "RUSTFLAGS=--cap-lints=warn" "-e" "RUSTDOCFLAGS=--cap-lints=warn" "-w" "/opt/rustwide/workdir" "--user" "0:0" "0ce408ef5bf2b3268af6ca9c95f38aca8e5c8ad54f2a3c57c7101452347ceddd" "/opt/rustwide/cargo-home/bin/cargo" "+1.100.0-beta.1" "build" "--frozen" "--message-format=json" "--release", kill_on_drop: false }`
[INFO] [stderr]    Compiling serde_core v1.0.228
[INFO] [stderr]    Compiling serde v1.0.228
[INFO] [stderr]    Compiling typenum v1.20.0
[INFO] [stderr]    Compiling hashbrown v0.17.0
[INFO] [stderr]    Compiling fresh-update v0.5.3 (/opt/rustwide/workdir)
[INFO] [stderr]    Compiling syn v2.0.117
[INFO] [stderr]    Compiling generic-array v0.14.7
[INFO] [stderr]    Compiling indexmap v2.14.0
[INFO] [stderr]    Compiling block-buffer v0.10.4
[INFO] [stderr]    Compiling crypto-common v0.1.7
[INFO] [stderr]    Compiling digest v0.10.7
[INFO] [stderr]    Compiling sha2 v0.10.9
[INFO] [stderr]    Compiling serde_json v1.0.149
[INFO] [stderr]    Compiling serde_derive v1.0.228
[INFO] [stderr]    Compiling tracing-attributes v0.1.31
[INFO] [stderr]    Compiling tracing v0.1.44
[INFO] [stderr]    Compiling serde_spanned v0.6.9
[INFO] [stderr]    Compiling toml_datetime v0.6.11
[INFO] [stderr]    Compiling toml_edit v0.22.27
[INFO] [stderr]    Compiling toml v0.8.23
[INFO] [stderr]     Finished `release` profile [optimized] target(s) in 24.84s
[INFO] running `Command { std: "docker" "inspect" "0ce408ef5bf2b3268af6ca9c95f38aca8e5c8ad54f2a3c57c7101452347ceddd", kill_on_drop: false }`
[INFO] running `Command { std: "docker" "exec" "-e" "SOURCE_DIR=/opt/rustwide/workdir" "-e" "CARGO_HOME=/opt/rustwide/cargo-home" "-e" "RUSTUP_HOME=/opt/rustwide/rustup-home" "-e" "CARGO_TARGET_DIR=/opt/rustwide/target" "-e" "CARGO_INCREMENTAL=0" "-e" "RUST_BACKTRACE=full" "-e" "RUSTFLAGS=--cap-lints=warn" "-e" "RUSTDOCFLAGS=--cap-lints=warn" "-w" "/opt/rustwide/workdir" "--user" "0:0" "0ce408ef5bf2b3268af6ca9c95f38aca8e5c8ad54f2a3c57c7101452347ceddd" "/opt/rustwide/cargo-home/bin/cargo" "+1.100.0-beta.1" "test" "--frozen" "--no-run" "--message-format=json" "--release", kill_on_drop: false }`
[INFO] [stderr]    Compiling getrandom v0.4.2
[INFO] [stderr]    Compiling bitflags v2.11.1
[INFO] [stderr]    Compiling log v0.4.29
[INFO] [stderr]    Compiling chunked_transfer v1.5.0
[INFO] [stderr]    Compiling ascii v1.1.0
[INFO] [stderr]    Compiling rustix v1.1.4
[INFO] [stderr]    Compiling tiny_http v0.12.0
[INFO] [stderr]    Compiling tempfile v3.27.0
[INFO] [stderr]    Compiling fresh-update v0.5.3 (/opt/rustwide/workdir)
[INFO] [stderr]     Finished `release` profile [optimized] target(s) in 10.39s
[INFO] running `Command { std: "docker" "inspect" "0ce408ef5bf2b3268af6ca9c95f38aca8e5c8ad54f2a3c57c7101452347ceddd", kill_on_drop: false }`
[INFO] running `Command { std: "docker" "exec" "-e" "SOURCE_DIR=/opt/rustwide/workdir" "-e" "CARGO_HOME=/opt/rustwide/cargo-home" "-e" "RUSTUP_HOME=/opt/rustwide/rustup-home" "-e" "CARGO_TARGET_DIR=/opt/rustwide/target" "-e" "CARGO_INCREMENTAL=0" "-e" "RUST_BACKTRACE=full" "-e" "RUSTFLAGS=--cap-lints=warn" "-e" "RUSTDOCFLAGS=--cap-lints=warn" "-w" "/opt/rustwide/workdir" "--user" "0:0" "0ce408ef5bf2b3268af6ca9c95f38aca8e5c8ad54f2a3c57c7101452347ceddd" "/opt/rustwide/cargo-home/bin/cargo" "+1.100.0-beta.1" "test" "--frozen" "--release", kill_on_drop: false }`
[INFO] [stderr]     Finished `release` profile [optimized] target(s) in 0.09s
[INFO] [stderr]      Running unittests src/lib.rs (/opt/rustwide/target/release/build/fresh-update/9de576bbb6dbb5e4/out/fresh_update-9de576bbb6dbb5e4)
[INFO] [stdout] 
[INFO] [stdout] running 94 tests
[INFO] [stdout] test confidence::tests::ordering_is_monotonic ... ok
[INFO] [stdout] test check::tests::evaluate_no_update_when_current ... ok
[INFO] [stdout] test confidence::tests::only_unknown_is_barred_from_self_swap ... ok
[INFO] [stdout] test check::tests::evaluate_errors_without_tag ... ok
[INFO] [stdout] test endpoint::redirect_tests::the_redirect_follows_the_download_base ... ok
[INFO] [stdout] test endpoint::tests::asset_urls_do_not_double_the_separator ... ok
[INFO] [stdout] test endpoint::tests::an_override_within_policy_stays_trusted ... ok
[INFO] [stdout] test endpoint::redirect_tests::the_pinned_default_resolves_versions_through_the_web_redirect ... ok
[INFO] [stdout] test check::tests::evaluate_detects_update ... ok
[INFO] [stdout] test channel::tests::unknown_id_is_none ... ok
[INFO] [stdout] test feed::tests::a_constructed_name_is_one_the_matcher_recognises ... ok
[INFO] [stdout] test confidence::tests::self_swap_gate ... ok
[INFO] [stdout] test channel::tests::id_roundtrips_through_from_id ... ok
[INFO] [stdout] test elevate::tests::an_unprivileged_command_is_never_wrapped ... ok
[INFO] [stdout] test elevate::tests::root_runs_the_command_directly ... ok
[INFO] [stdout] test feed::tests::a_document_without_the_flag_is_a_normal_release ... ok
[INFO] [stdout] test feed::tests::a_feed_that_is_not_json_fails_loudly ... ok
[INFO] [stdout] test channel::tests::aliases_resolve ... ok
[INFO] [stdout] test endpoint::endpoint_list_tests::an_override_is_left_alone ... ok
[INFO] [stdout] test feed::tests::each_packaging_tool_s_arch_spelling_resolves ... ok
[INFO] [stdout] test feed::tests::selection_does_not_trust_feed_order ... ok
[INFO] [stdout] test feed::tests::the_architecture_must_sit_where_the_packaging_tool_puts_it ... ok
[INFO] [stdout] test endpoint::tests::only_https_on_a_pinned_host_is_trusted ... ok
[INFO] [stdout] test feed::tests::drafts_are_never_offered ... ok
[INFO] [stdout] test endpoint::tests::production_endpoints_satisfy_their_own_policy ... ok
[INFO] [stdout] test offer::tests::only_a_self_contained_install_offers_to_finish_it ... ok
[INFO] [stdout] test offer::tests::release_packages_still_offer_the_verified_download ... ok
[INFO] [stdout] test feed::tests::the_constructed_names_match_the_install_script ... FAILED
[INFO] [stdout] test offer::tests::each_channel_gets_the_offer_matching_what_we_will_do ... ok
[INFO] [stdout] test feed::tests::version_strips_the_tag_prefix ... ok
[INFO] [stdout] test feed::tests::an_ambiguous_release_is_refused_rather_than_guessed ... ok
[INFO] [stdout] test offer::tests::action_keys_are_stable ... ok
[INFO] [stdout] test endpoint::endpoint_list_tests::the_pinned_default_yields_the_list_endpoint ... ok
[INFO] [stdout] test endpoint::redirect_tests::a_trailing_slash_does_not_hide_the_redirect ... ok
[INFO] [stdout] test endpoint::redirect_tests::naming_a_feed_takes_the_redirect_out_of_play ... ok
[INFO] [stdout] test elevate::tests::the_escalation_step_is_a_prefix_not_a_different_command ... ok
[INFO] [stdout] test provenance::tests::prebuilt_embedded_is_not_a_channel ... ok
[INFO] [stdout] test provenance::tests::receipt_beats_embedded ... ok
[INFO] [stdout] test provenance::tests::receipt_flags_override_registry_defaults ... ok
[INFO] [stdout] test feed::tests::a_prerelease_is_refused_unless_asked_for ... ok
[INFO] [stdout] test feed::tests::a_list_picks_the_newest_and_skips_prereleases_by_default ... ok
[INFO] [stdout] test provenance::tests::unknown_is_manual_and_never_self_swaps ... ok
[INFO] [stdout] test feed::tests::a_missing_package_is_an_error_not_a_wrong_answer ... ok
[INFO] [stdout] test provenance::tests::resolution_depends_only_on_recorded_inputs ... ok
[INFO] [stdout] test receipt::tests::candidate_paths_are_ordered ... ok
[INFO] [stdout] test receipt::tests::candidate_paths_cover_the_packaged_deb_rpm_location ... ok
[INFO] [stdout] test registry::tests::aur_refuses_an_implausible_package_name ... ok
[INFO] [stdout] test endpoint::tests::host_is_read_from_the_authority_not_the_first_thing_that_looks_like_one ... ok
[INFO] [stdout] test registry::tests::aur_uses_one_command_everywhere ... ok
[INFO] [stdout] test receipt::tests::roundtrip_serialize_parse ... ok
[INFO] [stdout] test receipt::tests::parse_full_receipt ... ok
[INFO] [stdout] test provenance::tests::packaged_deb_layout_resolves_authoritatively ... ok
[INFO] [stdout] test receipt::tests::parse_minimal_receipt ... ok
[INFO] [stdout] test receipt::tests::find_reads_first_existing ... ok
[INFO] [stdout] test provenance::tests::override_wins_over_everything ... ok
[INFO] [stdout] test feed::tests::a_url_in_the_release_body_is_not_an_asset ... ok
[INFO] [stdout] test provenance::tests::unparseable_override_is_ignored ... ok
[INFO] [stdout] test registry::tests::privilege_flags ... ok
[INFO] [stdout] test registry::tests::reinstall_is_permitted_only_when_asked_for ... ok
[INFO] [stdout] test registry::tests::release_artifact_channels_do_not_delegate_to_a_repo ... ok
[INFO] [stdout] test registry::tests::self_contained_has_no_command ... ok
[INFO] [stdout] test registry::tests::tool_refs_match_how_each_tool_actually_installed_it ... ok
[INFO] [stdout] test registry::tests::toolchain_commands ... ok
[INFO] [stdout] test registry::tests::install_commands_take_the_downloaded_file ... ok
[INFO] [stdout] test registry::tests::only_channels_with_a_real_distribution_name_a_command ... ok
[INFO] [stdout] test registry::tests::package_assets_use_each_tool_s_arch_spelling ... ok
[INFO] [stdout] test registry_checkout::tests::a_directory_merely_named_registry_is_not_one ... ok
[INFO] [stdout] test receipt::tests::find_reads_packaged_receipt_from_share_package_name ... ok
[INFO] [stdout] test registry::tests::delegated_commands_template_defaults ... ok
[INFO] [stdout] test registry_checkout::tests::a_git_install_is_not_a_registry_install ... ok
[INFO] [stdout] test registry::tests::every_reachable_channel_has_a_same_channel_continuation ... ok
[INFO] [stdout] test registry::tests::hints_override_defaults ... ok
[INFO] [stdout] test provenance::tests::embedded_is_used_when_there_is_no_receipt ... ok
[INFO] [stdout] test offer::tests::the_offer_is_determined_by_the_kind_alone ... ok
[INFO] [stdout] test self_update::tests::staging_refuses_a_path_that_already_exists ... ok
[INFO] [stdout] test self_update::tests::verify_accepts_bare_and_sumfile_forms ... ok
[INFO] [stdout] test self_update::tests::sha256_matches_known_vector ... ok
[INFO] [stdout] test self_update::tests::verify_rejects_mismatch ... ok
[INFO] [stdout] test staging::tests::an_ephemeral_directory_is_private_and_goes_away ... ok
[INFO] [stdout] test registry_checkout::tests::a_workspace_or_git_build_is_not_one ... ok
[INFO] [stdout] test provenance::tests::nothing_resolves_to_unknown ... ok
[INFO] [stdout] test registry::tests::aur_is_not_separately_elevated ... ok
[INFO] [stdout] test self_update::tests::can_self_update_requires_capability_and_confidence ... ok
[INFO] [stdout] test staging::tests::durable_staging_is_private_and_survives_the_call ... ok
[INFO] [stdout] test version::tests::a_pre_release_is_read_out_of_the_tag ... ok
[INFO] [stdout] test version::tests::newer_comparison ... ok
[INFO] [stdout] test registry_checkout::tests::recognises_an_unpacked_registry_crate ... ok
[INFO] [stdout] test registry_checkout::tests::an_unpacked_tarball_alone_is_not_one ... ok
[INFO] [stdout] test self_update::tests::atomic_replace_sets_executable_bit ... ok
[INFO] [stdout] test staging::tests::two_staging_directories_never_share_a_name ... ok
[INFO] [stdout] test staging::tests::keeping_an_ephemeral_directory_suppresses_the_cleanup ... ok
[INFO] [stdout] test self_update::tests::staging_names_do_not_collide ... ok
[INFO] [stdout] test staging::tests::durable_staging_is_not_under_the_temp_directory ... ok
[INFO] [stdout] test self_update::tests::atomic_replace_swaps_contents ... ok
[INFO] [stdout] 
[INFO] [stdout] failures:
[INFO] [stdout] 
[INFO] [stdout] ---- feed::tests::the_constructed_names_match_the_install_script stdout ----
[INFO] [stdout] 
[INFO] [stdout] thread 'feed::tests::the_constructed_names_match_the_install_script' (795) panicked at src/feed.rs:336:10:
[INFO] [stdout] read install.sh: Os { code: 2, kind: NotFound, message: "No such file or directory" }
[INFO] [stdout] stack backtrace:
[INFO] [stdout]    0:     0x630850d94e71 - <<std[617be2ca0a6fd877]::sys::backtrace::BacktraceLock>::print::DisplayBacktrace as core[a373ad73a504971]::fmt::Display>::fmt
[INFO] [stdout]    1:     0x630850dab77a - core[a373ad73a504971]::fmt::write
[INFO] [stdout]    2:     0x630850d993cc - <alloc[2e1b2a31b91974c5]::vec::Vec<u8> as core[a373ad73a504971]::io::write::Write>::write_fmt
[INFO] [stdout]    3:     0x630850d6e2b6 - std[617be2ca0a6fd877]::panicking::default_hook::{closure#0}
[INFO] [stdout]    4:     0x630850d8b7d9 - std[617be2ca0a6fd877]::panicking::default_hook
[INFO] [stdout]    5:     0x630850d22de0 - test[aada8e7e76ba119b]::test_main_inner::{closure#0}
[INFO] [stdout]    6:     0x630850d8b992 - std[617be2ca0a6fd877]::panicking::panic_with_hook
[INFO] [stdout]    7:     0x630850d6e362 - std[617be2ca0a6fd877]::panicking::panic_handler::{closure#0}
[INFO] [stdout]    8:     0x630850d66c69 - std[617be2ca0a6fd877]::sys::backtrace::__rust_end_short_backtrace::<std[617be2ca0a6fd877]::panicking::panic_handler::{closure#0}, !>
[INFO] [stdout]    9:     0x630850d6f20d - __rustc[ea4f61d10b84890b]::rust_begin_unwind
[INFO] [stdout]   10:     0x630850dabedc - core[a373ad73a504971]::panicking::panic_fmt
[INFO] [stdout]   11:     0x630850dabcb2 - core[a373ad73a504971]::result::unwrap_failed
[INFO] [stdout]   12:     0x630850cc1e2b - <fresh_update[6a693b1c00260421]::feed::tests::the_constructed_names_match_the_install_script::{closure#0} as core[a373ad73a504971]::ops::function::FnOnce<()>>::call_once
[INFO] [stdout]   13:     0x630850d1622b - test[aada8e7e76ba119b]::__rust_begin_short_backtrace::<core[a373ad73a504971]::result::Result<(), alloc[2e1b2a31b91974c5]::string::String>, fn() -> core[a373ad73a504971]::result::Result<(), alloc[2e1b2a31b91974c5]::string::String>>
[INFO] [stdout]   14:     0x630850d23405 - test[aada8e7e76ba119b]::run_test::{closure#0}
[INFO] [stdout]   15:     0x630850d1ccf4 - std[617be2ca0a6fd877]::sys::backtrace::__rust_begin_short_backtrace::<test[aada8e7e76ba119b]::run_test::{closure#1}, ()>
[INFO] [stdout]   16:     0x630850d26492 - <std[617be2ca0a6fd877]::thread::lifecycle::spawn_unchecked<test[aada8e7e76ba119b]::run_test::{closure#1}, ()>::{closure#1} as core[a373ad73a504971]::ops::function::FnOnce<()>>::call_once::{shim:vtable#0}
[INFO] [stdout]   17:     0x630850d93e4f - <std[617be2ca0a6fd877]::sys::thread::unix::Thread>::new::thread_start
[INFO] [stdout]   18:     0x77d70a707dfa - <unknown>
[INFO] [stdout]   19:     0x77d70a79b3d4 - clone
[INFO] [stdout]   20:                0x0 - <unknown>
[INFO] [stdout] 
[INFO] [stdout] 
[INFO] [stdout] failures:
[INFO] [stdout]     feed::tests::the_constructed_names_match_the_install_script
[INFO] [stdout] 
[INFO] [stdout] test result: FAILED. 93 passed; 1 failed; 0 ignored; 0 measured; 0 filtered out; finished in 0.03s
[INFO] [stdout] 
[INFO] [stderr] error: test failed, to rerun pass `--lib`
[INFO] running `Command { std: "docker" "inspect" "0ce408ef5bf2b3268af6ca9c95f38aca8e5c8ad54f2a3c57c7101452347ceddd", kill_on_drop: false }`
[INFO] running `Command { std: "docker" "rm" "-f" "0ce408ef5bf2b3268af6ca9c95f38aca8e5c8ad54f2a3c57c7101452347ceddd", kill_on_drop: false }`
[INFO] [stdout] 0ce408ef5bf2b3268af6ca9c95f38aca8e5c8ad54f2a3c57c7101452347ceddd
