[INFO] fetching crate frensense 0.7.0...
[INFO] testing frensense-0.7.0 against 1.99.0-beta.8+cargoflags=--release for beta-release-1.100-2
[INFO] extracting crate frensense 0.7.0 into /workspace/builds/worker-7-tc1/source
[INFO] removed /workspace/builds/worker-7-tc1/source/.cargo/config.toml
[INFO] started tweaking crates.io crate frensense 0.7.0
[INFO] finished tweaking crates.io crate frensense 0.7.0
[INFO] tweaked toml for crates.io crate frensense 0.7.0 written to /workspace/builds/worker-7-tc1/source/Cargo.toml
[INFO] validating manifest of crates.io crate frensense 0.7.0 on toolchain 1.99.0-beta.8
[INFO] running `Command { std: CARGO_HOME="/workspace/cargo-home" RUSTUP_HOME="/workspace/rustup-home" "/workspace/cargo-home/bin/cargo" "+1.99.0-beta.8" "metadata" "--manifest-path" "Cargo.toml" "--no-deps", kill_on_drop: false }`
[INFO] crate crates.io crate frensense 0.7.0 already has a lockfile, it will not be regenerated
[INFO] running `Command { std: CARGO_HOME="/workspace/cargo-home" RUSTUP_HOME="/workspace/rustup-home" "/workspace/cargo-home/bin/cargo" "+1.99.0-beta.8" "fetch" "--manifest-path" "Cargo.toml", kill_on_drop: false }`
[INFO] [stderr]     Updating crates.io index
[INFO] [stderr]  Downloading crates ...
[INFO] [stderr]   Downloaded frensense-lang v0.7.0
[INFO] [stderr]   Downloaded tree-sitter-language v0.1.8
[INFO] [stderr]   Downloaded frensense-bundler v0.7.0
[INFO] [stderr]   Downloaded tree-sitter-python v0.23.6
[INFO] [stderr]   Downloaded tree-sitter-go v0.23.4
[INFO] [stderr]   Downloaded tree-sitter v0.23.2
[INFO] [stderr]   Downloaded tree-sitter-c v0.23.4
[INFO] [stderr]   Downloaded frensense-engine v0.7.0
[INFO] [stderr]   Downloaded tree-sitter-typescript v0.23.2
[INFO] running `Command { std: "docker" "create" "-v" "/var/lib/crater-agent-workspace/builds/worker-7-tc1/source:/opt/rustwide/workdir:ro,Z" "-v" "/var/lib/crater-agent-workspace/builds/worker-7-tc1/target:/opt/rustwide/target:rw,Z" "-v" "/var/lib/crater-agent-workspace/cargo-home:/opt/rustwide/cargo-home:ro,Z" "-v" "/var/lib/crater-agent-workspace/rustup-home:/opt/rustwide/rustup-home:ro,Z" "-m" "1610612736" "--network" "none" "ghcr.io/rust-lang/crates-build-env/linux@sha256:77db811e55d90add9212f6832c23229e3de5f1c1f9905e8cb07319ea15df73ac" "sleep" "infinity", kill_on_drop: false }`
[INFO] [stdout] f4627fddd9a6adc6cbebcfcd9a82b11a0c4f6cda12f0ed9abafaae8a5d1ff9a8
[INFO] running `Command { std: "docker" "start" "f4627fddd9a6adc6cbebcfcd9a82b11a0c4f6cda12f0ed9abafaae8a5d1ff9a8", kill_on_drop: false }`
[INFO] running `Command { std: "docker" "inspect" "f4627fddd9a6adc6cbebcfcd9a82b11a0c4f6cda12f0ed9abafaae8a5d1ff9a8", kill_on_drop: false }`
[INFO] running `Command { std: "docker" "exec" "-e" "SOURCE_DIR=/opt/rustwide/workdir" "-e" "CARGO_HOME=/opt/rustwide/cargo-home" "-e" "RUSTUP_HOME=/opt/rustwide/rustup-home" "-e" "CARGO_TARGET_DIR=/opt/rustwide/target" "-w" "/opt/rustwide/workdir" "--user" "0:0" "f4627fddd9a6adc6cbebcfcd9a82b11a0c4f6cda12f0ed9abafaae8a5d1ff9a8" "/opt/rustwide/cargo-home/bin/cargo" "+1.99.0-beta.8" "metadata" "--no-deps" "--format-version=1", kill_on_drop: false }`
[INFO] running `Command { std: "docker" "inspect" "f4627fddd9a6adc6cbebcfcd9a82b11a0c4f6cda12f0ed9abafaae8a5d1ff9a8", kill_on_drop: false }`
[INFO] running `Command { std: "docker" "exec" "-e" "SOURCE_DIR=/opt/rustwide/workdir" "-e" "CARGO_HOME=/opt/rustwide/cargo-home" "-e" "RUSTUP_HOME=/opt/rustwide/rustup-home" "-e" "CARGO_TARGET_DIR=/opt/rustwide/target" "-e" "CARGO_INCREMENTAL=0" "-e" "RUST_BACKTRACE=full" "-e" "RUSTFLAGS=--cap-lints=warn" "-e" "RUSTDOCFLAGS=--cap-lints=warn" "-w" "/opt/rustwide/workdir" "--user" "0:0" "f4627fddd9a6adc6cbebcfcd9a82b11a0c4f6cda12f0ed9abafaae8a5d1ff9a8" "/opt/rustwide/cargo-home/bin/cargo" "+1.99.0-beta.8" "build" "--frozen" "--message-format=json" "--release", kill_on_drop: false }`
[INFO] [stderr]    Compiling find-msvc-tools v0.1.12
[INFO] [stderr]    Compiling tree-sitter-language v0.1.8
[INFO] [stderr]    Compiling aho-corasick v1.1.5
[INFO] [stderr]    Compiling syn v2.0.119
[INFO] [stderr]    Compiling syn v3.0.5
[INFO] [stderr]    Compiling log v0.4.34
[INFO] [stderr]    Compiling smallvec v1.16.1
[INFO] [stderr]    Compiling tracing-log v0.2.0
[INFO] [stderr]    Compiling cc v1.4.5
[INFO] [stderr]    Compiling regex-automata v0.4.18
[INFO] [stderr]    Compiling tree-sitter-javascript v0.23.1
[INFO] [stderr]    Compiling tree-sitter-go v0.23.4
[INFO] [stderr]    Compiling tree-sitter-c v0.23.4
[INFO] [stderr]    Compiling tree-sitter v0.23.2
[INFO] [stderr]    Compiling tree-sitter-typescript v0.23.2
[INFO] [stderr]    Compiling tree-sitter-rust v0.23.3
[INFO] [stderr]    Compiling tree-sitter-python v0.23.6
[INFO] [stderr]    Compiling serde_derive v1.0.229
[INFO] [stderr]    Compiling blake3 v1.8.7
[INFO] [stderr]    Compiling tracing-attributes v0.1.31
[INFO] [stderr]    Compiling thiserror-impl v1.0.69
[INFO] [stderr]    Compiling regex v1.13.1
[INFO] [stderr]    Compiling matchers v0.2.0
[INFO] [stderr]    Compiling serde v1.0.229
[INFO] [stderr]    Compiling tracing v0.1.44
[INFO] [stderr]    Compiling thiserror v1.0.69
[INFO] [stderr]    Compiling tracing-subscriber v0.3.23
[INFO] [stderr]    Compiling bincode v1.3.3
[INFO] [stderr]    Compiling frensense-lang v0.7.0
[INFO] [stderr]    Compiling frensense-engine v0.7.0
[INFO] [stderr]    Compiling frensense-bundler v0.7.0
[INFO] [stderr]    Compiling frensense v0.7.0 (/opt/rustwide/workdir)
[INFO] [stderr]     Finished `release` profile [optimized] target(s) in 2m 38s
[INFO] running `Command { std: "docker" "inspect" "f4627fddd9a6adc6cbebcfcd9a82b11a0c4f6cda12f0ed9abafaae8a5d1ff9a8", kill_on_drop: false }`
[INFO] running `Command { std: "docker" "exec" "-e" "SOURCE_DIR=/opt/rustwide/workdir" "-e" "CARGO_HOME=/opt/rustwide/cargo-home" "-e" "RUSTUP_HOME=/opt/rustwide/rustup-home" "-e" "CARGO_TARGET_DIR=/opt/rustwide/target" "-e" "CARGO_INCREMENTAL=0" "-e" "RUST_BACKTRACE=full" "-e" "RUSTFLAGS=--cap-lints=warn" "-e" "RUSTDOCFLAGS=--cap-lints=warn" "-w" "/opt/rustwide/workdir" "--user" "0:0" "f4627fddd9a6adc6cbebcfcd9a82b11a0c4f6cda12f0ed9abafaae8a5d1ff9a8" "/opt/rustwide/cargo-home/bin/cargo" "+1.99.0-beta.8" "test" "--frozen" "--no-run" "--message-format=json" "--release", kill_on_drop: false }`
[INFO] [stderr]    Compiling libc v0.2.189
[INFO] [stderr]    Compiling bitflags v2.13.2
[INFO] [stderr]    Compiling rustix v1.1.4
[INFO] [stderr]    Compiling getrandom v0.4.3
[INFO] [stderr]    Compiling tempfile v3.27.0
[INFO] [stderr]    Compiling frensense v0.7.0 (/opt/rustwide/workdir)
[INFO] [stderr]     Finished `release` profile [optimized] target(s) in 21.90s
[INFO] running `Command { std: "docker" "inspect" "f4627fddd9a6adc6cbebcfcd9a82b11a0c4f6cda12f0ed9abafaae8a5d1ff9a8", kill_on_drop: false }`
[INFO] running `Command { std: "docker" "exec" "-e" "SOURCE_DIR=/opt/rustwide/workdir" "-e" "CARGO_HOME=/opt/rustwide/cargo-home" "-e" "RUSTUP_HOME=/opt/rustwide/rustup-home" "-e" "CARGO_TARGET_DIR=/opt/rustwide/target" "-e" "CARGO_INCREMENTAL=0" "-e" "RUST_BACKTRACE=full" "-e" "RUSTFLAGS=--cap-lints=warn" "-e" "RUSTDOCFLAGS=--cap-lints=warn" "-w" "/opt/rustwide/workdir" "--user" "0:0" "f4627fddd9a6adc6cbebcfcd9a82b11a0c4f6cda12f0ed9abafaae8a5d1ff9a8" "/opt/rustwide/cargo-home/bin/cargo" "+1.99.0-beta.8" "test" "--frozen" "--release", kill_on_drop: false }`
[INFO] [stderr]     Finished `release` profile [optimized] target(s) in 0.11s
[INFO] [stderr]      Running unittests src/lib.rs (/opt/rustwide/target/release/deps/frensense-d4626ba86d13c07e)
[INFO] [stdout] 
[INFO] [stdout] running 70 tests
[INFO] [stdout] test cli::options::tests::defaults_and_single_positional ... ok
[INFO] [stdout] test cli::options::tests::severity_and_language_flags ... ok
[INFO] [stdout] test cli::options::tests::missing_value_rejected ... ok
[INFO] [stdout] test cli::options::tests::bundle_flag_parses ... ok
[INFO] [stdout] test cli::options::tests::non_existent_path_rejected ... ok
[INFO] [stdout] test cli::options::tests::format_flags_work ... ok
[INFO] [stdout] test cli::watch_tests::new_advisories_reports_only_unseen_fingerprints ... ok
[INFO] [stdout] test cli::options::tests::output_flag_parses ... ok
[INFO] [stdout] test cli::watch_tests::watch_finding_line_carries_severity_location_message ... ok
[INFO] [stdout] test cli::options::tests::unknown_flag_rejected ... ok
[INFO] [stdout] test cli::watch_tests::deleted_files_age_out_silently ... ok
[INFO] [stdout] test cli::baseline_tests::baseline_tolerates_line_shifts_flags_new_finding ... ok
[INFO] [stdout] test cli::watch_tests::prime_then_unchanged_tree_reports_no_changes ... ok
[INFO] [stdout] test cli::watch_tests::new_advisories_empty_current_is_silent ... ok
[INFO] [stdout] test cli::watch_tests::snapshot_collects_supported_files_only ... ok
[INFO] [stdout] test engine::project::runner::bundle_pattern_tests::pattern_overlays_registry_when_rules_match ... ok
[INFO] [stdout] test engine::project::runner::bundle_pattern_tests::corpus_severity_maps_cvss_labels_to_tiers ... ok
[INFO] [stdout] test cli::watch_tests::watch_finding_severity_labels ... ok
[INFO] [stdout] test engine::project::runner::bundle_pattern_tests::unknown_pattern_severity_keeps_registry_tier ... ok
[INFO] [stdout] test engine::project::runner::bundle_pattern_tests::unmatched_rule_keeps_registry_behavior ... ok
[INFO] [stdout] test engine::project::runner::shape_dedup_tests::different_step_sequences_are_different_shapes ... ok
[INFO] [stdout] test engine::project::runner::checker_observation_tests::bare_weak_hash_renders_lang_observation ... ok
[INFO] [stdout] test engine::project::runner::shape_dedup_tests::same_shape_different_files_keeps_both ... ok
[INFO] [stdout] test engine::project::runner::shape_dedup_tests::same_shape_different_lines_keeps_both ... ok
[INFO] [stdout] test engine::project::runner::checker_observation_tests::credential_kdf_renders_lang_observation ... ok
[INFO] [stdout] test engine::project::runner::shape_dedup_tests::same_shape_same_location_keeps_richest ... ok
[INFO] [stdout] test engine::project::runner::bundle_pattern_tests::bundle_loaded_pattern_reaches_scan_advisories ... ok
[INFO] [stdout] test engine::project::stable_id_tests::fingerprint_is_deterministic_and_component_sensitive ... ok
[INFO] [stdout] test engine::project::runner::checker_observation_tests::selector_weak_hash_renders_selected_primitive ... ok
[INFO] [stdout] test lsp::framing::tests::handles_multiple_messages_and_eof ... ok
[INFO] [stdout] test lsp::framing::tests::rejects_missing_content_length ... ok
[INFO] [stdout] test engine::project::stable_id_tests::fingerprint_changes_when_the_bug_changes ... ok
[INFO] [stdout] test engine::project::stable_id_tests::fingerprint_survives_line_shift ... ok
[INFO] [stdout] test engine::project::runner::bundle_pattern_tests::fact_prose_wins_over_pattern_observation ... ok
[INFO] [stdout] test engine::project::runner::shape_dedup_tests::first_wins_on_equal_richness ... ok
[INFO] [stdout] test lsp::framing::tests::round_trips_a_message ... ok
[INFO] [stdout] test lsp::framing::tests::tolerates_utf8_bodies ... ok
[INFO] [stdout] test lsp::server::tests::severity_mapping_matches_lsp_codes ... ok
[INFO] [stdout] test lsp::server::tests::uri_conversion_round_trips ... ok
[INFO] [stdout] test lsp::server::tests::diagnostics_from_real_scan_and_unsupported_clearing ... ok
[INFO] [stdout] test lsp::server::tests::unknown_request_gets_method_not_found ... ok
[INFO] [stdout] test mcp::diff::tests::intersection_filters_by_file_and_line ... ok
[INFO] [stdout] test mcp::diff::tests::parses_added_ranges_across_hunks_and_files ... ok
[INFO] [stdout] test mcp::diff::tests::tool_definition_shape ... ok
[INFO] [stdout] test mcp::diff::tests::end_to_end_explicit_diff_text ... ok
[INFO] [stdout] test mcp::diff::tests::parses_file_paths_in_order ... ok
[INFO] [stdout] test lsp::server::tests::diagnostic_range_is_zero_based_and_code_is_stable_id ... ok
[INFO] [stdout] test lsp::server::tests::protocol_round_trip_open_save_close ... ok
[INFO] [stdout] test mcp::scan_file::tests::end_to_end_finds_and_reports_clean ... ok
[INFO] [stdout] test mcp::scan_file::tests::filter_respects_severity_and_confidence ... ok
[INFO] [stdout] test mcp::scan_file::tests::supported_gate_follows_specs ... ok
[INFO] [stdout] test mcp::scan_file::tests::result_payload_labels_file ... ok
[INFO] [stdout] test mcp::scan_file::tests::missing_corpus_bundle_is_a_tool_error ... ok
[INFO] [stdout] test mcp::scan_file::tests::tool_definition_shape ... ok
[INFO] [stdout] test reporter::sarif_line_mapping_tests::github_annotation_empty_findings_is_empty_output ... ok
[INFO] [stdout] test reporter::sarif_line_mapping_tests::github_annotation_includes_flow_summary ... ok
[INFO] [stdout] test mcp::scan_file::tests::unsupported_extension_is_tool_level_outcome ... ok
[INFO] [stdout] test mcp::scan_file::tests::missing_and_nonexistent_path_errors ... ok
[INFO] [stdout] test reporter::sarif_line_mapping_tests::maps_byte_offset_to_line_and_column ... ok
[INFO] [stdout] test reporter::sarif_line_mapping_tests::offsets_beyond_eof_clamp_to_file_end ... ok
[INFO] [stdout] test reporter::sarif_line_mapping_tests::unreadable_files_return_none ... ok
[INFO] [stdout] test mcp::diff::tests::argument_errors ... ok
[INFO] [stdout] test reporter::sarif_line_mapping_tests::github_annotation_severity_maps_to_commands ... ok
[INFO] [stdout] test reporter::sarif_line_mapping_tests::github_annotation_escapes_structural_characters ... ok
[INFO] [stdout] test reporter::sarif_line_mapping_tests::utf8_characters_count_as_one_column ... ok
[INFO] [stdout] test reporter::taint_render_tests::describe_covers_every_step_variant ... ok
[INFO] [stdout] test reporter::taint_render_tests::render_text_is_numbered_source_first ... ok
[INFO] [stdout] test mcp::diff::tests::end_to_end_git_diff_in_temp_repo ... ok
[INFO] [stdout] test cli::watch_tests::modified_and_new_files_are_reported ... ok
[INFO] [stdout] test mcp::scan_file::tests::corpus_bundle_extends_fact_tables ... FAILED
[INFO] [stdout] 
[INFO] [stdout] failures:
[INFO] [stdout] 
[INFO] [stdout] ---- mcp::scan_file::tests::corpus_bundle_extends_fact_tables stdout ----
[INFO] [stdout] 
[INFO] [stdout] thread 'mcp::scan_file::tests::corpus_bundle_extends_fact_tables' (1257) panicked at src/mcp/scan_file_tests.rs:187:10:
[INFO] [stdout] run make_test_bundle: Os { code: 2, kind: NotFound, message: "No such file or directory" }
[INFO] [stdout] stack backtrace:
[INFO] [stdout]    0:     0x584a84340801 - <<std[70759c8f55707aa4]::sys::backtrace::BacktraceLock>::print::DisplayBacktrace as core[df12db4294e9bfd3]::fmt::Display>::fmt
[INFO] [stdout]    1:     0x584a84357ada - core[df12db4294e9bfd3]::fmt::write
[INFO] [stdout]    2:     0x584a84344f8c - <alloc[2182bb758b4b3781]::vec::Vec<u8> as core[df12db4294e9bfd3]::io::write::Write>::write_fmt
[INFO] [stdout]    3:     0x584a84319ce6 - std[70759c8f55707aa4]::panicking::default_hook::{closure#0}
[INFO] [stdout]    4:     0x584a84337979 - std[70759c8f55707aa4]::panicking::default_hook
[INFO] [stdout]    5:     0x584a8411d9e0 - test[9d35eded1c95d3be]::test_main_inner::<test[9d35eded1c95d3be]::test_main_static::{closure#0}>::{closure#0}
[INFO] [stdout]    6:     0x584a84337b32 - std[70759c8f55707aa4]::panicking::panic_with_hook
[INFO] [stdout]    7:     0x584a84319d92 - std[70759c8f55707aa4]::panicking::panic_handler::{closure#0}
[INFO] [stdout]    8:     0x584a843127c9 - std[70759c8f55707aa4]::sys::backtrace::__rust_end_short_backtrace::<std[70759c8f55707aa4]::panicking::panic_handler::{closure#0}, !>
[INFO] [stdout]    9:     0x584a8431a98d - __rustc[8fa7c3cbc660c2b3]::rust_begin_unwind
[INFO] [stdout]   10:     0x584a8435823c - core[df12db4294e9bfd3]::panicking::panic_fmt
[INFO] [stdout]   11:     0x584a84358012 - core[df12db4294e9bfd3]::result::unwrap_failed
[INFO] [stdout]   12:     0x584a840f93fe - frensense[70c57d354fedcdd3]::mcp::scan_file::tests::corpus_bundle_extends_fact_tables
[INFO] [stdout]   13:     0x584a840e4a69 - <frensense[70c57d354fedcdd3]::mcp::scan_file::tests::corpus_bundle_extends_fact_tables::{closure#0} as core[df12db4294e9bfd3]::ops::function::FnOnce<()>>::call_once
[INFO] [stdout]   14:     0x584a84110ccb - test[9d35eded1c95d3be]::__rust_begin_short_backtrace::<core[df12db4294e9bfd3]::result::Result<(), alloc[2182bb758b4b3781]::string::String>, fn() -> core[df12db4294e9bfd3]::result::Result<(), alloc[2182bb758b4b3781]::string::String>>
[INFO] [stdout]   15:     0x584a8411e335 - test[9d35eded1c95d3be]::run_test::{closure#0}
[INFO] [stdout]   16:     0x584a84117bf4 - std[70759c8f55707aa4]::sys::backtrace::__rust_begin_short_backtrace::<test[9d35eded1c95d3be]::run_test::{closure#1}, ()>
[INFO] [stdout]   17:     0x584a84121492 - <std[70759c8f55707aa4]::thread::lifecycle::spawn_unchecked<test[9d35eded1c95d3be]::run_test::{closure#1}, ()>::{closure#1} as core[df12db4294e9bfd3]::ops::function::FnOnce<()>>::call_once::{shim:vtable#0}
[INFO] [stdout]   18:     0x584a8433f829 - <std[70759c8f55707aa4]::sys::thread::unix::Thread>::new::thread_start
[INFO] [stdout]   19:     0x7634320f4dfa - <unknown>
[INFO] [stdout]   20:     0x7634321883d4 - clone
[INFO] [stdout]   21:                0x0 - <unknown>
[INFO] [stdout] 
[INFO] [stdout] 
[INFO] [stdout] failures:
[INFO] [stdout]     mcp::scan_file::tests::corpus_bundle_extends_fact_tables
[INFO] [stdout] 
[INFO] [stdout] test result: FAILED. 69 passed; 1 failed; 0 ignored; 0 measured; 0 filtered out; finished in 2.18s
[INFO] [stdout] 
[INFO] [stderr] error: test failed, to rerun pass `--lib`
[INFO] running `Command { std: "docker" "inspect" "f4627fddd9a6adc6cbebcfcd9a82b11a0c4f6cda12f0ed9abafaae8a5d1ff9a8", kill_on_drop: false }`
[INFO] running `Command { std: "docker" "rm" "-f" "f4627fddd9a6adc6cbebcfcd9a82b11a0c4f6cda12f0ed9abafaae8a5d1ff9a8", kill_on_drop: false }`
[INFO] [stdout] f4627fddd9a6adc6cbebcfcd9a82b11a0c4f6cda12f0ed9abafaae8a5d1ff9a8
