[INFO] fetching crate freecs 5.1.0...
[INFO] testing freecs-5.1.0 against 1.100.0-beta.1+cargoflags=--release for beta-release-1.100-2
[INFO] extracting crate freecs 5.1.0 into /workspace/builds/worker-4-tc2/source
[INFO] started tweaking crates.io crate freecs 5.1.0
[INFO] removed 0 missing examples
[INFO] finished tweaking crates.io crate freecs 5.1.0
[INFO] tweaked toml for crates.io crate freecs 5.1.0 written to /workspace/builds/worker-4-tc2/source/Cargo.toml
[INFO] validating manifest of crates.io crate freecs 5.1.0 on toolchain 1.100.0-beta.1
[INFO] running `Command { std: CARGO_HOME="/workspace/cargo-home" RUSTUP_HOME="/workspace/rustup-home" "/workspace/cargo-home/bin/cargo" "+1.100.0-beta.1" "metadata" "--manifest-path" "Cargo.toml" "--no-deps", kill_on_drop: false }`
[INFO] crate crates.io crate freecs 5.1.0 already has a lockfile, it will not be regenerated
[INFO] running `Command { std: CARGO_HOME="/workspace/cargo-home" RUSTUP_HOME="/workspace/rustup-home" "/workspace/cargo-home/bin/cargo" "+1.100.0-beta.1" "fetch" "--manifest-path" "Cargo.toml", kill_on_drop: false }`
[INFO] [stderr] warning: `package.homepage` is redundant with `package.repository`
[INFO] [stderr]    --> Cargo.toml:108:12
[INFO] [stderr]     |
[INFO] [stderr] 108 | homepage = "https://github.com/matthewjberger/freecs"
[INFO] [stderr]     |            ^^^^^^^^^^^^^^^^^^^^^^^^^^^^^^^^^^^^^^^^^^
[INFO] [stderr] ...
[INFO] [stderr] 113 | repository = "https://github.com/matthewjberger/freecs"
[INFO] [stderr]     |              ------------------------------------------
[INFO] [stderr]     |
[INFO] [stderr]     = note: `cargo::redundant_homepage` is set to `warn` by default
[INFO] [stderr] help: consider removing `package.homepage`
[INFO] [stderr] warning: `freecs` (manifest) generated 1 warning
[INFO] running `Command { std: "docker" "create" "-v" "/var/lib/crater-agent-workspace/builds/worker-4-tc2/source:/opt/rustwide/workdir:ro,Z" "-v" "/var/lib/crater-agent-workspace/builds/worker-4-tc2/target:/opt/rustwide/target:rw,Z" "-v" "/var/lib/crater-agent-workspace/cargo-home:/opt/rustwide/cargo-home:ro,Z" "-v" "/var/lib/crater-agent-workspace/rustup-home:/opt/rustwide/rustup-home:ro,Z" "-m" "1610612736" "--network" "none" "ghcr.io/rust-lang/crates-build-env/linux@sha256:77db811e55d90add9212f6832c23229e3de5f1c1f9905e8cb07319ea15df73ac" "sleep" "infinity", kill_on_drop: false }`
[INFO] [stdout] 416ce0edfb4b9aecc8e76ffcd02832dda2f2d12acb9e26d686b86283ec8f48bc
[INFO] running `Command { std: "docker" "start" "416ce0edfb4b9aecc8e76ffcd02832dda2f2d12acb9e26d686b86283ec8f48bc", kill_on_drop: false }`
[INFO] running `Command { std: "docker" "inspect" "416ce0edfb4b9aecc8e76ffcd02832dda2f2d12acb9e26d686b86283ec8f48bc", kill_on_drop: false }`
[INFO] running `Command { std: "docker" "exec" "-e" "SOURCE_DIR=/opt/rustwide/workdir" "-e" "CARGO_HOME=/opt/rustwide/cargo-home" "-e" "RUSTUP_HOME=/opt/rustwide/rustup-home" "-e" "CARGO_TARGET_DIR=/opt/rustwide/target" "-w" "/opt/rustwide/workdir" "--user" "0:0" "416ce0edfb4b9aecc8e76ffcd02832dda2f2d12acb9e26d686b86283ec8f48bc" "/opt/rustwide/cargo-home/bin/cargo" "+1.100.0-beta.1" "metadata" "--no-deps" "--format-version=1", kill_on_drop: false }`
[INFO] running `Command { std: "docker" "inspect" "416ce0edfb4b9aecc8e76ffcd02832dda2f2d12acb9e26d686b86283ec8f48bc", kill_on_drop: false }`
[INFO] running `Command { std: "docker" "exec" "-e" "SOURCE_DIR=/opt/rustwide/workdir" "-e" "CARGO_HOME=/opt/rustwide/cargo-home" "-e" "RUSTUP_HOME=/opt/rustwide/rustup-home" "-e" "CARGO_TARGET_DIR=/opt/rustwide/target" "-e" "CARGO_INCREMENTAL=0" "-e" "RUST_BACKTRACE=full" "-e" "RUSTFLAGS=--cap-lints=warn" "-e" "RUSTDOCFLAGS=--cap-lints=warn" "-w" "/opt/rustwide/workdir" "--user" "0:0" "416ce0edfb4b9aecc8e76ffcd02832dda2f2d12acb9e26d686b86283ec8f48bc" "/opt/rustwide/cargo-home/bin/cargo" "+1.100.0-beta.1" "build" "--frozen" "--message-format=json" "--release", kill_on_drop: false }`
[INFO] [stderr] warning: `package.homepage` is redundant with `package.repository`
[INFO] [stderr]    --> Cargo.toml:108:12
[INFO] [stderr]     |
[INFO] [stderr] 108 | homepage = "https://github.com/matthewjberger/freecs"
[INFO] [stderr]     |            ^^^^^^^^^^^^^^^^^^^^^^^^^^^^^^^^^^^^^^^^^^
[INFO] [stderr] ...
[INFO] [stderr] 113 | repository = "https://github.com/matthewjberger/freecs"
[INFO] [stderr]     |              ------------------------------------------
[INFO] [stderr]     |
[INFO] [stderr]     = note: `cargo::redundant_homepage` is set to `warn` by default
[INFO] [stderr] help: consider removing `package.homepage`
[INFO] [stderr] warning: `freecs` (manifest) generated 1 warning
[INFO] [stderr]    Compiling freecs v5.1.0 (/opt/rustwide/workdir)
[INFO] [stderr]     Finished `release` profile [optimized] target(s) in 0.69s
[INFO] running `Command { std: "docker" "inspect" "416ce0edfb4b9aecc8e76ffcd02832dda2f2d12acb9e26d686b86283ec8f48bc", kill_on_drop: false }`
[INFO] running `Command { std: "docker" "exec" "-e" "SOURCE_DIR=/opt/rustwide/workdir" "-e" "CARGO_HOME=/opt/rustwide/cargo-home" "-e" "RUSTUP_HOME=/opt/rustwide/rustup-home" "-e" "CARGO_TARGET_DIR=/opt/rustwide/target" "-e" "CARGO_INCREMENTAL=0" "-e" "RUST_BACKTRACE=full" "-e" "RUSTFLAGS=--cap-lints=warn" "-e" "RUSTDOCFLAGS=--cap-lints=warn" "-w" "/opt/rustwide/workdir" "--user" "0:0" "416ce0edfb4b9aecc8e76ffcd02832dda2f2d12acb9e26d686b86283ec8f48bc" "/opt/rustwide/cargo-home/bin/cargo" "+1.100.0-beta.1" "test" "--frozen" "--no-run" "--message-format=json" "--release", kill_on_drop: false }`
[INFO] [stderr] warning: `package.homepage` is redundant with `package.repository`
[INFO] [stderr]    --> Cargo.toml:108:12
[INFO] [stderr]     |
[INFO] [stderr] 108 | homepage = "https://github.com/matthewjberger/freecs"
[INFO] [stderr]     |            ^^^^^^^^^^^^^^^^^^^^^^^^^^^^^^^^^^^^^^^^^^
[INFO] [stderr] ...
[INFO] [stderr] 113 | repository = "https://github.com/matthewjberger/freecs"
[INFO] [stderr]     |              ------------------------------------------
[INFO] [stderr]     |
[INFO] [stderr]     = note: `cargo::redundant_homepage` is set to `warn` by default
[INFO] [stderr] help: consider removing `package.homepage`
[INFO] [stderr] warning: `freecs` (manifest) generated 1 warning
[INFO] [stderr]    Compiling zerocopy v0.8.42
[INFO] [stderr]    Compiling zerocopy-derive v0.8.42
[INFO] [stderr]    Compiling serde_derive v1.0.228
[INFO] [stderr]    Compiling serde_core v1.0.228
[INFO] [stderr]    Compiling serde v1.0.228
[INFO] [stderr]    Compiling regex-syntax v0.8.10
[INFO] [stderr]    Compiling memchr v2.8.0
[INFO] [stderr]    Compiling miniquad v0.4.8
[INFO] [stderr]    Compiling plotters-backend v0.3.7
[INFO] [stderr]    Compiling getrandom v0.3.4
[INFO] [stderr]    Compiling ciborium-io v0.2.2
[INFO] [stderr]    Compiling png v0.17.16
[INFO] [stderr]    Compiling clap_builder v4.6.0
[INFO] [stderr]    Compiling rayon v1.11.0
[INFO] [stderr]    Compiling cast v0.3.0
[INFO] [stderr]    Compiling color_quant v1.1.0
[INFO] [stderr]    Compiling ttf-parser v0.21.1
[INFO] [stderr]    Compiling oorandom v11.1.5
[INFO] [stderr]    Compiling rand_core v0.9.5
[INFO] [stderr]    Compiling plotters-svg v0.3.7
[INFO] [stderr]    Compiling criterion-plot v0.6.0
[INFO] [stderr]    Compiling plotters v0.3.7
[INFO] [stderr]    Compiling quad-rand v0.2.3
[INFO] [stderr]    Compiling macroquad_macro v0.1.8
[INFO] [stderr]    Compiling anes v0.1.6
[INFO] [stderr]    Compiling glam v0.27.0
[INFO] [stderr]    Compiling image v0.24.9
[INFO] [stderr]    Compiling regex-automata v0.4.14
[INFO] [stderr]    Compiling fontdue v0.9.3
[INFO] [stderr]    Compiling clap v4.6.0
[INFO] [stderr]    Compiling serde_json v1.0.149
[INFO] [stderr]    Compiling regex v1.12.3
[INFO] [stderr]    Compiling freecs v5.1.0 (/opt/rustwide/workdir)
[INFO] [stderr]    Compiling tinytemplate v1.2.1
[INFO] [stderr]    Compiling macroquad v0.4.14
[INFO] [stderr]    Compiling half v2.7.1
[INFO] [stderr]    Compiling ppv-lite86 v0.2.21
[INFO] [stderr]    Compiling rand_chacha v0.9.0
[INFO] [stderr]    Compiling rand v0.9.2
[INFO] [stderr]    Compiling ciborium-ll v0.2.2
[INFO] [stderr]    Compiling ciborium v0.2.2
[INFO] [stderr]    Compiling criterion v0.7.0
[INFO] [stdout] warning: struct `DebugComponent` is never constructed
[INFO] [stdout]     --> src/lib.rs:8256:20
[INFO] [stdout]      |
[INFO] [stdout] 8256 |         pub struct DebugComponent {
[INFO] [stdout]      |                    ^^^^^^^^^^^^^^
[INFO] [stdout]      |
[INFO] [stdout]      = note: `#[warn(dead_code)]` (part of `#[warn(unused)]`) on by default
[INFO] [stdout] 
[INFO] [stdout] 
[INFO] [stderr]     Finished `release` profile [optimized] target(s) in 1m 18s
[INFO] running `Command { std: "docker" "inspect" "416ce0edfb4b9aecc8e76ffcd02832dda2f2d12acb9e26d686b86283ec8f48bc", kill_on_drop: false }`
[INFO] running `Command { std: "docker" "exec" "-e" "SOURCE_DIR=/opt/rustwide/workdir" "-e" "CARGO_HOME=/opt/rustwide/cargo-home" "-e" "RUSTUP_HOME=/opt/rustwide/rustup-home" "-e" "CARGO_TARGET_DIR=/opt/rustwide/target" "-e" "CARGO_INCREMENTAL=0" "-e" "RUST_BACKTRACE=full" "-e" "RUSTFLAGS=--cap-lints=warn" "-e" "RUSTDOCFLAGS=--cap-lints=warn" "-w" "/opt/rustwide/workdir" "--user" "0:0" "416ce0edfb4b9aecc8e76ffcd02832dda2f2d12acb9e26d686b86283ec8f48bc" "/opt/rustwide/cargo-home/bin/cargo" "+1.100.0-beta.1" "test" "--frozen" "--release", kill_on_drop: false }`
[INFO] [stderr] warning: `package.homepage` is redundant with `package.repository`
[INFO] [stderr]    --> Cargo.toml:108:12
[INFO] [stderr]     |
[INFO] [stderr] 108 | homepage = "https://github.com/matthewjberger/freecs"
[INFO] [stderr]     |            ^^^^^^^^^^^^^^^^^^^^^^^^^^^^^^^^^^^^^^^^^^
[INFO] [stderr] ...
[INFO] [stderr] 113 | repository = "https://github.com/matthewjberger/freecs"
[INFO] [stderr]     |              ------------------------------------------
[INFO] [stderr]     |
[INFO] [stderr]     = note: `cargo::redundant_homepage` is set to `warn` by default
[INFO] [stderr] help: consider removing `package.homepage`
[INFO] [stderr] warning: `freecs` (manifest) generated 1 warning
[INFO] [stderr] warning: struct `DebugComponent` is never constructed
[INFO] [stderr]     --> src/lib.rs:8256:20
[INFO] [stderr]      |
[INFO] [stderr] 8256 |         pub struct DebugComponent {
[INFO] [stderr]      |                    ^^^^^^^^^^^^^^
[INFO] [stderr]      |
[INFO] [stderr]      = note: `#[warn(dead_code)]` (part of `#[warn(unused)]`) on by default
[INFO] [stderr] 
[INFO] [stderr] warning: `freecs` (lib test) generated 1 warning
[INFO] [stderr]     Finished `release` profile [optimized] target(s) in 0.16s
[INFO] [stderr]      Running unittests src/lib.rs (/opt/rustwide/target/release/build/freecs/24af4093a6fc8d17/out/freecs-24af4093a6fc8d17)
[INFO] [stdout] 
[INFO] [stdout] running 187 tests
[INFO] [stdout] test tests::multi_world_test::test_multi_world_change_detection ... ok
[INFO] [stdout] test tests::cfg_test::test_cfg_attribute_on_components ... ok
[INFO] [stdout] test tests::entity_has_components_test ... ok
[INFO] [stdout] test tests::multi_world_test::test_multi_world_componentless_double_despawn_is_rejected ... ok
[INFO] [stdout] test tests::multi_world_test::test_multi_world_cross_world_access ... ok
[INFO] [stdout] test tests::multi_world_test::test_multi_world_command_buffer ... ok
[INFO] [stdout] test tests::multi_world_test::test_multi_world_command_buffer_component_add_remove ... ok
[INFO] [stdout] test tests::multi_world_test::test_multi_world_command_buffer_spawn_despawn ... ok
[INFO] [stdout] test tests::multi_world_test::test_multi_world_entity_in_one_world_only ... ok
[INFO] [stdout] test tests::multi_world_test::test_multi_world_event_lifecycle ... ok
[INFO] [stdout] test tests::multi_world_test::test_multi_world_entity_builder_single_world_components ... ok
[INFO] [stdout] test tests::multi_world_test::test_multi_world_double_despawn_is_rejected ... ok
[INFO] [stdout] test tests::multi_world_test::test_multi_world_despawn_cascades ... ok
[INFO] [stdout] test tests::multi_world_test::test_multi_world_ghost_entity_guard ... ok
[INFO] [stdout] test tests::multi_world_test::test_multi_world_despawn_entities_batch ... ok
[INFO] [stdout] test tests::multi_world_test::test_multi_world_per_world_components ... ok
[INFO] [stdout] test tests::multi_world_test::test_multi_world_events ... ok
[INFO] [stdout] test tests::multi_world_test::test_multi_world_query_builder ... ok
[INFO] [stdout] test tests::multi_world_test::test_multi_world_for_each_within_world ... ok
[INFO] [stdout] test tests::multi_world_test::test_multi_world_schedule ... ok
[INFO] [stdout] test tests::multi_world_test::test_multi_world_generational_reuse ... ok
[INFO] [stdout] test tests::multi_world_test::test_multi_world_par_for_each_mut_with_tags ... ok
[INFO] [stdout] test tests::multi_world_test::test_multi_world_split_borrow ... ok
[INFO] [stdout] test tests::multi_world_test::test_multi_world_stale_despawn_cannot_kill_reused_id ... ok
[INFO] [stdout] test tests::multi_world_test::test_multi_world_spawn ... ok
[INFO] [stdout] test tests::multi_world_test::test_multi_world_tags ... ok
[INFO] [stdout] test tests::multi_world_test::test_multi_world_repeated_reuse_cycle_stays_consistent ... ok
[INFO] [stdout] test tests::test_add_components ... ok
[INFO] [stdout] test tests::multi_world_test::test_multi_world_entity_in_no_world ... ok
[INFO] [stdout] test tests::multi_world_test::test_multi_world_entity_builder ... ok
[INFO] [stdout] test tests::test_add_components_with_tag_bits_panics_in_debug - should panic ... FAILED
[INFO] [stdout] test tests::multi_world_test::test_multi_world_for_each_mut_with_tags ... ok
[INFO] [stdout] test tests::multi_world_test::test_multi_world_for_each_with_tags ... ok
[INFO] [stdout] test tests::multi_world_test::test_multi_world_event_cursor ... ok
[INFO] [stdout] test tests::test_allocator_batch_mixes_recycled_and_fresh ... ok
[INFO] [stdout] test tests::multi_world_test::test_multi_world_stale_handle_cannot_resurrect ... ok
[INFO] [stdout] test tests::test_allocator_liveness ... ok
[INFO] [stdout] test tests::test_add_remove_components ... ok
[INFO] [stdout] test tests::test_change_detection_after_despawn ... ok
[INFO] [stdout] test tests::test_change_detection_basic ... ok
[INFO] [stdout] test tests::test_change_detection_multi_component_query_only_relevant ... ok
[INFO] [stdout] test tests::test_all_entities ... ok
[INFO] [stdout] test tests::test_change_detection_only_checks_queried_components ... ok
[INFO] [stdout] test tests::test_change_detection_multiple_components ... ok
[INFO] [stdout] test tests::multi_world_test::test_multi_world_structural_log ... ok
[INFO] [stdout] test tests::test_change_detection_set ... ok
[INFO] [stdout] test tests::multi_world_test::test_multi_world_tag_split_borrow ... ok
[INFO] [stdout] test tests::test_change_detection_since_cursor ... ok
[INFO] [stdout] test tests::test_change_detection_skips_untouched_tables ... ok
[INFO] [stdout] test tests::test_change_detection_spawn ... ok
[INFO] [stdout] test tests::test_change_detection_tick_tracking ... ok
[INFO] [stdout] test tests::test_all_entities_after_table_merges ... ok
[INFO] [stdout] test tests::multi_world_test::test_multi_world_mask_independence ... ok
[INFO] [stdout] test tests::test_all_entities_empty_world ... ok
[INFO] [stdout] test tests::multi_world_test::test_multi_world_per_world_spawn_entities ... ok
[INFO] [stdout] test tests::multi_world_test::test_multi_world_resources ... ok
[INFO] [stdout] test tests::multi_world_test::test_multi_world_reused_id_still_gets_components ... ok
[INFO] [stdout] test tests::multi_world_test::test_multi_world_step ... ok
[INFO] [stdout] test tests::test_command_buffer_clear ... ok
[INFO] [stdout] test tests::test_command_buffer_mixed_operations ... ok
[INFO] [stdout] test tests::test_command_buffer_multiple_batches ... ok
[INFO] [stdout] test tests::test_command_buffer_set_component ... ok
[INFO] [stdout] test tests::test_command_buffer_parallel_safety ... ok
[INFO] [stdout] test tests::multi_world_test::test_property_multi_world_matches_model ... ok
[INFO] [stdout] test tests::test_command_buffer_spawn ... ok
[INFO] [stdout] test tests::test_command_buffer_tags ... ok
[INFO] [stdout] test tests::test_component_access ... ok
[INFO] [stdout] test tests::test_component_chain_addition ... ok
[INFO] [stdout] test tests::test_component_data_integrity ... ok
[INFO] [stdout] test tests::test_concurrent_entity_references ... ok
[INFO] [stdout] test tests::test_command_buffer_despawn ... ok
[INFO] [stdout] test tests::test_change_detection_unchanged ... ok
[INFO] [stdout] test tests::test_change_detection_with_exclude ... ok
[INFO] [stdout] test tests::test_command_buffer_add_remove_components ... ok
[INFO] [stdout] test tests::test_entity_query_iter_size_hint_decreases ... ok
[INFO] [stdout] test tests::test_ergonomic_batch_spawn ... ok
[INFO] [stdout] test tests::test_entity_references_through_moves ... ok
[INFO] [stdout] test tests::test_ergonomic_query_builder ... ok
[INFO] [stdout] test tests::test_ergonomic_query_builder_mut ... ok
[INFO] [stdout] test tests::test_component_mask ... ok
[INFO] [stdout] test tests::test_component_query_iter_size_hint ... ok
[INFO] [stdout] test tests::test_component_removal_order ... ok
[INFO] [stdout] test tests::test_despawn_entities ... ok
[INFO] [stdout] test tests::test_despawn_multiple_same_table_change_vecs ... ok
[INFO] [stdout] test tests::test_ergonomic_query_with_tags ... ok
[INFO] [stdout] test tests::test_despawn_preserves_change_vec_consistency ... ok
[INFO] [stdout] test tests::test_ergonomic_single_component_iter ... ok
[INFO] [stdout] test tests::test_edge_cases ... ok
[INFO] [stdout] test tests::test_ergonomic_single_component_iter_mut ... ok
[INFO] [stdout] test tests::test_entity_builder ... ok
[INFO] [stdout] test tests::test_entity_count ... ok
[INFO] [stdout] test tests::test_entity_count_matches_get_all_entities ... ok
[INFO] [stdout] test tests::test_entity_has_components_requires_all ... ok
[INFO] [stdout] test tests::test_entity_has_generated_methods_consistency ... ok
[INFO] [stdout] test tests::test_ergonomic_iter_with_entity ... ok
[INFO] [stdout] test tests::test_event_channel_two_frame_expiry ... ok
[INFO] [stdout] test tests::test_entity_query_iter_size_hint ... ok
[INFO] [stdout] test tests::test_mark_changed_rejects_missing_rows ... ok
[INFO] [stdout] test tests::test_mark_changed_stamps_raw_writes ... ok
[INFO] [stdout] test tests::test_command_buffer_despawn_batch ... ok
[INFO] [stdout] test tests::test_mark_columns_changed_bulk_stamps_one_table ... ok
[INFO] [stdout] test tests::test_generational_indices_aba ... ok
[INFO] [stdout] test tests::test_event_channel_capacity_backstop ... ok
[INFO] [stdout] test tests::test_event_channel_consume_is_exactly_once ... ok
[INFO] [stdout] test tests::test_event_channel_cursor_consumers ... ok
[INFO] [stdout] test tests::test_event_channel_read_frame_is_settled_prior_frame ... ok
[INFO] [stdout] test tests::test_event_channel_trim_and_lagging_cursor ... ok
[INFO] [stdout] test tests::test_generated_consume_event_is_exactly_once ... ok
[INFO] [stdout] test tests::test_iter_methods ... ok
[INFO] [stdout] test tests::test_query_component_mut_with_tag_filter ... ok
[INFO] [stdout] test tests::test_query_composition_exclude ... ok
[INFO] [stdout] test tests::test_multi_component_add_performance ... ok
[INFO] [stdout] test tests::test_modify_component ... ok
[INFO] [stdout] test tests::test_query_entities ... ok
[INFO] [stdout] test tests::test_multi_component_remove_performance ... ok
[INFO] [stdout] test tests::test_query_consistency ... ok
[INFO] [stdout] test tests::test_parallel_systems ... ok
[INFO] [stdout] test tests::test_query_entities_collect_preallocates ... ok
[INFO] [stdout] test tests::test_real_camera_scenario ... ok
[INFO] [stdout] test tests::test_schedule_basic ... ok
[INFO] [stdout] test tests::test_schedule_builder_pattern ... ok
[INFO] [stdout] test tests::test_schedule_contains ... ok
[INFO] [stdout] test tests::test_query_first_entity ... ok
[INFO] [stdout] test tests::test_schedule_insert_before ... ok
[INFO] [stdout] test tests::test_schedule_insert_before_first ... ok
[INFO] [stdout] test tests::test_schedule_multiple_systems ... ok
[INFO] [stdout] test tests::test_schedule_names ... ok
[INFO] [stdout] test tests::test_schedule_insert_after_duplicate_panics - should panic ... ok
[INFO] [stdout] test tests::test_schedule_insert_before_duplicate_panics - should panic ... ok
[INFO] [stdout] test tests::test_schedule_insert_before_panics - should panic ... ok
[INFO] [stdout] test tests::test_query_builder_mut_without ... ok
[INFO] [stdout] test tests::test_multiple_component_addition ... ok
[INFO] [stdout] test tests::test_query_cache_invalidation_selective ... ok
[INFO] [stdout] test tests::test_query_composition_include_only ... ok
[INFO] [stdout] test tests::test_query_entities_with_tag_bits_panics_in_debug - should panic ... FAILED
[INFO] [stdout] test tests::test_schedule_insert_after_last ... ok
[INFO] [stdout] test tests::test_schedule_ordering_verification ... ok
[INFO] [stdout] test tests::test_query_cache_persistence_on_new_archetype ... ok
[INFO] [stdout] test tests::test_query_component_mut_marks_changed ... ok
[INFO] [stdout] test tests::test_schedule_insert_after_panics - should panic ... ok
[INFO] [stdout] test tests::test_schedule_push_duplicate_panics - should panic ... ok
[INFO] [stdout] test tests::test_schedule_push_readonly ... ok
[INFO] [stdout] test tests::test_schedule_push_if_gates_on_condition ... ok
[INFO] [stdout] test tests::test_schedule_insert_after ... ok
[INFO] [stdout] test tests::test_schedule_len_and_is_empty ... ok
[INFO] [stdout] test tests::test_schedule_remove_nonexistent ... ok
[INFO] [stdout] test tests::test_schedule_replace ... ok
[INFO] [stdout] test tests::test_schedule_readonly_wrapper ... ok
[INFO] [stdout] test tests::test_schedule_system_order ... ok
[INFO] [stdout] test tests::test_schedule_remove_then_push_reuses_name ... ok
[INFO] [stdout] test tests::test_simd_slice_empty_world ... ok
[INFO] [stdout] test tests::test_simd_slice_no_matching_archetype ... ok
[INFO] [stdout] test tests::test_schedule_replace_panics_on_missing - should panic ... ok
[INFO] [stdout] test tests::test_simd_slice_iteration_read ... ok
[INFO] [stdout] test tests::test_sparse_set_complex_query ... ok
[INFO] [stdout] test tests::test_simd_slice_vectorizable_operation ... ok
[INFO] [stdout] test tests::test_sparse_set_exclude_tag ... ok
[INFO] [stdout] test tests::test_schedule_remove_returns_bool ... ok
[INFO] [stdout] test tests::test_schedule_replace_preserves_order ... ok
[INFO] [stdout] test tests::test_sparse_set_add_remove_has ... ok
[INFO] [stdout] test tests::test_sparse_set_cleanup_on_despawn ... ok
[INFO] [stdout] test tests::test_single_world_double_despawn ... ok
[INFO] [stdout] test tests::test_simd_slice_iteration_multiple_archetypes ... ok
[INFO] [stdout] test tests::test_simd_slice_iteration_write ... ok
[INFO] [stdout] test tests::test_single_world_duplicate_despawn_in_one_call ... ok
[INFO] [stdout] test tests::test_schedule_remove ... ok
[INFO] [stdout] test tests::test_set_component ... ok
[INFO] [stdout] test tests::test_schedule_with_components ... ok
[INFO] [stdout] test tests::test_sparse_set_multiple_tags ... ok
[INFO] [stdout] test tests::test_sparse_set_no_archetype_fragmentation ... ok
[INFO] [stdout] test tests::test_structural_log_records_lifecycle ... ok
[INFO] [stdout] test tests::test_spawn_with_tag_bits_panics_in_debug - should panic ... FAILED
[INFO] [stdout] test tests::test_stages_reject_duplicate_names - should panic ... ok
[INFO] [stdout] test tests::test_spawn_entities ... ok
[INFO] [stdout] test tests::test_stages_run_in_declaration_order ... ok
[INFO] [stdout] test tests::test_sparse_set_for_each_mut ... ok
[INFO] [stdout] test tests::test_structural_log_set_component_records_add ... ok
[INFO] [stdout] test tests::test_sparse_set_query ... ok
[INFO] [stdout] test tests::test_sparse_set_tag_component_query ... ok
[INFO] [stdout] test tests::test_table_transitions ... ok
[INFO] [stdout] test tests::test_stages_missing_stage_names_the_declared_set - should panic ... ok
[INFO] [stdout] test tests::test_tag_masks_with_empty_sets ... ok
[INFO] [stdout] test tests::test_tick_is_newer ... ok
[INFO] [stdout] test tests::test_table_cleanup_after_despawn ... ok
[INFO] [stdout] test tests::test_sparse_set_par_for_each_mut ... ok
[INFO] [stdout] test tests::test_property_single_world_matches_model ... ok
[INFO] [stdout] test tests::test_structural_log_capacity_backstop ... ok
[INFO] [stdout] 
[INFO] [stdout] failures:
[INFO] [stdout] 
[INFO] [stdout] ---- tests::test_add_components_with_tag_bits_panics_in_debug stdout ----
[INFO] [stdout] note: test did not panic as expected at src/lib.rs:6522:8
[INFO] [stdout] ---- tests::test_query_entities_with_tag_bits_panics_in_debug stdout ----
[INFO] [stdout] note: test did not panic as expected at src/lib.rs:6530:8
[INFO] [stdout] ---- tests::test_spawn_with_tag_bits_panics_in_debug stdout ----
[INFO] [stdout] note: test did not panic as expected at src/lib.rs:6515:8
[INFO] [stdout] 
[INFO] [stdout] failures:
[INFO] [stdout]     tests::test_add_components_with_tag_bits_panics_in_debug
[INFO] [stdout]     tests::test_query_entities_with_tag_bits_panics_in_debug
[INFO] [stdout]     tests::test_spawn_with_tag_bits_panics_in_debug
[INFO] [stdout] 
[INFO] [stdout] test result: FAILED. 184 passed; 3 failed; 0 ignored; 0 measured; 0 filtered out; finished in 0.04s
[INFO] [stdout] 
[INFO] [stderr] error: test failed, to rerun pass `--lib`
[INFO] running `Command { std: "docker" "inspect" "416ce0edfb4b9aecc8e76ffcd02832dda2f2d12acb9e26d686b86283ec8f48bc", kill_on_drop: false }`
[INFO] running `Command { std: "docker" "rm" "-f" "416ce0edfb4b9aecc8e76ffcd02832dda2f2d12acb9e26d686b86283ec8f48bc", kill_on_drop: false }`
[INFO] [stdout] 416ce0edfb4b9aecc8e76ffcd02832dda2f2d12acb9e26d686b86283ec8f48bc
