[INFO] fetching crate freebj 1.2.2...
[INFO] testing freebj-1.2.2 against 1.100.0-beta.1+cargoflags=--release for beta-release-1.100-2
[INFO] extracting crate freebj 1.2.2 into /workspace/builds/worker-3-tc2/source
[INFO] started tweaking crates.io crate freebj 1.2.2
[INFO] removed 0 missing tests
[INFO] finished tweaking crates.io crate freebj 1.2.2
[INFO] tweaked toml for crates.io crate freebj 1.2.2 written to /workspace/builds/worker-3-tc2/source/Cargo.toml
[INFO] validating manifest of crates.io crate freebj 1.2.2 on toolchain 1.100.0-beta.1
[INFO] running `Command { std: CARGO_HOME="/workspace/cargo-home" RUSTUP_HOME="/workspace/rustup-home" "/workspace/cargo-home/bin/cargo" "+1.100.0-beta.1" "metadata" "--manifest-path" "Cargo.toml" "--no-deps", kill_on_drop: false }`
[INFO] crate crates.io crate freebj 1.2.2 already has a lockfile, it will not be regenerated
[INFO] running `Command { std: CARGO_HOME="/workspace/cargo-home" RUSTUP_HOME="/workspace/rustup-home" "/workspace/cargo-home/bin/cargo" "+1.100.0-beta.1" "fetch" "--manifest-path" "Cargo.toml", kill_on_drop: false }`
[INFO] running `Command { std: "docker" "create" "-v" "/var/lib/crater-agent-workspace/builds/worker-3-tc2/source:/opt/rustwide/workdir:ro,Z" "-v" "/var/lib/crater-agent-workspace/builds/worker-3-tc2/target:/opt/rustwide/target:rw,Z" "-v" "/var/lib/crater-agent-workspace/cargo-home:/opt/rustwide/cargo-home:ro,Z" "-v" "/var/lib/crater-agent-workspace/rustup-home:/opt/rustwide/rustup-home:ro,Z" "-m" "1610612736" "--network" "none" "ghcr.io/rust-lang/crates-build-env/linux@sha256:77db811e55d90add9212f6832c23229e3de5f1c1f9905e8cb07319ea15df73ac" "sleep" "infinity", kill_on_drop: false }`
[INFO] [stdout] 0c97f9926f43917f163b3e72ac4413a87b3d8d51b7673c123367998379b8f8df
[INFO] running `Command { std: "docker" "start" "0c97f9926f43917f163b3e72ac4413a87b3d8d51b7673c123367998379b8f8df", kill_on_drop: false }`
[INFO] running `Command { std: "docker" "inspect" "0c97f9926f43917f163b3e72ac4413a87b3d8d51b7673c123367998379b8f8df", kill_on_drop: false }`
[INFO] running `Command { std: "docker" "exec" "-e" "SOURCE_DIR=/opt/rustwide/workdir" "-e" "CARGO_HOME=/opt/rustwide/cargo-home" "-e" "RUSTUP_HOME=/opt/rustwide/rustup-home" "-e" "CARGO_TARGET_DIR=/opt/rustwide/target" "-w" "/opt/rustwide/workdir" "--user" "0:0" "0c97f9926f43917f163b3e72ac4413a87b3d8d51b7673c123367998379b8f8df" "/opt/rustwide/cargo-home/bin/cargo" "+1.100.0-beta.1" "metadata" "--no-deps" "--format-version=1", kill_on_drop: false }`
[INFO] running `Command { std: "docker" "inspect" "0c97f9926f43917f163b3e72ac4413a87b3d8d51b7673c123367998379b8f8df", kill_on_drop: false }`
[INFO] running `Command { std: "docker" "exec" "-e" "SOURCE_DIR=/opt/rustwide/workdir" "-e" "CARGO_HOME=/opt/rustwide/cargo-home" "-e" "RUSTUP_HOME=/opt/rustwide/rustup-home" "-e" "CARGO_TARGET_DIR=/opt/rustwide/target" "-e" "CARGO_INCREMENTAL=0" "-e" "RUST_BACKTRACE=full" "-e" "RUSTFLAGS=--cap-lints=warn" "-e" "RUSTDOCFLAGS=--cap-lints=warn" "-w" "/opt/rustwide/workdir" "--user" "0:0" "0c97f9926f43917f163b3e72ac4413a87b3d8d51b7673c123367998379b8f8df" "/opt/rustwide/cargo-home/bin/cargo" "+1.100.0-beta.1" "build" "--frozen" "--message-format=json" "--release", kill_on_drop: false }`
[INFO] [stderr]    Compiling libc v0.2.175
[INFO] [stderr]    Compiling proc-macro2 v1.0.101
[INFO] [stderr]    Compiling crossbeam-utils v0.8.21
[INFO] [stderr]    Compiling unicode-ident v1.0.18
[INFO] [stderr]    Compiling getrandom v0.3.3
[INFO] [stderr]    Compiling zerocopy v0.8.27
[INFO] [stderr]    Compiling memchr v2.7.5
[INFO] [stderr]    Compiling cfg-if v1.0.3
[INFO] [stderr]    Compiling serde v1.0.219
[INFO] [stderr]    Compiling unicode-width v0.1.14
[INFO] [stderr]    Compiling serde_json v1.0.143
[INFO] [stderr]    Compiling regex-syntax v0.8.6
[INFO] [stderr]    Compiling bitflags v1.3.2
[INFO] [stderr]    Compiling strsim v0.8.0
[INFO] [stderr]    Compiling vec_map v0.8.2
[INFO] [stderr]    Compiling ansi_term v0.12.1
[INFO] [stderr]    Compiling itoa v1.0.15
[INFO] [stderr]    Compiling ryu v1.0.20
[INFO] [stderr]    Compiling arrayvec v0.7.6
[INFO] [stderr]    Compiling bitflags v2.9.4
[INFO] [stderr]    Compiling textwrap v0.11.0
[INFO] [stderr]    Compiling aho-corasick v1.1.3
[INFO] [stderr]    Compiling quote v1.0.40
[INFO] [stderr]    Compiling crossbeam-epoch v0.9.18
[INFO] [stderr]    Compiling crossbeam-channel v0.5.15
[INFO] [stderr]    Compiling crossbeam-queue v0.3.12
[INFO] [stderr]    Compiling atty v0.2.14
[INFO] [stderr]    Compiling clap v2.34.0
[INFO] [stderr]    Compiling syn v2.0.106
[INFO] [stderr]    Compiling rand_core v0.9.3
[INFO] [stderr]    Compiling crossbeam-deque v0.8.6
[INFO] [stderr]    Compiling crossbeam v0.8.4
[INFO] [stderr]    Compiling ppv-lite86 v0.2.21
[INFO] [stderr]    Compiling regex-automata v0.4.10
[INFO] [stderr]    Compiling rand_chacha v0.9.0
[INFO] [stderr]    Compiling rand v0.9.2
[INFO] [stderr]    Compiling serde_derive v1.0.219
[INFO] [stderr]    Compiling regex v1.11.2
[INFO] [stderr]    Compiling freebj v1.2.2 (/opt/rustwide/workdir)
[INFO] [stderr]     Finished `release` profile [optimized] target(s) in 46.29s
[INFO] running `Command { std: "docker" "inspect" "0c97f9926f43917f163b3e72ac4413a87b3d8d51b7673c123367998379b8f8df", kill_on_drop: false }`
[INFO] running `Command { std: "docker" "exec" "-e" "SOURCE_DIR=/opt/rustwide/workdir" "-e" "CARGO_HOME=/opt/rustwide/cargo-home" "-e" "RUSTUP_HOME=/opt/rustwide/rustup-home" "-e" "CARGO_TARGET_DIR=/opt/rustwide/target" "-e" "CARGO_INCREMENTAL=0" "-e" "RUST_BACKTRACE=full" "-e" "RUSTFLAGS=--cap-lints=warn" "-e" "RUSTDOCFLAGS=--cap-lints=warn" "-w" "/opt/rustwide/workdir" "--user" "0:0" "0c97f9926f43917f163b3e72ac4413a87b3d8d51b7673c123367998379b8f8df" "/opt/rustwide/cargo-home/bin/cargo" "+1.100.0-beta.1" "test" "--frozen" "--no-run" "--message-format=json" "--release", kill_on_drop: false }`
[INFO] [stderr]    Compiling libc v0.2.175
[INFO] [stderr]    Compiling crossbeam-utils v0.8.21
[INFO] [stderr]    Compiling memchr v2.7.5
[INFO] [stderr]    Compiling cfg-if v1.0.3
[INFO] [stderr]    Compiling unicode-width v0.1.14
[INFO] [stderr]    Compiling regex-syntax v0.8.6
[INFO] [stderr]    Compiling ansi_term v0.12.1
[INFO] [stderr]    Compiling bitflags v1.3.2
[INFO] [stderr]    Compiling vec_map v0.8.2
[INFO] [stderr]    Compiling ryu v1.0.20
[INFO] [stderr]    Compiling strsim v0.8.0
[INFO] [stderr]    Compiling zerocopy v0.8.27
[INFO] [stderr]    Compiling itoa v1.0.15
[INFO] [stderr]    Compiling serde v1.0.219
[INFO] [stderr]    Compiling arrayvec v0.7.6
[INFO] [stderr]    Compiling bitflags v2.9.4
[INFO] [stderr]    Compiling textwrap v0.11.0
[INFO] [stderr]    Compiling aho-corasick v1.1.3
[INFO] [stderr]    Compiling crossbeam-epoch v0.9.18
[INFO] [stderr]    Compiling crossbeam-queue v0.3.12
[INFO] [stderr]    Compiling crossbeam-channel v0.5.15
[INFO] [stderr]    Compiling getrandom v0.3.3
[INFO] [stderr]    Compiling atty v0.2.14
[INFO] [stderr]    Compiling clap v2.34.0
[INFO] [stderr]    Compiling rand_core v0.9.3
[INFO] [stderr]    Compiling crossbeam-deque v0.8.6
[INFO] [stderr]    Compiling crossbeam v0.8.4
[INFO] [stderr]    Compiling ppv-lite86 v0.2.21
[INFO] [stderr]    Compiling regex-automata v0.4.10
[INFO] [stderr]    Compiling rand_chacha v0.9.0
[INFO] [stderr]    Compiling rand v0.9.2
[INFO] [stderr]    Compiling serde_json v1.0.143
[INFO] [stderr]    Compiling regex v1.11.2
[INFO] [stderr]    Compiling freebj v1.2.2 (/opt/rustwide/workdir)
[INFO] [stderr]     Finished `release` profile [optimized] target(s) in 47.64s
[INFO] running `Command { std: "docker" "inspect" "0c97f9926f43917f163b3e72ac4413a87b3d8d51b7673c123367998379b8f8df", kill_on_drop: false }`
[INFO] running `Command { std: "docker" "exec" "-e" "SOURCE_DIR=/opt/rustwide/workdir" "-e" "CARGO_HOME=/opt/rustwide/cargo-home" "-e" "RUSTUP_HOME=/opt/rustwide/rustup-home" "-e" "CARGO_TARGET_DIR=/opt/rustwide/target" "-e" "CARGO_INCREMENTAL=0" "-e" "RUST_BACKTRACE=full" "-e" "RUSTFLAGS=--cap-lints=warn" "-e" "RUSTDOCFLAGS=--cap-lints=warn" "-w" "/opt/rustwide/workdir" "--user" "0:0" "0c97f9926f43917f163b3e72ac4413a87b3d8d51b7673c123367998379b8f8df" "/opt/rustwide/cargo-home/bin/cargo" "+1.100.0-beta.1" "test" "--frozen" "--release", kill_on_drop: false }`
[INFO] [stderr]     Finished `release` profile [optimized] target(s) in 0.09s
[INFO] [stderr]      Running unittests src/lib.rs (/opt/rustwide/target/release/build/freebj/7ac19cbaeb9f2da3/out/freebj-7ac19cbaeb9f2da3)
[INFO] [stdout] 
[INFO] [stdout] running 58 tests
[INFO] [stdout] test betting::tests::it_uses_hilo_betting ... ok
[INFO] [stdout] test betting::tests::it_uses_a_fixed_bet ... ok
[INFO] [stdout] test basic_strategy::tests::it_plays_pairs ... ok
[INFO] [stdout] test basic_strategy::tests::it_plays_surrenders ... ok
[INFO] [stdout] test basic_strategy::tests::it_plays_hard_hands ... ok
[INFO] [stdout] test basic_strategy::tests::it_plays_soft_hands ... ok
[INFO] [stdout] test card::tests::it_converts_from_str ... ok
[INFO] [stdout] test betting::tests::it_stops_increasing_on_a_maximum_tc ... ok
[INFO] [stdout] test betting::tests::it_uses_a_specific_bet_on_negative_or_zero_counts ... ok
[INFO] [stdout] test basic_strategy::tests::it_plays_specific_deviations ... ok
[INFO] [stdout] test betting::tests::it_wongouts_under_a_specific_tc ... ok
[INFO] [stdout] test hand::tests::it_can_be_indexed ... ok
[INFO] [stdout] test hand::tests::it_can_be_iterated_over ... ok
[INFO] [stdout] test hand::tests::it_splits_insured_pairs ... ok
[INFO] [stdout] test hand_logic::tests::it_determines_whether_it_can_double_down ... ok
[INFO] [stdout] test hand::tests::it_returns_the_value_of_hard_hands ... ok
[INFO] [stdout] test hand::tests::it_splits_88_pairs ... ok
[INFO] [stdout] test hand::tests::it_handles_soft_hands ... ok
[INFO] [stdout] test hand::tests::it_splits_aa_pairs ... ok
[INFO] [stdout] test hand::tests::it_detects_blackjacks ... ok
[INFO] [stdout] test hand::tests::it_returns_the_number_of_cards ... ok
[INFO] [stdout] test hand_logic::tests::it_returns_the_hand_result ... ok
[INFO] [stdout] test hand_stats::tests::it_update_hand_stats ... ok
[INFO] [stdout] test hand::tests::it_detects_busted_hands ... ok
[INFO] [stdout] test hand::tests::it_handles_hard_hands_with_aces ... ok
[INFO] [stdout] test deviation::tests::it_parses_dev_override ... ok
[INFO] [stdout] test betting::tests::it_uses_hilo_betting_with_all_options ... ok
[INFO] [stdout] test hand::tests::it_panicks_when_adding_17_cards - should panic ... ok
[INFO] [stdout] test deviation::tests::it_parses_deviation ... ok
[INFO] [stdout] test round::tests::it_panics_when_splitting_above_max - should panic ... ok
[INFO] [stdout] test round::tests::it_insures ... ok
[INFO] [stdout] test round::tests::it_loses_a_hand ... ok
[INFO] [stdout] test running_stats::tests::it_sums_assign_running_stats ... ok
[INFO] [stdout] test shoe::file_shoe::tests::it_loads_a_file_shoe_text ... ok
[INFO] [stdout] test shoe::queued_shoe::tests::it_panics_when_picking_too_many_cards - should panic ... ok
[INFO] [stdout] test running_stats::tests::it_sums_running_stats ... ok
[INFO] [stdout] test round::tests::it_wins_a_hand ... ok
[INFO] [stdout] test round::tests::it_busts_a_hand ... ok
[INFO] [stdout] test running_stats::tests::it_is_empty ... ok
[INFO] [stdout] test round::tests::it_doubles_down ... ok
[INFO] [stdout] test running_stats::tests::it_pushes_100_values ... ok
[INFO] [stdout] test round::tests::it_panics_when_splitting_non_pairs - should panic ... ok
[INFO] [stdout] test round::tests::it_split_pairs ... ok
[INFO] [stdout] test round::tests::it_panics_when_doubling_split_pairs_with_no_das - should panic ... ok
[INFO] [stdout] test round::tests::it_panics_when_splitting_with_three_cards - should panic ... ok
[INFO] [stdout] test running_stats::tests::it_pushes_one_value ... ok
[INFO] [stdout] test shoe::standard_shoe::tests::it_panics_trying_to_remove_too_much_high_cards - should panic ... ok
[INFO] [stdout] test shoe::standard_shoe::tests::it_forces_a_specific_true_count ... ok
[INFO] [stdout] test shoe::standard_shoe::tests::it_returns_the_running_count ... ok
[INFO] [stdout] test shoe::standard_shoe::tests::it_removes_all_high_cards_single_deck ... ok
[INFO] [stdout] test shoe::queued_shoe::tests::it_picks_a_card_in_queued_shoe ... ok
[INFO] [stdout] test shoe::standard_shoe::tests::it_can_be_reshuffled ... ok
[INFO] [stdout] test shoe::standard_shoe::tests::it_creates_a_one_deck_shoe ... ok
[INFO] [stdout] test shoe::standard_shoe::tests::it_picks_a_card ... ok
[INFO] [stdout] test shoe::standard_shoe::tests::it_tries_to_pick_a_specific_card ... ok
[INFO] [stdout] test shoe::standard_shoe::tests::it_needs_reshuffling_because_of_penetration ... ok
[INFO] [stdout] test shoe::standard_shoe::tests::it_panics_trying_to_remove_too_much_low_cards - should panic ... ok
[INFO] [stdout] test shoe::standard_shoe::tests::it_removes_low_high_cards_single_deck ... ok
[INFO] [stdout] 
[INFO] [stdout] test result: ok. 58 passed; 0 failed; 0 ignored; 0 measured; 0 filtered out; finished in 0.03s
[INFO] [stdout] 
[INFO] [stderr]      Running unittests src/main.rs (/opt/rustwide/target/release/build/freebj/68ca6cf5679c57f4/out/freebj-68ca6cf5679c57f4)
[INFO] [stdout] 
[INFO] [stdout] running 3 tests
[INFO] [stdout] test options::tests::it_parses_suffix_int ... ok
[INFO] [stdout] test options::tests::it_parses_card_list ... ok
[INFO] [stderr]      Running tests/file_shoe_simulations.rs (/opt/rustwide/target/release/build/freebj/84ac3b8cdee945c5/out/file_shoe_simulations-84ac3b8cdee945c5)
[INFO] [stdout] test options::tests::it_parses_penetration ... ok
[INFO] [stdout] 
[INFO] [stdout] test result: ok. 3 passed; 0 failed; 0 ignored; 0 measured; 0 filtered out; finished in 0.01s
[INFO] [stdout] 
[INFO] [stdout] 
[INFO] [stdout] running 5 tests
[INFO] [stdout] test ahc_s17_das_d6 ... FAILED
[INFO] [stdout] test enhc_s17_das_d6 ... FAILED
[INFO] [stdout] test ahc_s17_nodas_d6 ... FAILED
[INFO] [stdout] test ahc_h17_das_d6 ... FAILED
[INFO] [stdout] test ahc_s17_das_d6_esurr ... FAILED
[INFO] [stdout] 
[INFO] [stdout] failures:
[INFO] [stdout] 
[INFO] [stdout] ---- ahc_s17_das_d6 stdout ----
[INFO] [stdout] 
[INFO] [stdout] thread 'ahc_s17_das_d6' (1059) panicked at tests/utils/bin_runner.rs:14:10:
[INFO] [stdout] Couldn't launch freebj: Os { code: 2, kind: NotFound, message: "No such file or directory" }
[INFO] [stdout] stack backtrace:
[INFO] [stdout]    0:     0x6158df3c0947 - <<std[617be2ca0a6fd877]::sys::backtrace::BacktraceLock>::print::DisplayBacktrace as core[a373ad73a504971]::fmt::Display>::fmt
[INFO] [stdout]    1:     0x6158df3a61ca - core[a373ad73a504971]::fmt::write
[INFO] [stdout]    2:     0x6158df3bfefb - <alloc[2e1b2a31b91974c5]::vec::Vec<u8> as core[a373ad73a504971]::io::write::Write>::write_fmt
[INFO] [stdout]    3:     0x6158df3bf9df - std[617be2ca0a6fd877]::panicking::default_hook::{closure#0}
[INFO] [stdout]    4:     0x6158df3bf60a - std[617be2ca0a6fd877]::panicking::default_hook
[INFO] [stdout]    5:     0x6158df3bf145 - std[617be2ca0a6fd877]::panicking::panic_with_hook
[INFO] [stdout]    6:     0x6158df3e5ef1 - std[617be2ca0a6fd877]::panicking::panic_handler::{closure#0}
[INFO] [stdout]    7:     0x6158df3e5ea9 - std[617be2ca0a6fd877]::sys::backtrace::__rust_end_short_backtrace::<std[617be2ca0a6fd877]::panicking::panic_handler::{closure#0}, !>
[INFO] [stdout]    8:     0x6158df3e63ac - __rustc[ea4f61d10b84890b]::rust_begin_unwind
[INFO] [stdout]    9:     0x6158df3a605b - core[a373ad73a504971]::panicking::panic_fmt
[INFO] [stdout]   10:     0x6158df3a9301 - core[a373ad73a504971]::result::unwrap_failed
[INFO] [stdout]   11:     0x6158df39531c - file_shoe_simulations[a235b832bd3d0d40]::utils::bin_runner::run_freebj
[INFO] [stdout]   12:     0x6158df3987ff - <file_shoe_simulations[a235b832bd3d0d40]::ahc_s17_das_d6::{closure#0} as core[a373ad73a504971]::ops::function::FnOnce<()>>::call_once
[INFO] [stdout]   13:     0x6158df3fecbb - test[aada8e7e76ba119b]::__rust_begin_short_backtrace::<core[a373ad73a504971]::result::Result<(), alloc[2e1b2a31b91974c5]::string::String>, fn() -> core[a373ad73a504971]::result::Result<(), alloc[2e1b2a31b91974c5]::string::String>>
[INFO] [stdout]   14:     0x6158df3fac81 - test[aada8e7e76ba119b]::run_test::{closure#0}
[INFO] [stdout]   15:     0x6158df3fa46c - std[617be2ca0a6fd877]::sys::backtrace::__rust_begin_short_backtrace::<test[aada8e7e76ba119b]::run_test::{closure#1}, ()>
[INFO] [stdout]   16:     0x6158df41a10c - <std[617be2ca0a6fd877]::thread::lifecycle::spawn_unchecked<test[aada8e7e76ba119b]::run_test::{closure#1}, ()>::{closure#1} as core[a373ad73a504971]::ops::function::FnOnce<()>>::call_once::{shim:vtable#0}
[INFO] [stdout]   17:     0x6158df3e7b84 - <std[617be2ca0a6fd877]::sys::thread::unix::Thread>::new::thread_start
[INFO] [stdout]   18:     0x7abf95e8adfa - <unknown>
[INFO] [stdout]   19:     0x7abf95f1e3d4 - clone
[INFO] [stdout]   20:                0x0 - <unknown>
[INFO] [stdout] 
[INFO] [stdout] ---- enhc_s17_das_d6 stdout ----
[INFO] [stdout] 
[INFO] [stdout] thread 'enhc_s17_das_d6' (1062) panicked at tests/utils/bin_runner.rs:14:10:
[INFO] [stdout] Couldn't launch freebj: Os { code: 2, kind: NotFound, message: "No such file or directory" }
[INFO] [stdout] stack backtrace:
[INFO] [stdout]    0:     0x6158df3c0947 - <<std[617be2ca0a6fd877]::sys::backtrace::BacktraceLock>::print::DisplayBacktrace as core[a373ad73a504971]::fmt::Display>::fmt
[INFO] [stdout]    1:     0x6158df3a61ca - core[a373ad73a504971]::fmt::write
[INFO] [stdout]    2:     0x6158df3bfefb - <alloc[2e1b2a31b91974c5]::vec::Vec<u8> as core[a373ad73a504971]::io::write::Write>::write_fmt
[INFO] [stdout]    3:     0x6158df3bf9df - std[617be2ca0a6fd877]::panicking::default_hook::{closure#0}
[INFO] [stdout]    4:     0x6158df3bf60a - std[617be2ca0a6fd877]::panicking::default_hook
[INFO] [stdout]    5:     0x6158df3bf145 - std[617be2ca0a6fd877]::panicking::panic_with_hook
[INFO] [stdout]    6:     0x6158df3e5ef1 - std[617be2ca0a6fd877]::panicking::panic_handler::{closure#0}
[INFO] [stdout]    7:     0x6158df3e5ea9 - std[617be2ca0a6fd877]::sys::backtrace::__rust_end_short_backtrace::<std[617be2ca0a6fd877]::panicking::panic_handler::{closure#0}, !>
[INFO] [stdout]    8:     0x6158df3e63ac - __rustc[ea4f61d10b84890b]::rust_begin_unwind
[INFO] [stdout]    9:     0x6158df3a605b - core[a373ad73a504971]::panicking::panic_fmt
[INFO] [stdout]   10:     0x6158df3a9301 - core[a373ad73a504971]::result::unwrap_failed
[INFO] [stdout]   11:     0x6158df39531c - file_shoe_simulations[a235b832bd3d0d40]::utils::bin_runner::run_freebj
[INFO] [stdout]   12:     0x6158df39ba1f - <file_shoe_simulations[a235b832bd3d0d40]::enhc_s17_das_d6::{closure#0} as core[a373ad73a504971]::ops::function::FnOnce<()>>::call_once
[INFO] [stdout]   13:     0x6158df3fecbb - test[aada8e7e76ba119b]::__rust_begin_short_backtrace::<core[a373ad73a504971]::result::Result<(), alloc[2e1b2a31b91974c5]::string::String>, fn() -> core[a373ad73a504971]::result::Result<(), alloc[2e1b2a31b91974c5]::string::String>>
[INFO] [stdout]   14:     0x6158df3fac81 - test[aada8e7e76ba119b]::run_test::{closure#0}
[INFO] [stdout]   15:     0x6158df3fa46c - std[617be2ca0a6fd877]::sys::backtrace::__rust_begin_short_backtrace::<test[aada8e7e76ba119b]::run_test::{closure#1}, ()>
[INFO] [stdout]   16:     0x6158df41a10c - <std[617be2ca0a6fd877]::thread::lifecycle::spawn_unchecked<test[aada8e7e76ba119b]::run_test::{closure#1}, ()>::{closure#1} as core[a373ad73a504971]::ops::function::FnOnce<()>>::call_once::{shim:vtable#0}
[INFO] [stdout]   17:     0x6158df3e7b84 - <std[617be2ca0a6fd877]::sys::thread::unix::Thread>::new::thread_start
[INFO] [stdout]   18:     0x7abf95e8adfa - <unknown>
[INFO] [stdout]   19:     0x7abf95f1e3d4 - clone
[INFO] [stdout]   20:                0x0 - <unknown>
[INFO] [stdout] 
[INFO] [stdout] ---- ahc_s17_nodas_d6 stdout ----
[INFO] [stdout] 
[INFO] [stdout] thread 'ahc_s17_nodas_d6' (1061) panicked at tests/utils/bin_runner.rs:14:10:
[INFO] [stdout] Couldn't launch freebj: Os { code: 2, kind: NotFound, message: "No such file or directory" }
[INFO] [stdout] stack backtrace:
[INFO] [stdout]    0:     0x6158df3c0947 - <<std[617be2ca0a6fd877]::sys::backtrace::BacktraceLock>::print::DisplayBacktrace as core[a373ad73a504971]::fmt::Display>::fmt
[INFO] [stdout]    1:     0x6158df3a61ca - core[a373ad73a504971]::fmt::write
[INFO] [stdout]    2:     0x6158df3bfefb - <alloc[2e1b2a31b91974c5]::vec::Vec<u8> as core[a373ad73a504971]::io::write::Write>::write_fmt
[INFO] [stdout]    3:     0x6158df3bf9df - std[617be2ca0a6fd877]::panicking::default_hook::{closure#0}
[INFO] [stdout]    4:     0x6158df3bf60a - std[617be2ca0a6fd877]::panicking::default_hook
[INFO] [stdout]    5:     0x6158df3bf145 - std[617be2ca0a6fd877]::panicking::panic_with_hook
[INFO] [stdout]    6:     0x6158df3e5ef1 - std[617be2ca0a6fd877]::panicking::panic_handler::{closure#0}
[INFO] [stdout]    7:     0x6158df3e5ea9 - std[617be2ca0a6fd877]::sys::backtrace::__rust_end_short_backtrace::<std[617be2ca0a6fd877]::panicking::panic_handler::{closure#0}, !>
[INFO] [stdout]    8:     0x6158df3e63ac - __rustc[ea4f61d10b84890b]::rust_begin_unwind
[INFO] [stdout]    9:     0x6158df3a605b - core[a373ad73a504971]::panicking::panic_fmt
[INFO] [stdout]   10:     0x6158df3a9301 - core[a373ad73a504971]::result::unwrap_failed
[INFO] [stdout]   11:     0x6158df39531c - file_shoe_simulations[a235b832bd3d0d40]::utils::bin_runner::run_freebj
[INFO] [stdout]   12:     0x6158df39ec3f - <file_shoe_simulations[a235b832bd3d0d40]::ahc_s17_nodas_d6::{closure#0} as core[a373ad73a504971]::ops::function::FnOnce<()>>::call_once
[INFO] [stdout]   13:     0x6158df3fecbb - test[aada8e7e76ba119b]::__rust_begin_short_backtrace::<core[a373ad73a504971]::result::Result<(), alloc[2e1b2a31b91974c5]::string::String>, fn() -> core[a373ad73a504971]::result::Result<(), alloc[2e1b2a31b91974c5]::string::String>>
[INFO] [stdout]   14:     0x6158df3fac81 - test[aada8e7e76ba119b]::run_test::{closure#0}
[INFO] [stdout]   15:     0x6158df3fa46c - std[617be2ca0a6fd877]::sys::backtrace::__rust_begin_short_backtrace::<test[aada8e7e76ba119b]::run_test::{closure#1}, ()>
[INFO] [stdout]   16:     0x6158df41a10c - <std[617be2ca0a6fd877]::thread::lifecycle::spawn_unchecked<test[aada8e7e76ba119b]::run_test::{closure#1}, ()>::{closure#1} as core[a373ad73a504971]::ops::function::FnOnce<()>>::call_once::{shim:vtable#0}
[INFO] [stdout]   17:     0x6158df3e7b84 - <std[617be2ca0a6fd877]::sys::thread::unix::Thread>::new::thread_start
[INFO] [stdout]   18:     0x7abf95e8adfa - <unknown>
[INFO] [stdout]   19:     0x7abf95f1e3d4 - clone
[INFO] [stdout]   20:                0x0 - <unknown>
[INFO] [stdout] 
[INFO] [stdout] ---- ahc_h17_das_d6 stdout ----
[INFO] [stdout] 
[INFO] [stdout] thread 'ahc_h17_das_d6' (1058) panicked at tests/utils/bin_runner.rs:14:10:
[INFO] [stdout] Couldn't launch freebj: Os { code: 2, kind: NotFound, message: "No such file or directory" }
[INFO] [stdout] stack backtrace:
[INFO] [stdout]    0:     0x6158df3c0947 - <<std[617be2ca0a6fd877]::sys::backtrace::BacktraceLock>::print::DisplayBacktrace as core[a373ad73a504971]::fmt::Display>::fmt
[INFO] [stdout]    1:     0x6158df3a61ca - core[a373ad73a504971]::fmt::write
[INFO] [stdout]    2:     0x6158df3bfefb - <alloc[2e1b2a31b91974c5]::vec::Vec<u8> as core[a373ad73a504971]::io::write::Write>::write_fmt
[INFO] [stdout]    3:     0x6158df3bf9df - std[617be2ca0a6fd877]::panicking::default_hook::{closure#0}
[INFO] [stdout]    4:     0x6158df3bf60a - std[617be2ca0a6fd877]::panicking::default_hook
[INFO] [stdout]    5:     0x6158df3bf145 - std[617be2ca0a6fd877]::panicking::panic_with_hook
[INFO] [stdout]    6:     0x6158df3e5ef1 - std[617be2ca0a6fd877]::panicking::panic_handler::{closure#0}
[INFO] [stdout]    7:     0x6158df3e5ea9 - std[617be2ca0a6fd877]::sys::backtrace::__rust_end_short_backtrace::<std[617be2ca0a6fd877]::panicking::panic_handler::{closure#0}, !>
[INFO] [stdout]    8:     0x6158df3e63ac - __rustc[ea4f61d10b84890b]::rust_begin_unwind
[INFO] [stdout]    9:     0x6158df3a605b - core[a373ad73a504971]::panicking::panic_fmt
[INFO] [stdout]   10:     0x6158df3a9301 - core[a373ad73a504971]::result::unwrap_failed
[INFO] [stdout]   11:     0x6158df39531c - file_shoe_simulations[a235b832bd3d0d40]::utils::bin_runner::run_freebj
[INFO] [stdout]   12:     0x6158df3955df - <file_shoe_simulations[a235b832bd3d0d40]::ahc_h17_das_d6::{closure#0} as core[a373ad73a504971]::ops::function::FnOnce<()>>::call_once
[INFO] [stdout]   13:     0x6158df3fecbb - test[aada8e7e76ba119b]::__rust_begin_short_backtrace::<core[a373ad73a504971]::result::Result<(), alloc[2e1b2a31b91974c5]::string::String>, fn() -> core[a373ad73a504971]::result::Result<(), alloc[2e1b2a31b91974c5]::string::String>>
[INFO] [stdout]   14:     0x6158df3fac81 - test[aada8e7e76ba119b]::run_test::{closure#0}
[INFO] [stdout]   15:     0x6158df3fa46c - std[617be2ca0a6fd877]::sys::backtrace::__rust_begin_short_backtrace::<test[aada8e7e76ba119b]::run_test::{closure#1}, ()>
[INFO] [stdout]   16:     0x6158df41a10c - <std[617be2ca0a6fd877]::thread::lifecycle::spawn_unchecked<test[aada8e7e76ba119b]::run_test::{closure#1}, ()>::{closure#1} as core[a373ad73a504971]::ops::function::FnOnce<()>>::call_once::{shim:vtable#0}
[INFO] [stdout]   17:     0x6158df3e7b84 - <std[617be2ca0a6fd877]::sys::thread::unix::Thread>::new::thread_start
[INFO] [stdout]   18:     0x7abf95e8adfa - <unknown>
[INFO] [stdout]   19:     0x7abf95f1e3d4 - clone
[INFO] [stdout]   20:                0x0 - <unknown>
[INFO] [stdout] 
[INFO] [stdout] ---- ahc_s17_das_d6_esurr stdout ----
[INFO] [stdout] 
[INFO] [stdout] thread 'ahc_s17_das_d6_esurr' (1060) panicked at tests/utils/bin_runner.rs:14:10:
[INFO] [stdout] Couldn't launch freebj: Os { code: 2, kind: NotFound, message: "No such file or directory" }
[INFO] [stdout] stack backtrace:
[INFO] [stdout]    0:     0x6158df3c0947 - <<std[617be2ca0a6fd877]::sys::backtrace::BacktraceLock>::print::DisplayBacktrace as core[a373ad73a504971]::fmt::Display>::fmt
[INFO] [stdout]    1:     0x6158df3a61ca - core[a373ad73a504971]::fmt::write
[INFO] [stdout]    2:     0x6158df3bfefb - <alloc[2e1b2a31b91974c5]::vec::Vec<u8> as core[a373ad73a504971]::io::write::Write>::write_fmt
[INFO] [stdout]    3:     0x6158df3bf9df - std[617be2ca0a6fd877]::panicking::default_hook::{closure#0}
[INFO] [stdout]    4:     0x6158df3bf60a - std[617be2ca0a6fd877]::panicking::default_hook
[INFO] [stdout]    5:     0x6158df3bf145 - std[617be2ca0a6fd877]::panicking::panic_with_hook
[INFO] [stdout]    6:     0x6158df3e5ef1 - std[617be2ca0a6fd877]::panicking::panic_handler::{closure#0}
[INFO] [stdout]    7:     0x6158df3e5ea9 - std[617be2ca0a6fd877]::sys::backtrace::__rust_end_short_backtrace::<std[617be2ca0a6fd877]::panicking::panic_handler::{closure#0}, !>
[INFO] [stdout]    8:     0x6158df3e63ac - __rustc[ea4f61d10b84890b]::rust_begin_unwind
[INFO] [stdout]    9:     0x6158df3a605b - core[a373ad73a504971]::panicking::panic_fmt
[INFO] [stdout]   10:     0x6158df3a9301 - core[a373ad73a504971]::result::unwrap_failed
[INFO] [stdout]   11:     0x6158df39531c - file_shoe_simulations[a235b832bd3d0d40]::utils::bin_runner::run_freebj
[INFO] [stdout]   12:     0x6158df3a17cf - <file_shoe_simulations[a235b832bd3d0d40]::ahc_s17_das_d6_esurr::{closure#0} as core[a373ad73a504971]::ops::function::FnOnce<()>>::call_once
[INFO] [stdout]   13:     0x6158df3fecbb - test[aada8e7e76ba119b]::__rust_begin_short_backtrace::<core[a373ad73a504971]::result::Result<(), alloc[2e1b2a31b91974c5]::string::String>, fn() -> core[a373ad73a504971]::result::Result<(), alloc[2e1b2a31b91974c5]::string::String>>
[INFO] [stdout]   14:     0x6158df3fac81 - test[aada8e7e76ba119b]::run_test::{closure#0}
[INFO] [stdout]   15:     0x6158df3fa46c - std[617be2ca0a6fd877]::sys::backtrace::__rust_begin_short_backtrace::<test[aada8e7e76ba119b]::run_test::{closure#1}, ()>
[INFO] [stdout]   16:     0x6158df41a10c - <std[617be2ca0a6fd877]::thread::lifecycle::spawn_unchecked<test[aada8e7e76ba119b]::run_test::{closure#1}, ()>::{closure#1} as core[a373ad73a504971]::ops::function::FnOnce<()>>::call_once::{shim:vtable#0}
[INFO] [stdout]   17:     0x6158df3e7b84 - <std[617be2ca0a6fd877]::sys::thread::unix::Thread>::new::thread_start
[INFO] [stdout]   18:     0x7abf95e8adfa - <unknown>
[INFO] [stdout]   19:     0x7abf95f1e3d4 - clone
[INFO] [stdout]   20:                0x0 - <unknown>
[INFO] [stdout] 
[INFO] [stdout] 
[INFO] [stdout] failures:
[INFO] [stdout]     ahc_h17_das_d6
[INFO] [stdout]     ahc_s17_das_d6
[INFO] [stdout]     ahc_s17_das_d6_esurr
[INFO] [stdout]     ahc_s17_nodas_d6
[INFO] [stdout]     enhc_s17_das_d6
[INFO] [stdout] 
[INFO] [stdout] test result: FAILED. 0 passed; 5 failed; 0 ignored; 0 measured; 0 filtered out; finished in 0.01s
[INFO] [stdout] 
[INFO] [stderr] error: test failed, to rerun pass `--test file_shoe_simulations`
[INFO] running `Command { std: "docker" "inspect" "0c97f9926f43917f163b3e72ac4413a87b3d8d51b7673c123367998379b8f8df", kill_on_drop: false }`
[INFO] running `Command { std: "docker" "rm" "-f" "0c97f9926f43917f163b3e72ac4413a87b3d8d51b7673c123367998379b8f8df", kill_on_drop: false }`
[INFO] [stdout] 0c97f9926f43917f163b3e72ac4413a87b3d8d51b7673c123367998379b8f8df
