[INFO] fetching crate frankfurter_cli 0.0.5...
[INFO] testing frankfurter_cli-0.0.5 against 1.99.0-beta.8+cargoflags=--release for beta-release-1.100-2
[INFO] extracting crate frankfurter_cli 0.0.5 into /workspace/builds/worker-4-tc1/source
[INFO] started tweaking crates.io crate frankfurter_cli 0.0.5
[INFO] removed 0 missing tests
[INFO] finished tweaking crates.io crate frankfurter_cli 0.0.5
[INFO] tweaked toml for crates.io crate frankfurter_cli 0.0.5 written to /workspace/builds/worker-4-tc1/source/Cargo.toml
[INFO] validating manifest of crates.io crate frankfurter_cli 0.0.5 on toolchain 1.99.0-beta.8
[INFO] running `Command { std: CARGO_HOME="/workspace/cargo-home" RUSTUP_HOME="/workspace/rustup-home" "/workspace/cargo-home/bin/cargo" "+1.99.0-beta.8" "metadata" "--manifest-path" "Cargo.toml" "--no-deps", kill_on_drop: false }`
[INFO] crate crates.io crate frankfurter_cli 0.0.5 already has a lockfile, it will not be regenerated
[INFO] running `Command { std: CARGO_HOME="/workspace/cargo-home" RUSTUP_HOME="/workspace/rustup-home" "/workspace/cargo-home/bin/cargo" "+1.99.0-beta.8" "fetch" "--manifest-path" "Cargo.toml", kill_on_drop: false }`
[INFO] [stderr]     Updating crates.io index
[INFO] [stderr]  Downloading crates ...
[INFO] [stderr]   Downloaded predicates v3.1.2
[INFO] [stderr]   Downloaded predicates-core v1.0.8
[INFO] [stderr]   Downloaded thiserror-impl v2.0.6
[INFO] [stderr]   Downloaded lib_frankfurter v0.0.5
[INFO] [stderr]   Downloaded thiserror v2.0.6
[INFO] [stderr]   Downloaded fast-float-compare v0.1.1
[INFO] [stderr]   Downloaded comfy-table v7.1.1
[INFO] [stderr]   Downloaded rustls v0.23.19
[INFO] [stderr]   Downloaded predicates-tree v1.0.11
[INFO] running `Command { std: "docker" "create" "-v" "/var/lib/crater-agent-workspace/builds/worker-4-tc1/source:/opt/rustwide/workdir:ro,Z" "-v" "/var/lib/crater-agent-workspace/builds/worker-4-tc1/target:/opt/rustwide/target:rw,Z" "-v" "/var/lib/crater-agent-workspace/cargo-home:/opt/rustwide/cargo-home:ro,Z" "-v" "/var/lib/crater-agent-workspace/rustup-home:/opt/rustwide/rustup-home:ro,Z" "-m" "1610612736" "--network" "none" "ghcr.io/rust-lang/crates-build-env/linux@sha256:77db811e55d90add9212f6832c23229e3de5f1c1f9905e8cb07319ea15df73ac" "sleep" "infinity", kill_on_drop: false }`
[INFO] [stdout] b8eacec88aa29feee339004ef77a6adc9c3d5acff8cbdebc11b1e3ab0596f571
[INFO] running `Command { std: "docker" "start" "b8eacec88aa29feee339004ef77a6adc9c3d5acff8cbdebc11b1e3ab0596f571", kill_on_drop: false }`
[INFO] running `Command { std: "docker" "inspect" "b8eacec88aa29feee339004ef77a6adc9c3d5acff8cbdebc11b1e3ab0596f571", kill_on_drop: false }`
[INFO] running `Command { std: "docker" "exec" "-e" "SOURCE_DIR=/opt/rustwide/workdir" "-e" "CARGO_HOME=/opt/rustwide/cargo-home" "-e" "RUSTUP_HOME=/opt/rustwide/rustup-home" "-e" "CARGO_TARGET_DIR=/opt/rustwide/target" "-w" "/opt/rustwide/workdir" "--user" "0:0" "b8eacec88aa29feee339004ef77a6adc9c3d5acff8cbdebc11b1e3ab0596f571" "/opt/rustwide/cargo-home/bin/cargo" "+1.99.0-beta.8" "metadata" "--no-deps" "--format-version=1", kill_on_drop: false }`
[INFO] running `Command { std: "docker" "inspect" "b8eacec88aa29feee339004ef77a6adc9c3d5acff8cbdebc11b1e3ab0596f571", kill_on_drop: false }`
[INFO] running `Command { std: "docker" "exec" "-e" "SOURCE_DIR=/opt/rustwide/workdir" "-e" "CARGO_HOME=/opt/rustwide/cargo-home" "-e" "RUSTUP_HOME=/opt/rustwide/rustup-home" "-e" "CARGO_TARGET_DIR=/opt/rustwide/target" "-e" "CARGO_INCREMENTAL=0" "-e" "RUST_BACKTRACE=full" "-e" "RUSTFLAGS=--cap-lints=warn" "-e" "RUSTDOCFLAGS=--cap-lints=warn" "-w" "/opt/rustwide/workdir" "--user" "0:0" "b8eacec88aa29feee339004ef77a6adc9c3d5acff8cbdebc11b1e3ab0596f571" "/opt/rustwide/cargo-home/bin/cargo" "+1.99.0-beta.8" "build" "--frozen" "--message-format=json" "--release", kill_on_drop: false }`
[INFO] [stderr]    Compiling proc-macro2 v1.0.92
[INFO] [stderr]    Compiling libc v0.2.161
[INFO] [stderr]    Compiling pin-project-lite v0.2.15
[INFO] [stderr]    Compiling bytes v1.8.0
[INFO] [stderr]    Compiling once_cell v1.20.2
[INFO] [stderr]    Compiling cc v1.1.31
[INFO] [stderr]    Compiling serde v1.0.214
[INFO] [stderr]    Compiling httparse v1.9.5
[INFO] [stderr]    Compiling openssl v0.10.70
[INFO] [stderr]    Compiling indexmap v2.6.0
[INFO] [stderr]    Compiling rustversion v1.0.18
[INFO] [stderr]    Compiling num-traits v0.2.19
[INFO] [stderr]    Compiling serde_json v1.0.132
[INFO] [stderr]    Compiling anstyle-parse v0.2.6
[INFO] [stderr]    Compiling colorchoice v1.0.3
[INFO] [stderr]    Compiling anstyle v1.0.9
[INFO] [stderr]    Compiling futures-util v0.3.31
[INFO] [stderr]    Compiling thiserror v2.0.6
[INFO] [stderr]    Compiling rustls-pki-types v1.10.0
[INFO] [stderr]    Compiling tracing-core v0.1.32
[INFO] [stderr]    Compiling is_terminal_polyfill v1.70.1
[INFO] [stderr]    Compiling anstyle-query v1.1.2
[INFO] [stderr]    Compiling sync_wrapper v1.0.1
[INFO] [stderr]    Compiling anyhow v1.0.91
[INFO] [stderr]    Compiling anstream v0.6.17
[INFO] [stderr]    Compiling clap_lex v0.7.2
[INFO] [stderr]    Compiling ipnet v2.10.1
[INFO] [stderr]    Compiling fast-float-compare v0.1.1
[INFO] [stderr]    Compiling rustls-pemfile v2.2.0
[INFO] [stderr]    Compiling clap_builder v4.5.20
[INFO] [stderr]    Compiling tracing v0.1.40
[INFO] [stderr]    Compiling quote v1.0.37
[INFO] [stderr]    Compiling http v1.1.0
[INFO] [stderr]    Compiling syn v2.0.90
[INFO] [stderr]    Compiling socket2 v0.5.7
[INFO] [stderr]    Compiling mio v1.0.2
[INFO] [stderr]    Compiling parking_lot_core v0.9.10
[INFO] [stderr]    Compiling is-terminal v0.4.13
[INFO] [stderr]    Compiling openssl-sys v0.9.105
[INFO] [stderr]    Compiling parking_lot v0.12.3
[INFO] [stderr]    Compiling crossterm v0.27.0
[INFO] [stderr]    Compiling native-tls v0.2.12
[INFO] [stderr]    Compiling http-body v1.0.1
[INFO] [stderr]    Compiling http-body-util v0.1.2
[INFO] [stderr]    Compiling synstructure v0.13.1
[INFO] [stderr]    Compiling zerofrom-derive v0.1.4
[INFO] [stderr]    Compiling yoke-derive v0.7.4
[INFO] [stderr]    Compiling zerovec-derive v0.10.3
[INFO] [stderr]    Compiling displaydoc v0.2.5
[INFO] [stderr]    Compiling tokio-macros v2.4.0
[INFO] [stderr]    Compiling icu_provider_macros v1.5.0
[INFO] [stderr]    Compiling serde_derive v1.0.214
[INFO] [stderr]    Compiling openssl-macros v0.1.1
[INFO] [stderr]    Compiling strum_macros v0.26.4
[INFO] [stderr]    Compiling thiserror-impl v2.0.6
[INFO] [stderr]    Compiling clap_derive v4.5.18
[INFO] [stderr]    Compiling enum_dispatch v0.3.13
[INFO] [stderr]    Compiling tokio v1.41.0
[INFO] [stderr]    Compiling zerofrom v0.1.4
[INFO] [stderr]    Compiling yoke v0.7.4
[INFO] [stderr]    Compiling zerovec v0.10.4
[INFO] [stderr]    Compiling strum v0.26.3
[INFO] [stderr]    Compiling comfy-table v7.1.1
[INFO] [stderr]    Compiling clap v4.5.20
[INFO] [stderr]    Compiling tinystr v0.7.6
[INFO] [stderr]    Compiling icu_collections v1.5.0
[INFO] [stderr]    Compiling icu_locid v1.5.0
[INFO] [stderr]    Compiling icu_provider v1.5.0
[INFO] [stderr]    Compiling icu_locid_transform v1.5.0
[INFO] [stderr]    Compiling tokio-util v0.7.12
[INFO] [stderr]    Compiling icu_properties v1.5.1
[INFO] [stderr]    Compiling tokio-native-tls v0.3.1
[INFO] [stderr]    Compiling h2 v0.4.6
[INFO] [stderr]    Compiling serde_urlencoded v0.7.1
[INFO] [stderr]    Compiling chrono v0.4.38
[INFO] [stderr]    Compiling icu_normalizer v1.5.0
[INFO] [stderr]    Compiling idna_adapter v1.2.0
[INFO] [stderr]    Compiling idna v1.0.3
[INFO] [stderr]    Compiling hyper v1.5.0
[INFO] [stderr]    Compiling url v2.5.3
[INFO] [stderr]    Compiling hyper-util v0.1.10
[INFO] [stderr]    Compiling hyper-tls v0.6.0
[INFO] [stderr]    Compiling reqwest v0.12.9
[INFO] [stderr]    Compiling lib_frankfurter v0.0.5
[INFO] [stderr]    Compiling frankfurter_cli v0.0.5 (/opt/rustwide/workdir)
[INFO] [stderr]     Finished `release` profile [optimized] target(s) in 1m 19s
[INFO] running `Command { std: "docker" "inspect" "b8eacec88aa29feee339004ef77a6adc9c3d5acff8cbdebc11b1e3ab0596f571", kill_on_drop: false }`
[INFO] running `Command { std: "docker" "exec" "-e" "SOURCE_DIR=/opt/rustwide/workdir" "-e" "CARGO_HOME=/opt/rustwide/cargo-home" "-e" "RUSTUP_HOME=/opt/rustwide/rustup-home" "-e" "CARGO_TARGET_DIR=/opt/rustwide/target" "-e" "CARGO_INCREMENTAL=0" "-e" "RUST_BACKTRACE=full" "-e" "RUSTFLAGS=--cap-lints=warn" "-e" "RUSTDOCFLAGS=--cap-lints=warn" "-w" "/opt/rustwide/workdir" "--user" "0:0" "b8eacec88aa29feee339004ef77a6adc9c3d5acff8cbdebc11b1e3ab0596f571" "/opt/rustwide/cargo-home/bin/cargo" "+1.99.0-beta.8" "test" "--frozen" "--no-run" "--message-format=json" "--release", kill_on_drop: false }`
[INFO] [stderr]    Compiling regex-automata v0.4.9
[INFO] [stderr]    Compiling predicates-core v1.0.8
[INFO] [stderr]    Compiling float-cmp v0.9.0
[INFO] [stderr]    Compiling assert_cmd v2.0.16
[INFO] [stderr]    Compiling difflib v0.4.0
[INFO] [stderr]    Compiling termtree v0.4.1
[INFO] [stderr]    Compiling wait-timeout v0.2.0
[INFO] [stderr]    Compiling predicates-tree v1.0.11
[INFO] [stderr]    Compiling regex v1.11.1
[INFO] [stderr]    Compiling bstr v1.10.0
[INFO] [stderr]    Compiling predicates v3.1.2
[INFO] [stderr]    Compiling frankfurter_cli v0.0.5 (/opt/rustwide/workdir)
[INFO] [stderr]     Finished `release` profile [optimized] target(s) in 17.61s
[INFO] running `Command { std: "docker" "inspect" "b8eacec88aa29feee339004ef77a6adc9c3d5acff8cbdebc11b1e3ab0596f571", kill_on_drop: false }`
[INFO] running `Command { std: "docker" "exec" "-e" "SOURCE_DIR=/opt/rustwide/workdir" "-e" "CARGO_HOME=/opt/rustwide/cargo-home" "-e" "RUSTUP_HOME=/opt/rustwide/rustup-home" "-e" "CARGO_TARGET_DIR=/opt/rustwide/target" "-e" "CARGO_INCREMENTAL=0" "-e" "RUST_BACKTRACE=full" "-e" "RUSTFLAGS=--cap-lints=warn" "-e" "RUSTDOCFLAGS=--cap-lints=warn" "-w" "/opt/rustwide/workdir" "--user" "0:0" "b8eacec88aa29feee339004ef77a6adc9c3d5acff8cbdebc11b1e3ab0596f571" "/opt/rustwide/cargo-home/bin/cargo" "+1.99.0-beta.8" "test" "--frozen" "--release", kill_on_drop: false }`
[INFO] [stderr]     Finished `release` profile [optimized] target(s) in 0.19s
[INFO] [stderr]      Running unittests src/main.rs (/opt/rustwide/target/release/deps/frs-ebdd2a037cb942dc)
[INFO] [stdout] 
[INFO] [stdout] running 1 test
[INFO] [stdout] test cli::utils::tests::test_if_supports_colour ... ok
[INFO] [stderr]      Running tests/commands.rs (/opt/rustwide/target/release/deps/commands-672a820034afc50a)
[INFO] [stdout] 
[INFO] [stdout] test result: ok. 1 passed; 0 failed; 0 ignored; 0 measured; 0 filtered out; finished in 0.00s
[INFO] [stdout] 
[INFO] [stdout] 
[INFO] [stdout] running 19 tests
[INFO] [stdout] test commands::period::test_basic ... FAILED
[INFO] [stdout] test commands::period::test_end_date ... FAILED
[INFO] [stdout] test commands::currencies::test_basic ... FAILED
[INFO] [stdout] test commands::convert::test_targets ... FAILED
[INFO] [stdout] test commands::currencies::test_json ... FAILED
[INFO] [stdout] test commands::convert::test_amount_ignore_separators ... FAILED
[INFO] [stdout] test commands::convert::test_amount_basic ... FAILED
[INFO] [stdout] test commands::convert::test_date ... FAILED
[INFO] [stdout] test commands::test_fail_targets_before_base ... ok
[INFO] [stdout] test commands::convert::test_basic ... FAILED
[INFO] [stdout] test commands::currencies::test_raw ... FAILED
[INFO] [stdout] test commands::period::test_fail_invalid_end_date ... ok
[INFO] [stdout] test commands::test_fail_raw_and_json ... ok
[INFO] [stdout] test commands::period::test_start_date ... FAILED
[INFO] [stdout] test commands::convert::test_no_base ... FAILED
[INFO] [stdout] test commands::period::test_no_base ... FAILED
[INFO] [stdout] test commands::convert::test_fail_invalid_date ... ok
[INFO] [stdout] test commands::test_fail_invalid_amount ... ok
[INFO] [stdout] test commands::period::test_fail_invalid_start_date ... ok
[INFO] [stdout] 
[INFO] [stdout] failures:
[INFO] [stdout] 
[INFO] [stdout] ---- commands::period::test_basic stdout ----
[INFO] [stdout] 
[INFO] [stdout] thread 'commands::period::test_basic' (2280) panicked at /rustc/dfb0accb7f508ae8be965d8629557221c889dd98/library/core/src/ops/function.rs:250:5:
[INFO] [stdout] Unexpected stdout, failed (((var.contains(AUD) && var.contains(USD)) && var.contains(GBP)) && (! var.contains(EUR)))
[INFO] [stdout] ├── var as str: 
[INFO] [stdout] └── ((var.contains(AUD) && var.contains(USD)) && var.contains(GBP))
[INFO] [stdout]     └── (var.contains(AUD) && var.contains(USD))
[INFO] [stdout]         └── var.contains(AUD)
[INFO] [stdout]             └── var: 
[INFO] [stdout] 
[INFO] [stdout] command=`"/opt/rustwide/target/release/frs" "--url=http://localhost:8080" "period" "EUR"`
[INFO] [stdout] code=1
[INFO] [stdout] stdout=""
[INFO] [stdout] stderr="Error: error sending request for url (http://localhost:8080/v1/2026-10-18..?amount=1.00&base=EUR)\n"
[INFO] [stdout] 
[INFO] [stdout] stack backtrace:
[INFO] [stdout]    0:     0x640b83195f11 - <<std[70759c8f55707aa4]::sys::backtrace::BacktraceLock>::print::DisplayBacktrace as core[df12db4294e9bfd3]::fmt::Display>::fmt
[INFO] [stdout]    1:     0x640b831ad75a - core[df12db4294e9bfd3]::fmt::write
[INFO] [stdout]    2:     0x640b8319b7bc - <alloc[2182bb758b4b3781]::vec::Vec<u8> as core[df12db4294e9bfd3]::io::write::Write>::write_fmt
[INFO] [stdout]    3:     0x640b83171216 - std[70759c8f55707aa4]::panicking::default_hook::{closure#0}
[INFO] [stdout]    4:     0x640b8318dc99 - std[70759c8f55707aa4]::panicking::default_hook
[INFO] [stdout]    5:     0x640b83048190 - test[9d35eded1c95d3be]::test_main_inner::<test[9d35eded1c95d3be]::test_main_static::{closure#0}>::{closure#0}
[INFO] [stdout]    6:     0x640b8318de52 - std[70759c8f55707aa4]::panicking::panic_with_hook
[INFO] [stdout]    7:     0x640b831712c2 - std[70759c8f55707aa4]::panicking::panic_handler::{closure#0}
[INFO] [stdout]    8:     0x640b83169eb9 - std[70759c8f55707aa4]::sys::backtrace::__rust_end_short_backtrace::<std[70759c8f55707aa4]::panicking::panic_handler::{closure#0}, !>
[INFO] [stdout]    9:     0x640b83171ebd - __rustc[8fa7c3cbc660c2b3]::rust_begin_unwind
[INFO] [stdout]   10:     0x640b831adf3c - core[df12db4294e9bfd3]::panicking::panic_fmt
[INFO] [stdout]   11:     0x640b83035454 - <assert_cmd[31b85a58913393a3]::assert::AssertError>::panic::<assert_cmd[31b85a58913393a3]::assert::Assert>
[INFO] [stdout]   12:     0x640b83034aaa - <assert_cmd[31b85a58913393a3]::assert::Assert>::stdout::<predicates[235dc623d0ffa308]::boolean::AndPredicate<predicates[235dc623d0ffa308]::boolean::AndPredicate<predicates[235dc623d0ffa308]::boolean::AndPredicate<predicates[235dc623d0ffa308]::str::basics::ContainsPredicate, predicates[235dc623d0ffa308]::str::basics::ContainsPredicate, str>, predicates[235dc623d0ffa308]::str::basics::ContainsPredicate, str>, predicates[235dc623d0ffa308]::boolean::NotPredicate<predicates[235dc623d0ffa308]::str::basics::ContainsPredicate, str>, str>, assert_cmd[31b85a58913393a3]::assert::StrOutputPredicate<predicates[235dc623d0ffa308]::boolean::AndPredicate<predicates[235dc623d0ffa308]::boolean::AndPredicate<predicates[235dc623d0ffa308]::boolean::AndPredicate<predicates[235dc623d0ffa308]::str::basics::ContainsPredicate, predicates[235dc623d0ffa308]::str::basics::ContainsPredicate, str>, predicates[235dc623d0ffa308]::str::basics::ContainsPredicate, str>, predicates[235dc623d0ffa308]::boolean::NotPredicate<predicates[235dc623d0ffa308]::str::basics::ContainsPredicate, str>, str>>>
[INFO] [stdout]   13:     0x640b8302981c - commands[4c65ed24c571428b]::commands::period::test_basic
[INFO] [stdout]   14:     0x640b83034329 - <commands[4c65ed24c571428b]::commands::period::test_basic::{closure#0} as core[df12db4294e9bfd3]::ops::function::FnOnce<()>>::call_once
[INFO] [stdout]   15:     0x640b8303b47b - test[9d35eded1c95d3be]::__rust_begin_short_backtrace::<core[df12db4294e9bfd3]::result::Result<(), alloc[2182bb758b4b3781]::string::String>, fn() -> core[df12db4294e9bfd3]::result::Result<(), alloc[2182bb758b4b3781]::string::String>>
[INFO] [stdout]   16:     0x640b83048ae5 - test[9d35eded1c95d3be]::run_test::{closure#0}
[INFO] [stdout]   17:     0x640b830423a4 - std[70759c8f55707aa4]::sys::backtrace::__rust_begin_short_backtrace::<test[9d35eded1c95d3be]::run_test::{closure#1}, ()>
[INFO] [stdout]   18:     0x640b8304bc42 - <std[70759c8f55707aa4]::thread::lifecycle::spawn_unchecked<test[9d35eded1c95d3be]::run_test::{closure#1}, ()>::{closure#1} as core[df12db4294e9bfd3]::ops::function::FnOnce<()>>::call_once::{shim:vtable#0}
[INFO] [stdout]   19:     0x640b831950d9 - <std[70759c8f55707aa4]::sys::thread::unix::Thread>::new::thread_start
[INFO] [stdout]   20:     0x717247ee9dfa - <unknown>
[INFO] [stdout]   21:     0x717247f7d3d4 - clone
[INFO] [stdout]   22:                0x0 - <unknown>
[INFO] [stdout] 
[INFO] [stdout] ---- commands::period::test_end_date stdout ----
[INFO] [stdout] 
[INFO] [stdout] thread 'commands::period::test_end_date' (2281) panicked at /rustc/dfb0accb7f508ae8be965d8629557221c889dd98/library/core/src/ops/function.rs:250:5:
[INFO] [stdout] Unexpected stdout, failed (((var.contains(2022-06-14) && var.contains(2022-06-14)) && (! var.contains(2024-02-02))) && (! var.contains(2022-06-15)))
[INFO] [stdout] ├── var as str: 
[INFO] [stdout] └── ((var.contains(2022-06-14) && var.contains(2022-06-14)) && (! var.contains(2024-02-02)))
[INFO] [stdout]     └── (var.contains(2022-06-14) && var.contains(2022-06-14))
[INFO] [stdout]         └── var.contains(2022-06-14)
[INFO] [stdout]             └── var: 
[INFO] [stdout] 
[INFO] [stdout] command=`"/opt/rustwide/target/release/frs" "--url=http://localhost:8080" "period" "EUR" "-s" "2022-05-12" "-e" "2022-06-14"`
[INFO] [stdout] code=1
[INFO] [stdout] stdout=""
[INFO] [stdout] stderr="Error: error sending request for url (http://localhost:8080/v1/2022-05-12..2022-06-14?amount=1.00&base=EUR)\n"
[INFO] [stdout] 
[INFO] [stdout] stack backtrace:
[INFO] [stdout]    0:     0x640b83195f11 - <<std[70759c8f55707aa4]::sys::backtrace::BacktraceLock>::print::DisplayBacktrace as core[df12db4294e9bfd3]::fmt::Display>::fmt
[INFO] [stdout]    1:     0x640b831ad75a - core[df12db4294e9bfd3]::fmt::write
[INFO] [stdout]    2:     0x640b8319b7bc - <alloc[2182bb758b4b3781]::vec::Vec<u8> as core[df12db4294e9bfd3]::io::write::Write>::write_fmt
[INFO] [stdout]    3:     0x640b83171216 - std[70759c8f55707aa4]::panicking::default_hook::{closure#0}
[INFO] [stdout]    4:     0x640b8318dc99 - std[70759c8f55707aa4]::panicking::default_hook
[INFO] [stdout]    5:     0x640b83048190 - test[9d35eded1c95d3be]::test_main_inner::<test[9d35eded1c95d3be]::test_main_static::{closure#0}>::{closure#0}
[INFO] [stdout]    6:     0x640b8318de52 - std[70759c8f55707aa4]::panicking::panic_with_hook
[INFO] [stdout]    7:     0x640b831712c2 - std[70759c8f55707aa4]::panicking::panic_handler::{closure#0}
[INFO] [stdout]    8:     0x640b83169eb9 - std[70759c8f55707aa4]::sys::backtrace::__rust_end_short_backtrace::<std[70759c8f55707aa4]::panicking::panic_handler::{closure#0}, !>
[INFO] [stdout]    9:     0x640b83171ebd - __rustc[8fa7c3cbc660c2b3]::rust_begin_unwind
[INFO] [stdout]   10:     0x640b831adf3c - core[df12db4294e9bfd3]::panicking::panic_fmt
[INFO] [stdout]   11:     0x640b83035454 - <assert_cmd[31b85a58913393a3]::assert::AssertError>::panic::<assert_cmd[31b85a58913393a3]::assert::Assert>
[INFO] [stdout]   12:     0x640b83034c3a - <assert_cmd[31b85a58913393a3]::assert::Assert>::stdout::<predicates[235dc623d0ffa308]::boolean::AndPredicate<predicates[235dc623d0ffa308]::boolean::AndPredicate<predicates[235dc623d0ffa308]::boolean::AndPredicate<predicates[235dc623d0ffa308]::str::basics::ContainsPredicate, predicates[235dc623d0ffa308]::str::basics::ContainsPredicate, str>, predicates[235dc623d0ffa308]::boolean::NotPredicate<predicates[235dc623d0ffa308]::str::basics::ContainsPredicate, str>, str>, predicates[235dc623d0ffa308]::boolean::NotPredicate<predicates[235dc623d0ffa308]::str::basics::ContainsPredicate, str>, str>, assert_cmd[31b85a58913393a3]::assert::StrOutputPredicate<predicates[235dc623d0ffa308]::boolean::AndPredicate<predicates[235dc623d0ffa308]::boolean::AndPredicate<predicates[235dc623d0ffa308]::boolean::AndPredicate<predicates[235dc623d0ffa308]::str::basics::ContainsPredicate, predicates[235dc623d0ffa308]::str::basics::ContainsPredicate, str>, predicates[235dc623d0ffa308]::boolean::NotPredicate<predicates[235dc623d0ffa308]::str::basics::ContainsPredicate, str>, str>, predicates[235dc623d0ffa308]::boolean::NotPredicate<predicates[235dc623d0ffa308]::str::basics::ContainsPredicate, str>, str>>>
[INFO] [stdout]   13:     0x640b83029f98 - commands[4c65ed24c571428b]::commands::period::test_end_date
[INFO] [stdout]   14:     0x640b83034369 - <commands[4c65ed24c571428b]::commands::period::test_end_date::{closure#0} as core[df12db4294e9bfd3]::ops::function::FnOnce<()>>::call_once
[INFO] [stdout]   15:     0x640b8303b47b - test[9d35eded1c95d3be]::__rust_begin_short_backtrace::<core[df12db4294e9bfd3]::result::Result<(), alloc[2182bb758b4b3781]::string::String>, fn() -> core[df12db4294e9bfd3]::result::Result<(), alloc[2182bb758b4b3781]::string::String>>
[INFO] [stdout]   16:     0x640b83048ae5 - test[9d35eded1c95d3be]::run_test::{closure#0}
[INFO] [stdout]   17:     0x640b830423a4 - std[70759c8f55707aa4]::sys::backtrace::__rust_begin_short_backtrace::<test[9d35eded1c95d3be]::run_test::{closure#1}, ()>
[INFO] [stdout]   18:     0x640b8304bc42 - <std[70759c8f55707aa4]::thread::lifecycle::spawn_unchecked<test[9d35eded1c95d3be]::run_test::{closure#1}, ()>::{closure#1} as core[df12db4294e9bfd3]::ops::function::FnOnce<()>>::call_once::{shim:vtable#0}
[INFO] [stdout]   19:     0x640b831950d9 - <std[70759c8f55707aa4]::sys::thread::unix::Thread>::new::thread_start
[INFO] [stdout]   20:     0x717247ee9dfa - <unknown>
[INFO] [stdout]   21:     0x717247f7d3d4 - clone
[INFO] [stdout]   22:                0x0 - <unknown>
[INFO] [stdout] 
[INFO] [stdout] ---- commands::currencies::test_basic stdout ----
[INFO] [stdout] 
[INFO] [stdout] thread 'commands::currencies::test_basic' (2277) panicked at /rustc/dfb0accb7f508ae8be965d8629557221c889dd98/library/core/src/ops/function.rs:250:5:
[INFO] [stdout] Unexpected stdout, failed ((((var.contains(AUD) && var.contains(USD)) && var.contains(GBP)) && var.contains(United States Dollar)) && (! var.is_match(\d)))
[INFO] [stdout] ├── var as str: 
[INFO] [stdout] └── (((var.contains(AUD) && var.contains(USD)) && var.contains(GBP)) && var.contains(United States Dollar))
[INFO] [stdout]     └── ((var.contains(AUD) && var.contains(USD)) && var.contains(GBP))
[INFO] [stdout]         └── (var.contains(AUD) && var.contains(USD))
[INFO] [stdout]             └── var.contains(AUD)
[INFO] [stdout]                 └── var: 
[INFO] [stdout] 
[INFO] [stdout] command=`"/opt/rustwide/target/release/frs" "--url=http://localhost:8080" "currencies"`
[INFO] [stdout] code=1
[INFO] [stdout] stdout=""
[INFO] [stdout] stderr="Error: error sending request for url (http://localhost:8080/v1/currencies)\n"
[INFO] [stdout] 
[INFO] [stdout] stack backtrace:
[INFO] [stdout]    0:     0x640b83195f11 - <<std[70759c8f55707aa4]::sys::backtrace::BacktraceLock>::print::DisplayBacktrace as core[df12db4294e9bfd3]::fmt::Display>::fmt
[INFO] [stdout]    1:     0x640b831ad75a - core[df12db4294e9bfd3]::fmt::write
[INFO] [stdout]    2:     0x640b8319b7bc - <alloc[2182bb758b4b3781]::vec::Vec<u8> as core[df12db4294e9bfd3]::io::write::Write>::write_fmt
[INFO] [stdout]    3:     0x640b83171216 - std[70759c8f55707aa4]::panicking::default_hook::{closure#0}
[INFO] [stdout]    4:     0x640b8318dc99 - std[70759c8f55707aa4]::panicking::default_hook
[INFO] [stdout]    5:     0x640b83048190 - test[9d35eded1c95d3be]::test_main_inner::<test[9d35eded1c95d3be]::test_main_static::{closure#0}>::{closure#0}
[INFO] [stdout]    6:     0x640b8318de52 - std[70759c8f55707aa4]::panicking::panic_with_hook
[INFO] [stdout]    7:     0x640b831712c2 - std[70759c8f55707aa4]::panicking::panic_handler::{closure#0}
[INFO] [stdout]    8:     0x640b83169eb9 - std[70759c8f55707aa4]::sys::backtrace::__rust_end_short_backtrace::<std[70759c8f55707aa4]::panicking::panic_handler::{closure#0}, !>
[INFO] [stdout]    9:     0x640b83171ebd - __rustc[8fa7c3cbc660c2b3]::rust_begin_unwind
[INFO] [stdout]   10:     0x640b831adf3c - core[df12db4294e9bfd3]::panicking::panic_fmt
[INFO] [stdout]   11:     0x640b83035454 - <assert_cmd[31b85a58913393a3]::assert::AssertError>::panic::<assert_cmd[31b85a58913393a3]::assert::Assert>
[INFO] [stdout]   12:     0x640b83034760 - <assert_cmd[31b85a58913393a3]::assert::Assert>::stdout::<predicates[235dc623d0ffa308]::boolean::AndPredicate<predicates[235dc623d0ffa308]::boolean::AndPredicate<predicates[235dc623d0ffa308]::boolean::AndPredicate<predicates[235dc623d0ffa308]::boolean::AndPredicate<predicates[235dc623d0ffa308]::str::basics::ContainsPredicate, predicates[235dc623d0ffa308]::str::basics::ContainsPredicate, str>, predicates[235dc623d0ffa308]::str::basics::ContainsPredicate, str>, predicates[235dc623d0ffa308]::str::basics::ContainsPredicate, str>, predicates[235dc623d0ffa308]::boolean::NotPredicate<predicates[235dc623d0ffa308]::str::regex::RegexPredicate, str>, str>, assert_cmd[31b85a58913393a3]::assert::StrOutputPredicate<predicates[235dc623d0ffa308]::boolean::AndPredicate<predicates[235dc623d0ffa308]::boolean::AndPredicate<predicates[235dc623d0ffa308]::boolean::AndPredicate<predicates[235dc623d0ffa308]::boolean::AndPredicate<predicates[235dc623d0ffa308]::str::basics::ContainsPredicate, predicates[235dc623d0ffa308]::str::basics::ContainsPredicate, str>, predicates[235dc623d0ffa308]::str::basics::ContainsPredicate, str>, predicates[235dc623d0ffa308]::str::basics::ContainsPredicate, str>, predicates[235dc623d0ffa308]::boolean::NotPredicate<predicates[235dc623d0ffa308]::str::regex::RegexPredicate, str>, str>>>
[INFO] [stdout]   13:     0x640b83028fe8 - commands[4c65ed24c571428b]::commands::currencies::test_basic
[INFO] [stdout]   14:     0x640b830342c9 - <commands[4c65ed24c571428b]::commands::currencies::test_basic::{closure#0} as core[df12db4294e9bfd3]::ops::function::FnOnce<()>>::call_once
[INFO] [stdout]   15:     0x640b8303b47b - test[9d35eded1c95d3be]::__rust_begin_short_backtrace::<core[df12db4294e9bfd3]::result::Result<(), alloc[2182bb758b4b3781]::string::String>, fn() -> core[df12db4294e9bfd3]::result::Result<(), alloc[2182bb758b4b3781]::string::String>>
[INFO] [stdout]   16:     0x640b83048ae5 - test[9d35eded1c95d3be]::run_test::{closure#0}
[INFO] [stdout]   17:     0x640b830423a4 - std[70759c8f55707aa4]::sys::backtrace::__rust_begin_short_backtrace::<test[9d35eded1c95d3be]::run_test::{closure#1}, ()>
[INFO] [stdout]   18:     0x640b8304bc42 - <std[70759c8f55707aa4]::thread::lifecycle::spawn_unchecked<test[9d35eded1c95d3be]::run_test::{closure#1}, ()>::{closure#1} as core[df12db4294e9bfd3]::ops::function::FnOnce<()>>::call_once::{shim:vtable#0}
[INFO] [stdout]   19:     0x640b831950d9 - <std[70759c8f55707aa4]::sys::thread::unix::Thread>::new::thread_start
[INFO] [stdout]   20:     0x717247ee9dfa - <unknown>
[INFO] [stdout]   21:     0x717247f7d3d4 - clone
[INFO] [stdout]   22:                0x0 - <unknown>
[INFO] [stdout] 
[INFO] [stdout] ---- commands::convert::test_targets stdout ----
[INFO] [stdout] 
[INFO] [stdout] thread 'commands::convert::test_targets' (2276) panicked at /rustc/dfb0accb7f508ae8be965d8629557221c889dd98/library/core/src/ops/function.rs:250:5:
[INFO] [stdout] Unexpected stdout, failed (((var.contains(EUR) && var.contains(GBP)) && var.is_match(\d)) && (! var.contains(USD)))
[INFO] [stdout] ├── var as str: 
[INFO] [stdout] └── ((var.contains(EUR) && var.contains(GBP)) && var.is_match(\d))
[INFO] [stdout]     └── (var.contains(EUR) && var.contains(GBP))
[INFO] [stdout]         └── var.contains(EUR)
[INFO] [stdout]             └── var: 
[INFO] [stdout] 
[INFO] [stdout] command=`"/opt/rustwide/target/release/frs" "--url=http://localhost:8080" "convert" "USD" "EUR,GBP"`
[INFO] [stdout] code=1
[INFO] [stdout] stdout=""
[INFO] [stdout] stderr="Error: error sending request for url (http://localhost:8080/v1/latest?base=USD&symbols=EUR%2CGBP)\n"
[INFO] [stdout] 
[INFO] [stdout] stack backtrace:
[INFO] [stdout]    0:     0x640b83195f11 - <<std[70759c8f55707aa4]::sys::backtrace::BacktraceLock>::print::DisplayBacktrace as core[df12db4294e9bfd3]::fmt::Display>::fmt
[INFO] [stdout]    1:     0x640b831ad75a - core[df12db4294e9bfd3]::fmt::write
[INFO] [stdout]    2:     0x640b8319b7bc - <alloc[2182bb758b4b3781]::vec::Vec<u8> as core[df12db4294e9bfd3]::io::write::Write>::write_fmt
[INFO] [stdout]    3:     0x640b83171216 - std[70759c8f55707aa4]::panicking::default_hook::{closure#0}
[INFO] [stdout]    4:     0x640b8318dc99 - std[70759c8f55707aa4]::panicking::default_hook
[INFO] [stdout]    5:     0x640b83048190 - test[9d35eded1c95d3be]::test_main_inner::<test[9d35eded1c95d3be]::test_main_static::{closure#0}>::{closure#0}
[INFO] [stdout]    6:     0x640b8318de52 - std[70759c8f55707aa4]::panicking::panic_with_hook
[INFO] [stdout]    7:     0x640b831712c2 - std[70759c8f55707aa4]::panicking::panic_handler::{closure#0}
[INFO] [stdout]    8:     0x640b83169eb9 - std[70759c8f55707aa4]::sys::backtrace::__rust_end_short_backtrace::<std[70759c8f55707aa4]::panicking::panic_handler::{closure#0}, !>
[INFO] [stdout]    9:     0x640b83171ebd - __rustc[8fa7c3cbc660c2b3]::rust_begin_unwind
[INFO] [stdout]   10:     0x640b831adf3c - core[df12db4294e9bfd3]::panicking::panic_fmt
[INFO] [stdout]   11:     0x640b83035454 - <assert_cmd[31b85a58913393a3]::assert::AssertError>::panic::<assert_cmd[31b85a58913393a3]::assert::Assert>
[INFO] [stdout]   12:     0x640b8303916a - commands[4c65ed24c571428b]::commands::convert::test_targets
[INFO] [stdout]   13:     0x640b83034429 - <commands[4c65ed24c571428b]::commands::convert::test_targets::{closure#0} as core[df12db4294e9bfd3]::ops::function::FnOnce<()>>::call_once
[INFO] [stdout]   14:     0x640b8303b47b - test[9d35eded1c95d3be]::__rust_begin_short_backtrace::<core[df12db4294e9bfd3]::result::Result<(), alloc[2182bb758b4b3781]::string::String>, fn() -> core[df12db4294e9bfd3]::result::Result<(), alloc[2182bb758b4b3781]::string::String>>
[INFO] [stdout]   15:     0x640b83048ae5 - test[9d35eded1c95d3be]::run_test::{closure#0}
[INFO] [stdout]   16:     0x640b830423a4 - std[70759c8f55707aa4]::sys::backtrace::__rust_begin_short_backtrace::<test[9d35eded1c95d3be]::run_test::{closure#1}, ()>
[INFO] [stdout]   17:     0x640b8304bc42 - <std[70759c8f55707aa4]::thread::lifecycle::spawn_unchecked<test[9d35eded1c95d3be]::run_test::{closure#1}, ()>::{closure#1} as core[df12db4294e9bfd3]::ops::function::FnOnce<()>>::call_once::{shim:vtable#0}
[INFO] [stdout]   18:     0x640b831950d9 - <std[70759c8f55707aa4]::sys::thread::unix::Thread>::new::thread_start
[INFO] [stdout]   19:     0x717247ee9dfa - <unknown>
[INFO] [stdout]   20:     0x717247f7d3d4 - clone
[INFO] [stdout]   21:                0x0 - <unknown>
[INFO] [stdout] 
[INFO] [stdout] ---- commands::currencies::test_json stdout ----
[INFO] [stdout] 
[INFO] [stdout] thread 'commands::currencies::test_json' (2278) panicked at /rustc/dfb0accb7f508ae8be965d8629557221c889dd98/library/core/src/ops/function.rs:250:5:
[INFO] [stdout] Unexpected stdout, failed ((var.starts_with("{") && var.ends_with("}\n")) && var.contains("EUR": "Euro"))
[INFO] [stdout] ├── var as str: 
[INFO] [stdout] └── (var.starts_with("{") && var.ends_with("}\n"))
[INFO] [stdout]     └── var.starts_with("{")
[INFO] [stdout]         └── var: 
[INFO] [stdout] 
[INFO] [stdout] command=`"/opt/rustwide/target/release/frs" "--url=http://localhost:8080" "currencies" "--json"`
[INFO] [stdout] code=1
[INFO] [stdout] stdout=""
[INFO] [stdout] stderr="Error: error sending request for url (http://localhost:8080/v1/currencies)\n"
[INFO] [stdout] 
[INFO] [stdout] stack backtrace:
[INFO] [stdout]    0:     0x640b83195f11 - <<std[70759c8f55707aa4]::sys::backtrace::BacktraceLock>::print::DisplayBacktrace as core[df12db4294e9bfd3]::fmt::Display>::fmt
[INFO] [stdout]    1:     0x640b831ad75a - core[df12db4294e9bfd3]::fmt::write
[INFO] [stdout]    2:     0x640b8319b7bc - <alloc[2182bb758b4b3781]::vec::Vec<u8> as core[df12db4294e9bfd3]::io::write::Write>::write_fmt
[INFO] [stdout]    3:     0x640b83171216 - std[70759c8f55707aa4]::panicking::default_hook::{closure#0}
[INFO] [stdout]    4:     0x640b8318dc99 - std[70759c8f55707aa4]::panicking::default_hook
[INFO] [stdout]    5:     0x640b83048190 - test[9d35eded1c95d3be]::test_main_inner::<test[9d35eded1c95d3be]::test_main_static::{closure#0}>::{closure#0}
[INFO] [stdout]    6:     0x640b8318de52 - std[70759c8f55707aa4]::panicking::panic_with_hook
[INFO] [stdout]    7:     0x640b831712c2 - std[70759c8f55707aa4]::panicking::panic_handler::{closure#0}
[INFO] [stdout]    8:     0x640b83169eb9 - std[70759c8f55707aa4]::sys::backtrace::__rust_end_short_backtrace::<std[70759c8f55707aa4]::panicking::panic_handler::{closure#0}, !>
[INFO] [stdout]    9:     0x640b83171ebd - __rustc[8fa7c3cbc660c2b3]::rust_begin_unwind
[INFO] [stdout]   10:     0x640b831adf3c - core[df12db4294e9bfd3]::panicking::panic_fmt
[INFO] [stdout]   11:     0x640b83035454 - <assert_cmd[31b85a58913393a3]::assert::AssertError>::panic::<assert_cmd[31b85a58913393a3]::assert::Assert>
[INFO] [stdout]   12:     0x640b83035054 - <assert_cmd[31b85a58913393a3]::assert::Assert>::stdout::<predicates[235dc623d0ffa308]::boolean::AndPredicate<predicates[235dc623d0ffa308]::boolean::AndPredicate<predicates[235dc623d0ffa308]::str::basics::StartsWithPredicate, predicates[235dc623d0ffa308]::str::basics::EndsWithPredicate, str>, predicates[235dc623d0ffa308]::str::basics::ContainsPredicate, str>, assert_cmd[31b85a58913393a3]::assert::StrOutputPredicate<predicates[235dc623d0ffa308]::boolean::AndPredicate<predicates[235dc623d0ffa308]::boolean::AndPredicate<predicates[235dc623d0ffa308]::str::basics::StartsWithPredicate, predicates[235dc623d0ffa308]::str::basics::EndsWithPredicate, str>, predicates[235dc623d0ffa308]::str::basics::ContainsPredicate, str>>>
[INFO] [stdout]   13:     0x640b83029518 - commands[4c65ed24c571428b]::commands::currencies::test_json
[INFO] [stdout]   14:     0x640b83034309 - <commands[4c65ed24c571428b]::commands::currencies::test_json::{closure#0} as core[df12db4294e9bfd3]::ops::function::FnOnce<()>>::call_once
[INFO] [stdout]   15:     0x640b8303b47b - test[9d35eded1c95d3be]::__rust_begin_short_backtrace::<core[df12db4294e9bfd3]::result::Result<(), alloc[2182bb758b4b3781]::string::String>, fn() -> core[df12db4294e9bfd3]::result::Result<(), alloc[2182bb758b4b3781]::string::String>>
[INFO] [stdout]   16:     0x640b83048ae5 - test[9d35eded1c95d3be]::run_test::{closure#0}
[INFO] [stdout]   17:     0x640b830423a4 - std[70759c8f55707aa4]::sys::backtrace::__rust_begin_short_backtrace::<test[9d35eded1c95d3be]::run_test::{closure#1}, ()>
[INFO] [stdout]   18:     0x640b8304bc42 - <std[70759c8f55707aa4]::thread::lifecycle::spawn_unchecked<test[9d35eded1c95d3be]::run_test::{closure#1}, ()>::{closure#1} as core[df12db4294e9bfd3]::ops::function::FnOnce<()>>::call_once::{shim:vtable#0}
[INFO] [stdout]   19:     0x640b831950d9 - <std[70759c8f55707aa4]::sys::thread::unix::Thread>::new::thread_start
[INFO] [stdout]   20:     0x717247ee9dfa - <unknown>
[INFO] [stdout]   21:     0x717247f7d3d4 - clone
[INFO] [stdout]   22:                0x0 - <unknown>
[INFO] [stdout] 
[INFO] [stdout] ---- commands::convert::test_amount_ignore_separators stdout ----
[INFO] [stdout] 
[INFO] [stdout] thread 'commands::convert::test_amount_ignore_separators' (2271) panicked at /rustc/dfb0accb7f508ae8be965d8629557221c889dd98/library/core/src/ops/function.rs:250:5:
[INFO] [stdout] Unexpected stdout, failed (var.contains(1000) && var.contains(USD))
[INFO] [stdout] ├── var as str: 
[INFO] [stdout] └── var.contains(1000)
[INFO] [stdout]     └── var: 
[INFO] [stdout] 
[INFO] [stdout] command=`"/opt/rustwide/target/release/frs" "--url=http://localhost:8080" "convert" "-a" "1_000_000" "--json"`
[INFO] [stdout] code=1
[INFO] [stdout] stdout=""
[INFO] [stdout] stderr="Error: error sending request for url (http://localhost:8080/v1/latest?amount=1000000.00&base=EUR)\n"
[INFO] [stdout] 
[INFO] [stdout] stack backtrace:
[INFO] [stdout]    0:     0x640b83195f11 - <<std[70759c8f55707aa4]::sys::backtrace::BacktraceLock>::print::DisplayBacktrace as core[df12db4294e9bfd3]::fmt::Display>::fmt
[INFO] [stdout]    1:     0x640b831ad75a - core[df12db4294e9bfd3]::fmt::write
[INFO] [stdout]    2:     0x640b8319b7bc - <alloc[2182bb758b4b3781]::vec::Vec<u8> as core[df12db4294e9bfd3]::io::write::Write>::write_fmt
[INFO] [stdout]    3:     0x640b83171216 - std[70759c8f55707aa4]::panicking::default_hook::{closure#0}
[INFO] [stdout]    4:     0x640b8318dc99 - std[70759c8f55707aa4]::panicking::default_hook
[INFO] [stdout]    5:     0x640b83048190 - test[9d35eded1c95d3be]::test_main_inner::<test[9d35eded1c95d3be]::test_main_static::{closure#0}>::{closure#0}
[INFO] [stdout]    6:     0x640b8318de52 - std[70759c8f55707aa4]::panicking::panic_with_hook
[INFO] [stdout]    7:     0x640b831712c2 - std[70759c8f55707aa4]::panicking::panic_handler::{closure#0}
[INFO] [stdout]    8:     0x640b83169eb9 - std[70759c8f55707aa4]::sys::backtrace::__rust_end_short_backtrace::<std[70759c8f55707aa4]::panicking::panic_handler::{closure#0}, !>
[INFO] [stdout]    9:     0x640b83171ebd - __rustc[8fa7c3cbc660c2b3]::rust_begin_unwind
[INFO] [stdout]   10:     0x640b831adf3c - core[df12db4294e9bfd3]::panicking::panic_fmt
[INFO] [stdout]   11:     0x640b83035454 - <assert_cmd[31b85a58913393a3]::assert::AssertError>::panic::<assert_cmd[31b85a58913393a3]::assert::Assert>
[INFO] [stdout]   12:     0x640b830352d5 - <assert_cmd[31b85a58913393a3]::assert::Assert>::stdout::<predicates[235dc623d0ffa308]::boolean::AndPredicate<predicates[235dc623d0ffa308]::str::basics::ContainsPredicate, predicates[235dc623d0ffa308]::str::basics::ContainsPredicate, str>, assert_cmd[31b85a58913393a3]::assert::StrOutputPredicate<predicates[235dc623d0ffa308]::boolean::AndPredicate<predicates[235dc623d0ffa308]::str::basics::ContainsPredicate, predicates[235dc623d0ffa308]::str::basics::ContainsPredicate, str>>>
[INFO] [stdout]   13:     0x640b8303a44c - commands[4c65ed24c571428b]::commands::convert::test_amount_ignore_separators
[INFO] [stdout]   14:     0x640b83034489 - <commands[4c65ed24c571428b]::commands::convert::test_amount_ignore_separators::{closure#0} as core[df12db4294e9bfd3]::ops::function::FnOnce<()>>::call_once
[INFO] [stdout]   15:     0x640b8303b47b - test[9d35eded1c95d3be]::__rust_begin_short_backtrace::<core[df12db4294e9bfd3]::result::Result<(), alloc[2182bb758b4b3781]::string::String>, fn() -> core[df12db4294e9bfd3]::result::Result<(), alloc[2182bb758b4b3781]::string::String>>
[INFO] [stdout]   16:     0x640b83048ae5 - test[9d35eded1c95d3be]::run_test::{closure#0}
[INFO] [stdout]   17:     0x640b830423a4 - std[70759c8f55707aa4]::sys::backtrace::__rust_begin_short_backtrace::<test[9d35eded1c95d3be]::run_test::{closure#1}, ()>
[INFO] [stdout]   18:     0x640b8304bc42 - <std[70759c8f55707aa4]::thread::lifecycle::spawn_unchecked<test[9d35eded1c95d3be]::run_test::{closure#1}, ()>::{closure#1} as core[df12db4294e9bfd3]::ops::function::FnOnce<()>>::call_once::{shim:vtable#0}
[INFO] [stdout]   19:     0x640b831950d9 - <std[70759c8f55707aa4]::sys::thread::unix::Thread>::new::thread_start
[INFO] [stdout]   20:     0x717247ee9dfa - <unknown>
[INFO] [stdout]   21:     0x717247f7d3d4 - clone
[INFO] [stdout]   22:                0x0 - <unknown>
[INFO] [stdout] 
[INFO] [stdout] ---- commands::convert::test_amount_basic stdout ----
[INFO] [stdout] 
[INFO] [stdout] thread 'commands::convert::test_amount_basic' (2270) panicked at /rustc/dfb0accb7f508ae8be965d8629557221c889dd98/library/core/src/ops/function.rs:250:5:
[INFO] [stdout] Unexpected stdout, failed (var.contains(0.01) && var.contains(PHP))
[INFO] [stdout] ├── var as str: 
[INFO] [stdout] └── var.contains(0.01)
[INFO] [stdout]     └── var: 
[INFO] [stdout] 
[INFO] [stdout] command=`"/opt/rustwide/target/release/frs" "--url=http://localhost:8080" "convert" "-a" "0.01" "--json"`
[INFO] [stdout] code=1
[INFO] [stdout] stdout=""
[INFO] [stdout] stderr="Error: error sending request for url (http://localhost:8080/v1/latest?amount=0.01&base=EUR)\n"
[INFO] [stdout] 
[INFO] [stdout] stack backtrace:
[INFO] [stdout]    0:     0x640b83195f11 - <<std[70759c8f55707aa4]::sys::backtrace::BacktraceLock>::print::DisplayBacktrace as core[df12db4294e9bfd3]::fmt::Display>::fmt
[INFO] [stdout]    1:     0x640b831ad75a - core[df12db4294e9bfd3]::fmt::write
[INFO] [stdout]    2:     0x640b8319b7bc - <alloc[2182bb758b4b3781]::vec::Vec<u8> as core[df12db4294e9bfd3]::io::write::Write>::write_fmt
[INFO] [stdout]    3:     0x640b83171216 - std[70759c8f55707aa4]::panicking::default_hook::{closure#0}
[INFO] [stdout]    4:     0x640b8318dc99 - std[70759c8f55707aa4]::panicking::default_hook
[INFO] [stdout]    5:     0x640b83048190 - test[9d35eded1c95d3be]::test_main_inner::<test[9d35eded1c95d3be]::test_main_static::{closure#0}>::{closure#0}
[INFO] [stdout]    6:     0x640b8318de52 - std[70759c8f55707aa4]::panicking::panic_with_hook
[INFO] [stdout]    7:     0x640b831712c2 - std[70759c8f55707aa4]::panicking::panic_handler::{closure#0}
[INFO] [stdout]    8:     0x640b83169eb9 - std[70759c8f55707aa4]::sys::backtrace::__rust_end_short_backtrace::<std[70759c8f55707aa4]::panicking::panic_handler::{closure#0}, !>
[INFO] [stdout]    9:     0x640b83171ebd - __rustc[8fa7c3cbc660c2b3]::rust_begin_unwind
[INFO] [stdout]   10:     0x640b831adf3c - core[df12db4294e9bfd3]::panicking::panic_fmt
[INFO] [stdout]   11:     0x640b83035454 - <assert_cmd[31b85a58913393a3]::assert::AssertError>::panic::<assert_cmd[31b85a58913393a3]::assert::Assert>
[INFO] [stdout]   12:     0x640b830352d5 - <assert_cmd[31b85a58913393a3]::assert::Assert>::stdout::<predicates[235dc623d0ffa308]::boolean::AndPredicate<predicates[235dc623d0ffa308]::str::basics::ContainsPredicate, predicates[235dc623d0ffa308]::str::basics::ContainsPredicate, str>, assert_cmd[31b85a58913393a3]::assert::StrOutputPredicate<predicates[235dc623d0ffa308]::boolean::AndPredicate<predicates[235dc623d0ffa308]::str::basics::ContainsPredicate, predicates[235dc623d0ffa308]::str::basics::ContainsPredicate, str>>>
[INFO] [stdout]   13:     0x640b83039568 - commands[4c65ed24c571428b]::commands::convert::test_amount_basic
[INFO] [stdout]   14:     0x640b83034449 - <commands[4c65ed24c571428b]::commands::convert::test_amount_basic::{closure#0} as core[df12db4294e9bfd3]::ops::function::FnOnce<()>>::call_once
[INFO] [stdout]   15:     0x640b8303b47b - test[9d35eded1c95d3be]::__rust_begin_short_backtrace::<core[df12db4294e9bfd3]::result::Result<(), alloc[2182bb758b4b3781]::string::String>, fn() -> core[df12db4294e9bfd3]::result::Result<(), alloc[2182bb758b4b3781]::string::String>>
[INFO] [stdout]   16:     0x640b83048ae5 - test[9d35eded1c95d3be]::run_test::{closure#0}
[INFO] [stdout]   17:     0x640b830423a4 - std[70759c8f55707aa4]::sys::backtrace::__rust_begin_short_backtrace::<test[9d35eded1c95d3be]::run_test::{closure#1}, ()>
[INFO] [stdout]   18:     0x640b8304bc42 - <std[70759c8f55707aa4]::thread::lifecycle::spawn_unchecked<test[9d35eded1c95d3be]::run_test::{closure#1}, ()>::{closure#1} as core[df12db4294e9bfd3]::ops::function::FnOnce<()>>::call_once::{shim:vtable#0}
[INFO] [stdout]   19:     0x640b831950d9 - <std[70759c8f55707aa4]::sys::thread::unix::Thread>::new::thread_start
[INFO] [stdout]   20:     0x717247ee9dfa - <unknown>
[INFO] [stdout]   21:     0x717247f7d3d4 - clone
[INFO] [stdout]   22:                0x0 - <unknown>
[INFO] [stdout] 
[INFO] [stdout] ---- commands::convert::test_date stdout ----
[INFO] [stdout] 
[INFO] [stdout] thread 'commands::convert::test_date' (2273) panicked at /rustc/dfb0accb7f508ae8be965d8629557221c889dd98/library/core/src/ops/function.rs:250:5:
[INFO] [stdout] Unexpected failure.
[INFO] [stdout] code=1
[INFO] [stdout] stderr=```"Error: error sending request for url (http://localhost:8080/v1/1999-01-04?base=EUR)\n"```
[INFO] [stdout] command=`"/opt/rustwide/target/release/frs" "--url=http://localhost:8080" "convert" "--date" "1999-01-04"`
[INFO] [stdout] code=1
[INFO] [stdout] stdout=""
[INFO] [stdout] stderr="Error: error sending request for url (http://localhost:8080/v1/1999-01-04?base=EUR)\n"
[INFO] [stdout] 
[INFO] [stdout] stack backtrace:
[INFO] [stdout]    0:     0x640b83195f11 - <<std[70759c8f55707aa4]::sys::backtrace::BacktraceLock>::print::DisplayBacktrace as core[df12db4294e9bfd3]::fmt::Display>::fmt
[INFO] [stdout]    1:     0x640b831ad75a - core[df12db4294e9bfd3]::fmt::write
[INFO] [stdout]    2:     0x640b8319b7bc - <alloc[2182bb758b4b3781]::vec::Vec<u8> as core[df12db4294e9bfd3]::io::write::Write>::write_fmt
[INFO] [stdout]    3:     0x640b83171216 - std[70759c8f55707aa4]::panicking::default_hook::{closure#0}
[INFO] [stdout]    4:     0x640b8318dc99 - std[70759c8f55707aa4]::panicking::default_hook
[INFO] [stdout]    5:     0x640b83048190 - test[9d35eded1c95d3be]::test_main_inner::<test[9d35eded1c95d3be]::test_main_static::{closure#0}>::{closure#0}
[INFO] [stdout]    6:     0x640b8318de52 - std[70759c8f55707aa4]::panicking::panic_with_hook
[INFO] [stdout]    7:     0x640b831712c2 - std[70759c8f55707aa4]::panicking::panic_handler::{closure#0}
[INFO] [stdout]    8:     0x640b83169eb9 - std[70759c8f55707aa4]::sys::backtrace::__rust_end_short_backtrace::<std[70759c8f55707aa4]::panicking::panic_handler::{closure#0}, !>
[INFO] [stdout]    9:     0x640b83171ebd - __rustc[8fa7c3cbc660c2b3]::rust_begin_unwind
[INFO] [stdout]   10:     0x640b831adf3c - core[df12db4294e9bfd3]::panicking::panic_fmt
[INFO] [stdout]   11:     0x640b8307c443 - <assert_cmd[31b85a58913393a3]::assert::AssertError>::panic::<assert_cmd[31b85a58913393a3]::assert::Assert>
[INFO] [stdout]   12:     0x640b8307cb86 - <assert_cmd[31b85a58913393a3]::assert::Assert>::success
[INFO] [stdout]   13:     0x640b8303a9d1 - commands[4c65ed24c571428b]::commands::convert::test_date
[INFO] [stdout]   14:     0x640b830344a9 - <commands[4c65ed24c571428b]::commands::convert::test_date::{closure#0} as core[df12db4294e9bfd3]::ops::function::FnOnce<()>>::call_once
[INFO] [stdout]   15:     0x640b8303b47b - test[9d35eded1c95d3be]::__rust_begin_short_backtrace::<core[df12db4294e9bfd3]::result::Result<(), alloc[2182bb758b4b3781]::string::String>, fn() -> core[df12db4294e9bfd3]::result::Result<(), alloc[2182bb758b4b3781]::string::String>>
[INFO] [stdout]   16:     0x640b83048ae5 - test[9d35eded1c95d3be]::run_test::{closure#0}
[INFO] [stdout]   17:     0x640b830423a4 - std[70759c8f55707aa4]::sys::backtrace::__rust_begin_short_backtrace::<test[9d35eded1c95d3be]::run_test::{closure#1}, ()>
[INFO] [stdout]   18:     0x640b8304bc42 - <std[70759c8f55707aa4]::thread::lifecycle::spawn_unchecked<test[9d35eded1c95d3be]::run_test::{closure#1}, ()>::{closure#1} as core[df12db4294e9bfd3]::ops::function::FnOnce<()>>::call_once::{shim:vtable#0}
[INFO] [stdout]   19:     0x640b831950d9 - <std[70759c8f55707aa4]::sys::thread::unix::Thread>::new::thread_start
[INFO] [stdout]   20:     0x717247ee9dfa - <unknown>
[INFO] [stdout]   21:     0x717247f7d3d4 - clone
[INFO] [stdout]   22:                0x0 - <unknown>
[INFO] [stdout] 
[INFO] [stdout] ---- commands::convert::test_basic stdout ----
[INFO] [stdout] 
[INFO] [stdout] thread 'commands::convert::test_basic' (2272) panicked at /rustc/dfb0accb7f508ae8be965d8629557221c889dd98/library/core/src/ops/function.rs:250:5:
[INFO] [stdout] Unexpected stdout, failed ((((var.contains(AUD) && var.contains(USD)) && var.contains(GBP)) && (! var.contains(EUR))) && var.is_match(\d))
[INFO] [stdout] ├── var as str: 
[INFO] [stdout] └── (((var.contains(AUD) && var.contains(USD)) && var.contains(GBP)) && (! var.contains(EUR)))
[INFO] [stdout]     └── ((var.contains(AUD) && var.contains(USD)) && var.contains(GBP))
[INFO] [stdout]         └── (var.contains(AUD) && var.contains(USD))
[INFO] [stdout]             └── var.contains(AUD)
[INFO] [stdout]                 └── var: 
[INFO] [stdout] 
[INFO] [stdout] command=`"/opt/rustwide/target/release/frs" "--url=http://localhost:8080" "convert" "EUR"`
[INFO] [stdout] code=1
[INFO] [stdout] stdout=""
[INFO] [stdout] stderr="Error: error sending request for url (http://localhost:8080/v1/latest?base=EUR)\n"
[INFO] [stdout] 
[INFO] [stdout] stack backtrace:
[INFO] [stdout]    0:     0x640b83195f11 - <<std[70759c8f55707aa4]::sys::backtrace::BacktraceLock>::print::DisplayBacktrace as core[df12db4294e9bfd3]::fmt::Display>::fmt
[INFO] [stdout]    1:     0x640b831ad75a - core[df12db4294e9bfd3]::fmt::write
[INFO] [stdout]    2:     0x640b8319b7bc - <alloc[2182bb758b4b3781]::vec::Vec<u8> as core[df12db4294e9bfd3]::io::write::Write>::write_fmt
[INFO] [stdout]    3:     0x640b83171216 - std[70759c8f55707aa4]::panicking::default_hook::{closure#0}
[INFO] [stdout]    4:     0x640b8318dc99 - std[70759c8f55707aa4]::panicking::default_hook
[INFO] [stdout]    5:     0x640b83048190 - test[9d35eded1c95d3be]::test_main_inner::<test[9d35eded1c95d3be]::test_main_static::{closure#0}>::{closure#0}
[INFO] [stdout]    6:     0x640b8318de52 - std[70759c8f55707aa4]::panicking::panic_with_hook
[INFO] [stdout]    7:     0x640b831712c2 - std[70759c8f55707aa4]::panicking::panic_handler::{closure#0}
[INFO] [stdout]    8:     0x640b83169eb9 - std[70759c8f55707aa4]::sys::backtrace::__rust_end_short_backtrace::<std[70759c8f55707aa4]::panicking::panic_handler::{closure#0}, !>
[INFO] [stdout]    9:     0x640b83171ebd - __rustc[8fa7c3cbc660c2b3]::rust_begin_unwind
[INFO] [stdout]   10:     0x640b831adf3c - core[df12db4294e9bfd3]::panicking::panic_fmt
[INFO] [stdout]   11:     0x640b83035454 - <assert_cmd[31b85a58913393a3]::assert::AssertError>::panic::<assert_cmd[31b85a58913393a3]::assert::Assert>
[INFO] [stdout]   12:     0x640b83034910 - <assert_cmd[31b85a58913393a3]::assert::Assert>::stdout::<predicates[235dc623d0ffa308]::boolean::AndPredicate<predicates[235dc623d0ffa308]::boolean::AndPredicate<predicates[235dc623d0ffa308]::boolean::AndPredicate<predicates[235dc623d0ffa308]::boolean::AndPredicate<predicates[235dc623d0ffa308]::str::basics::ContainsPredicate, predicates[235dc623d0ffa308]::str::basics::ContainsPredicate, str>, predicates[235dc623d0ffa308]::str::basics::ContainsPredicate, str>, predicates[235dc623d0ffa308]::boolean::NotPredicate<predicates[235dc623d0ffa308]::str::basics::ContainsPredicate, str>, str>, predicates[235dc623d0ffa308]::str::regex::RegexPredicate, str>, assert_cmd[31b85a58913393a3]::assert::StrOutputPredicate<predicates[235dc623d0ffa308]::boolean::AndPredicate<predicates[235dc623d0ffa308]::boolean::AndPredicate<predicates[235dc623d0ffa308]::boolean::AndPredicate<predicates[235dc623d0ffa308]::boolean::AndPredicate<predicates[235dc623d0ffa308]::str::basics::ContainsPredicate, predicates[235dc623d0ffa308]::str::basics::ContainsPredicate, str>, predicates[235dc623d0ffa308]::str::basics::ContainsPredicate, str>, predicates[235dc623d0ffa308]::boolean::NotPredicate<predicates[235dc623d0ffa308]::str::basics::ContainsPredicate, str>, str>, predicates[235dc623d0ffa308]::str::regex::RegexPredicate, str>>>
[INFO] [stdout]   13:     0x640b83038a4a - commands[4c65ed24c571428b]::commands::convert::test_basic
[INFO] [stdout]   14:     0x640b830343e9 - <commands[4c65ed24c571428b]::commands::convert::test_basic::{closure#0} as core[df12db4294e9bfd3]::ops::function::FnOnce<()>>::call_once
[INFO] [stdout]   15:     0x640b8303b47b - test[9d35eded1c95d3be]::__rust_begin_short_backtrace::<core[df12db4294e9bfd3]::result::Result<(), alloc[2182bb758b4b3781]::string::String>, fn() -> core[df12db4294e9bfd3]::result::Result<(), alloc[2182bb758b4b3781]::string::String>>
[INFO] [stdout]   16:     0x640b83048ae5 - test[9d35eded1c95d3be]::run_test::{closure#0}
[INFO] [stdout]   17:     0x640b830423a4 - std[70759c8f55707aa4]::sys::backtrace::__rust_begin_short_backtrace::<test[9d35eded1c95d3be]::run_test::{closure#1}, ()>
[INFO] [stdout]   18:     0x640b8304bc42 - <std[70759c8f55707aa4]::thread::lifecycle::spawn_unchecked<test[9d35eded1c95d3be]::run_test::{closure#1}, ()>::{closure#1} as core[df12db4294e9bfd3]::ops::function::FnOnce<()>>::call_once::{shim:vtable#0}
[INFO] [stdout]   19:     0x640b831950d9 - <std[70759c8f55707aa4]::sys::thread::unix::Thread>::new::thread_start
[INFO] [stdout]   20:     0x717247ee9dfa - <unknown>
[INFO] [stdout]   21:     0x717247f7d3d4 - clone
[INFO] [stdout]   22:                0x0 - <unknown>
[INFO] [stdout] 
[INFO] [stdout] ---- commands::currencies::test_raw stdout ----
[INFO] [stdout] 
[INFO] [stdout] thread 'commands::currencies::test_raw' (2279) panicked at /rustc/dfb0accb7f508ae8be965d8629557221c889dd98/library/core/src/ops/function.rs:250:5:
[INFO] [stdout] Unexpected stdout, failed (var.starts_with("AUD\tAustralian Dollar") && var.contains(EUR	Euro))
[INFO] [stdout] ├── var as str: 
[INFO] [stdout] └── var.starts_with("AUD\tAustralian Dollar")
[INFO] [stdout]     └── var: 
[INFO] [stdout] 
[INFO] [stdout] command=`"/opt/rustwide/target/release/frs" "--url=http://localhost:8080" "currencies" "--raw"`
[INFO] [stdout] code=1
[INFO] [stdout] stdout=""
[INFO] [stdout] stderr="Error: error sending request for url (http://localhost:8080/v1/currencies)\n"
[INFO] [stdout] 
[INFO] [stdout] stack backtrace:
[INFO] [stdout]    0:     0x640b83195f11 - <<std[70759c8f55707aa4]::sys::backtrace::BacktraceLock>::print::DisplayBacktrace as core[df12db4294e9bfd3]::fmt::Display>::fmt
[INFO] [stdout]    1:     0x640b831ad75a - core[df12db4294e9bfd3]::fmt::write
[INFO] [stdout]    2:     0x640b8319b7bc - <alloc[2182bb758b4b3781]::vec::Vec<u8> as core[df12db4294e9bfd3]::io::write::Write>::write_fmt
[INFO] [stdout]    3:     0x640b83171216 - std[70759c8f55707aa4]::panicking::default_hook::{closure#0}
[INFO] [stdout]    4:     0x640b8318dc99 - std[70759c8f55707aa4]::panicking::default_hook
[INFO] [stdout]    5:     0x640b83048190 - test[9d35eded1c95d3be]::test_main_inner::<test[9d35eded1c95d3be]::test_main_static::{closure#0}>::{closure#0}
[INFO] [stdout]    6:     0x640b8318de52 - std[70759c8f55707aa4]::panicking::panic_with_hook
[INFO] [stdout]    7:     0x640b831712c2 - std[70759c8f55707aa4]::panicking::panic_handler::{closure#0}
[INFO] [stdout]    8:     0x640b83169eb9 - std[70759c8f55707aa4]::sys::backtrace::__rust_end_short_backtrace::<std[70759c8f55707aa4]::panicking::panic_handler::{closure#0}, !>
[INFO] [stdout]    9:     0x640b83171ebd - __rustc[8fa7c3cbc660c2b3]::rust_begin_unwind
[INFO] [stdout]   10:     0x640b831adf3c - core[df12db4294e9bfd3]::panicking::panic_fmt
[INFO] [stdout]   11:     0x640b83035454 - <assert_cmd[31b85a58913393a3]::assert::AssertError>::panic::<assert_cmd[31b85a58913393a3]::assert::Assert>
[INFO] [stdout]   12:     0x640b83035405 - <assert_cmd[31b85a58913393a3]::assert::Assert>::stdout::<predicates[235dc623d0ffa308]::boolean::AndPredicate<predicates[235dc623d0ffa308]::str::basics::StartsWithPredicate, predicates[235dc623d0ffa308]::str::basics::ContainsPredicate, str>, assert_cmd[31b85a58913393a3]::assert::StrOutputPredicate<predicates[235dc623d0ffa308]::boolean::AndPredicate<predicates[235dc623d0ffa308]::str::basics::StartsWithPredicate, predicates[235dc623d0ffa308]::str::basics::ContainsPredicate, str>>>
[INFO] [stdout]   13:     0x640b830292ae - commands[4c65ed24c571428b]::commands::currencies::test_raw
[INFO] [stdout]   14:     0x640b830342e9 - <commands[4c65ed24c571428b]::commands::currencies::test_raw::{closure#0} as core[df12db4294e9bfd3]::ops::function::FnOnce<()>>::call_once
[INFO] [stdout]   15:     0x640b8303b47b - test[9d35eded1c95d3be]::__rust_begin_short_backtrace::<core[df12db4294e9bfd3]::result::Result<(), alloc[2182bb758b4b3781]::string::String>, fn() -> core[df12db4294e9bfd3]::result::Result<(), alloc[2182bb758b4b3781]::string::String>>
[INFO] [stdout]   16:     0x640b83048ae5 - test[9d35eded1c95d3be]::run_test::{closure#0}
[INFO] [stdout]   17:     0x640b830423a4 - std[70759c8f55707aa4]::sys::backtrace::__rust_begin_short_backtrace::<test[9d35eded1c95d3be]::run_test::{closure#1}, ()>
[INFO] [stdout]   18:     0x640b8304bc42 - <std[70759c8f55707aa4]::thread::lifecycle::spawn_unchecked<test[9d35eded1c95d3be]::run_test::{closure#1}, ()>::{closure#1} as core[df12db4294e9bfd3]::ops::function::FnOnce<()>>::call_once::{shim:vtable#0}
[INFO] [stdout]   19:     0x640b831950d9 - <std[70759c8f55707aa4]::sys::thread::unix::Thread>::new::thread_start
[INFO] [stdout]   20:     0x717247ee9dfa - <unknown>
[INFO] [stdout]   21:     0x717247f7d3d4 - clone
[INFO] [stdout]   22:                0x0 - <unknown>
[INFO] [stdout] 
[INFO] [stderr] error: test failed, to rerun pass `--test commands`
[INFO] [stdout] ---- commands::period::test_start_date stdout ----
[INFO] [stdout] 
[INFO] [stdout] thread 'commands::period::test_start_date' (2400) panicked at /rustc/dfb0accb7f508ae8be965d8629557221c889dd98/library/core/src/ops/function.rs:250:5:
[INFO] [stdout] Unexpected failure.
[INFO] [stdout] code=1
[INFO] [stdout] stderr=```"Error: error sending request for url (http://localhost:8080/v1/1999-01-04..?amount=1.00&base=EUR)\n"```
[INFO] [stdout] command=`"/opt/rustwide/target/release/frs" "--url=http://localhost:8080" "period" "--start" "1999-01-04"`
[INFO] [stdout] code=1
[INFO] [stdout] stdout=""
[INFO] [stdout] stderr="Error: error sending request for url (http://localhost:8080/v1/1999-01-04..?amount=1.00&base=EUR)\n"
[INFO] [stdout] 
[INFO] [stdout] stack backtrace:
[INFO] [stdout]    0:     0x640b83195f11 - <<std[70759c8f55707aa4]::sys::backtrace::BacktraceLock>::print::DisplayBacktrace as core[df12db4294e9bfd3]::fmt::Display>::fmt
[INFO] [stdout]    1:     0x640b831ad75a - core[df12db4294e9bfd3]::fmt::write
[INFO] [stdout]    2:     0x640b8319b7bc - <alloc[2182bb758b4b3781]::vec::Vec<u8> as core[df12db4294e9bfd3]::io::write::Write>::write_fmt
[INFO] [stdout]    3:     0x640b83171216 - std[70759c8f55707aa4]::panicking::default_hook::{closure#0}
[INFO] [stdout]    4:     0x640b8318dc99 - std[70759c8f55707aa4]::panicking::default_hook
[INFO] [stdout]    5:     0x640b83048190 - test[9d35eded1c95d3be]::test_main_inner::<test[9d35eded1c95d3be]::test_main_static::{closure#0}>::{closure#0}
[INFO] [stdout]    6:     0x640b8318de52 - std[70759c8f55707aa4]::panicking::panic_with_hook
[INFO] [stdout]    7:     0x640b831712c2 - std[70759c8f55707aa4]::panicking::panic_handler::{closure#0}
[INFO] [stdout]    8:     0x640b83169eb9 - std[70759c8f55707aa4]::sys::backtrace::__rust_end_short_backtrace::<std[70759c8f55707aa4]::panicking::panic_handler::{closure#0}, !>
[INFO] [stdout]    9:     0x640b83171ebd - __rustc[8fa7c3cbc660c2b3]::rust_begin_unwind
[INFO] [stdout]   10:     0x640b831adf3c - core[df12db4294e9bfd3]::panicking::panic_fmt
[INFO] [stdout]   11:     0x640b8307c443 - <assert_cmd[31b85a58913393a3]::assert::AssertError>::panic::<assert_cmd[31b85a58913393a3]::assert::Assert>
[INFO] [stdout]   12:     0x640b8307cb86 - <assert_cmd[31b85a58913393a3]::assert::Assert>::success
[INFO] [stdout]   13:     0x640b8302a325 - commands[4c65ed24c571428b]::commands::period::test_start_date
[INFO] [stdout]   14:     0x640b83034389 - <commands[4c65ed24c571428b]::commands::period::test_start_date::{closure#0} as core[df12db4294e9bfd3]::ops::function::FnOnce<()>>::call_once
[INFO] [stdout]   15:     0x640b8303b47b - test[9d35eded1c95d3be]::__rust_begin_short_backtrace::<core[df12db4294e9bfd3]::result::Result<(), alloc[2182bb758b4b3781]::string::String>, fn() -> core[df12db4294e9bfd3]::result::Result<(), alloc[2182bb758b4b3781]::string::String>>
[INFO] [stdout]   16:     0x640b83048ae5 - test[9d35eded1c95d3be]::run_test::{closure#0}
[INFO] [stdout]   17:     0x640b830423a4 - std[70759c8f55707aa4]::sys::backtrace::__rust_begin_short_backtrace::<test[9d35eded1c95d3be]::run_test::{closure#1}, ()>
[INFO] [stdout]   18:     0x640b8304bc42 - <std[70759c8f55707aa4]::thread::lifecycle::spawn_unchecked<test[9d35eded1c95d3be]::run_test::{closure#1}, ()>::{closure#1} as core[df12db4294e9bfd3]::ops::function::FnOnce<()>>::call_once::{shim:vtable#0}
[INFO] [stdout]   19:     0x640b831950d9 - <std[70759c8f55707aa4]::sys::thread::unix::Thread>::new::thread_start
[INFO] [stdout]   20:     0x717247ee9dfa - <unknown>
[INFO] [stdout]   21:     0x717247f7d3d4 - clone
[INFO] [stdout]   22:                0x0 - <unknown>
[INFO] [stdout] 
[INFO] [stdout] ---- commands::convert::test_no_base stdout ----
[INFO] [stdout] 
[INFO] [stdout] thread 'commands::convert::test_no_base' (2275) panicked at /rustc/dfb0accb7f508ae8be965d8629557221c889dd98/library/core/src/ops/function.rs:250:5:
[INFO] [stdout] Unexpected stdout, failed ((var.contains(NOK) && var.contains(PHP)) && (! var.contains(EUR)))
[INFO] [stdout] ├── var as str: 
[INFO] [stdout] └── (var.contains(NOK) && var.contains(PHP))
[INFO] [stdout]     └── var.contains(NOK)
[INFO] [stdout]         └── var: 
[INFO] [stdout] 
[INFO] [stdout] command=`"/opt/rustwide/target/release/frs" "--url=http://localhost:8080" "convert"`
[INFO] [stdout] code=1
[INFO] [stdout] stdout=""
[INFO] [stdout] stderr="Error: error sending request for url (http://localhost:8080/v1/latest?base=EUR)\n"
[INFO] [stdout] 
[INFO] [stdout] stack backtrace:
[INFO] [stdout]    0:     0x640b83195f11 - <<std[70759c8f55707aa4]::sys::backtrace::BacktraceLock>::print::DisplayBacktrace as core[df12db4294e9bfd3]::fmt::Display>::fmt
[INFO] [stdout]    1:     0x640b831ad75a - core[df12db4294e9bfd3]::fmt::write
[INFO] [stdout]    2:     0x640b8319b7bc - <alloc[2182bb758b4b3781]::vec::Vec<u8> as core[df12db4294e9bfd3]::io::write::Write>::write_fmt
[INFO] [stdout]    3:     0x640b83171216 - std[70759c8f55707aa4]::panicking::default_hook::{closure#0}
[INFO] [stdout]    4:     0x640b8318dc99 - std[70759c8f55707aa4]::panicking::default_hook
[INFO] [stdout]    5:     0x640b83048190 - test[9d35eded1c95d3be]::test_main_inner::<test[9d35eded1c95d3be]::test_main_static::{closure#0}>::{closure#0}
[INFO] [stdout]    6:     0x640b8318de52 - std[70759c8f55707aa4]::panicking::panic_with_hook
[INFO] [stdout]    7:     0x640b831712c2 - std[70759c8f55707aa4]::panicking::panic_handler::{closure#0}
[INFO] [stdout]    8:     0x640b83169eb9 - std[70759c8f55707aa4]::sys::backtrace::__rust_end_short_backtrace::<std[70759c8f55707aa4]::panicking::panic_handler::{closure#0}, !>
[INFO] [stdout]    9:     0x640b83171ebd - __rustc[8fa7c3cbc660c2b3]::rust_begin_unwind
[INFO] [stdout]   10:     0x640b831adf3c - core[df12db4294e9bfd3]::panicking::panic_fmt
[INFO] [stdout]   11:     0x640b83035454 - <assert_cmd[31b85a58913393a3]::assert::AssertError>::panic::<assert_cmd[31b85a58913393a3]::assert::Assert>
[INFO] [stdout]   12:     0x640b83034ef4 - <assert_cmd[31b85a58913393a3]::assert::Assert>::stdout::<predicates[235dc623d0ffa308]::boolean::AndPredicate<predicates[235dc623d0ffa308]::boolean::AndPredicate<predicates[235dc623d0ffa308]::str::basics::ContainsPredicate, predicates[235dc623d0ffa308]::str::basics::ContainsPredicate, str>, predicates[235dc623d0ffa308]::boolean::NotPredicate<predicates[235dc623d0ffa308]::str::basics::ContainsPredicate, str>, str>, assert_cmd[31b85a58913393a3]::assert::StrOutputPredicate<predicates[235dc623d0ffa308]::boolean::AndPredicate<predicates[235dc623d0ffa308]::boolean::AndPredicate<predicates[235dc623d0ffa308]::str::basics::ContainsPredicate, predicates[235dc623d0ffa308]::str::basics::ContainsPredicate, str>, predicates[235dc623d0ffa308]::boolean::NotPredicate<predicates[235dc623d0ffa308]::str::basics::ContainsPredicate, str>, str>>>
[INFO] [stdout]   13:     0x640b83038cf6 - commands[4c65ed24c571428b]::commands::convert::test_no_base
[INFO] [stdout]   14:     0x640b83034409 - <commands[4c65ed24c571428b]::commands::convert::test_no_base::{closure#0} as core[df12db4294e9bfd3]::ops::function::FnOnce<()>>::call_once
[INFO] [stdout]   15:     0x640b8303b47b - test[9d35eded1c95d3be]::__rust_begin_short_backtrace::<core[df12db4294e9bfd3]::result::Result<(), alloc[2182bb758b4b3781]::string::String>, fn() -> core[df12db4294e9bfd3]::result::Result<(), alloc[2182bb758b4b3781]::string::String>>
[INFO] [stdout]   16:     0x640b83048ae5 - test[9d35eded1c95d3be]::run_test::{closure#0}
[INFO] [stdout]   17:     0x640b830423a4 - std[70759c8f55707aa4]::sys::backtrace::__rust_begin_short_backtrace::<test[9d35eded1c95d3be]::run_test::{closure#1}, ()>
[INFO] [stdout]   18:     0x640b8304bc42 - <std[70759c8f55707aa4]::thread::lifecycle::spawn_unchecked<test[9d35eded1c95d3be]::run_test::{closure#1}, ()>::{closure#1} as core[df12db4294e9bfd3]::ops::function::FnOnce<()>>::call_once::{shim:vtable#0}
[INFO] [stdout]   19:     0x640b831950d9 - <std[70759c8f55707aa4]::sys::thread::unix::Thread>::new::thread_start
[INFO] [stdout]   20:     0x717247ee9dfa - <unknown>
[INFO] [stdout]   21:     0x717247f7d3d4 - clone
[INFO] [stdout]   22:                0x0 - <unknown>
[INFO] [stdout] 
[INFO] [stdout] ---- commands::period::test_no_base stdout ----
[INFO] [stdout] 
[INFO] [stdout] thread 'commands::period::test_no_base' (2399) panicked at /rustc/dfb0accb7f508ae8be965d8629557221c889dd98/library/core/src/ops/function.rs:250:5:
[INFO] [stdout] Unexpected stdout, failed ((var.contains(AUD) && var.contains(USD)) && var.contains(GBP))
[INFO] [stdout] ├── var as str: 
[INFO] [stdout] └── (var.contains(AUD) && var.contains(USD))
[INFO] [stdout]     └── var.contains(AUD)
[INFO] [stdout]         └── var: 
[INFO] [stdout] 
[INFO] [stdout] command=`"/opt/rustwide/target/release/frs" "--url=http://localhost:8080" "period"`
[INFO] [stdout] code=1
[INFO] [stdout] stdout=""
[INFO] [stdout] stderr="Error: error sending request for url (http://localhost:8080/v1/2026-10-18..?amount=1.00&base=EUR)\n"
[INFO] [stdout] 
[INFO] [stdout] stack backtrace:
[INFO] [stdout]    0:     0x640b83195f11 - <<std[70759c8f55707aa4]::sys::backtrace::BacktraceLock>::print::DisplayBacktrace as core[df12db4294e9bfd3]::fmt::Display>::fmt
[INFO] [stdout]    1:     0x640b831ad75a - core[df12db4294e9bfd3]::fmt::write
[INFO] [stdout]    2:     0x640b8319b7bc - <alloc[2182bb758b4b3781]::vec::Vec<u8> as core[df12db4294e9bfd3]::io::write::Write>::write_fmt
[INFO] [stdout]    3:     0x640b83171216 - std[70759c8f55707aa4]::panicking::default_hook::{closure#0}
[INFO] [stdout]    4:     0x640b8318dc99 - std[70759c8f55707aa4]::panicking::default_hook
[INFO] [stdout]    5:     0x640b83048190 - test[9d35eded1c95d3be]::test_main_inner::<test[9d35eded1c95d3be]::test_main_static::{closure#0}>::{closure#0}
[INFO] [stdout]    6:     0x640b8318de52 - std[70759c8f55707aa4]::panicking::panic_with_hook
[INFO] [stdout]    7:     0x640b831712c2 - std[70759c8f55707aa4]::panicking::panic_handler::{closure#0}
[INFO] [stdout]    8:     0x640b83169eb9 - std[70759c8f55707aa4]::sys::backtrace::__rust_end_short_backtrace::<std[70759c8f55707aa4]::panicking::panic_handler::{closure#0}, !>
[INFO] [stdout]    9:     0x640b83171ebd - __rustc[8fa7c3cbc660c2b3]::rust_begin_unwind
[INFO] [stdout]   10:     0x640b831adf3c - core[df12db4294e9bfd3]::panicking::panic_fmt
[INFO] [stdout]   11:     0x640b83035454 - <assert_cmd[31b85a58913393a3]::assert::AssertError>::panic::<assert_cmd[31b85a58913393a3]::assert::Assert>
[INFO] [stdout]   12:     0x640b83034d94 - <assert_cmd[31b85a58913393a3]::assert::Assert>::stdout::<predicates[235dc623d0ffa308]::boolean::AndPredicate<predicates[235dc623d0ffa308]::boolean::AndPredicate<predicates[235dc623d0ffa308]::str::basics::ContainsPredicate, predicates[235dc623d0ffa308]::str::basics::ContainsPredicate, str>, predicates[235dc623d0ffa308]::str::basics::ContainsPredicate, str>, assert_cmd[31b85a58913393a3]::assert::StrOutputPredicate<predicates[235dc623d0ffa308]::boolean::AndPredicate<predicates[235dc623d0ffa308]::boolean::AndPredicate<predicates[235dc623d0ffa308]::str::basics::ContainsPredicate, predicates[235dc623d0ffa308]::str::basics::ContainsPredicate, str>, predicates[235dc623d0ffa308]::str::basics::ContainsPredicate, str>>>
[INFO] [stdout]   13:     0x640b83029aa6 - commands[4c65ed24c571428b]::commands::period::test_no_base
[INFO] [stdout]   14:     0x640b83034349 - <commands[4c65ed24c571428b]::commands::period::test_no_base::{closure#0} as core[df12db4294e9bfd3]::ops::function::FnOnce<()>>::call_once
[INFO] [stdout]   15:     0x640b8303b47b - test[9d35eded1c95d3be]::__rust_begin_short_backtrace::<core[df12db4294e9bfd3]::result::Result<(), alloc[2182bb758b4b3781]::string::String>, fn() -> core[df12db4294e9bfd3]::result::Result<(), alloc[2182bb758b4b3781]::string::String>>
[INFO] [stdout]   16:     0x640b83048ae5 - test[9d35eded1c95d3be]::run_test::{closure#0}
[INFO] [stdout]   17:     0x640b830423a4 - std[70759c8f55707aa4]::sys::backtrace::__rust_begin_short_backtrace::<test[9d35eded1c95d3be]::run_test::{closure#1}, ()>
[INFO] [stdout]   18:     0x640b8304bc42 - <std[70759c8f55707aa4]::thread::lifecycle::spawn_unchecked<test[9d35eded1c95d3be]::run_test::{closure#1}, ()>::{closure#1} as core[df12db4294e9bfd3]::ops::function::FnOnce<()>>::call_once::{shim:vtable#0}
[INFO] [stdout]   19:     0x640b831950d9 - <std[70759c8f55707aa4]::sys::thread::unix::Thread>::new::thread_start
[INFO] [stdout]   20:     0x717247ee9dfa - <unknown>
[INFO] [stdout]   21:     0x717247f7d3d4 - clone
[INFO] [stdout]   22:                0x0 - <unknown>
[INFO] [stdout] 
[INFO] [stdout] 
[INFO] [stdout] failures:
[INFO] [stdout]     commands::convert::test_amount_basic
[INFO] [stdout]     commands::convert::test_amount_ignore_separators
[INFO] [stdout]     commands::convert::test_basic
[INFO] [stdout]     commands::convert::test_date
[INFO] [stdout]     commands::convert::test_no_base
[INFO] [stdout]     commands::convert::test_targets
[INFO] [stdout]     commands::currencies::test_basic
[INFO] [stdout]     commands::currencies::test_json
[INFO] [stdout]     commands::currencies::test_raw
[INFO] [stdout]     commands::period::test_basic
[INFO] [stdout]     commands::period::test_end_date
[INFO] [stdout]     commands::period::test_no_base
[INFO] [stdout]     commands::period::test_start_date
[INFO] [stdout] 
[INFO] [stdout] test result: FAILED. 6 passed; 13 failed; 0 ignored; 0 measured; 0 filtered out; finished in 0.45s
[INFO] [stdout] 
[INFO] running `Command { std: "docker" "inspect" "b8eacec88aa29feee339004ef77a6adc9c3d5acff8cbdebc11b1e3ab0596f571", kill_on_drop: false }`
[INFO] running `Command { std: "docker" "rm" "-f" "b8eacec88aa29feee339004ef77a6adc9c3d5acff8cbdebc11b1e3ab0596f571", kill_on_drop: false }`
[INFO] [stdout] b8eacec88aa29feee339004ef77a6adc9c3d5acff8cbdebc11b1e3ab0596f571
