[INFO] fetching crate framebuffer-manager 0.1.0...
[INFO] testing framebuffer-manager-0.1.0 against 1.100.0-beta.1+cargoflags=--release for beta-release-1.100-2
[INFO] extracting crate framebuffer-manager 0.1.0 into /workspace/builds/worker-0-tc2/source
[INFO] started tweaking crates.io crate framebuffer-manager 0.1.0
[INFO] finished tweaking crates.io crate framebuffer-manager 0.1.0
[INFO] tweaked toml for crates.io crate framebuffer-manager 0.1.0 written to /workspace/builds/worker-0-tc2/source/Cargo.toml
[INFO] validating manifest of crates.io crate framebuffer-manager 0.1.0 on toolchain 1.100.0-beta.1
[INFO] running `Command { std: CARGO_HOME="/workspace/cargo-home" RUSTUP_HOME="/workspace/rustup-home" "/workspace/cargo-home/bin/cargo" "+1.100.0-beta.1" "metadata" "--manifest-path" "Cargo.toml" "--no-deps", kill_on_drop: false }`
[INFO] running `Command { std: CARGO_HOME="/workspace/cargo-home" RUSTUP_HOME="/workspace/rustup-home" "/workspace/cargo-home/bin/cargo" "+1.100.0-beta.1" "generate-lockfile" "--manifest-path" "Cargo.toml", kill_on_drop: false }`
[INFO] [stderr]     Updating crates.io index
[INFO] [stderr]      Locking 10 packages to highest compatible versions
[INFO] [stderr]       Adding framebuffer v0.1.8 (available: v0.3.2)
[INFO] running `Command { std: CARGO_HOME="/workspace/cargo-home" RUSTUP_HOME="/workspace/rustup-home" "/workspace/cargo-home/bin/cargo" "+1.100.0-beta.1" "fetch" "--manifest-path" "Cargo.toml", kill_on_drop: false }`
[INFO] running `Command { std: "docker" "create" "-v" "/var/lib/crater-agent-workspace/builds/worker-0-tc2/source:/opt/rustwide/workdir:ro,Z" "-v" "/var/lib/crater-agent-workspace/builds/worker-0-tc2/target:/opt/rustwide/target:rw,Z" "-v" "/var/lib/crater-agent-workspace/cargo-home:/opt/rustwide/cargo-home:ro,Z" "-v" "/var/lib/crater-agent-workspace/rustup-home:/opt/rustwide/rustup-home:ro,Z" "-m" "1610612736" "--network" "none" "ghcr.io/rust-lang/crates-build-env/linux@sha256:77db811e55d90add9212f6832c23229e3de5f1c1f9905e8cb07319ea15df73ac" "sleep" "infinity", kill_on_drop: false }`
[INFO] [stdout] 11cce03982c34cb9ecaf7750c2f8f04471651726445bcfc1aa7476ac90820677
[INFO] running `Command { std: "docker" "start" "11cce03982c34cb9ecaf7750c2f8f04471651726445bcfc1aa7476ac90820677", kill_on_drop: false }`
[INFO] running `Command { std: "docker" "inspect" "11cce03982c34cb9ecaf7750c2f8f04471651726445bcfc1aa7476ac90820677", kill_on_drop: false }`
[INFO] running `Command { std: "docker" "exec" "-e" "SOURCE_DIR=/opt/rustwide/workdir" "-e" "CARGO_HOME=/opt/rustwide/cargo-home" "-e" "RUSTUP_HOME=/opt/rustwide/rustup-home" "-e" "CARGO_TARGET_DIR=/opt/rustwide/target" "-w" "/opt/rustwide/workdir" "--user" "0:0" "11cce03982c34cb9ecaf7750c2f8f04471651726445bcfc1aa7476ac90820677" "/opt/rustwide/cargo-home/bin/cargo" "+1.100.0-beta.1" "metadata" "--no-deps" "--format-version=1", kill_on_drop: false }`
[INFO] running `Command { std: "docker" "inspect" "11cce03982c34cb9ecaf7750c2f8f04471651726445bcfc1aa7476ac90820677", kill_on_drop: false }`
[INFO] running `Command { std: "docker" "exec" "-e" "SOURCE_DIR=/opt/rustwide/workdir" "-e" "CARGO_HOME=/opt/rustwide/cargo-home" "-e" "RUSTUP_HOME=/opt/rustwide/rustup-home" "-e" "CARGO_TARGET_DIR=/opt/rustwide/target" "-e" "CARGO_INCREMENTAL=0" "-e" "RUST_BACKTRACE=full" "-e" "RUSTFLAGS=--cap-lints=warn" "-e" "RUSTDOCFLAGS=--cap-lints=warn" "-w" "/opt/rustwide/workdir" "--user" "0:0" "11cce03982c34cb9ecaf7750c2f8f04471651726445bcfc1aa7476ac90820677" "/opt/rustwide/cargo-home/bin/cargo" "+1.100.0-beta.1" "build" "--frozen" "--message-format=json" "--release", kill_on_drop: false }`
[INFO] [stderr]    Compiling memmap v0.5.2
[INFO] [stderr]    Compiling framebuffer v0.1.8
[INFO] [stderr]    Compiling framebuffer-manager v0.1.0 (/opt/rustwide/workdir)
[INFO] [stderr]     Finished `release` profile [optimized] target(s) in 2.17s
[INFO] running `Command { std: "docker" "inspect" "11cce03982c34cb9ecaf7750c2f8f04471651726445bcfc1aa7476ac90820677", kill_on_drop: false }`
[INFO] running `Command { std: "docker" "exec" "-e" "SOURCE_DIR=/opt/rustwide/workdir" "-e" "CARGO_HOME=/opt/rustwide/cargo-home" "-e" "RUSTUP_HOME=/opt/rustwide/rustup-home" "-e" "CARGO_TARGET_DIR=/opt/rustwide/target" "-e" "CARGO_INCREMENTAL=0" "-e" "RUST_BACKTRACE=full" "-e" "RUSTFLAGS=--cap-lints=warn" "-e" "RUSTDOCFLAGS=--cap-lints=warn" "-w" "/opt/rustwide/workdir" "--user" "0:0" "11cce03982c34cb9ecaf7750c2f8f04471651726445bcfc1aa7476ac90820677" "/opt/rustwide/cargo-home/bin/cargo" "+1.100.0-beta.1" "test" "--frozen" "--no-run" "--message-format=json" "--release", kill_on_drop: false }`
[INFO] [stderr]    Compiling framebuffer-manager v0.1.0 (/opt/rustwide/workdir)
[INFO] [stdout] warning: variable does not need to be mutable
[INFO] [stdout]    --> src/lib.rs:261:7
[INFO] [stdout]     |
[INFO] [stdout] 261 |         let mut win = &mut fm.windows[0];
[INFO] [stdout]     |             ----^^^
[INFO] [stdout]     |             |
[INFO] [stdout]     |             help: remove this `mut`
[INFO] [stdout]     |
[INFO] [stdout]     = note: `#[warn(unused_mut)]` (part of `#[warn(unused)]`) on by default
[INFO] [stdout] 
[INFO] [stdout] 
[INFO] [stdout] warning: unused variable: `win`
[INFO] [stdout]    --> src/lib.rs:261:7
[INFO] [stdout]     |
[INFO] [stdout] 261 |         let mut win = &mut fm.windows[0];
[INFO] [stdout]     |             ^^^^^^^ help: if this is intentional, prefix it with an underscore: `_win`
[INFO] [stdout]     |
[INFO] [stdout]     = note: `#[warn(unused_variables)]` (part of `#[warn(unused)]`) on by default
[INFO] [stdout] 
[INFO] [stdout] 
[INFO] [stderr]     Finished `release` profile [optimized] target(s) in 1.79s
[INFO] running `Command { std: "docker" "inspect" "11cce03982c34cb9ecaf7750c2f8f04471651726445bcfc1aa7476ac90820677", kill_on_drop: false }`
[INFO] running `Command { std: "docker" "exec" "-e" "SOURCE_DIR=/opt/rustwide/workdir" "-e" "CARGO_HOME=/opt/rustwide/cargo-home" "-e" "RUSTUP_HOME=/opt/rustwide/rustup-home" "-e" "CARGO_TARGET_DIR=/opt/rustwide/target" "-e" "CARGO_INCREMENTAL=0" "-e" "RUST_BACKTRACE=full" "-e" "RUSTFLAGS=--cap-lints=warn" "-e" "RUSTDOCFLAGS=--cap-lints=warn" "-w" "/opt/rustwide/workdir" "--user" "0:0" "11cce03982c34cb9ecaf7750c2f8f04471651726445bcfc1aa7476ac90820677" "/opt/rustwide/cargo-home/bin/cargo" "+1.100.0-beta.1" "test" "--frozen" "--release", kill_on_drop: false }`
[INFO] [stderr] warning: variable does not need to be mutable
[INFO] [stderr]    --> src/lib.rs:261:7
[INFO] [stderr]     |
[INFO] [stderr] 261 |         let mut win = &mut fm.windows[0];
[INFO] [stderr]     |             ----^^^
[INFO] [stderr]     |             |
[INFO] [stderr]     |             help: remove this `mut`
[INFO] [stderr]     |
[INFO] [stderr]     = note: `#[warn(unused_mut)]` (part of `#[warn(unused)]`) on by default
[INFO] [stderr] 
[INFO] [stderr] warning: unused variable: `win`
[INFO] [stderr]    --> src/lib.rs:261:7
[INFO] [stderr]     |
[INFO] [stderr] 261 |         let mut win = &mut fm.windows[0];
[INFO] [stdout] 
[INFO] [stderr]     |             ^^^^^^^ help: if this is intentional, prefix it with an underscore: `_win`
[INFO] [stdout] running 1 test
[INFO] [stderr]     |
[INFO] [stdout] test tests::single_square ... FAILED
[INFO] [stderr]     = note: `#[warn(unused_variables)]` (part of `#[warn(unused)]`) on by default
[INFO] [stdout] 
[INFO] [stderr] 
[INFO] [stdout] failures:
[INFO] [stderr] warning: `framebuffer-manager` (lib test) generated 2 warnings (run `cargo fix --lib -p framebuffer-manager --tests` to apply 2 suggestions)
[INFO] [stdout] 
[INFO] [stderr]     Finished `release` profile [optimized] target(s) in 0.05s
[INFO] [stdout] ---- tests::single_square stdout ----
[INFO] [stderr]      Running unittests src/lib.rs (/opt/rustwide/target/release/build/framebuffer-manager/af2cea98a918c804/out/framebuffer_manager-af2cea98a918c804)
[INFO] [stdout] 
[INFO] [stderr] error: test failed, to rerun pass `--lib`
[INFO] [stdout] thread 'tests::single_square' (197) panicked at src/lib.rs:168:56:
[INFO] [stdout] called `Result::unwrap()` on an `Err` value: FramebufferError { kind: IoError, details: "description() is deprecated; use Display" }
[INFO] [stdout] stack backtrace:
[INFO] [stdout]    0:     0x58c559374dc1 - <<std[617be2ca0a6fd877]::sys::backtrace::BacktraceLock>::print::DisplayBacktrace as core[a373ad73a504971]::fmt::Display>::fmt
[INFO] [stdout]    1:     0x58c559388d8a - core[a373ad73a504971]::fmt::write
[INFO] [stdout]    2:     0x58c559378fdc - <alloc[2e1b2a31b91974c5]::vec::Vec<u8> as core[a373ad73a504971]::io::write::Write>::write_fmt
[INFO] [stdout]    3:     0x58c559351226 - std[617be2ca0a6fd877]::panicking::default_hook::{closure#0}
[INFO] [stdout]    4:     0x58c55936d459 - std[617be2ca0a6fd877]::panicking::default_hook
[INFO] [stdout]    5:     0x58c5593094e0 - test[aada8e7e76ba119b]::test_main_inner::{closure#0}
[INFO] [stdout]    6:     0x58c55936d612 - std[617be2ca0a6fd877]::panicking::panic_with_hook
[INFO] [stdout]    7:     0x58c5593512d2 - std[617be2ca0a6fd877]::panicking::panic_handler::{closure#0}
[INFO] [stdout]    8:     0x58c559349fe9 - std[617be2ca0a6fd877]::sys::backtrace::__rust_end_short_backtrace::<std[617be2ca0a6fd877]::panicking::panic_handler::{closure#0}, !>
[INFO] [stdout]    9:     0x58c559351edd - __rustc[ea4f61d10b84890b]::rust_begin_unwind
[INFO] [stdout]   10:     0x58c5593894bc - core[a373ad73a504971]::panicking::panic_fmt
[INFO] [stdout]   11:     0x58c559389292 - core[a373ad73a504971]::result::unwrap_failed
[INFO] [stdout]   12:     0x58c5592fc5f3 - <framebuffer_manager[62e105a71bf9ebbc]::tests::single_square::{closure#0} as core[a373ad73a504971]::ops::function::FnOnce<()>>::call_once
[INFO] [stdout]   13:     0x58c5592fc92b - test[aada8e7e76ba119b]::__rust_begin_short_backtrace::<core[a373ad73a504971]::result::Result<(), alloc[2e1b2a31b91974c5]::string::String>, fn() -> core[a373ad73a504971]::result::Result<(), alloc[2e1b2a31b91974c5]::string::String>>
[INFO] [stdout]   14:     0x58c559309b05 - test[aada8e7e76ba119b]::run_test::{closure#0}
[INFO] [stdout]   15:     0x58c5593033f4 - std[617be2ca0a6fd877]::sys::backtrace::__rust_begin_short_backtrace::<test[aada8e7e76ba119b]::run_test::{closure#1}, ()>
[INFO] [stdout]   16:     0x58c55930cb92 - <std[617be2ca0a6fd877]::thread::lifecycle::spawn_unchecked<test[aada8e7e76ba119b]::run_test::{closure#1}, ()>::{closure#1} as core[a373ad73a504971]::ops::function::FnOnce<()>>::call_once::{shim:vtable#0}
[INFO] [stdout]   17:     0x58c55937461f - <std[617be2ca0a6fd877]::sys::thread::unix::Thread>::new::thread_start
[INFO] [stdout]   18:     0x72285f867dfa - <unknown>
[INFO] [stdout]   19:     0x72285f8fb3d4 - clone
[INFO] [stdout]   20:                0x0 - <unknown>
[INFO] [stdout] 
[INFO] [stdout] 
[INFO] [stdout] failures:
[INFO] [stdout]     tests::single_square
[INFO] [stdout] 
[INFO] [stdout] test result: FAILED. 0 passed; 1 failed; 0 ignored; 0 measured; 0 filtered out; finished in 0.00s
[INFO] [stdout] 
[INFO] running `Command { std: "docker" "inspect" "11cce03982c34cb9ecaf7750c2f8f04471651726445bcfc1aa7476ac90820677", kill_on_drop: false }`
[INFO] running `Command { std: "docker" "rm" "-f" "11cce03982c34cb9ecaf7750c2f8f04471651726445bcfc1aa7476ac90820677", kill_on_drop: false }`
[INFO] [stdout] 11cce03982c34cb9ecaf7750c2f8f04471651726445bcfc1aa7476ac90820677
