[INFO] fetching crate fracturedjson 0.1.1...
[INFO] testing fracturedjson-0.1.1 against 1.99.0-beta.8+cargoflags=--release for beta-release-1.100-2
[INFO] extracting crate fracturedjson 0.1.1 into /workspace/builds/worker-7-tc1/source
[INFO] started tweaking crates.io crate fracturedjson 0.1.1
[INFO] removed 0 missing tests
[INFO] finished tweaking crates.io crate fracturedjson 0.1.1
[INFO] tweaked toml for crates.io crate fracturedjson 0.1.1 written to /workspace/builds/worker-7-tc1/source/Cargo.toml
[INFO] validating manifest of crates.io crate fracturedjson 0.1.1 on toolchain 1.99.0-beta.8
[INFO] running `Command { std: CARGO_HOME="/workspace/cargo-home" RUSTUP_HOME="/workspace/rustup-home" "/workspace/cargo-home/bin/cargo" "+1.99.0-beta.8" "metadata" "--manifest-path" "Cargo.toml" "--no-deps", kill_on_drop: false }`
[INFO] crate crates.io crate fracturedjson 0.1.1 already has a lockfile, it will not be regenerated
[INFO] running `Command { std: CARGO_HOME="/workspace/cargo-home" RUSTUP_HOME="/workspace/rustup-home" "/workspace/cargo-home/bin/cargo" "+1.99.0-beta.8" "fetch" "--manifest-path" "Cargo.toml", kill_on_drop: false }`
[INFO] [stderr]  Downloading crates ...
[INFO] [stderr]   Downloaded zmij v1.0.7
[INFO] [stderr]   Downloaded syn v2.0.112
[INFO] running `Command { std: "docker" "create" "-v" "/var/lib/crater-agent-workspace/builds/worker-7-tc1/source:/opt/rustwide/workdir:ro,Z" "-v" "/var/lib/crater-agent-workspace/builds/worker-7-tc1/target:/opt/rustwide/target:rw,Z" "-v" "/var/lib/crater-agent-workspace/cargo-home:/opt/rustwide/cargo-home:ro,Z" "-v" "/var/lib/crater-agent-workspace/rustup-home:/opt/rustwide/rustup-home:ro,Z" "-m" "1610612736" "--network" "none" "ghcr.io/rust-lang/crates-build-env/linux@sha256:77db811e55d90add9212f6832c23229e3de5f1c1f9905e8cb07319ea15df73ac" "sleep" "infinity", kill_on_drop: false }`
[INFO] [stdout] e20fbc038b2f2635c7d1170f208895bcfae32b1923c550133d33fd60ec7b53ab
[INFO] running `Command { std: "docker" "start" "e20fbc038b2f2635c7d1170f208895bcfae32b1923c550133d33fd60ec7b53ab", kill_on_drop: false }`
[INFO] running `Command { std: "docker" "inspect" "e20fbc038b2f2635c7d1170f208895bcfae32b1923c550133d33fd60ec7b53ab", kill_on_drop: false }`
[INFO] running `Command { std: "docker" "exec" "-e" "SOURCE_DIR=/opt/rustwide/workdir" "-e" "CARGO_HOME=/opt/rustwide/cargo-home" "-e" "RUSTUP_HOME=/opt/rustwide/rustup-home" "-e" "CARGO_TARGET_DIR=/opt/rustwide/target" "-w" "/opt/rustwide/workdir" "--user" "0:0" "e20fbc038b2f2635c7d1170f208895bcfae32b1923c550133d33fd60ec7b53ab" "/opt/rustwide/cargo-home/bin/cargo" "+1.99.0-beta.8" "metadata" "--no-deps" "--format-version=1", kill_on_drop: false }`
[INFO] running `Command { std: "docker" "inspect" "e20fbc038b2f2635c7d1170f208895bcfae32b1923c550133d33fd60ec7b53ab", kill_on_drop: false }`
[INFO] running `Command { std: "docker" "exec" "-e" "SOURCE_DIR=/opt/rustwide/workdir" "-e" "CARGO_HOME=/opt/rustwide/cargo-home" "-e" "RUSTUP_HOME=/opt/rustwide/rustup-home" "-e" "CARGO_TARGET_DIR=/opt/rustwide/target" "-e" "CARGO_INCREMENTAL=0" "-e" "RUST_BACKTRACE=full" "-e" "RUSTFLAGS=--cap-lints=warn" "-e" "RUSTDOCFLAGS=--cap-lints=warn" "-w" "/opt/rustwide/workdir" "--user" "0:0" "e20fbc038b2f2635c7d1170f208895bcfae32b1923c550133d33fd60ec7b53ab" "/opt/rustwide/cargo-home/bin/cargo" "+1.99.0-beta.8" "build" "--frozen" "--message-format=json" "--release", kill_on_drop: false }`
[INFO] [stderr]    Compiling proc-macro2 v1.0.104
[INFO] [stderr]    Compiling quote v1.0.42
[INFO] [stderr]    Compiling unicode-ident v1.0.22
[INFO] [stderr]    Compiling zmij v1.0.7
[INFO] [stderr]    Compiling clap_lex v0.7.6
[INFO] [stderr]    Compiling serde_json v1.0.148
[INFO] [stderr]    Compiling clap_builder v4.5.53
[INFO] [stderr]    Compiling syn v2.0.112
[INFO] [stderr]    Compiling serde_derive v1.0.228
[INFO] [stderr]    Compiling clap_derive v4.5.49
[INFO] [stderr]    Compiling clap v4.5.53
[INFO] [stderr]    Compiling serde v1.0.228
[INFO] [stderr]    Compiling fracturedjson v0.1.1 (/opt/rustwide/workdir)
[INFO] [stderr]     Finished `release` profile [optimized] target(s) in 20.84s
[INFO] running `Command { std: "docker" "inspect" "e20fbc038b2f2635c7d1170f208895bcfae32b1923c550133d33fd60ec7b53ab", kill_on_drop: false }`
[INFO] running `Command { std: "docker" "exec" "-e" "SOURCE_DIR=/opt/rustwide/workdir" "-e" "CARGO_HOME=/opt/rustwide/cargo-home" "-e" "RUSTUP_HOME=/opt/rustwide/rustup-home" "-e" "CARGO_TARGET_DIR=/opt/rustwide/target" "-e" "CARGO_INCREMENTAL=0" "-e" "RUST_BACKTRACE=full" "-e" "RUSTFLAGS=--cap-lints=warn" "-e" "RUSTDOCFLAGS=--cap-lints=warn" "-w" "/opt/rustwide/workdir" "--user" "0:0" "e20fbc038b2f2635c7d1170f208895bcfae32b1923c550133d33fd60ec7b53ab" "/opt/rustwide/cargo-home/bin/cargo" "+1.99.0-beta.8" "test" "--frozen" "--no-run" "--message-format=json" "--release", kill_on_drop: false }`
[INFO] [stderr]    Compiling fracturedjson v0.1.1 (/opt/rustwide/workdir)
[INFO] [stdout] warning: function `do_instances_line_up` is never used
[INFO] [stdout]  --> tests/helpers.rs:1:8
[INFO] [stdout]   |
[INFO] [stdout] 1 | pub fn do_instances_line_up(lines: &[String], substring: &str) -> bool {
[INFO] [stdout]   |        ^^^^^^^^^^^^^^^^^^^^
[INFO] [stdout]   |
[INFO] [stdout]   = note: `#[warn(dead_code)]` (part of `#[warn(unused)]`) on by default
[INFO] [stdout] 
[INFO] [stdout] 
[INFO] [stdout] warning: function `find_char_index` is never used
[INFO] [stdout]   --> tests/helpers.rs:13:8
[INFO] [stdout]    |
[INFO] [stdout] 13 | pub fn find_char_index(haystack: &str, needle: &str) -> Option<usize> {
[INFO] [stdout]    |        ^^^^^^^^^^^^^^^
[INFO] [stdout] 
[INFO] [stdout] 
[INFO] [stdout] warning: function `join_lines` is never used
[INFO] [stdout]   --> tests/helpers.rs:23:8
[INFO] [stdout]    |
[INFO] [stdout] 23 | pub fn join_lines(lines: &[&str]) -> String {
[INFO] [stdout]    |        ^^^^^^^^^^
[INFO] [stdout] 
[INFO] [stdout] 
[INFO] [stdout] warning: function `split_trimmed_lines` is never used
[INFO] [stdout]   --> tests/helpers.rs:27:8
[INFO] [stdout]    |
[INFO] [stdout] 27 | pub fn split_trimmed_lines(text: &str, eol: &str) -> Vec<String> {
[INFO] [stdout]    |        ^^^^^^^^^^^^^^^^^^^
[INFO] [stdout] 
[INFO] [stdout] 
[INFO] [stdout] warning: function `do_instances_line_up` is never used
[INFO] [stdout]  --> tests/helpers.rs:1:8
[INFO] [stdout]   |
[INFO] [stdout] 1 | pub fn do_instances_line_up(lines: &[String], substring: &str) -> bool {
[INFO] [stdout]   |        ^^^^^^^^^^^^^^^^^^^^
[INFO] [stdout]   |
[INFO] [stdout]   = note: `#[warn(dead_code)]` (part of `#[warn(unused)]`) on by default
[INFO] [stdout] 
[INFO] [stdout] 
[INFO] [stdout] warning: function `find_char_index` is never used
[INFO] [stdout]   --> tests/helpers.rs:13:8
[INFO] [stdout]    |
[INFO] [stdout] 13 | pub fn find_char_index(haystack: &str, needle: &str) -> Option<usize> {
[INFO] [stdout]    |        ^^^^^^^^^^^^^^^
[INFO] [stdout] 
[INFO] [stdout] 
[INFO] [stdout] warning: function `normalize_quotes` is never used
[INFO] [stdout]   --> tests/helpers.rs:19:8
[INFO] [stdout]    |
[INFO] [stdout] 19 | pub fn normalize_quotes(input: &str) -> String {
[INFO] [stdout]    |        ^^^^^^^^^^^^^^^^
[INFO] [stdout] 
[INFO] [stdout] 
[INFO] [stdout] warning: function `join_lines` is never used
[INFO] [stdout]   --> tests/helpers.rs:23:8
[INFO] [stdout]    |
[INFO] [stdout] 23 | pub fn join_lines(lines: &[&str]) -> String {
[INFO] [stdout]    |        ^^^^^^^^^^
[INFO] [stdout] 
[INFO] [stdout] 
[INFO] [stdout] warning: function `split_trimmed_lines` is never used
[INFO] [stdout]   --> tests/helpers.rs:27:8
[INFO] [stdout]    |
[INFO] [stdout] 27 | pub fn split_trimmed_lines(text: &str, eol: &str) -> Vec<String> {
[INFO] [stdout]    |        ^^^^^^^^^^^^^^^^^^^
[INFO] [stdout] 
[INFO] [stdout] 
[INFO] [stdout] warning: function `join_lines` is never used
[INFO] [stdout]   --> tests/helpers.rs:23:8
[INFO] [stdout]    |
[INFO] [stdout] 23 | pub fn join_lines(lines: &[&str]) -> String {
[INFO] [stdout]    |        ^^^^^^^^^^
[INFO] [stdout]    |
[INFO] [stdout]    = note: `#[warn(dead_code)]` (part of `#[warn(unused)]`) on by default
[INFO] [stdout] 
[INFO] [stdout] 
[INFO] [stdout] warning: function `split_trimmed_lines` is never used
[INFO] [stdout]   --> tests/helpers.rs:27:8
[INFO] [stdout]    |
[INFO] [stdout] 27 | pub fn split_trimmed_lines(text: &str, eol: &str) -> Vec<String> {
[INFO] [stdout]    |        ^^^^^^^^^^^^^^^^^^^
[INFO] [stdout] 
[INFO] [stdout] 
[INFO] [stdout] warning: function `normalize_quotes` is never used
[INFO] [stdout]   --> tests/helpers.rs:19:8
[INFO] [stdout]    |
[INFO] [stdout] 19 | pub fn normalize_quotes(input: &str) -> String {
[INFO] [stdout]    |        ^^^^^^^^^^^^^^^^
[INFO] [stdout]    |
[INFO] [stdout]    = note: `#[warn(dead_code)]` (part of `#[warn(unused)]`) on by default
[INFO] [stdout] 
[INFO] [stdout] 
[INFO] [stdout] warning: function `join_lines` is never used
[INFO] [stdout]   --> tests/helpers.rs:23:8
[INFO] [stdout]    |
[INFO] [stdout] 23 | pub fn join_lines(lines: &[&str]) -> String {
[INFO] [stdout]    |        ^^^^^^^^^^
[INFO] [stdout] 
[INFO] [stdout] 
[INFO] [stdout] warning: function `split_trimmed_lines` is never used
[INFO] [stdout]   --> tests/helpers.rs:27:8
[INFO] [stdout]    |
[INFO] [stdout] 27 | pub fn split_trimmed_lines(text: &str, eol: &str) -> Vec<String> {
[INFO] [stdout]    |        ^^^^^^^^^^^^^^^^^^^
[INFO] [stdout] 
[INFO] [stdout] 
[INFO] [stdout] warning: function `join_lines` is never used
[INFO] [stdout]   --> tests/helpers.rs:23:8
[INFO] [stdout]    |
[INFO] [stdout] 23 | pub fn join_lines(lines: &[&str]) -> String {
[INFO] [stdout]    |        ^^^^^^^^^^
[INFO] [stdout]    |
[INFO] [stdout]    = note: `#[warn(dead_code)]` (part of `#[warn(unused)]`) on by default
[INFO] [stdout] 
[INFO] [stdout] 
[INFO] [stdout] warning: function `split_trimmed_lines` is never used
[INFO] [stdout]   --> tests/helpers.rs:27:8
[INFO] [stdout]    |
[INFO] [stdout] 27 | pub fn split_trimmed_lines(text: &str, eol: &str) -> Vec<String> {
[INFO] [stdout]    |        ^^^^^^^^^^^^^^^^^^^
[INFO] [stdout] 
[INFO] [stdout] 
[INFO] [stdout] warning: function `join_lines` is never used
[INFO] [stdout]   --> tests/helpers.rs:23:8
[INFO] [stdout]    |
[INFO] [stdout] 23 | pub fn join_lines(lines: &[&str]) -> String {
[INFO] [stdout]    |        ^^^^^^^^^^
[INFO] [stdout]    |
[INFO] [stdout]    = note: `#[warn(dead_code)]` (part of `#[warn(unused)]`) on by default
[INFO] [stdout] 
[INFO] [stdout] 
[INFO] [stdout] warning: function `split_trimmed_lines` is never used
[INFO] [stdout]   --> tests/helpers.rs:27:8
[INFO] [stdout]    |
[INFO] [stdout] 27 | pub fn split_trimmed_lines(text: &str, eol: &str) -> Vec<String> {
[INFO] [stdout]    |        ^^^^^^^^^^^^^^^^^^^
[INFO] [stdout] 
[INFO] [stdout] 
[INFO] [stdout] warning: function `do_instances_line_up` is never used
[INFO] [stdout]  --> tests/helpers.rs:1:8
[INFO] [stdout]   |
[INFO] [stdout] 1 | pub fn do_instances_line_up(lines: &[String], substring: &str) -> bool {
[INFO] [stdout]   |        ^^^^^^^^^^^^^^^^^^^^
[INFO] [stdout]   |
[INFO] [stdout]   = note: `#[warn(dead_code)]` (part of `#[warn(unused)]`) on by default
[INFO] [stdout] 
[INFO] [stdout] 
[INFO] [stdout] warning: function `find_char_index` is never used
[INFO] [stdout]   --> tests/helpers.rs:13:8
[INFO] [stdout]    |
[INFO] [stdout] 13 | pub fn find_char_index(haystack: &str, needle: &str) -> Option<usize> {
[INFO] [stdout]    |        ^^^^^^^^^^^^^^^
[INFO] [stdout] 
[INFO] [stdout] 
[INFO] [stdout] warning: function `join_lines` is never used
[INFO] [stdout]   --> tests/helpers.rs:23:8
[INFO] [stdout]    |
[INFO] [stdout] 23 | pub fn join_lines(lines: &[&str]) -> String {
[INFO] [stdout]    |        ^^^^^^^^^^
[INFO] [stdout] 
[INFO] [stdout] 
[INFO] [stdout] warning: function `split_trimmed_lines` is never used
[INFO] [stdout]   --> tests/helpers.rs:27:8
[INFO] [stdout]    |
[INFO] [stdout] 27 | pub fn split_trimmed_lines(text: &str, eol: &str) -> Vec<String> {
[INFO] [stdout]    |        ^^^^^^^^^^^^^^^^^^^
[INFO] [stdout] 
[INFO] [stdout] 
[INFO] [stdout] warning: function `do_instances_line_up` is never used
[INFO] [stdout]  --> tests/helpers.rs:1:8
[INFO] [stdout]   |
[INFO] [stdout] 1 | pub fn do_instances_line_up(lines: &[String], substring: &str) -> bool {
[INFO] [stdout]   |        ^^^^^^^^^^^^^^^^^^^^
[INFO] [stdout]   |
[INFO] [stdout]   = note: `#[warn(dead_code)]` (part of `#[warn(unused)]`) on by default
[INFO] [stdout] 
[INFO] [stdout] 
[INFO] [stdout] warning: function `find_char_index` is never used
[INFO] [stdout]   --> tests/helpers.rs:13:8
[INFO] [stdout]    |
[INFO] [stdout] 13 | pub fn find_char_index(haystack: &str, needle: &str) -> Option<usize> {
[INFO] [stdout]    |        ^^^^^^^^^^^^^^^
[INFO] [stdout] 
[INFO] [stdout] 
[INFO] [stdout] warning: function `normalize_quotes` is never used
[INFO] [stdout]   --> tests/helpers.rs:19:8
[INFO] [stdout]    |
[INFO] [stdout] 19 | pub fn normalize_quotes(input: &str) -> String {
[INFO] [stdout]    |        ^^^^^^^^^^^^^^^^
[INFO] [stdout] 
[INFO] [stdout] 
[INFO] [stdout] warning: function `join_lines` is never used
[INFO] [stdout]   --> tests/helpers.rs:23:8
[INFO] [stdout]    |
[INFO] [stdout] 23 | pub fn join_lines(lines: &[&str]) -> String {
[INFO] [stdout]    |        ^^^^^^^^^^
[INFO] [stdout] 
[INFO] [stdout] 
[INFO] [stdout] warning: function `split_trimmed_lines` is never used
[INFO] [stdout]   --> tests/helpers.rs:27:8
[INFO] [stdout]    |
[INFO] [stdout] 27 | pub fn split_trimmed_lines(text: &str, eol: &str) -> Vec<String> {
[INFO] [stdout]    |        ^^^^^^^^^^^^^^^^^^^
[INFO] [stdout] 
[INFO] [stdout] 
[INFO] [stdout] warning: function `join_lines` is never used
[INFO] [stdout]   --> tests/helpers.rs:23:8
[INFO] [stdout]    |
[INFO] [stdout] 23 | pub fn join_lines(lines: &[&str]) -> String {
[INFO] [stdout]    |        ^^^^^^^^^^
[INFO] [stdout]    |
[INFO] [stdout]    = note: `#[warn(dead_code)]` (part of `#[warn(unused)]`) on by default
[INFO] [stdout] 
[INFO] [stdout] 
[INFO] [stdout] warning: function `split_trimmed_lines` is never used
[INFO] [stdout]   --> tests/helpers.rs:27:8
[INFO] [stdout]    |
[INFO] [stdout] 27 | pub fn split_trimmed_lines(text: &str, eol: &str) -> Vec<String> {
[INFO] [stdout]    |        ^^^^^^^^^^^^^^^^^^^
[INFO] [stdout] 
[INFO] [stdout] 
[INFO] [stderr]     Finished `release` profile [optimized] target(s) in 7.49s
[INFO] running `Command { std: "docker" "inspect" "e20fbc038b2f2635c7d1170f208895bcfae32b1923c550133d33fd60ec7b53ab", kill_on_drop: false }`
[INFO] running `Command { std: "docker" "exec" "-e" "SOURCE_DIR=/opt/rustwide/workdir" "-e" "CARGO_HOME=/opt/rustwide/cargo-home" "-e" "RUSTUP_HOME=/opt/rustwide/rustup-home" "-e" "CARGO_TARGET_DIR=/opt/rustwide/target" "-e" "CARGO_INCREMENTAL=0" "-e" "RUST_BACKTRACE=full" "-e" "RUSTFLAGS=--cap-lints=warn" "-e" "RUSTDOCFLAGS=--cap-lints=warn" "-w" "/opt/rustwide/workdir" "--user" "0:0" "e20fbc038b2f2635c7d1170f208895bcfae32b1923c550133d33fd60ec7b53ab" "/opt/rustwide/cargo-home/bin/cargo" "+1.99.0-beta.8" "test" "--frozen" "--release", kill_on_drop: false }`
[INFO] [stderr] warning: function `join_lines` is never used
[INFO] [stderr]   --> tests/helpers.rs:23:8
[INFO] [stderr]    |
[INFO] [stderr] 23 | pub fn join_lines(lines: &[&str]) -> String {
[INFO] [stderr]    |        ^^^^^^^^^^
[INFO] [stderr]    |
[INFO] [stderr]    = note: `#[warn(dead_code)]` (part of `#[warn(unused)]`) on by default
[INFO] [stderr] 
[INFO] [stderr] warning: function `split_trimmed_lines` is never used
[INFO] [stderr]   --> tests/helpers.rs:27:8
[INFO] [stderr]    |
[INFO] [stderr] 27 | pub fn split_trimmed_lines(text: &str, eol: &str) -> Vec<String> {
[INFO] [stderr]    |        ^^^^^^^^^^^^^^^^^^^
[INFO] [stderr] 
[INFO] [stderr] warning: `fracturedjson` (test "east_asian_wide_characters") generated 2 warnings
[INFO] [stderr] warning: function `do_instances_line_up` is never used
[INFO] [stderr]  --> tests/helpers.rs:1:8
[INFO] [stderr]   |
[INFO] [stderr] 1 | pub fn do_instances_line_up(lines: &[String], substring: &str) -> bool {
[INFO] [stderr]   |        ^^^^^^^^^^^^^^^^^^^^
[INFO] [stderr]   |
[INFO] [stderr]   = note: `#[warn(dead_code)]` (part of `#[warn(unused)]`) on by default
[INFO] [stderr] 
[INFO] [stderr] warning: function `find_char_index` is never used
[INFO] [stderr]   --> tests/helpers.rs:13:8
[INFO] [stderr]    |
[INFO] [stderr] 13 | pub fn find_char_index(haystack: &str, needle: &str) -> Option<usize> {
[INFO] [stderr]    |        ^^^^^^^^^^^^^^^
[INFO] [stderr] 
[INFO] [stderr] warning: function `join_lines` is never used
[INFO] [stderr]   --> tests/helpers.rs:23:8
[INFO] [stderr]    |
[INFO] [stderr] 23 | pub fn join_lines(lines: &[&str]) -> String {
[INFO] [stderr]    |        ^^^^^^^^^^
[INFO] [stderr] 
[INFO] [stderr] warning: function `normalize_quotes` is never used
[INFO] [stderr]   --> tests/helpers.rs:19:8
[INFO] [stderr]    |
[INFO] [stderr] 19 | pub fn normalize_quotes(input: &str) -> String {
[INFO] [stderr]    |        ^^^^^^^^^^^^^^^^
[INFO] [stderr] 
[INFO] [stderr] warning: function `normalize_quotes` is never used
[INFO] [stderr]   --> tests/helpers.rs:19:8
[INFO] [stderr]    |
[INFO] [stderr] 19 | pub fn normalize_quotes(input: &str) -> String {
[INFO] [stderr]    |        ^^^^^^^^^^^^^^^^
[INFO] [stderr]    |
[INFO] [stderr]    = note: `#[warn(dead_code)]` (part of `#[warn(unused)]`) on by default
[INFO] [stderr] 
[INFO] [stderr] warning: `fracturedjson` (test "always_expand_formatting") generated 2 warnings (2 duplicates)
[INFO] [stderr] warning: `fracturedjson` (test "ending_comma_formatting") generated 4 warnings (1 duplicate)
[INFO] [stderr] warning: `fracturedjson` (test "length_and_complexity") generated 4 warnings (4 duplicates)
[INFO] [stderr] warning: `fracturedjson` (test "number_formatting") generated 5 warnings (4 duplicates)
[INFO] [stderr] warning: `fracturedjson` (test "comment_formatting") generated 2 warnings (2 duplicates)
[INFO] [stderr] warning: `fracturedjson` (test "pad_formatting") generated 5 warnings (5 duplicates)
[INFO] [stderr] warning: `fracturedjson` (test "property_alignment") generated 3 warnings (2 duplicates)
[INFO] [stderr] warning: `fracturedjson` (test "table_formatting") generated 2 warnings (2 duplicates)
[INFO] [stderr]     Finished `release` profile [optimized] target(s) in 0.06s
[INFO] [stderr]      Running unittests src/lib.rs (/opt/rustwide/target/release/deps/fracturedjson-cdee65992e8ce335)
[INFO] [stdout] 
[INFO] [stdout] running 30 tests
[INFO] [stdout] test parser::tests::array_ambiguous_comment_precedes_comma ... ok
[INFO] [stdout] test parser::tests::array_comments_for_multiline_element ... ok
[INFO] [stdout] test parser::tests::array_blank_lines_are_preserved_or_removed ... ok
[INFO] [stdout] test parser::tests::array_with_mixed_inline_comments ... ok
[INFO] [stdout] test parser::tests::array_with_multiple_leading_comments ... ok
[INFO] [stdout] test parser::tests::object_blank_lines_are_preserved_or_removed ... ok
[INFO] [stdout] test parser::tests::object_with_inline_block_comments_3 ... ok
[INFO] [stdout] test parser::tests::array_ambiguous_comment_follows_comma ... ok
[INFO] [stdout] test parser::tests::test_simple_and_valid_array ... ok
[INFO] [stdout] test parser::tests::object_with_inline_block_comments_2 ... ok
[INFO] [stdout] test parser::tests::array_multiple_unattached_comments ... ok
[INFO] [stdout] test parser::tests::object_comments_for_multiline_element ... ok
[INFO] [stdout] test parser::tests::object_comments_prefer_same_line_elements ... ok
[INFO] [stdout] test parser::tests::object_middle_comments_combined_1 ... ok
[INFO] [stdout] test parser::tests::object_middle_comments_combined_2 ... ok
[INFO] [stdout] test parser::tests::object_middle_comments_combined_3 ... ok
[INFO] [stdout] test parser::tests::complexity_work ... ok
[INFO] [stdout] test parser::tests::array_with_inline_block_comments ... ok
[INFO] [stdout] test parser::tests::stops_after_first_element ... ok
[INFO] [stdout] test parser::tests::array_ambiguous_comment_follows_comma_with_newline ... ok
[INFO] [stdout] test parser::tests::throws_for_malformed_data ... ok
[INFO] [stdout] test parser::tests::test_simple_and_valid_object ... ok
[INFO] [stdout] test tokenizer::tests::correct_position_for_second_token ... ok
[INFO] [stdout] test parser::tests::object_with_inline_block_comments ... ok
[INFO] [stdout] test tokenizer::tests::echoes_tokens ... ok
[INFO] [stdout] test tokenizer::tests::empty_input_is_handled ... ok
[INFO] [stdout] test tokenizer::tests::token_sequences_match_sample ... ok
[INFO] [stdout] test tokenizer::tests::throw_if_unexpected_end ... ok
[INFO] [stderr]      Running unittests src/bin/fjson.rs (/opt/rustwide/target/release/deps/fjson-8f7712baf837cf99)
[INFO] [stdout] test parser::tests::array_multiple_comment_stands_alone ... ok
[INFO] [stdout] test parser::tests::array_with_unattached_trailing_comments ... ok
[INFO] [stdout] 
[INFO] [stdout] test result: ok. 30 passed; 0 failed; 0 ignored; 0 measured; 0 filtered out; finished in 0.01s
[INFO] [stdout] 
[INFO] [stdout] 
[INFO] [stderr]      Running tests/always_expand_formatting.rs (/opt/rustwide/target/release/deps/always_expand_formatting-1b347d6b057d2f9c)
[INFO] [stdout] running 0 tests
[INFO] [stdout] 
[INFO] [stdout] test result: ok. 0 passed; 0 failed; 0 ignored; 0 measured; 0 filtered out; finished in 0.00s
[INFO] [stdout] 
[INFO] [stdout] 
[INFO] [stdout] running 2 tests
[INFO] [stdout] test always_expand_depth_doesnt_prevent_table_formatting ... ok
[INFO] [stderr]      Running tests/comment_formatting.rs (/opt/rustwide/target/release/deps/comment_formatting-d5266e30ed672092)
[INFO] [stdout] test always_expand_depth_honored ... ok
[INFO] [stdout] 
[INFO] [stdout] test result: ok. 2 passed; 0 failed; 0 ignored; 0 measured; 0 filtered out; finished in 0.00s
[INFO] [stdout] 
[INFO] [stdout] 
[INFO] [stdout] running 9 tests
[INFO] [stdout] test ambiguous_comments_in_arrays_respect_commas ... ok
[INFO] [stdout] test multiline_comments_preserve_relative_spacing ... ok
[INFO] [stdout] test ambiguous_comments_in_objects_respect_commas ... ok
[INFO] [stdout] test top_level_comments_ignored_if_set ... ok
[INFO] [stdout] test blank_lines_force_expanded ... ok
[INFO] [stdout] test split_when_middle_comment_requires_break_2 ... ok
[INFO] [stdout] test pre_and_post_comments_stay_with_elems ... ok
[INFO] [stdout] test split_when_middle_comment_requires_break_1 ... ok
[INFO] [stderr]      Running tests/east_asian_wide_characters.rs (/opt/rustwide/target/release/deps/east_asian_wide_characters-a3b4838ca84d2b27)
[INFO] [stdout] test can_inline_middle_comments_if_no_line_break ... ok
[INFO] [stdout] 
[INFO] [stdout] test result: ok. 9 passed; 0 failed; 0 ignored; 0 measured; 0 filtered out; finished in 0.00s
[INFO] [stdout] 
[INFO] [stdout] 
[INFO] [stdout] running 1 test
[INFO] [stdout] test pads_wide_chars_correctly ... ok
[INFO] [stdout] 
[INFO] [stdout] test result: ok. 1 passed; 0 failed; 0 ignored; 0 measured; 0 filtered out; finished in 0.00s
[INFO] [stdout] 
[INFO] [stderr]      Running tests/ending_comma_formatting.rs (/opt/rustwide/target/release/deps/ending_comma_formatting-6e6439a5858cbbad)
[INFO] [stdout] 
[INFO] [stdout] running 2 tests
[INFO] [stdout] test no_commas_for_comments_table ... ok
[INFO] [stdout] test no_commas_for_comments_expanded ... ok
[INFO] [stdout] 
[INFO] [stdout] test result: ok. 2 passed; 0 failed; 0 ignored; 0 measured; 0 filtered out; finished in 0.00s
[INFO] [stdout] 
[INFO] [stderr]      Running tests/helpers.rs (/opt/rustwide/target/release/deps/helpers-f80f4cdfd344841e)
[INFO] [stdout] 
[INFO] [stdout] running 0 tests
[INFO] [stdout] 
[INFO] [stdout] test result: ok. 0 passed; 0 failed; 0 ignored; 0 measured; 0 filtered out; finished in 0.00s
[INFO] [stdout] 
[INFO] [stderr]      Running tests/length_and_complexity.rs (/opt/rustwide/target/release/deps/length_and_complexity-e19fc27faddd6577)
[INFO] [stdout] 
[INFO] [stdout] running 3 tests
[INFO] [stdout] test correct_line_count_for_line_length ... ok
[INFO] [stdout] test correct_line_count_for_inline_complexity ... ok
[INFO] [stdout] test correct_line_count_for_multiline_compact ... ok
[INFO] [stdout] 
[INFO] [stdout] test result: ok. 3 passed; 0 failed; 0 ignored; 0 measured; 0 filtered out; finished in 0.00s
[INFO] [stdout] 
[INFO] [stdout] 
[INFO] [stdout] running 13 tests
[INFO] [stdout] test accurate_composite_length_for_normalized ... ok
[INFO] [stdout] test decimal_align_matches_expected ... ok
[INFO] [stdout] test left_align_matches_expected ... ok
[INFO] [stdout] test underflow_double_invalidates_alignment ... ok
[INFO] [stdout] test overflow_double_invalidates_alignment ... ok
[INFO] [stdout] test inline_array_doesnt_justify_numbers ... ok
[INFO] [stdout] test big_numbers_invalidate_alignment_2 ... ok
[INFO] [stdout] test normalize_align_matches_expected ... ok
[INFO] [stdout] test compact_array_does_justify_numbers ... ok
[INFO] [stdout] test table_array_does_justify_numbers ... ok
[INFO] [stdout] test right_align_matches_expected ... ok
[INFO] [stdout] test big_numbers_invalidate_alignment_1 ... ok
[INFO] [stdout] test nulls_respected_when_aligning_numbers ... ok
[INFO] [stdout] 
[INFO] [stdout] test result: ok. 13 passed; 0 failed; 0 ignored; 0 measured; 0 filtered out; finished in 0.00s
[INFO] [stdout] 
[INFO] [stdout] 
[INFO] [stdout] running 4 tests
[INFO] [stdout] test file_data_matches_native_stringify_when_minimized ... FAILED
[INFO] [stdout] test handles_sparse_arrays ... ok
[INFO] [stdout] test throws_if_recursion_limit_exceeded ... ok
[INFO] [stdout] test matches_native_stringify_when_minimized ... ok
[INFO] [stdout] 
[INFO] [stdout] failures:
[INFO] [stdout] 
[INFO] [stdout] ---- file_data_matches_native_stringify_when_minimized stdout ----
[INFO] [stdout] 
[INFO] [stdout] thread 'file_data_matches_native_stringify_when_minimized' (1038) panicked at tests/object_serialization.rs:60:10:
[INFO] [stdout] called `Result::unwrap()` on an `Err` value: Os { code: 2, kind: NotFound, message: "No such file or directory" }
[INFO] [stdout] stack backtrace:
[INFO] [stdout]    0:     0x5e5a18e81bf1 - <<std[70759c8f55707aa4]::sys::backtrace::BacktraceLock>::print::DisplayBacktrace as core[df12db4294e9bfd3]::fmt::Display>::fmt
[INFO] [stdout]    1:     0x5e5a18e970aa - core[df12db4294e9bfd3]::fmt::write
[INFO] [stdout]    2:     0x5e5a18e8635c - <alloc[2182bb758b4b3781]::vec::Vec<u8> as core[df12db4294e9bfd3]::io::write::Write>::write_fmt
[INFO] [stdout]    3:     0x5e5a18e5d646 - std[70759c8f55707aa4]::panicking::default_hook::{closure#0}
[INFO] [stdout]    4:     0x5e5a18e79dd9 - std[70759c8f55707aa4]::panicking::default_hook
[INFO] [stdout]    5:     0x5e5a18df6650 - test[9d35eded1c95d3be]::test_main_inner::<test[9d35eded1c95d3be]::test_main_static::{closure#0}>::{closure#0}
[INFO] [stdout]    6:     0x5e5a18e79f92 - std[70759c8f55707aa4]::panicking::panic_with_hook
[INFO] [stdout]    7:     0x5e5a18e5d6f2 - std[70759c8f55707aa4]::panicking::panic_handler::{closure#0}
[INFO] [stdout]    8:     0x5e5a18e56249 - std[70759c8f55707aa4]::sys::backtrace::__rust_end_short_backtrace::<std[70759c8f55707aa4]::panicking::panic_handler::{closure#0}, !>
[INFO] [stdout]    9:     0x5e5a18e5e2ed - __rustc[8fa7c3cbc660c2b3]::rust_begin_unwind
[INFO] [stdout]   10:     0x5e5a18e977dc - core[df12db4294e9bfd3]::panicking::panic_fmt
[INFO] [stdout]   11:     0x5e5a18e975b2 - core[df12db4294e9bfd3]::result::unwrap_failed
[INFO] [stdout]   12:     0x5e5a18de4d49 - <object_serialization[1dc4faad9cf461f7]::file_data_matches_native_stringify_when_minimized::{closure#0} as core[df12db4294e9bfd3]::ops::function::FnOnce<()>>::call_once
[INFO] [stdout]   13:     0x5e5a18de993b - test[9d35eded1c95d3be]::__rust_begin_short_backtrace::<core[df12db4294e9bfd3]::result::Result<(), alloc[2182bb758b4b3781]::string::String>, fn() -> core[df12db4294e9bfd3]::result::Result<(), alloc[2182bb758b4b3781]::string::String>>
[INFO] [stdout]   14:     0x5e5a18df6fa5 - test[9d35eded1c95d3be]::run_test::{closure#0}
[INFO] [stdout]   15:     0x5e5a18df0864 - std[70759c8f55707aa4]::sys::backtrace::__rust_begin_short_backtrace::<test[9d35eded1c95d3be]::run_test::{closure#1}, ()>
[INFO] [stdout]   16:     0x5e5a18dfa102 - <std[70759c8f55707aa4]::thread::lifecycle::spawn_unchecked<test[9d35eded1c95d3be]::run_test::{closure#1}, ()>::{closure#1} as core[df12db4294e9bfd3]::ops::function::FnOnce<()>>::call_once::{shim:vtable#0}
[INFO] [stdout]   17:     0x5e5a18e81159 - <std[70759c8f55707aa4]::sys::thread::unix::Thread>::new::thread_start
[INFO] [stdout]   18:     0x7ad788893dfa - <unknown>
[INFO] [stdout]   19:     0x7ad7889273d4 - clone
[INFO] [stdout]   20:                0x0 - <unknown>
[INFO] [stdout] 
[INFO] [stdout] 
[INFO] [stdout] failures:
[INFO] [stdout]     file_data_matches_native_stringify_when_minimized
[INFO] [stdout] 
[INFO] [stdout] test result: FAILED. 3 passed; 1 failed; 0 ignored; 0 measured; 0 filtered out; finished in 0.00s
[INFO] [stdout] 
[INFO] [stderr]      Running tests/number_formatting.rs (/opt/rustwide/target/release/deps/number_formatting-ef7e11cc35350f5e)
[INFO] [stderr]      Running tests/object_serialization.rs (/opt/rustwide/target/release/deps/object_serialization-8db9ca31d0d330b2)
[INFO] [stderr] error: test failed, to rerun pass `--test object_serialization`
[INFO] running `Command { std: "docker" "inspect" "e20fbc038b2f2635c7d1170f208895bcfae32b1923c550133d33fd60ec7b53ab", kill_on_drop: false }`
[INFO] running `Command { std: "docker" "rm" "-f" "e20fbc038b2f2635c7d1170f208895bcfae32b1923c550133d33fd60ec7b53ab", kill_on_drop: false }`
[INFO] [stdout] e20fbc038b2f2635c7d1170f208895bcfae32b1923c550133d33fd60ec7b53ab
