[INFO] fetching crate fracints_internals 0.2.1...
[INFO] testing fracints_internals-0.2.1 against 1.100.0-beta.1+cargoflags=--release for beta-release-1.100-2
[INFO] extracting crate fracints_internals 0.2.1 into /workspace/builds/worker-1-tc2/source
[INFO] started tweaking crates.io crate fracints_internals 0.2.1
[INFO] finished tweaking crates.io crate fracints_internals 0.2.1
[INFO] tweaked toml for crates.io crate fracints_internals 0.2.1 written to /workspace/builds/worker-1-tc2/source/Cargo.toml
[INFO] validating manifest of crates.io crate fracints_internals 0.2.1 on toolchain 1.100.0-beta.1
[INFO] running `Command { std: CARGO_HOME="/workspace/cargo-home" RUSTUP_HOME="/workspace/rustup-home" "/workspace/cargo-home/bin/cargo" "+1.100.0-beta.1" "metadata" "--manifest-path" "Cargo.toml" "--no-deps", kill_on_drop: false }`
[INFO] crate crates.io crate fracints_internals 0.2.1 already has a lockfile, it will not be regenerated
[INFO] running `Command { std: CARGO_HOME="/workspace/cargo-home" RUSTUP_HOME="/workspace/rustup-home" "/workspace/cargo-home/bin/cargo" "+1.100.0-beta.1" "fetch" "--manifest-path" "Cargo.toml", kill_on_drop: false }`
[INFO] running `Command { std: "docker" "create" "-v" "/var/lib/crater-agent-workspace/builds/worker-1-tc2/source:/opt/rustwide/workdir:ro,Z" "-v" "/var/lib/crater-agent-workspace/builds/worker-1-tc2/target:/opt/rustwide/target:rw,Z" "-v" "/var/lib/crater-agent-workspace/cargo-home:/opt/rustwide/cargo-home:ro,Z" "-v" "/var/lib/crater-agent-workspace/rustup-home:/opt/rustwide/rustup-home:ro,Z" "-m" "1610612736" "--network" "none" "ghcr.io/rust-lang/crates-build-env/linux@sha256:77db811e55d90add9212f6832c23229e3de5f1c1f9905e8cb07319ea15df73ac" "sleep" "infinity", kill_on_drop: false }`
[INFO] [stdout] 67655ecb37bc780745da86a87655bb0ab7c5b23c94fe6a922be1b61cbb6845eb
[INFO] running `Command { std: "docker" "start" "67655ecb37bc780745da86a87655bb0ab7c5b23c94fe6a922be1b61cbb6845eb", kill_on_drop: false }`
[INFO] running `Command { std: "docker" "inspect" "67655ecb37bc780745da86a87655bb0ab7c5b23c94fe6a922be1b61cbb6845eb", kill_on_drop: false }`
[INFO] running `Command { std: "docker" "exec" "-e" "SOURCE_DIR=/opt/rustwide/workdir" "-e" "CARGO_HOME=/opt/rustwide/cargo-home" "-e" "RUSTUP_HOME=/opt/rustwide/rustup-home" "-e" "CARGO_TARGET_DIR=/opt/rustwide/target" "-w" "/opt/rustwide/workdir" "--user" "0:0" "67655ecb37bc780745da86a87655bb0ab7c5b23c94fe6a922be1b61cbb6845eb" "/opt/rustwide/cargo-home/bin/cargo" "+1.100.0-beta.1" "metadata" "--no-deps" "--format-version=1", kill_on_drop: false }`
[INFO] running `Command { std: "docker" "inspect" "67655ecb37bc780745da86a87655bb0ab7c5b23c94fe6a922be1b61cbb6845eb", kill_on_drop: false }`
[INFO] running `Command { std: "docker" "exec" "-e" "SOURCE_DIR=/opt/rustwide/workdir" "-e" "CARGO_HOME=/opt/rustwide/cargo-home" "-e" "RUSTUP_HOME=/opt/rustwide/rustup-home" "-e" "CARGO_TARGET_DIR=/opt/rustwide/target" "-e" "CARGO_INCREMENTAL=0" "-e" "RUST_BACKTRACE=full" "-e" "RUSTFLAGS=--cap-lints=warn" "-e" "RUSTDOCFLAGS=--cap-lints=warn" "-w" "/opt/rustwide/workdir" "--user" "0:0" "67655ecb37bc780745da86a87655bb0ab7c5b23c94fe6a922be1b61cbb6845eb" "/opt/rustwide/cargo-home/bin/cargo" "+1.100.0-beta.1" "build" "--frozen" "--message-format=json" "--release", kill_on_drop: false }`
[INFO] [stderr]    Compiling const_fn v0.4.12
[INFO] [stderr]    Compiling recasting v0.2.3
[INFO] [stderr]    Compiling thiserror v2.0.21
[INFO] [stderr]    Compiling quote v1.0.47
[INFO] [stderr]    Compiling triple_arena v0.15.1
[INFO] [stderr]    Compiling syn v3.0.6
[INFO] [stderr]    Compiling awint_internals v0.19.0
[INFO] [stderr]    Compiling awint_core v0.19.0
[INFO] [stderr]    Compiling awint_ext v0.19.0
[INFO] [stderr]    Compiling awint_macro_internals v0.19.0
[INFO] [stderr]    Compiling thiserror-impl v2.0.21
[INFO] [stderr]    Compiling awint_macros v0.19.0
[INFO] [stderr]    Compiling awint v0.19.0
[INFO] [stderr]    Compiling fracints_internals v0.2.1 (/opt/rustwide/workdir)
[INFO] [stderr]     Finished `release` profile [optimized] target(s) in 5.98s
[INFO] running `Command { std: "docker" "inspect" "67655ecb37bc780745da86a87655bb0ab7c5b23c94fe6a922be1b61cbb6845eb", kill_on_drop: false }`
[INFO] running `Command { std: "docker" "exec" "-e" "SOURCE_DIR=/opt/rustwide/workdir" "-e" "CARGO_HOME=/opt/rustwide/cargo-home" "-e" "RUSTUP_HOME=/opt/rustwide/rustup-home" "-e" "CARGO_TARGET_DIR=/opt/rustwide/target" "-e" "CARGO_INCREMENTAL=0" "-e" "RUST_BACKTRACE=full" "-e" "RUSTFLAGS=--cap-lints=warn" "-e" "RUSTDOCFLAGS=--cap-lints=warn" "-w" "/opt/rustwide/workdir" "--user" "0:0" "67655ecb37bc780745da86a87655bb0ab7c5b23c94fe6a922be1b61cbb6845eb" "/opt/rustwide/cargo-home/bin/cargo" "+1.100.0-beta.1" "test" "--frozen" "--no-run" "--message-format=json" "--release", kill_on_drop: false }`
[INFO] [stderr]    Compiling fracints_internals v0.2.1 (/opt/rustwide/workdir)
[INFO] [stderr]     Finished `release` profile [optimized] target(s) in 0.30s
[INFO] running `Command { std: "docker" "inspect" "67655ecb37bc780745da86a87655bb0ab7c5b23c94fe6a922be1b61cbb6845eb", kill_on_drop: false }`
[INFO] running `Command { std: "docker" "exec" "-e" "SOURCE_DIR=/opt/rustwide/workdir" "-e" "CARGO_HOME=/opt/rustwide/cargo-home" "-e" "RUSTUP_HOME=/opt/rustwide/rustup-home" "-e" "CARGO_TARGET_DIR=/opt/rustwide/target" "-e" "CARGO_INCREMENTAL=0" "-e" "RUST_BACKTRACE=full" "-e" "RUSTFLAGS=--cap-lints=warn" "-e" "RUSTDOCFLAGS=--cap-lints=warn" "-w" "/opt/rustwide/workdir" "--user" "0:0" "67655ecb37bc780745da86a87655bb0ab7c5b23c94fe6a922be1b61cbb6845eb" "/opt/rustwide/cargo-home/bin/cargo" "+1.100.0-beta.1" "test" "--frozen" "--release", kill_on_drop: false }`
[INFO] [stderr]     Finished `release` profile [optimized] target(s) in 0.07s
[INFO] [stderr]      Running unittests src/lib.rs (/opt/rustwide/target/release/build/fracints_internals/df5c7d8e161adcbf/out/fracints_internals-df5c7d8e161adcbf)
[INFO] [stdout] 
[INFO] [stdout] running 0 tests
[INFO] [stdout] 
[INFO] [stdout] test result: ok. 0 passed; 0 failed; 0 ignored; 0 measured; 0 filtered out; finished in 0.00s
[INFO] [stdout] 
[INFO] [stderr]    Doc-tests fracints_internals
[INFO] [stdout] 
[INFO] [stdout] running 2 tests
[INFO] [stdout] test src/str_conversion.rs - str_conversion::FracintSerdeError (line 24) ... FAILED
[INFO] [stdout] test src/traits.rs - traits::FracintDouble::saturating_widening_mul (line 348) ... FAILED
[INFO] [stdout] 
[INFO] [stdout] failures:
[INFO] [stdout] 
[INFO] [stdout] ---- src/str_conversion.rs - str_conversion::FracintSerdeError (line 24) stdout ----
[INFO] [stdout] error[E0432]: unresolved import `fracints`
[INFO] [stdout]   --> src/str_conversion.rs:27:5
[INFO] [stdout]    |
[INFO] [stdout] 27 | use fracints::{Fracint, fi8, fi64, fi128};
[INFO] [stdout]    |     ^^^^^^^^ use of unresolved module or unlinked crate `fracints`
[INFO] [stdout]    |
[INFO] [stdout]    = help: if you wanted to use a crate named `fracints`, use `cargo add fracints` to add it to your `Cargo.toml`
[INFO] [stdout] 
[INFO] [stdout] error: aborting due to 1 previous error
[INFO] [stdout] 
[INFO] [stdout] For more information about this error, try `rustc --explain E0432`.
[INFO] [stdout] Couldn't compile the test.
[INFO] [stdout] ---- src/traits.rs - traits::FracintDouble::saturating_widening_mul (line 348) stdout ----
[INFO] [stdout] error[E0432]: unresolved import `fracints`
[INFO] [stdout]    --> src/traits.rs:349:5
[INFO] [stdout]     |
[INFO] [stdout] 349 | use fracints::*;
[INFO] [stdout]     |     ^^^^^^^^ use of unresolved module or unlinked crate `fracints`
[INFO] [stdout]     |
[INFO] [stdout]     = help: if you wanted to use a crate named `fracints`, use `cargo add fracints` to add it to your `Cargo.toml`
[INFO] [stdout] 
[INFO] [stdout] error: cannot find macro `fi32` in this scope
[INFO] [stdout]    --> src/traits.rs:356:5
[INFO] [stdout]     |
[INFO] [stdout] 356 |     fi32!(0.123456789)
[INFO] [stdout]     |     ^^^^
[INFO] [stdout] 
[INFO] [stdout] error: cannot find macro `fi32` in this scope
[INFO] [stdout]    --> src/traits.rs:357:34
[INFO] [stdout]     |
[INFO] [stdout] 357 |         .saturating_widening_mul(fi32!(0.123456789))
[INFO] [stdout]     |                                  ^^^^
[INFO] [stdout] 
[INFO] [stdout] error: aborting due to 3 previous errors
[INFO] [stdout] 
[INFO] [stdout] For more information about this error, try `rustc --explain E0432`.
[INFO] [stdout] Couldn't compile the test.
[INFO] [stdout] 
[INFO] [stdout] failures:
[INFO] [stdout]     src/str_conversion.rs - str_conversion::FracintSerdeError (line 24)
[INFO] [stdout]     src/traits.rs - traits::FracintDouble::saturating_widening_mul (line 348)
[INFO] [stdout] 
[INFO] [stdout] test result: FAILED. 0 passed; 2 failed; 0 ignored; 0 measured; 0 filtered out; finished in 0.12s
[INFO] [stdout] 
[INFO] [stdout] all doctests ran in 0.25s; merged doctests compilation took 0.13s
[INFO] [stderr] error: doctest failed, to rerun pass `--doc`
[INFO] running `Command { std: "docker" "inspect" "67655ecb37bc780745da86a87655bb0ab7c5b23c94fe6a922be1b61cbb6845eb", kill_on_drop: false }`
[INFO] running `Command { std: "docker" "rm" "-f" "67655ecb37bc780745da86a87655bb0ab7c5b23c94fe6a922be1b61cbb6845eb", kill_on_drop: false }`
[INFO] [stdout] 67655ecb37bc780745da86a87655bb0ab7c5b23c94fe6a922be1b61cbb6845eb
