[INFO] fetching crate fpgad_cli 0.5.1...
[INFO] testing fpgad_cli-0.5.1 against 1.100.0-beta.1+cargoflags=--release for beta-release-1.100-2
[INFO] extracting crate fpgad_cli 0.5.1 into /workspace/builds/worker-1-tc2/source
[INFO] started tweaking crates.io crate fpgad_cli 0.5.1
[INFO] finished tweaking crates.io crate fpgad_cli 0.5.1
[INFO] tweaked toml for crates.io crate fpgad_cli 0.5.1 written to /workspace/builds/worker-1-tc2/source/Cargo.toml
[INFO] validating manifest of crates.io crate fpgad_cli 0.5.1 on toolchain 1.100.0-beta.1
[INFO] running `Command { std: CARGO_HOME="/workspace/cargo-home" RUSTUP_HOME="/workspace/rustup-home" "/workspace/cargo-home/bin/cargo" "+1.100.0-beta.1" "metadata" "--manifest-path" "Cargo.toml" "--no-deps", kill_on_drop: false }`
[INFO] crate crates.io crate fpgad_cli 0.5.1 already has a lockfile, it will not be regenerated
[INFO] running `Command { std: CARGO_HOME="/workspace/cargo-home" RUSTUP_HOME="/workspace/rustup-home" "/workspace/cargo-home/bin/cargo" "+1.100.0-beta.1" "fetch" "--manifest-path" "Cargo.toml", kill_on_drop: false }`
[INFO] [stderr] warning: `package.homepage` is redundant with `package.repository`
[INFO] [stderr]   --> Cargo.toml:49:12
[INFO] [stderr]    |
[INFO] [stderr] 49 | homepage = "https://github.com/canonical/fpgad"
[INFO] [stderr]    |            ^^^^^^^^^^^^^^^^^^^^^^^^^^^^^^^^^^^^
[INFO] [stderr] ...
[INFO] [stderr] 54 | repository = "https://github.com/canonical/fpgad"
[INFO] [stderr]    |              ------------------------------------
[INFO] [stderr]    |
[INFO] [stderr]    = note: `cargo::redundant_homepage` is set to `warn` by default
[INFO] [stderr] help: consider removing `package.homepage`
[INFO] [stderr] warning: `fpgad_cli` (manifest) generated 1 warning
[INFO] running `Command { std: "docker" "create" "-v" "/var/lib/crater-agent-workspace/builds/worker-1-tc2/source:/opt/rustwide/workdir:ro,Z" "-v" "/var/lib/crater-agent-workspace/builds/worker-1-tc2/target:/opt/rustwide/target:rw,Z" "-v" "/var/lib/crater-agent-workspace/cargo-home:/opt/rustwide/cargo-home:ro,Z" "-v" "/var/lib/crater-agent-workspace/rustup-home:/opt/rustwide/rustup-home:ro,Z" "-m" "1610612736" "--network" "none" "ghcr.io/rust-lang/crates-build-env/linux@sha256:77db811e55d90add9212f6832c23229e3de5f1c1f9905e8cb07319ea15df73ac" "sleep" "infinity", kill_on_drop: false }`
[INFO] [stdout] 34b1af37da499daed925421b55f3b18a263cf149a99d622366777a0a04cf2537
[INFO] running `Command { std: "docker" "start" "34b1af37da499daed925421b55f3b18a263cf149a99d622366777a0a04cf2537", kill_on_drop: false }`
[INFO] running `Command { std: "docker" "inspect" "34b1af37da499daed925421b55f3b18a263cf149a99d622366777a0a04cf2537", kill_on_drop: false }`
[INFO] running `Command { std: "docker" "exec" "-e" "SOURCE_DIR=/opt/rustwide/workdir" "-e" "CARGO_HOME=/opt/rustwide/cargo-home" "-e" "RUSTUP_HOME=/opt/rustwide/rustup-home" "-e" "CARGO_TARGET_DIR=/opt/rustwide/target" "-w" "/opt/rustwide/workdir" "--user" "0:0" "34b1af37da499daed925421b55f3b18a263cf149a99d622366777a0a04cf2537" "/opt/rustwide/cargo-home/bin/cargo" "+1.100.0-beta.1" "metadata" "--no-deps" "--format-version=1", kill_on_drop: false }`
[INFO] running `Command { std: "docker" "inspect" "34b1af37da499daed925421b55f3b18a263cf149a99d622366777a0a04cf2537", kill_on_drop: false }`
[INFO] running `Command { std: "docker" "exec" "-e" "SOURCE_DIR=/opt/rustwide/workdir" "-e" "CARGO_HOME=/opt/rustwide/cargo-home" "-e" "RUSTUP_HOME=/opt/rustwide/rustup-home" "-e" "CARGO_TARGET_DIR=/opt/rustwide/target" "-e" "CARGO_INCREMENTAL=0" "-e" "RUST_BACKTRACE=full" "-e" "RUSTFLAGS=--cap-lints=warn" "-e" "RUSTDOCFLAGS=--cap-lints=warn" "-w" "/opt/rustwide/workdir" "--user" "0:0" "34b1af37da499daed925421b55f3b18a263cf149a99d622366777a0a04cf2537" "/opt/rustwide/cargo-home/bin/cargo" "+1.100.0-beta.1" "build" "--frozen" "--message-format=json" "--release", kill_on_drop: false }`
[INFO] [stderr] warning: `package.homepage` is redundant with `package.repository`
[INFO] [stderr]   --> Cargo.toml:49:12
[INFO] [stderr]    |
[INFO] [stderr] 49 | homepage = "https://github.com/canonical/fpgad"
[INFO] [stderr]    |            ^^^^^^^^^^^^^^^^^^^^^^^^^^^^^^^^^^^^
[INFO] [stderr] ...
[INFO] [stderr] 54 | repository = "https://github.com/canonical/fpgad"
[INFO] [stderr]    |              ------------------------------------
[INFO] [stderr]    |
[INFO] [stderr]    = note: `cargo::redundant_homepage` is set to `warn` by default
[INFO] [stderr] help: consider removing `package.homepage`
[INFO] [stderr] warning: `fpgad_cli` (manifest) generated 1 warning
[INFO] [stderr]    Compiling proc-macro2 v1.0.106
[INFO] [stderr]    Compiling hashbrown v0.15.4
[INFO] [stderr]    Compiling winnow v0.7.12
[INFO] [stderr]    Compiling toml_datetime v0.6.11
[INFO] [stderr]    Compiling winnow v1.0.3
[INFO] [stderr]    Compiling crossbeam-utils v0.8.21
[INFO] [stderr]    Compiling unicode-ident v1.0.18
[INFO] [stderr]    Compiling endi v1.1.0
[INFO] [stderr]    Compiling rustix v1.1.4
[INFO] [stderr]    Compiling signal-hook-registry v1.4.5
[INFO] [stderr]    Compiling fastrand v2.3.0
[INFO] [stderr]    Compiling bitflags v2.9.1
[INFO] [stderr]    Compiling clap_lex v1.0.0
[INFO] [stderr]    Compiling ordered-stream v0.2.0
[INFO] [stderr]    Compiling env_filter v2.0.0
[INFO] [stderr]    Compiling futures-lite v2.6.0
[INFO] [stderr]    Compiling quote v1.0.47
[INFO] [stderr]    Compiling clap_builder v4.6.2
[INFO] [stderr]    Compiling env_logger v0.11.11
[INFO] [stderr]    Compiling syn v2.0.119
[INFO] [stderr]    Compiling syn v3.0.3
[INFO] [stderr]    Compiling concurrent-queue v2.5.0
[INFO] [stderr]    Compiling event-listener v5.4.0
[INFO] [stderr]    Compiling indexmap v2.10.0
[INFO] [stderr]    Compiling event-listener-strategy v0.5.4
[INFO] [stderr]    Compiling async-broadcast v0.7.2
[INFO] [stderr]    Compiling toml_edit v0.22.27
[INFO] [stderr]    Compiling clap_derive v4.6.4
[INFO] [stderr]    Compiling proc-macro-crate v3.3.0
[INFO] [stderr]    Compiling clap v4.6.4
[INFO] [stderr]    Compiling clap_complete v4.6.7
[INFO] [stderr]    Compiling serde_derive v1.0.228
[INFO] [stderr]    Compiling enumflags2_derive v0.7.12
[INFO] [stderr]    Compiling tracing-attributes v0.1.30
[INFO] [stderr]    Compiling tokio-macros v2.7.0
[INFO] [stderr]    Compiling async-trait v0.1.88
[INFO] [stderr]    Compiling serde_repr v0.1.20
[INFO] [stderr]    Compiling async-recursion v1.1.1
[INFO] [stderr]    Compiling tokio v1.53.1
[INFO] [stderr]    Compiling tracing v0.1.41
[INFO] [stderr]    Compiling serde v1.0.228
[INFO] [stderr]    Compiling zvariant_utils v3.5.0
[INFO] [stderr]    Compiling enumflags2 v0.7.12
[INFO] [stderr]    Compiling uuid v1.18.1
[INFO] [stderr]    Compiling zvariant_derive v5.13.1
[INFO] [stderr]    Compiling zvariant v5.13.1
[INFO] [stderr]    Compiling zbus_names v4.3.4
[INFO] [stderr]    Compiling zbus_macros v5.18.0
[INFO] [stderr]    Compiling zbus v5.18.0
[INFO] [stderr]    Compiling fpgad_proxies v0.5.1
[INFO] [stderr]    Compiling fpgad_cli v0.5.1 (/opt/rustwide/workdir)
[INFO] [stderr]     Finished `release` profile [optimized] target(s) in 1m 50s
[INFO] running `Command { std: "docker" "inspect" "34b1af37da499daed925421b55f3b18a263cf149a99d622366777a0a04cf2537", kill_on_drop: false }`
[INFO] running `Command { std: "docker" "exec" "-e" "SOURCE_DIR=/opt/rustwide/workdir" "-e" "CARGO_HOME=/opt/rustwide/cargo-home" "-e" "RUSTUP_HOME=/opt/rustwide/rustup-home" "-e" "CARGO_TARGET_DIR=/opt/rustwide/target" "-e" "CARGO_INCREMENTAL=0" "-e" "RUST_BACKTRACE=full" "-e" "RUSTFLAGS=--cap-lints=warn" "-e" "RUSTDOCFLAGS=--cap-lints=warn" "-w" "/opt/rustwide/workdir" "--user" "0:0" "34b1af37da499daed925421b55f3b18a263cf149a99d622366777a0a04cf2537" "/opt/rustwide/cargo-home/bin/cargo" "+1.100.0-beta.1" "test" "--frozen" "--no-run" "--message-format=json" "--release", kill_on_drop: false }`
[INFO] [stderr] warning: `package.homepage` is redundant with `package.repository`
[INFO] [stderr]   --> Cargo.toml:49:12
[INFO] [stderr]    |
[INFO] [stderr] 49 | homepage = "https://github.com/canonical/fpgad"
[INFO] [stderr]    |            ^^^^^^^^^^^^^^^^^^^^^^^^^^^^^^^^^^^^
[INFO] [stderr] ...
[INFO] [stderr] 54 | repository = "https://github.com/canonical/fpgad"
[INFO] [stderr]    |              ------------------------------------
[INFO] [stderr]    |
[INFO] [stderr]    = note: `cargo::redundant_homepage` is set to `warn` by default
[INFO] [stderr] help: consider removing `package.homepage`
[INFO] [stderr] warning: `fpgad_cli` (manifest) generated 1 warning
[INFO] [stderr]    Compiling fpgad_cli v0.5.1 (/opt/rustwide/workdir)
[INFO] [stderr]     Finished `release` profile [optimized] target(s) in 3.18s
[INFO] running `Command { std: "docker" "inspect" "34b1af37da499daed925421b55f3b18a263cf149a99d622366777a0a04cf2537", kill_on_drop: false }`
[INFO] running `Command { std: "docker" "exec" "-e" "SOURCE_DIR=/opt/rustwide/workdir" "-e" "CARGO_HOME=/opt/rustwide/cargo-home" "-e" "RUSTUP_HOME=/opt/rustwide/rustup-home" "-e" "CARGO_TARGET_DIR=/opt/rustwide/target" "-e" "CARGO_INCREMENTAL=0" "-e" "RUST_BACKTRACE=full" "-e" "RUSTFLAGS=--cap-lints=warn" "-e" "RUSTDOCFLAGS=--cap-lints=warn" "-w" "/opt/rustwide/workdir" "--user" "0:0" "34b1af37da499daed925421b55f3b18a263cf149a99d622366777a0a04cf2537" "/opt/rustwide/cargo-home/bin/cargo" "+1.100.0-beta.1" "test" "--frozen" "--release", kill_on_drop: false }`
[INFO] [stderr] warning: `package.homepage` is redundant with `package.repository`
[INFO] [stderr]   --> Cargo.toml:49:12
[INFO] [stderr]    |
[INFO] [stderr] 49 | homepage = "https://github.com/canonical/fpgad"
[INFO] [stderr]    |            ^^^^^^^^^^^^^^^^^^^^^^^^^^^^^^^^^^^^
[INFO] [stderr] ...
[INFO] [stderr] 54 | repository = "https://github.com/canonical/fpgad"
[INFO] [stderr]    |              ------------------------------------
[INFO] [stderr]    |
[INFO] [stderr]    = note: `cargo::redundant_homepage` is set to `warn` by default
[INFO] [stderr] help: consider removing `package.homepage`
[INFO] [stderr] warning: `fpgad_cli` (manifest) generated 1 warning
[INFO] [stderr]     Finished `release` profile [optimized] target(s) in 0.10s
[INFO] [stderr]      Running unittests src/lib.rs (/opt/rustwide/target/release/build/fpgad_cli/1942b88f09e2cf03/out/fpgad_cli-1942b88f09e2cf03)
[INFO] [stdout] 
[INFO] [stdout] running 9 tests
[INFO] [stdout] test set::tests::build_property_path_with_absolute_root ... ok
[INFO] [stdout] test status::tests::first_overlay_returns_failure_error_with_expected_message ... ok
[INFO] [stdout] test status::tests::parse_platform_types_ignores_invalid_lines ... ok
[INFO] [stdout] test set::tests::build_property_path_with_parent_traversal ... ok
[INFO] [stdout] test status::tests::parse_platform_types_keeps_value_with_extra_colons ... ok
[INFO] [stdout] test set::tests::build_property_path_for_standard_attribute ... ok
[INFO] [stdout] test set::tests::build_property_path_keeps_nested_attribute_segments ... ok
[INFO] [stdout] test status::tests::parse_overlay_lines_keeps_order ... ok
[INFO] [stdout] test status::tests::first_device_handle_returns_failure_error_with_expected_message ... ok
[INFO] [stdout] 
[INFO] [stdout] test result: ok. 9 passed; 0 failed; 0 ignored; 0 measured; 0 filtered out; finished in 0.00s
[INFO] [stdout] 
[INFO] [stderr]      Running unittests src/main.rs (/opt/rustwide/target/release/build/fpgad_cli/9f35cea49ff0c3c9/out/fpgad_cli-9f35cea49ff0c3c9)
[INFO] [stdout] 
[INFO] [stdout] running 0 tests
[INFO] [stdout] 
[INFO] [stdout] test result: ok. 0 passed; 0 failed; 0 ignored; 0 measured; 0 filtered out; finished in 0.00s
[INFO] [stdout] 
[INFO] [stderr]    Doc-tests fpgad_cli
[INFO] [stdout] 
[INFO] [stdout] running 21 tests
[INFO] [stdout] test src/status.rs - status::call_get_fpga_state (line 201) ... ignored
[INFO] [stdout] test src/status.rs - status::call_get_overlays (line 170) ... ignored
[INFO] [stdout] test src/status.rs - status::call_get_platform_type (line 227) ... ignored
[INFO] [stdout] test src/status.rs - status::call_get_platform_types (line 249) ... ignored
[INFO] [stdout] test src/status.rs - status::get_first_device_handle (line 320) ... ignored
[INFO] [stdout] test src/status.rs - status::get_first_overlay (line 298) ... ignored
[INFO] [stdout] test src/status.rs - status::get_first_platform (line 273) ... ignored
[INFO] [stdout] test src/status.rs - status::get_fpga_state_message (line 345) ... ignored
[INFO] [stdout] test src/status.rs - status::get_full_status_message (line 369) ... ignored
[INFO] [stdout] test src/status.rs - status::status_handler (line 405) ... ignored
[INFO] [stdout] test src/status.rs - status::first_overlay_or_error (line 117) - compile ... FAILED
[INFO] [stdout] test src/status.rs - status::parse_platform_types_lines (line 91) - compile ... FAILED
[INFO] [stdout] test src/status.rs - status::parse_platform_types_lines (line 84) - compile ... FAILED
[INFO] [stdout] test src/status.rs - status::first_overlay_or_error (line 121) - compile ... FAILED
[INFO] [stdout] test src/status.rs - status::first_device_handle_or_error (line 145) - compile ... FAILED
[INFO] [stdout] test src/set.rs - set::build_property_path (line 108) - compile ... FAILED
[INFO] [stdout] test src/status.rs - status::parse_overlay_lines (line 65) - compile ... FAILED
[INFO] [stdout] test src/set.rs - set::sanitize_segment (line 45) - compile ... FAILED
[INFO] [stdout] test src/set.rs - set::build_property_path (line 104) - compile ... FAILED
[INFO] [stdout] test src/set.rs - set::sanitize_segment (line 50) - compile ... FAILED
[INFO] [stderr] error: doctest failed, to rerun pass `--doc`
[INFO] [stdout] test src/status.rs - status::first_device_handle_or_error (line 141) - compile ... FAILED
[INFO] [stdout] 
[INFO] [stdout] failures:
[INFO] [stdout] 
[INFO] [stdout] ---- src/status.rs - status::first_overlay_or_error (line 117) stdout ----
[INFO] [stdout] error[E0425]: cannot find function `first_overlay_or_error` in this scope
[INFO] [stdout]    --> src/status.rs:118:15
[INFO] [stdout]     |
[INFO] [stdout] 118 | let overlay = first_overlay_or_error(&vec!["overlay0".to_string(), "overlay1".to_string()]).expect("should return first overlay");
[INFO] [stdout]     |               ^^^^^^^^^^^^^^^^^^^^^^ not found in this scope
[INFO] [stdout] 
[INFO] [stdout] error: aborting due to 1 previous error
[INFO] [stdout] 
[INFO] [stdout] For more information about this error, try `rustc --explain E0425`.
[INFO] [stdout] Couldn't compile the test.
[INFO] [stdout] ---- src/status.rs - status::parse_platform_types_lines (line 91) stdout ----
[INFO] [stdout] error[E0425]: cannot find function `parse_platform_types_lines` in this scope
[INFO] [stdout]   --> src/status.rs:92:17
[INFO] [stdout]    |
[INFO] [stdout] 92 | let platforms = parse_platform_types_lines("fpga0:xilinx:zynq:mp\n");
[INFO] [stdout]    |                 ^^^^^^^^^^^^^^^^^^^^^^^^^^ not found in this scope
[INFO] [stdout] 
[INFO] [stdout] error: aborting due to 1 previous error
[INFO] [stdout] 
[INFO] [stdout] For more information about this error, try `rustc --explain E0425`.
[INFO] [stdout] Couldn't compile the test.
[INFO] [stdout] ---- src/status.rs - status::parse_platform_types_lines (line 84) stdout ----
[INFO] [stdout] error[E0425]: cannot find function `parse_platform_types_lines` in this scope
[INFO] [stdout]   --> src/status.rs:85:17
[INFO] [stdout]    |
[INFO] [stdout] 85 | let platforms = parse_platform_types_lines("fpga0:xlnx,zynq\n
[INFO] [stdout]    |                 ^^^^^^^^^^^^^^^^^^^^^^^^^^ not found in this scope
[INFO] [stdout] 
[INFO] [stdout] error: aborting due to 1 previous error
[INFO] [stdout] 
[INFO] [stdout] For more information about this error, try `rustc --explain E0425`.
[INFO] [stdout] Couldn't compile the test.
[INFO] [stdout] ---- src/status.rs - status::first_overlay_or_error (line 121) stdout ----
[INFO] [stdout] error[E0425]: cannot find function `first_overlay_or_error` in this scope
[INFO] [stdout]    --> src/status.rs:122:14
[INFO] [stdout]     |
[INFO] [stdout] 122 | let result = first_overlay_or_error(&vec![]);
[INFO] [stdout]     |              ^^^^^^^^^^^^^^^^^^^^^^ not found in this scope
[INFO] [stdout] 
[INFO] [stdout] error: aborting due to 1 previous error
[INFO] [stdout] 
[INFO] [stdout] For more information about this error, try `rustc --explain E0425`.
[INFO] [stdout] Couldn't compile the test.
[INFO] [stdout] ---- src/status.rs - status::first_device_handle_or_error (line 145) stdout ----
[INFO] [stdout] error[E0433]: cannot find type `HashMap` in this scope
[INFO] [stdout]    --> src/status.rs:146:44
[INFO] [stdout]     |
[INFO] [stdout] 146 | let result = first_device_handle_or_error(&HashMap::new());
[INFO] [stdout]     |                                            ^^^^^^^ use of undeclared type `HashMap`
[INFO] [stdout]     |
[INFO] [stdout] help: consider importing this struct
[INFO] [stdout]     |
[INFO] [stdout] 145 + use std::collections::HashMap;
[INFO] [stdout]     |
[INFO] [stdout] 
[INFO] [stdout] error[E0425]: cannot find function `first_device_handle_or_error` in this scope
[INFO] [stdout]    --> src/status.rs:146:14
[INFO] [stdout]     |
[INFO] [stdout] 146 | let result = first_device_handle_or_error(&HashMap::new());
[INFO] [stdout]     |              ^^^^^^^^^^^^^^^^^^^^^^^^^^^^ not found in this scope
[INFO] [stdout] 
[INFO] [stdout] error: aborting due to 2 previous errors
[INFO] [stdout] 
[INFO] [stdout] Some errors have detailed explanations: E0425, E0433.
[INFO] [stdout] For more information about an error, try `rustc --explain E0425`.
[INFO] [stdout] Couldn't compile the test.
[INFO] [stdout] ---- src/set.rs - set::build_property_path (line 108) stdout ----
[INFO] [stdout] error[E0425]: cannot find function `build_property_path` in this scope
[INFO] [stdout]    --> src/set.rs:109:14
[INFO] [stdout]     |
[INFO] [stdout] 109 | let result = build_property_path("../fpga0", "flags");
[INFO] [stdout]     |              ^^^^^^^^^^^^^^^^^^^ not found in this scope
[INFO] [stdout] 
[INFO] [stdout] error: aborting due to 1 previous error
[INFO] [stdout] 
[INFO] [stdout] For more information about this error, try `rustc --explain E0425`.
[INFO] [stdout] Couldn't compile the test.
[INFO] [stdout] ---- src/status.rs - status::parse_overlay_lines (line 65) stdout ----
[INFO] [stdout] error[E0425]: cannot find function `parse_overlay_lines` in this scope
[INFO] [stdout]   --> src/status.rs:66:16
[INFO] [stdout]    |
[INFO] [stdout] 66 | let overlays = parse_overlay_lines("overlay0\noverlay1\n");
[INFO] [stdout]    |                ^^^^^^^^^^^^^^^^^^^ not found in this scope
[INFO] [stdout] 
[INFO] [stdout] error: aborting due to 1 previous error
[INFO] [stdout] 
[INFO] [stdout] For more information about this error, try `rustc --explain E0425`.
[INFO] [stdout] Couldn't compile the test.
[INFO] [stdout] ---- src/set.rs - set::sanitize_segment (line 45) stdout ----
[INFO] [stdout] error[E0425]: cannot find function `sanitize_segment` in this scope
[INFO] [stdout]   --> src/set.rs:46:20
[INFO] [stdout]    |
[INFO] [stdout] 46 | let safe_segment = sanitize_segment("valid/segment", "attribute").expect("should be
[INFO] [stdout]    |                    ^^^^^^^^^^^^^^^^ not found in this scope
[INFO] [stdout] 
[INFO] [stdout] error: aborting due to 1 previous error
[INFO] [stdout] 
[INFO] [stdout] For more information about this error, try `rustc --explain E0425`.
[INFO] [stdout] Couldn't compile the test.
[INFO] [stdout] ---- src/set.rs - set::build_property_path (line 104) stdout ----
[INFO] [stdout] error[E0425]: cannot find function `build_property_path` in this scope
[INFO] [stdout]    --> src/set.rs:105:12
[INFO] [stdout]     |
[INFO] [stdout] 105 | let path = build_property_path("fpga0", "flags").expect("should build path");
[INFO] [stdout]     |            ^^^^^^^^^^^^^^^^^^^ not found in this scope
[INFO] [stdout] 
[INFO] [stdout] error: aborting due to 1 previous error
[INFO] [stdout] 
[INFO] [stdout] For more information about this error, try `rustc --explain E0425`.
[INFO] [stdout] Couldn't compile the test.
[INFO] [stdout] ---- src/set.rs - set::sanitize_segment (line 50) stdout ----
[INFO] [stdout] error[E0425]: cannot find function `sanitize_segment` in this scope
[INFO] [stdout]   --> src/set.rs:51:14
[INFO] [stdout]    |
[INFO] [stdout] 51 | let result = sanitize_segment("../invalid", "attribute");
[INFO] [stdout]    |              ^^^^^^^^^^^^^^^^ not found in this scope
[INFO] [stdout] 
[INFO] [stdout] error: aborting due to 1 previous error
[INFO] [stdout] 
[INFO] [stdout] For more information about this error, try `rustc --explain E0425`.
[INFO] [stdout] Couldn't compile the test.
[INFO] [stdout] ---- src/status.rs - status::first_device_handle_or_error (line 141) stdout ----
[INFO] [stdout] error[E0425]: cannot find function `first_device_handle_or_error` in this scope
[INFO] [stdout]    --> src/status.rs:142:21
[INFO] [stdout]     |
[INFO] [stdout] 142 | let device_handle = first_device_handle_or_error(&[("fpga0".to_string(), "xlnx,zynq".to_string())].iter().cloned().collect()).expec...
[INFO] [stdout]     |                     ^^^^^^^^^^^^^^^^^^^^^^^^^^^^ not found in this scope
[INFO] [stdout] 
[INFO] [stdout] error: aborting due to 1 previous error
[INFO] [stdout] 
[INFO] [stdout] For more information about this error, try `rustc --explain E0425`.
[INFO] [stdout] Couldn't compile the test.
[INFO] [stdout] 
[INFO] [stdout] failures:
[INFO] [stdout]     src/set.rs - set::build_property_path (line 104)
[INFO] [stdout]     src/set.rs - set::build_property_path (line 108)
[INFO] [stdout]     src/set.rs - set::sanitize_segment (line 45)
[INFO] [stdout]     src/set.rs - set::sanitize_segment (line 50)
[INFO] [stdout]     src/status.rs - status::first_device_handle_or_error (line 141)
[INFO] [stdout]     src/status.rs - status::first_device_handle_or_error (line 145)
[INFO] [stdout]     src/status.rs - status::first_overlay_or_error (line 117)
[INFO] [stdout]     src/status.rs - status::first_overlay_or_error (line 121)
[INFO] [stdout]     src/status.rs - status::parse_overlay_lines (line 65)
[INFO] [stdout]     src/status.rs - status::parse_platform_types_lines (line 84)
[INFO] [stdout]     src/status.rs - status::parse_platform_types_lines (line 91)
[INFO] [stdout] 
[INFO] [stdout] test result: FAILED. 0 passed; 11 failed; 10 ignored; 0 measured; 0 filtered out; finished in 0.41s
[INFO] [stdout] 
[INFO] [stdout] all doctests ran in 0.56s; merged doctests compilation took 0.14s
[INFO] running `Command { std: "docker" "inspect" "34b1af37da499daed925421b55f3b18a263cf149a99d622366777a0a04cf2537", kill_on_drop: false }`
[INFO] running `Command { std: "docker" "rm" "-f" "34b1af37da499daed925421b55f3b18a263cf149a99d622366777a0a04cf2537", kill_on_drop: false }`
[INFO] [stdout] 34b1af37da499daed925421b55f3b18a263cf149a99d622366777a0a04cf2537
