[INFO] fetching crate foyer 0.22.6...
[INFO] testing foyer-0.22.6 against 1.99.0-beta.8+cargoflags=--release for beta-release-1.100-2
[INFO] extracting crate foyer 0.22.6 into /workspace/builds/worker-1-tc1/source
[INFO] started tweaking crates.io crate foyer 0.22.6
[INFO] removed 0 missing tests
[INFO] finished tweaking crates.io crate foyer 0.22.6
[INFO] tweaked toml for crates.io crate foyer 0.22.6 written to /workspace/builds/worker-1-tc1/source/Cargo.toml
[INFO] validating manifest of crates.io crate foyer 0.22.6 on toolchain 1.99.0-beta.8
[INFO] running `Command { std: CARGO_HOME="/workspace/cargo-home" RUSTUP_HOME="/workspace/rustup-home" "/workspace/cargo-home/bin/cargo" "+1.99.0-beta.8" "metadata" "--manifest-path" "Cargo.toml" "--no-deps", kill_on_drop: false }`
[INFO] crate crates.io crate foyer 0.22.6 already has a lockfile, it will not be regenerated
[INFO] running `Command { std: CARGO_HOME="/workspace/cargo-home" RUSTUP_HOME="/workspace/rustup-home" "/workspace/cargo-home/bin/cargo" "+1.99.0-beta.8" "fetch" "--manifest-path" "Cargo.toml", kill_on_drop: false }`
[INFO] [stderr]     Updating crates.io index
[INFO] [stderr]  Downloading crates ...
[INFO] [stderr]   Downloaded madsim-tokio v0.2.30
[INFO] [stderr]   Downloaded panic-message v0.3.0
[INFO] [stderr]   Downloaded madsim v0.2.34
[INFO] [stderr]   Downloaded naive-timer v0.2.0
[INFO] [stderr]   Downloaded madsim-macros v0.2.12
[INFO] running `Command { std: "docker" "create" "-v" "/var/lib/crater-agent-workspace/builds/worker-1-tc1/source:/opt/rustwide/workdir:ro,Z" "-v" "/var/lib/crater-agent-workspace/builds/worker-1-tc1/target:/opt/rustwide/target:rw,Z" "-v" "/var/lib/crater-agent-workspace/cargo-home:/opt/rustwide/cargo-home:ro,Z" "-v" "/var/lib/crater-agent-workspace/rustup-home:/opt/rustwide/rustup-home:ro,Z" "-m" "1610612736" "--network" "none" "ghcr.io/rust-lang/crates-build-env/linux@sha256:77db811e55d90add9212f6832c23229e3de5f1c1f9905e8cb07319ea15df73ac" "sleep" "infinity", kill_on_drop: false }`
[INFO] [stdout] 540f193d6d52d919fa9999a1e55769d0bab75a598231a393151033abef85175d
[INFO] running `Command { std: "docker" "start" "540f193d6d52d919fa9999a1e55769d0bab75a598231a393151033abef85175d", kill_on_drop: false }`
[INFO] running `Command { std: "docker" "inspect" "540f193d6d52d919fa9999a1e55769d0bab75a598231a393151033abef85175d", kill_on_drop: false }`
[INFO] running `Command { std: "docker" "exec" "-e" "SOURCE_DIR=/opt/rustwide/workdir" "-e" "CARGO_HOME=/opt/rustwide/cargo-home" "-e" "RUSTUP_HOME=/opt/rustwide/rustup-home" "-e" "CARGO_TARGET_DIR=/opt/rustwide/target" "-w" "/opt/rustwide/workdir" "--user" "0:0" "540f193d6d52d919fa9999a1e55769d0bab75a598231a393151033abef85175d" "/opt/rustwide/cargo-home/bin/cargo" "+1.99.0-beta.8" "metadata" "--no-deps" "--format-version=1", kill_on_drop: false }`
[INFO] running `Command { std: "docker" "inspect" "540f193d6d52d919fa9999a1e55769d0bab75a598231a393151033abef85175d", kill_on_drop: false }`
[INFO] running `Command { std: "docker" "exec" "-e" "SOURCE_DIR=/opt/rustwide/workdir" "-e" "CARGO_HOME=/opt/rustwide/cargo-home" "-e" "RUSTUP_HOME=/opt/rustwide/rustup-home" "-e" "CARGO_TARGET_DIR=/opt/rustwide/target" "-e" "CARGO_INCREMENTAL=0" "-e" "RUST_BACKTRACE=full" "-e" "RUSTFLAGS=--cap-lints=warn" "-e" "RUSTDOCFLAGS=--cap-lints=warn" "-w" "/opt/rustwide/workdir" "--user" "0:0" "540f193d6d52d919fa9999a1e55769d0bab75a598231a393151033abef85175d" "/opt/rustwide/cargo-home/bin/cargo" "+1.99.0-beta.8" "build" "--frozen" "--message-format=json" "--release", kill_on_drop: false }`
[INFO] [stderr]    Compiling libc v0.2.189
[INFO] [stderr]    Compiling syn v3.0.5
[INFO] [stderr]    Compiling syn v2.0.119
[INFO] [stderr]    Compiling smallvec v1.16.0
[INFO] [stderr]    Compiling memoffset v0.9.1
[INFO] [stderr]    Compiling itertools v0.15.0
[INFO] [stderr]    Compiling zstd-safe v7.3.0
[INFO] [stderr]    Compiling cpufeatures v0.3.1
[INFO] [stderr]    Compiling twox-hash v2.1.4
[INFO] [stderr]    Compiling io-uring v0.7.15
[INFO] [stderr]    Compiling allocator-api2 v0.2.21
[INFO] [stderr]    Compiling futures-util v0.3.34
[INFO] [stderr]    Compiling getrandom v0.4.3
[INFO] [stderr]    Compiling num_cpus v1.17.0
[INFO] [stderr]    Compiling datasketches v0.3.0
[INFO] [stderr]    Compiling web-time v1.1.0
[INFO] [stderr]    Compiling chacha20 v0.10.2
[INFO] [stderr]    Compiling small_ctor v0.1.2
[INFO] [stderr]    Compiling asyncband v0.7.1
[INFO] [stderr]    Compiling fs4 v0.13.1
[INFO] [stderr]    Compiling foyer-intrusive-collections v0.10.0-dev
[INFO] [stderr]    Compiling foyer v0.22.6 (/opt/rustwide/workdir)
[INFO] [stderr]    Compiling core_affinity v0.8.3
[INFO] [stderr]    Compiling fastant v0.1.11
[INFO] [stderr]    Compiling parking_lot_core v0.9.12
[INFO] [stderr]    Compiling rand v0.10.2
[INFO] [stderr]    Compiling parking_lot v0.12.5
[INFO] [stderr]    Compiling hashbrown v0.17.1
[INFO] [stderr]    Compiling jobserver v0.1.35
[INFO] [stderr]    Compiling cc v1.4.5
[INFO] [stderr]    Compiling mixtrics v0.2.5
[INFO] [stderr]    Compiling zstd-sys v2.1.0+zstd.1.5.7
[INFO] [stderr]    Compiling lz4-sys v1.11.1+lz4-1.10.0
[INFO] [stderr]    Compiling tokio-macros v2.7.2
[INFO] [stderr]    Compiling serde_derive v1.0.229
[INFO] [stderr]    Compiling tokio v1.53.1
[INFO] [stderr]    Compiling pin-project-internal v1.1.13
[INFO] [stderr]    Compiling pin-project v1.1.13
[INFO] [stderr]    Compiling tracing-attributes v0.1.31
[INFO] [stderr]    Compiling foyer-tokio v0.22.6
[INFO] [stderr]    Compiling foyer-common v0.22.6
[INFO] [stderr]    Compiling serde v1.0.229
[INFO] [stderr]    Compiling tracing v0.1.44
[INFO] [stderr]    Compiling foyer-memory v0.22.6
[INFO] [stderr]    Compiling lz4 v1.28.1
[INFO] [stderr]    Compiling zstd v0.13.3
[INFO] [stderr]    Compiling foyer-storage v0.22.6
[INFO] [stderr]     Finished `release` profile [optimized] target(s) in 1m 06s
[INFO] running `Command { std: "docker" "inspect" "540f193d6d52d919fa9999a1e55769d0bab75a598231a393151033abef85175d", kill_on_drop: false }`
[INFO] running `Command { std: "docker" "exec" "-e" "SOURCE_DIR=/opt/rustwide/workdir" "-e" "CARGO_HOME=/opt/rustwide/cargo-home" "-e" "RUSTUP_HOME=/opt/rustwide/rustup-home" "-e" "CARGO_TARGET_DIR=/opt/rustwide/target" "-e" "CARGO_INCREMENTAL=0" "-e" "RUST_BACKTRACE=full" "-e" "RUSTFLAGS=--cap-lints=warn" "-e" "RUSTDOCFLAGS=--cap-lints=warn" "-w" "/opt/rustwide/workdir" "--user" "0:0" "540f193d6d52d919fa9999a1e55769d0bab75a598231a393151033abef85175d" "/opt/rustwide/cargo-home/bin/cargo" "+1.99.0-beta.8" "test" "--frozen" "--no-run" "--message-format=json" "--release", kill_on_drop: false }`
[INFO] [stderr]    Compiling tracing-core v0.1.36
[INFO] [stderr]    Compiling regex-syntax v0.8.11
[INFO] [stderr]    Compiling env_filter v2.0.0
[INFO] [stderr]    Compiling test-log-core v0.2.21
[INFO] [stderr]    Compiling thread_local v1.1.10
[INFO] [stderr]    Compiling anstream v1.0.0
[INFO] [stderr]    Compiling nu-ansi-term v0.50.3
[INFO] [stderr]    Compiling jiff-core v0.1.0
[INFO] [stderr]    Compiling tempfile v3.27.0
[INFO] [stderr]    Compiling test-log-macros v0.2.21
[INFO] [stderr]    Compiling env_logger v0.11.11
[INFO] [stderr]    Compiling tracing v0.1.44
[INFO] [stderr]    Compiling tracing-log v0.2.0
[INFO] [stderr]    Compiling foyer-memory v0.22.6
[INFO] [stderr]    Compiling jiff v0.2.35
[INFO] [stderr]    Compiling regex-automata v0.4.18
[INFO] [stderr]    Compiling foyer-storage v0.22.6
[INFO] [stderr]    Compiling foyer v0.22.6 (/opt/rustwide/workdir)
[INFO] [stderr]    Compiling matchers v0.2.0
[INFO] [stderr]    Compiling tracing-subscriber v0.3.23
[INFO] [stderr]    Compiling test-log v0.2.21
[INFO] [stderr]     Finished `release` profile [optimized] target(s) in 1m 01s
[INFO] running `Command { std: "docker" "inspect" "540f193d6d52d919fa9999a1e55769d0bab75a598231a393151033abef85175d", kill_on_drop: false }`
[INFO] running `Command { std: "docker" "exec" "-e" "SOURCE_DIR=/opt/rustwide/workdir" "-e" "CARGO_HOME=/opt/rustwide/cargo-home" "-e" "RUSTUP_HOME=/opt/rustwide/rustup-home" "-e" "CARGO_TARGET_DIR=/opt/rustwide/target" "-e" "CARGO_INCREMENTAL=0" "-e" "RUST_BACKTRACE=full" "-e" "RUSTFLAGS=--cap-lints=warn" "-e" "RUSTDOCFLAGS=--cap-lints=warn" "-w" "/opt/rustwide/workdir" "--user" "0:0" "540f193d6d52d919fa9999a1e55769d0bab75a598231a393151033abef85175d" "/opt/rustwide/cargo-home/bin/cargo" "+1.99.0-beta.8" "test" "--frozen" "--release", kill_on_drop: false }`
[INFO] [stderr]     Finished `release` profile [optimized] target(s) in 0.17s
[INFO] [stderr]      Running unittests src/lib.rs (/opt/rustwide/target/release/deps/foyer-bb7a4592dbb3ce79)
[INFO] [stdout] 
[INFO] [stdout] running 14 tests
[INFO] [stdout] test hybrid::cache::tests::test_hybrid_cache_fetch_error_downcast ... ok
[INFO] [stdout] test hybrid::cache::tests::test_is_hybrid_in_memory ... ok
[INFO] [stdout] test hybrid::cache::tests::test_hybrid_cache ... ok
[INFO] [stdout] test hybrid::cache::tests::test_concurrent_get_and_fetch ... ok
[INFO] [stdout] test hybrid::cache::tests::test_entry_location ... ok
[INFO] [stdout] test hybrid::cache::tests::test_hybrid_cache_contains_in_flight_entry ... ok
[INFO] [stdout] test hybrid::cache::tests::test_hybrid_cache_writer ... ok
[INFO] [stdout] test hybrid::cache::tests::test_is_hybrid_with_storage ... ok
[INFO] [stdout] test hybrid::cache::tests::test_hybrid_insert_with_cache_location ... ok
[INFO] [stdout] test hybrid::cache::tests::test_hybrid_fetch_with_cache_location ... ok
[INFO] [stdout] test hybrid::cache::tests::test_hybrid_read_throttled ... ok
[INFO] [stdout] test hybrid::cache::tests::test_flush_if ... ok
[INFO] [stdout] test hybrid::cache::tests::test_flush_on_close ... ok
[INFO] [stdout] test hybrid::cache::tests::test_load_after_recovery ... ok
[INFO] [stdout] 
[INFO] [stdout] test result: ok. 14 passed; 0 failed; 0 ignored; 0 measured; 0 filtered out; finished in 0.10s
[INFO] [stdout] 
[INFO] [stderr]    Doc-tests foyer
[INFO] [stdout] 
[INFO] [stdout] running 3 tests
[INFO] [stdout] test /opt/rustwide/target/release/build/foyer-2294fb4811f556f1/out/foyer-docs.md - (line 74) ... FAILED
[INFO] [stdout] test /opt/rustwide/target/release/build/foyer-2294fb4811f556f1/out/foyer-docs.md - (line 107) ... FAILED
[INFO] [stdout] test /opt/rustwide/target/release/build/foyer-2294fb4811f556f1/out/foyer-docs.md - (line 59) ... ok
[INFO] [stdout] 
[INFO] [stdout] failures:
[INFO] [stdout] 
[INFO] [stdout] ---- /opt/rustwide/target/release/build/foyer-2294fb4811f556f1/out/foyer-docs.md - (line 74) stdout ----
[INFO] [stdout] error: The default runtime flavor is `multi_thread`, but the `rt-multi-thread` feature is disabled.
[INFO] [stdout]   --> /opt/rustwide/target/release/build/foyer-2294fb4811f556f1/out/foyer-docs.md:78:1
[INFO] [stdout]    |
[INFO] [stdout] 78 | #[tokio::main]
[INFO] [stdout]    | ^^^^^^^^^^^^^^
[INFO] [stdout]    |
[INFO] [stdout]    = note: this error originates in the attribute macro `tokio::main` (in Nightly builds, run with -Z macro-backtrace for more info)
[INFO] [stdout] 
[INFO] [stdout] error: aborting due to 1 previous error
[INFO] [stdout] 
[INFO] [stdout] Couldn't compile the test.
[INFO] [stdout] ---- /opt/rustwide/target/release/build/foyer-2294fb4811f556f1/out/foyer-docs.md - (line 107) stdout ----
[INFO] [stdout] error: The default runtime flavor is `multi_thread`, but the `rt-multi-thread` feature is disabled.
[INFO] [stdout]    --> /opt/rustwide/target/release/build/foyer-2294fb4811f556f1/out/foyer-docs.md:117:1
[INFO] [stdout]     |
[INFO] [stdout] 117 | #[tokio::main]
[INFO] [stdout]     | ^^^^^^^^^^^^^^
[INFO] [stdout]     |
[INFO] [stdout]     = note: this error originates in the attribute macro `tokio::main` (in Nightly builds, run with -Z macro-backtrace for more info)
[INFO] [stdout] 
[INFO] [stdout] error[E0599]: no associated function or constant named `new_multi_thread` found for struct `foyer_tokio::runtime::Builder` in the current scope
[INFO] [stdout]    --> /opt/rustwide/target/release/build/foyer-2294fb4811f556f1/out/foyer-docs.md:163:38
[INFO] [stdout]     |
[INFO] [stdout] 163 |             tokio::runtime::Builder::new_multi_thread()
[INFO] [stdout]     |                                      ^^^^^^^^^^^^^^^^ associated function or constant not found in `foyer_tokio::runtime::Builder`
[INFO] [stdout]     |
[INFO] [stdout] note: if you're trying to build a new `foyer_tokio::runtime::Builder`, consider using `foyer_tokio::runtime::Builder::new_current_thread` which returns `foyer_tokio::runtime::Builder`
[INFO] [stdout]    --> /opt/rustwide/cargo-home/registry/src/index.crates.io-1949cf8c6b5b557f/tokio-1.53.1/src/runtime/builder.rs:261:5
[INFO] [stdout]     |
[INFO] [stdout] 261 |     pub fn new_current_thread() -> Builder {
[INFO] [stdout]     |     ^^^^^^^^^^^^^^^^^^^^^^^^^^^^^^^^^^^^^^
[INFO] [stdout] help: there is an associated function `new_current_thread` with a similar name
[INFO] [stdout]     |
[INFO] [stdout] 163 -             tokio::runtime::Builder::new_multi_thread()
[INFO] [stdout] 163 +             tokio::runtime::Builder::new_current_thread()
[INFO] [stdout]     |
[INFO] [stdout] 
[INFO] [stdout] error: aborting due to 2 previous errors
[INFO] [stdout] 
[INFO] [stdout] For more information about this error, try `rustc --explain E0599`.
[INFO] [stdout] Couldn't compile the test.
[INFO] [stdout] 
[INFO] [stdout] failures:
[INFO] [stdout]     /opt/rustwide/target/release/build/foyer-2294fb4811f556f1/out/foyer-docs.md - (line 107)
[INFO] [stdout]     /opt/rustwide/target/release/build/foyer-2294fb4811f556f1/out/foyer-docs.md - (line 74)
[INFO] [stdout] 
[INFO] [stdout] test result: FAILED. 1 passed; 2 failed; 0 ignored; 0 measured; 0 filtered out; finished in 0.88s
[INFO] [stdout] 
[INFO] [stdout] all doctests ran in 1.11s; merged doctests compilation took 0.22s
[INFO] [stderr] error: doctest failed, to rerun pass `--doc`
[INFO] running `Command { std: "docker" "inspect" "540f193d6d52d919fa9999a1e55769d0bab75a598231a393151033abef85175d", kill_on_drop: false }`
[INFO] running `Command { std: "docker" "rm" "-f" "540f193d6d52d919fa9999a1e55769d0bab75a598231a393151033abef85175d", kill_on_drop: false }`
[INFO] [stdout] 540f193d6d52d919fa9999a1e55769d0bab75a598231a393151033abef85175d
