[INFO] fetching crate foyer-storage 0.22.6...
[INFO] testing foyer-storage-0.22.6 against 1.100.0-beta.1+cargoflags=--release for beta-release-1.100-2
[INFO] extracting crate foyer-storage 0.22.6 into /workspace/builds/worker-5-tc2/source
[INFO] started tweaking crates.io crate foyer-storage 0.22.6
[INFO] removed 0 missing tests
[INFO] finished tweaking crates.io crate foyer-storage 0.22.6
[INFO] tweaked toml for crates.io crate foyer-storage 0.22.6 written to /workspace/builds/worker-5-tc2/source/Cargo.toml
[INFO] validating manifest of crates.io crate foyer-storage 0.22.6 on toolchain 1.100.0-beta.1
[INFO] running `Command { std: CARGO_HOME="/workspace/cargo-home" RUSTUP_HOME="/workspace/rustup-home" "/workspace/cargo-home/bin/cargo" "+1.100.0-beta.1" "metadata" "--manifest-path" "Cargo.toml" "--no-deps", kill_on_drop: false }`
[INFO] crate crates.io crate foyer-storage 0.22.6 already has a lockfile, it will not be regenerated
[INFO] running `Command { std: CARGO_HOME="/workspace/cargo-home" RUSTUP_HOME="/workspace/rustup-home" "/workspace/cargo-home/bin/cargo" "+1.100.0-beta.1" "fetch" "--manifest-path" "Cargo.toml", kill_on_drop: false }`
[INFO] [stderr] warning: `package.homepage` is redundant with `package.repository`
[INFO] [stderr]    --> Cargo.toml:153:12
[INFO] [stderr]     |
[INFO] [stderr] 153 | homepage = "https://github.com/foyer-rs/foyer"
[INFO] [stderr]     |            ^^^^^^^^^^^^^^^^^^^^^^^^^^^^^^^^^^^
[INFO] [stderr] ...
[INFO] [stderr] 158 | repository = "https://github.com/foyer-rs/foyer"
[INFO] [stderr]     |              -----------------------------------
[INFO] [stderr]     |
[INFO] [stderr]     = note: `cargo::redundant_homepage` is set to `warn` by default
[INFO] [stderr] help: consider removing `package.homepage`
[INFO] [stderr] warning: `foyer-storage` (manifest) generated 1 warning
[INFO] running `Command { std: "docker" "create" "-v" "/var/lib/crater-agent-workspace/builds/worker-5-tc2/source:/opt/rustwide/workdir:ro,Z" "-v" "/var/lib/crater-agent-workspace/builds/worker-5-tc2/target:/opt/rustwide/target:rw,Z" "-v" "/var/lib/crater-agent-workspace/cargo-home:/opt/rustwide/cargo-home:ro,Z" "-v" "/var/lib/crater-agent-workspace/rustup-home:/opt/rustwide/rustup-home:ro,Z" "-m" "1610612736" "--network" "none" "ghcr.io/rust-lang/crates-build-env/linux@sha256:77db811e55d90add9212f6832c23229e3de5f1c1f9905e8cb07319ea15df73ac" "sleep" "infinity", kill_on_drop: false }`
[INFO] [stdout] 08f565b281feca6b897f386eb8bd6f48850c534f477e21614b0b839efb5deea2
[INFO] running `Command { std: "docker" "start" "08f565b281feca6b897f386eb8bd6f48850c534f477e21614b0b839efb5deea2", kill_on_drop: false }`
[INFO] running `Command { std: "docker" "inspect" "08f565b281feca6b897f386eb8bd6f48850c534f477e21614b0b839efb5deea2", kill_on_drop: false }`
[INFO] running `Command { std: "docker" "exec" "-e" "SOURCE_DIR=/opt/rustwide/workdir" "-e" "CARGO_HOME=/opt/rustwide/cargo-home" "-e" "RUSTUP_HOME=/opt/rustwide/rustup-home" "-e" "CARGO_TARGET_DIR=/opt/rustwide/target" "-w" "/opt/rustwide/workdir" "--user" "0:0" "08f565b281feca6b897f386eb8bd6f48850c534f477e21614b0b839efb5deea2" "/opt/rustwide/cargo-home/bin/cargo" "+1.100.0-beta.1" "metadata" "--no-deps" "--format-version=1", kill_on_drop: false }`
[INFO] running `Command { std: "docker" "inspect" "08f565b281feca6b897f386eb8bd6f48850c534f477e21614b0b839efb5deea2", kill_on_drop: false }`
[INFO] running `Command { std: "docker" "exec" "-e" "SOURCE_DIR=/opt/rustwide/workdir" "-e" "CARGO_HOME=/opt/rustwide/cargo-home" "-e" "RUSTUP_HOME=/opt/rustwide/rustup-home" "-e" "CARGO_TARGET_DIR=/opt/rustwide/target" "-e" "CARGO_INCREMENTAL=0" "-e" "RUST_BACKTRACE=full" "-e" "RUSTFLAGS=--cap-lints=warn" "-e" "RUSTDOCFLAGS=--cap-lints=warn" "-w" "/opt/rustwide/workdir" "--user" "0:0" "08f565b281feca6b897f386eb8bd6f48850c534f477e21614b0b839efb5deea2" "/opt/rustwide/cargo-home/bin/cargo" "+1.100.0-beta.1" "build" "--frozen" "--message-format=json" "--release", kill_on_drop: false }`
[INFO] [stderr] warning: `package.homepage` is redundant with `package.repository`
[INFO] [stderr]    --> Cargo.toml:153:12
[INFO] [stderr]     |
[INFO] [stderr] 153 | homepage = "https://github.com/foyer-rs/foyer"
[INFO] [stderr]     |            ^^^^^^^^^^^^^^^^^^^^^^^^^^^^^^^^^^^
[INFO] [stderr] ...
[INFO] [stderr] 158 | repository = "https://github.com/foyer-rs/foyer"
[INFO] [stderr]     |              -----------------------------------
[INFO] [stderr]     |
[INFO] [stderr]     = note: `cargo::redundant_homepage` is set to `warn` by default
[INFO] [stderr] help: consider removing `package.homepage`
[INFO] [stderr] warning: `foyer-storage` (manifest) generated 1 warning
[INFO] [stderr]    Compiling find-msvc-tools v0.1.12
[INFO] [stderr]    Compiling smallvec v1.16.0
[INFO] [stderr]    Compiling syn v3.0.5
[INFO] [stderr]    Compiling memoffset v0.9.1
[INFO] [stderr]    Compiling itertools v0.15.0
[INFO] [stderr]    Compiling pin-project-internal v1.1.13
[INFO] [stderr]    Compiling getrandom v0.4.3
[INFO] [stderr]    Compiling twox-hash v2.1.4
[INFO] [stderr]    Compiling cpufeatures v0.3.1
[INFO] [stderr]    Compiling io-uring v0.7.15
[INFO] [stderr]    Compiling allocator-api2 v0.2.21
[INFO] [stderr]    Compiling cc v1.4.5
[INFO] [stderr]    Compiling futures-util v0.3.34
[INFO] [stderr]    Compiling foyer-intrusive-collections v0.10.0-dev
[INFO] [stderr]    Compiling parking_lot_core v0.9.12
[INFO] [stderr]    Compiling parking_lot v0.12.5
[INFO] [stderr]    Compiling hashbrown v0.17.1
[INFO] [stderr]    Compiling chacha20 v0.10.2
[INFO] [stderr]    Compiling pin-project v1.1.13
[INFO] [stderr]    Compiling rustix v1.1.4
[INFO] [stderr]    Compiling num_cpus v1.17.0
[INFO] [stderr]    Compiling small_ctor v0.1.2
[INFO] [stderr]    Compiling datasketches v0.3.0
[INFO] [stderr]    Compiling asyncband v0.7.1
[INFO] [stderr]    Compiling zstd-sys v2.1.0+zstd.1.5.7
[INFO] [stderr]    Compiling lz4-sys v1.11.1+lz4-1.10.0
[INFO] [stderr]    Compiling fastant v0.1.11
[INFO] [stderr]    Compiling core_affinity v0.8.3
[INFO] [stderr]    Compiling rand v0.10.2
[INFO] [stderr]    Compiling mixtrics v0.2.5
[INFO] [stderr]    Compiling fs4 v0.13.1
[INFO] [stderr]    Compiling tokio-macros v2.7.2
[INFO] [stderr]    Compiling serde_derive v1.0.229
[INFO] [stderr]    Compiling tokio v1.53.1
[INFO] [stderr]    Compiling foyer-tokio v0.22.6
[INFO] [stderr]    Compiling foyer-common v0.22.6
[INFO] [stderr]    Compiling serde v1.0.229
[INFO] [stderr]    Compiling foyer-memory v0.22.6
[INFO] [stderr]    Compiling lz4 v1.28.1
[INFO] [stderr]    Compiling zstd-safe v7.3.0
[INFO] [stderr]    Compiling zstd v0.13.3
[INFO] [stderr]    Compiling foyer-storage v0.22.6 (/opt/rustwide/workdir)
[INFO] [stderr]     Finished `release` profile [optimized] target(s) in 2m 03s
[INFO] running `Command { std: "docker" "inspect" "08f565b281feca6b897f386eb8bd6f48850c534f477e21614b0b839efb5deea2", kill_on_drop: false }`
[INFO] running `Command { std: "docker" "exec" "-e" "SOURCE_DIR=/opt/rustwide/workdir" "-e" "CARGO_HOME=/opt/rustwide/cargo-home" "-e" "RUSTUP_HOME=/opt/rustwide/rustup-home" "-e" "CARGO_TARGET_DIR=/opt/rustwide/target" "-e" "CARGO_INCREMENTAL=0" "-e" "RUST_BACKTRACE=full" "-e" "RUSTFLAGS=--cap-lints=warn" "-e" "RUSTDOCFLAGS=--cap-lints=warn" "-w" "/opt/rustwide/workdir" "--user" "0:0" "08f565b281feca6b897f386eb8bd6f48850c534f477e21614b0b839efb5deea2" "/opt/rustwide/cargo-home/bin/cargo" "+1.100.0-beta.1" "test" "--frozen" "--no-run" "--message-format=json" "--release", kill_on_drop: false }`
[INFO] [stderr] warning: `package.homepage` is redundant with `package.repository`
[INFO] [stderr]    --> Cargo.toml:153:12
[INFO] [stderr]     |
[INFO] [stderr] 153 | homepage = "https://github.com/foyer-rs/foyer"
[INFO] [stderr]     |            ^^^^^^^^^^^^^^^^^^^^^^^^^^^^^^^^^^^
[INFO] [stderr] ...
[INFO] [stderr] 158 | repository = "https://github.com/foyer-rs/foyer"
[INFO] [stderr]     |              -----------------------------------
[INFO] [stderr]     |
[INFO] [stderr]     = note: `cargo::redundant_homepage` is set to `warn` by default
[INFO] [stderr] help: consider removing `package.homepage`
[INFO] [stderr] warning: `foyer-storage` (manifest) generated 1 warning
[INFO] [stderr]    Compiling tracing v0.1.44
[INFO] [stderr]    Compiling anstream v1.0.0
[INFO] [stderr]    Compiling tracing-log v0.2.0
[INFO] [stderr]    Compiling env_filter v2.0.0
[INFO] [stderr]    Compiling test-log-core v0.2.21
[INFO] [stderr]    Compiling tempfile v3.27.0
[INFO] [stderr]    Compiling foyer-bytesize v2.0.0
[INFO] [stderr]    Compiling foyer-memory v0.22.6
[INFO] [stderr]    Compiling test-log-macros v0.2.21
[INFO] [stderr]    Compiling env_logger v0.11.11
[INFO] [stderr]    Compiling tracing-subscriber v0.3.23
[INFO] [stderr]    Compiling foyer-storage v0.22.6 (/opt/rustwide/workdir)
[INFO] [stderr]    Compiling test-log v0.2.21
[INFO] [stdout] warning: field `load_throttle_switch` is never read
[INFO] [stdout]   --> src/store.rs:74:5
[INFO] [stdout]    |
[INFO] [stdout] 55 | struct StoreInner<K, V, S, P>
[INFO] [stdout]    |        ---------- field in this struct
[INFO] [stdout] ...
[INFO] [stdout] 74 |     load_throttle_switch: LoadThrottleSwitch,
[INFO] [stdout]    |     ^^^^^^^^^^^^^^^^^^^^
[INFO] [stdout]    |
[INFO] [stdout]    = note: `#[warn(dead_code)]` (part of `#[warn(unused)]`) on by default
[INFO] [stdout] 
[INFO] [stdout] 
[INFO] [stderr]     Finished `release` profile [optimized] target(s) in 1m 10s
[INFO] running `Command { std: "docker" "inspect" "08f565b281feca6b897f386eb8bd6f48850c534f477e21614b0b839efb5deea2", kill_on_drop: false }`
[INFO] running `Command { std: "docker" "exec" "-e" "SOURCE_DIR=/opt/rustwide/workdir" "-e" "CARGO_HOME=/opt/rustwide/cargo-home" "-e" "RUSTUP_HOME=/opt/rustwide/rustup-home" "-e" "CARGO_TARGET_DIR=/opt/rustwide/target" "-e" "CARGO_INCREMENTAL=0" "-e" "RUST_BACKTRACE=full" "-e" "RUSTFLAGS=--cap-lints=warn" "-e" "RUSTDOCFLAGS=--cap-lints=warn" "-w" "/opt/rustwide/workdir" "--user" "0:0" "08f565b281feca6b897f386eb8bd6f48850c534f477e21614b0b839efb5deea2" "/opt/rustwide/cargo-home/bin/cargo" "+1.100.0-beta.1" "test" "--frozen" "--release", kill_on_drop: false }`
[INFO] [stderr] warning: `package.homepage` is redundant with `package.repository`
[INFO] [stderr]    --> Cargo.toml:153:12
[INFO] [stderr]     |
[INFO] [stderr] 153 | homepage = "https://github.com/foyer-rs/foyer"
[INFO] [stderr]     |            ^^^^^^^^^^^^^^^^^^^^^^^^^^^^^^^^^^^
[INFO] [stderr] ...
[INFO] [stderr] 158 | repository = "https://github.com/foyer-rs/foyer"
[INFO] [stderr]     |              -----------------------------------
[INFO] [stderr]     |
[INFO] [stderr]     = note: `cargo::redundant_homepage` is set to `warn` by default
[INFO] [stderr] help: consider removing `package.homepage`
[INFO] [stderr] warning: `foyer-storage` (manifest) generated 1 warning
[INFO] [stderr] warning: field `load_throttle_switch` is never read
[INFO] [stderr]   --> src/store.rs:74:5
[INFO] [stderr]    |
[INFO] [stderr] 55 | struct StoreInner<K, V, S, P>
[INFO] [stderr]    |        ---------- field in this struct
[INFO] [stderr] ...
[INFO] [stderr] 74 |     load_throttle_switch: LoadThrottleSwitch,
[INFO] [stderr]    |     ^^^^^^^^^^^^^^^^^^^^
[INFO] [stderr]    |
[INFO] [stderr]    = note: `#[warn(dead_code)]` (part of `#[warn(unused)]`) on by default
[INFO] [stderr] 
[INFO] [stderr] warning: `foyer-storage` (lib test) generated 1 warning
[INFO] [stderr]     Finished `release` profile [optimized] target(s) in 0.23s
[INFO] [stderr]      Running unittests src/lib.rs (/opt/rustwide/target/release/build/foyer-storage/f0eb97de45949bba/out/foyer_storage-f0eb97de45949bba)
[INFO] [stdout] 
[INFO] [stdout] running 23 tests
[INFO] [stdout] test engine::block::buffer::tests::test_split_block_last_entry ... ok
[INFO] [stdout] test engine::block::buffer::tests::test_buffer ... ok
[INFO] [stdout] test engine::block::buffer::tests::test_blob_index_serde ... ok
[INFO] [stdout] test engine::block::eviction::tests::test_fifo_picker ... ok
[INFO] [stdout] test engine::block::eviction::tests::test_invalid_ratio_picker ... ok
[INFO] [stdout] test engine::block::engine::tests::test_store_reinsertion ... ok
[INFO] [stdout] test engine::block::scanner::tests::test_block_scanner ... ok
[INFO] [stdout] test filter::tests::test_estimated_size_condition ... ok
[INFO] [stdout] test io::bytes::tests::test_dyn ... ok
[INFO] [stdout] test io::device::throttle::tests::test_iops_counter_from_str ... ok
[INFO] [stdout] test io::device::throttle::tests::test_throttle_default ... ok
[INFO] [stdout] test io::engine::tests::test_io_engine ... FAILED
[INFO] [stdout] test engine::block::engine::tests::test_store_magic_checksum_mismatch ... ok
[INFO] [stdout] test engine::block::engine::tests::test_store_enqueue_lookup_recovery ... ok
[INFO] [stdout] test engine::block::tombstone::tests::test_tombstone_log ... ok
[INFO] [stdout] test engine::block::engine::tests::test_store_delete_recovery ... ok
[INFO] [stdout] test store::tests::test_build_with_unaligned_buffer_pool_size ... ok
[INFO] [stdout] test engine::block::engine::tests::test_store_destroy_recovery ... ok
[INFO] [stdout] test engine::block::engine::tests::test_aggregated_device ... ok
[INFO] [stdout] test store::tests::test_may_contains_in_flight_entry_after_delete ... ok
[INFO] [stdout] test store::tests::test_may_contains_in_flight_entry ... ok
[INFO] [stdout] test store::tests::test_store_enqueue_admission_reject_update ... ok
[INFO] [stdout] test store::tests::test_entry_hash_collision ... ok
[INFO] [stdout] 
[INFO] [stdout] failures:
[INFO] [stdout] 
[INFO] [stdout] ---- io::engine::tests::test_io_engine stdout ----
[INFO] [stdout] ==========> 16777216
[INFO] [stdout] [2m2026-10-18T09:15:40.301890Z[0m [33m WARN[0m [2mfoyer_storage::io::device::file[0m[2m:[0m It seems a `DirectFileDevice` is used within a normal file system, which is inefficient. Please use `DirectFileDevice` directly on a raw block device. Or use `DirectFsDevice` within a normal file system.
[INFO] [stdout] 
[INFO] [stdout] thread 'io::engine::tests::test_io_engine' (1169) panicked at src/io/engine/mod.rs:186:18:
[INFO] [stdout] called `Result::unwrap()` on an `Err` value: I/O error => coding error
[INFO] [stdout] 
[INFO] [stdout] Source:
[INFO] [stdout]   Operation not permitted (os error 1)
[INFO] [stdout] 
[INFO] [stdout] Backtrace:
[INFO] [stdout]    0: <foyer_common::error::Error>::new::<&str>
[INFO] [stdout]    1: <foyer_common::error::Error>::io_error
[INFO] [stdout]    2: <foyer_storage::io::engine::uring::UringIoEngineConfig as foyer_storage::io::engine::IoEngineConfig>::build::{closure#0}
[INFO] [stdout]    3: foyer_storage::io::engine::tests::test_io_engine::{closure#0}
[INFO] [stdout]    4: <tokio::runtime::scheduler::current_thread::Context>::enter::<core::task::poll::Poll<()>, <tokio::runtime::scheduler::current_thread::CoreGuard>::block_on<core::pin::Pin<&mut core::pin::Pin<&mut dyn core::future::future::Future<Output = ()>>>>::{closure#0}::{closure#0}>
[INFO] [stdout]    5: <tokio::runtime::context::scoped::Scoped<tokio::runtime::scheduler::Context>>::set::<<tokio::runtime::scheduler::current_thread::CoreGuard>::enter<<tokio::runtime::scheduler::current_thread::CoreGuard>::block_on<core::pin::Pin<&mut core::pin::Pin<&mut dyn core::future::future::Future<Output = ()>>>>::{closure#0}, core::option::Option<()>>::{closure#0}, (alloc::boxed::Box<tokio::runtime::scheduler::current_thread::Core>, core::option::Option<()>)>
[INFO] [stdout]    6: <tokio::runtime::runtime::Runtime>::block_on::<core::pin::Pin<&mut dyn core::future::future::Future<Output = ()>>>
[INFO] [stdout]    7: <foyer_storage::io::engine::tests::test_io_engine::{closure#0} as core::ops::function::FnOnce<()>>::call_once
[INFO] [stdout]    8: test::__rust_begin_short_backtrace::<core::result::Result<(), alloc::string::String>, fn() -> core::result::Result<(), alloc::string::String>>
[INFO] [stdout]    9: test::run_test::{closure#0}
[INFO] [stdout]   10: std::sys::backtrace::__rust_begin_short_backtrace::<test::run_test::{closure#1}, ()>
[INFO] [stdout]   11: <std::thread::lifecycle::spawn_unchecked<test::run_test::{closure#1}, ()>::{closure#1} as core::ops::function::FnOnce<()>>::call_once::{shim:vtable#0}
[INFO] [stdout]   12: <std::sys::thread::unix::Thread>::new::thread_start
[INFO] [stdout]   13: <unknown>
[INFO] [stdout]   14: clone
[INFO] [stdout] 
[INFO] [stdout] 
[INFO] [stdout] stack backtrace:
[INFO] [stdout]    0:     0x56e9b3ebbaf1 - <<std[617be2ca0a6fd877]::sys::backtrace::BacktraceLock>::print::DisplayBacktrace as core[a373ad73a504971]::fmt::Display>::fmt
[INFO] [stdout]    1:     0x56e9b3ed21aa - core[a373ad73a504971]::fmt::write
[INFO] [stdout]    2:     0x56e9b3ec099c - <alloc[2e1b2a31b91974c5]::vec::Vec<u8> as core[a373ad73a504971]::io::write::Write>::write_fmt
[INFO] [stdout]    3:     0x56e9b3e94e96 - std[617be2ca0a6fd877]::panicking::default_hook::{closure#0}
[INFO] [stdout]    4:     0x56e9b3eb2949 - std[617be2ca0a6fd877]::panicking::default_hook
[INFO] [stdout]    5:     0x56e9b3db3980 - test[aada8e7e76ba119b]::test_main_inner::{closure#0}
[INFO] [stdout]    6:     0x56e9b3eb2c72 - std[617be2ca0a6fd877]::panicking::panic_with_hook
[INFO] [stdout]    7:     0x56e9b3e94f42 - std[617be2ca0a6fd877]::panicking::panic_handler::{closure#0}
[INFO] [stdout]    8:     0x56e9b3e8d349 - std[617be2ca0a6fd877]::sys::backtrace::__rust_end_short_backtrace::<std[617be2ca0a6fd877]::panicking::panic_handler::{closure#0}, !>
[INFO] [stdout]    9:     0x56e9b3e95c5d - __rustc[ea4f61d10b84890b]::rust_begin_unwind
[INFO] [stdout]   10:     0x56e9b3ed298c - core[a373ad73a504971]::panicking::panic_fmt
[INFO] [stdout]   11:     0x56e9b3ed2762 - core[a373ad73a504971]::result::unwrap_failed
[INFO] [stdout]   12:     0x56e9b3bc2977 - foyer_storage[3252868ef0d9d0e8]::io::engine::tests::test_io_engine::{closure#0}
[INFO] [stdout]   13:     0x56e9b3bb2e63 - <tokio[1450b7f5cc285cb8]::runtime::scheduler::current_thread::Context>::enter::<core[a373ad73a504971]::task::poll::Poll<()>, <tokio[1450b7f5cc285cb8]::runtime::scheduler::current_thread::CoreGuard>::block_on<core[a373ad73a504971]::pin::Pin<&mut core[a373ad73a504971]::pin::Pin<&mut dyn core[a373ad73a504971]::future::future::Future<Output = ()>>>>::{closure#0}::{closure#0}>
[INFO] [stdout]   14:     0x56e9b3c58d9c - <tokio[1450b7f5cc285cb8]::runtime::context::scoped::Scoped<tokio[1450b7f5cc285cb8]::runtime::scheduler::Context>>::set::<<tokio[1450b7f5cc285cb8]::runtime::scheduler::current_thread::CoreGuard>::enter<<tokio[1450b7f5cc285cb8]::runtime::scheduler::current_thread::CoreGuard>::block_on<core[a373ad73a504971]::pin::Pin<&mut core[a373ad73a504971]::pin::Pin<&mut dyn core[a373ad73a504971]::future::future::Future<Output = ()>>>>::{closure#0}, core[a373ad73a504971]::option::Option<()>>::{closure#0}, (alloc[2e1b2a31b91974c5]::boxed::Box<tokio[1450b7f5cc285cb8]::runtime::scheduler::current_thread::Core>, core[a373ad73a504971]::option::Option<()>)>
[INFO] [stdout]   15:     0x56e9b3bb2a69 - <tokio[1450b7f5cc285cb8]::runtime::runtime::Runtime>::block_on::<core[a373ad73a504971]::pin::Pin<&mut dyn core[a373ad73a504971]::future::future::Future<Output = ()>>>
[INFO] [stdout]   16:     0x56e9b3bc98f1 - <foyer_storage[3252868ef0d9d0e8]::io::engine::tests::test_io_engine::{closure#0} as core[a373ad73a504971]::ops::function::FnOnce<()>>::call_once
[INFO] [stdout]   17:     0x56e9b3da6dcb - test[aada8e7e76ba119b]::__rust_begin_short_backtrace::<core[a373ad73a504971]::result::Result<(), alloc[2e1b2a31b91974c5]::string::String>, fn() -> core[a373ad73a504971]::result::Result<(), alloc[2e1b2a31b91974c5]::string::String>>
[INFO] [stdout]   18:     0x56e9b3db3fa5 - test[aada8e7e76ba119b]::run_test::{closure#0}
[INFO] [stdout]   19:     0x56e9b3dad894 - std[617be2ca0a6fd877]::sys::backtrace::__rust_begin_short_backtrace::<test[aada8e7e76ba119b]::run_test::{closure#1}, ()>
[INFO] [stdout]   20:     0x56e9b3db7032 - <std[617be2ca0a6fd877]::thread::lifecycle::spawn_unchecked<test[aada8e7e76ba119b]::run_test::{closure#1}, ()>::{closure#1} as core[a373ad73a504971]::ops::function::FnOnce<()>>::call_once::{shim:vtable#0}
[INFO] [stdout]   21:     0x56e9b3ebad1f - <std[617be2ca0a6fd877]::sys::thread::unix::Thread>::new::thread_start
[INFO] [stdout]   22:     0x7163f527fdfa - <unknown>
[INFO] [stdout]   23:     0x7163f53133d4 - clone
[INFO] [stdout]   24:                0x0 - <unknown>
[INFO] [stdout] 
[INFO] [stdout] 
[INFO] [stdout] failures:
[INFO] [stdout]     io::engine::tests::test_io_engine
[INFO] [stdout] 
[INFO] [stdout] test result: FAILED. 22 passed; 1 failed; 0 ignored; 0 measured; 0 filtered out; finished in 0.34s
[INFO] [stdout] 
[INFO] [stderr] error: test failed, to rerun pass `--lib`
[INFO] running `Command { std: "docker" "inspect" "08f565b281feca6b897f386eb8bd6f48850c534f477e21614b0b839efb5deea2", kill_on_drop: false }`
[INFO] running `Command { std: "docker" "rm" "-f" "08f565b281feca6b897f386eb8bd6f48850c534f477e21614b0b839efb5deea2", kill_on_drop: false }`
[INFO] [stdout] 08f565b281feca6b897f386eb8bd6f48850c534f477e21614b0b839efb5deea2
