[INFO] fetching crate foxtive-ntex-multipart 1.1.0...
[INFO] testing foxtive-ntex-multipart-1.1.0 against 1.100.0-beta.1+cargoflags=--release for beta-release-1.100-2
[INFO] extracting crate foxtive-ntex-multipart 1.1.0 into /workspace/builds/worker-5-tc2/source
[INFO] started tweaking crates.io crate foxtive-ntex-multipart 1.1.0
[INFO] removed 0 missing examples
[INFO] finished tweaking crates.io crate foxtive-ntex-multipart 1.1.0
[INFO] tweaked toml for crates.io crate foxtive-ntex-multipart 1.1.0 written to /workspace/builds/worker-5-tc2/source/Cargo.toml
[INFO] validating manifest of crates.io crate foxtive-ntex-multipart 1.1.0 on toolchain 1.100.0-beta.1
[INFO] running `Command { std: CARGO_HOME="/workspace/cargo-home" RUSTUP_HOME="/workspace/rustup-home" "/workspace/cargo-home/bin/cargo" "+1.100.0-beta.1" "metadata" "--manifest-path" "Cargo.toml" "--no-deps", kill_on_drop: false }`
[INFO] crate crates.io crate foxtive-ntex-multipart 1.1.0 already has a lockfile, it will not be regenerated
[INFO] running `Command { std: CARGO_HOME="/workspace/cargo-home" RUSTUP_HOME="/workspace/rustup-home" "/workspace/cargo-home/bin/cargo" "+1.100.0-beta.1" "fetch" "--manifest-path" "Cargo.toml", kill_on_drop: false }`
[INFO] running `Command { std: "docker" "create" "-v" "/var/lib/crater-agent-workspace/builds/worker-5-tc2/source:/opt/rustwide/workdir:ro,Z" "-v" "/var/lib/crater-agent-workspace/builds/worker-5-tc2/target:/opt/rustwide/target:rw,Z" "-v" "/var/lib/crater-agent-workspace/cargo-home:/opt/rustwide/cargo-home:ro,Z" "-v" "/var/lib/crater-agent-workspace/rustup-home:/opt/rustwide/rustup-home:ro,Z" "-m" "1610612736" "--network" "none" "ghcr.io/rust-lang/crates-build-env/linux@sha256:77db811e55d90add9212f6832c23229e3de5f1c1f9905e8cb07319ea15df73ac" "sleep" "infinity", kill_on_drop: false }`
[INFO] [stdout] 4a88d57162dc1087fdbae979b244b62fca8336fbffa4b77a049a002344d21b3f
[INFO] running `Command { std: "docker" "start" "4a88d57162dc1087fdbae979b244b62fca8336fbffa4b77a049a002344d21b3f", kill_on_drop: false }`
[INFO] running `Command { std: "docker" "inspect" "4a88d57162dc1087fdbae979b244b62fca8336fbffa4b77a049a002344d21b3f", kill_on_drop: false }`
[INFO] running `Command { std: "docker" "exec" "-e" "SOURCE_DIR=/opt/rustwide/workdir" "-e" "CARGO_HOME=/opt/rustwide/cargo-home" "-e" "RUSTUP_HOME=/opt/rustwide/rustup-home" "-e" "CARGO_TARGET_DIR=/opt/rustwide/target" "-w" "/opt/rustwide/workdir" "--user" "0:0" "4a88d57162dc1087fdbae979b244b62fca8336fbffa4b77a049a002344d21b3f" "/opt/rustwide/cargo-home/bin/cargo" "+1.100.0-beta.1" "metadata" "--no-deps" "--format-version=1", kill_on_drop: false }`
[INFO] running `Command { std: "docker" "inspect" "4a88d57162dc1087fdbae979b244b62fca8336fbffa4b77a049a002344d21b3f", kill_on_drop: false }`
[INFO] running `Command { std: "docker" "exec" "-e" "SOURCE_DIR=/opt/rustwide/workdir" "-e" "CARGO_HOME=/opt/rustwide/cargo-home" "-e" "RUSTUP_HOME=/opt/rustwide/rustup-home" "-e" "CARGO_TARGET_DIR=/opt/rustwide/target" "-e" "CARGO_INCREMENTAL=0" "-e" "RUST_BACKTRACE=full" "-e" "RUSTFLAGS=--cap-lints=warn" "-e" "RUSTDOCFLAGS=--cap-lints=warn" "-w" "/opt/rustwide/workdir" "--user" "0:0" "4a88d57162dc1087fdbae979b244b62fca8336fbffa4b77a049a002344d21b3f" "/opt/rustwide/cargo-home/bin/cargo" "+1.100.0-beta.1" "build" "--frozen" "--message-format=json" "--release", kill_on_drop: false }`
[INFO] [stderr]    Compiling memchr v2.8.3
[INFO] [stderr]    Compiling simdutf8 v0.1.5
[INFO] [stderr]    Compiling crossbeam-utils v0.8.23
[INFO] [stderr]    Compiling serde_derive v1.0.229
[INFO] [stderr]    Compiling thiserror-impl v2.0.21
[INFO] [stderr]    Compiling nix v0.31.3
[INFO] [stderr]    Compiling event-listener v5.4.2
[INFO] [stderr]    Compiling parking_lot_core v0.9.12
[INFO] [stderr]    Compiling signal-hook v0.4.5
[INFO] [stderr]    Compiling parking_lot v0.12.5
[INFO] [stderr]    Compiling event-listener-strategy v0.5.4
[INFO] [stderr]    Compiling ntex-rt v4.2.0
[INFO] [stderr]    Compiling rustix v1.1.5
[INFO] [stderr]    Compiling http v1.5.0
[INFO] [stderr]    Compiling object v0.37.3
[INFO] [stderr]    Compiling concurrent-queue v2.5.0
[INFO] [stderr]    Compiling async-channel v2.5.0
[INFO] [stderr]    Compiling thiserror v2.0.21
[INFO] [stderr]    Compiling swap-buffer-queue v0.2.1
[INFO] [stderr]    Compiling crossbeam-queue v0.3.14
[INFO] [stderr]    Compiling crossbeam-channel v0.5.17
[INFO] [stderr]    Compiling syn v2.0.119
[INFO] [stderr]    Compiling async-task v4.7.1
[INFO] [stderr]    Compiling oneshot v0.2.1
[INFO] [stderr]    Compiling scoped-tls v1.0.1
[INFO] [stderr]    Compiling hashbrown v0.17.1
[INFO] [stderr]    Compiling ntex-service v5.2.0
[INFO] [stderr]    Compiling ntex-io-uring v0.8.7150
[INFO] [stderr]    Compiling getrandom v0.4.3
[INFO] [stderr]    Compiling sc v0.2.7
[INFO] [stderr]    Compiling futures-channel v0.3.34
[INFO] [stderr]    Compiling futures-macro v0.3.34
[INFO] [stderr]    Compiling uuid v1.27.0
[INFO] [stderr]    Compiling aho-corasick v1.1.5
[INFO] [stderr]    Compiling serde v1.0.229
[INFO] [stderr]    Compiling futures-util v0.3.34
[INFO] [stderr]    Compiling num_cpus v1.17.0
[INFO] [stderr]    Compiling core_affinity v0.8.3
[INFO] [stderr]    Compiling ntex-tls v4.3.1
[INFO] [stderr]    Compiling num-traits v0.2.19
[INFO] [stderr]    Compiling ntex-bytes v1.11.0
[INFO] [stderr]    Compiling regex-automata v0.4.18
[INFO] [stderr]    Compiling serde_json v1.0.151
[INFO] [stderr]    Compiling ntex-codec v2.0.0
[INFO] [stderr]    Compiling urly v1.1.0
[INFO] [stderr]    Compiling backtrace v0.3.76
[INFO] [stderr]    Compiling ntex-error v3.0.0
[INFO] [stderr]    Compiling ntex-polling v4.0.0
[INFO] [stderr]    Compiling polling v3.11.0
[INFO] [stderr]    Compiling regex v1.13.1
[INFO] [stderr]    Compiling derive_more-impl v2.1.1
[INFO] [stderr]    Compiling ntex-util v4.3.0
[INFO] [stderr]    Compiling ntex-http v2.0.0
[INFO] [stderr]    Compiling env_filter v2.0.0
[INFO] [stderr]    Compiling tokio-macros v2.7.2
[INFO] [stderr]    Compiling ntex-io v4.3.0
[INFO] [stderr]    Compiling mio v1.2.4
[INFO] [stderr]    Compiling nanorand v0.8.0
[INFO] [stderr]    Compiling v_htmlescape v0.15.8
[INFO] [stderr]    Compiling debug_unsafe v0.1.4
[INFO] [stderr]    Compiling encoding_rs v0.8.42
[INFO] [stderr]    Compiling atoi_simd v0.18.1
[INFO] [stderr]    Compiling serde_urlencoded v0.7.1
[INFO] [stderr]    Compiling ntex-net v4.3.0
[INFO] [stderr]    Compiling ntex-dispatcher v4.3.0
[INFO] [stderr]    Compiling derive_more v2.1.1
[INFO] [stderr]    Compiling tokio v1.53.2
[INFO] [stderr]    Compiling env_logger v0.11.11
[INFO] [stderr]    Compiling ntex-router v2.1.0
[INFO] [stderr]    Compiling futures-executor v0.3.34
[INFO] [stderr]    Compiling ntex-server v4.2.0
[INFO] [stderr]    Compiling variadics_please v1.1.0
[INFO] [stderr]    Compiling ntex-h2 v4.2.0
[INFO] [stderr]    Compiling ntex-httparse v2.2.0
[INFO] [stderr]    Compiling ntex-macros v4.1.0
[INFO] [stderr]    Compiling strum_macros v0.28.0
[INFO] [stderr]    Compiling futures v0.3.34
[INFO] [stderr]    Compiling ntex v4.0.0
[INFO] [stderr]    Compiling tracing-attributes v0.1.31
[INFO] [stderr]    Compiling strum v0.28.0
[INFO] [stderr]    Compiling foxtive-macros v0.6.0
[INFO] [stderr]    Compiling tracing v0.1.44
[INFO] [stderr]    Compiling tokio-util v0.7.19
[INFO] [stderr]    Compiling tokio-stream v0.1.19
[INFO] [stderr]    Compiling chrono v0.4.45
[INFO] [stderr]    Compiling tempfile v3.27.0
[INFO] [stderr]    Compiling twoway v0.2.2
[INFO] [stderr]    Compiling serde_plain v1.0.2
[INFO] [stderr]    Compiling zeroize v1.9.1
[INFO] [stderr]    Compiling foxtive v1.4.1
[INFO] [stderr]    Compiling ntex-files v4.1.0
[INFO] [stderr]    Compiling ntex-multipart v4.1.0
[INFO] [stderr]    Compiling foxtive-ntex-multipart v1.1.0 (/opt/rustwide/workdir)
[INFO] [stderr]     Finished `release` profile [optimized] target(s) in 3m 15s
[INFO] running `Command { std: "docker" "inspect" "4a88d57162dc1087fdbae979b244b62fca8336fbffa4b77a049a002344d21b3f", kill_on_drop: false }`
[INFO] running `Command { std: "docker" "exec" "-e" "SOURCE_DIR=/opt/rustwide/workdir" "-e" "CARGO_HOME=/opt/rustwide/cargo-home" "-e" "RUSTUP_HOME=/opt/rustwide/rustup-home" "-e" "CARGO_TARGET_DIR=/opt/rustwide/target" "-e" "CARGO_INCREMENTAL=0" "-e" "RUST_BACKTRACE=full" "-e" "RUSTFLAGS=--cap-lints=warn" "-e" "RUSTDOCFLAGS=--cap-lints=warn" "-w" "/opt/rustwide/workdir" "--user" "0:0" "4a88d57162dc1087fdbae979b244b62fca8336fbffa4b77a049a002344d21b3f" "/opt/rustwide/cargo-home/bin/cargo" "+1.100.0-beta.1" "test" "--frozen" "--no-run" "--message-format=json" "--release", kill_on_drop: false }`
[INFO] [stderr]    Compiling tokio v1.53.2
[INFO] [stderr]    Compiling tokio-util v0.7.19
[INFO] [stderr]    Compiling tokio-stream v0.1.19
[INFO] [stderr]    Compiling foxtive v1.4.1
[INFO] [stderr]    Compiling foxtive-ntex-multipart v1.1.0 (/opt/rustwide/workdir)
[INFO] [stderr]     Finished `release` profile [optimized] target(s) in 33.24s
[INFO] running `Command { std: "docker" "inspect" "4a88d57162dc1087fdbae979b244b62fca8336fbffa4b77a049a002344d21b3f", kill_on_drop: false }`
[INFO] running `Command { std: "docker" "exec" "-e" "SOURCE_DIR=/opt/rustwide/workdir" "-e" "CARGO_HOME=/opt/rustwide/cargo-home" "-e" "RUSTUP_HOME=/opt/rustwide/rustup-home" "-e" "CARGO_TARGET_DIR=/opt/rustwide/target" "-e" "CARGO_INCREMENTAL=0" "-e" "RUST_BACKTRACE=full" "-e" "RUSTFLAGS=--cap-lints=warn" "-e" "RUSTDOCFLAGS=--cap-lints=warn" "-w" "/opt/rustwide/workdir" "--user" "0:0" "4a88d57162dc1087fdbae979b244b62fca8336fbffa4b77a049a002344d21b3f" "/opt/rustwide/cargo-home/bin/cargo" "+1.100.0-beta.1" "test" "--frozen" "--release", kill_on_drop: false }`
[INFO] [stderr]     Finished `release` profile [optimized] target(s) in 0.22s
[INFO] [stderr]      Running unittests src/lib.rs (/opt/rustwide/target/release/build/foxtive-ntex-multipart/ddfd819981efab55/out/foxtive_ntex_multipart-ddfd819981efab55)
[INFO] [stdout] 
[INFO] [stdout] running 59 tests
[INFO] [stdout] test content_disposition::tests::test_create_no_filename ... ok
[INFO] [stdout] test content_disposition::tests::test_parse_multiple_parameters ... ok
[INFO] [stdout] test content_disposition::tests::test_get_variable ... ok
[INFO] [stdout] test content_disposition::tests::test_parse_quoted_values ... ok
[INFO] [stdout] test content_disposition::tests::test_create_valid_disposition ... ok
[INFO] [stdout] test content_disposition::tests::test_parse_filename_only ... ok
[INFO] [stdout] test content_disposition::tests::test_parse_no_fields ... ok
[INFO] [stdout] test content_disposition::tests::test_create_empty_disposition ... ok
[INFO] [stdout] test content_disposition::tests::test_parse_name_only ... ok
[INFO] [stdout] test content_disposition::tests::test_get_variables ... ok
[INFO] [stdout] test file_input::tests::test_create_missing_content_type ... ok
[INFO] [stdout] test file_input::tests::test_calculate_size_empty ... ok
[INFO] [stdout] test file_input::tests::test_clone_file_input ... ok
[INFO] [stdout] test file_input::tests::test_calculate_size_performance ... ok
[INFO] [stdout] test file_input::tests::test_calculate_size_multiple_chunks ... ok
[INFO] [stdout] test content_disposition::tests::test_parse_with_spaces ... ok
[INFO] [stdout] test file_input::tests::test_calculate_size_single_chunk ... ok
[INFO] [stdout] test file_input::tests::test_calculate_size_various_sizes ... ok
[INFO] [stdout] test file_input::tests::test_create_with_multiple_extensions ... ok
[INFO] [stdout] test file_input::tests::test_create_success ... ok
[INFO] [stdout] test file_input::tests::test_create_various_content_types ... ok
[INFO] [stdout] test file_input::tests::test_create_with_no_extension ... ok
[INFO] [stdout] test file_input::tests::test_file_input_workflow ... ok
[INFO] [stdout] test file_input::tests::test_get_content_type_missing ... ok
[INFO] [stdout] test file_input::tests::test_get_content_type_invalid_header ... ok
[INFO] [stdout] test file_input::tests::test_default_file_input ... ok
[INFO] [stdout] test file_validator::tests::test_validate_content_type_invalid ... ok
[INFO] [stdout] test file_input::tests::test_get_content_type_success ... ok
[INFO] [stdout] test file_validator::tests::test_validate_file_count_ok ... ok
[INFO] [stdout] test file_input::tests::test_human_size_bytes ... ok
[INFO] [stdout] test file_input::tests::test_human_size_kilobytes ... ok
[INFO] [stdout] test file_input::tests::test_human_size_megabytes ... ok
[INFO] [stdout] test file_validator::tests::test_validate_file_extension_invalid ... ok
[INFO] [stdout] test file_validator::tests::test_validate_file_size_ok ... ok
[INFO] [stdout] test file_validator::tests::test_validate_file_extension_valid ... ok
[INFO] [stdout] test file_validator::tests::test_validate_required_files_missing ... ok
[INFO] [stdout] test file_validator::tests::test_validate_required_files_present ... ok
[INFO] [stdout] test file_validator::tests::test_validate_file_count_too_few ... ok
[INFO] [stdout] test file_validator::tests::test_validate_file_size_too_small ... ok
[INFO] [stdout] test file_validator::tests::test_validate_file_count_too_many ... ok
[INFO] [stdout] test tests::test::test_first_file_and_data_input ... ok
[INFO] [stdout] test tests::test::test_default_config_limits ... ok
[INFO] [stdout] test tests::test::test_empty_file_field ... ok
[INFO] [stdout] test tests::test::test_comprehensive_fromstr_type_support ... ok
[INFO] [stdout] test tests::test::test_custom_type_support ... ok
[INFO] [stdout] test tests::test::test_multiple_files ... ok
[INFO] [stdout] test tests::test::test_post_method_with_option_types ... ok
[INFO] [stdout] test tests::test::test_post_method_error_handling ... ok
[INFO] [stdout] test tests::test::test_multipart_new ... ok
[INFO] [stdout] test tests::test::test_multiple_data_fields ... ok
[INFO] [stdout] test tests::test::test_post_method_with_types ... ok
[INFO] [stdout] test tests::test::test_post_opt_method ... ok
[INFO] [stdout] test tests::test::test_path_traversal_prevention ... ok
[INFO] [stdout] test tests::test::test_post_or_method ... ok
[INFO] [stdout] test tests::test::test_validate_files_too_few ... ok
[INFO] [stdout] test tests::test::test_real_world_integration ... ok
[INFO] [stdout] test tests::test::test_save_ondisk_file ... ok
[INFO] [stdout] test tests::test::test_save_file ... FAILED
[INFO] [stdout] test tests::test::test_read_bytes_from_ondisk ... ok
[INFO] [stdout] 
[INFO] [stdout] failures:
[INFO] [stdout] 
[INFO] [stdout] ---- tests::test::test_save_file stdout ----
[INFO] [stdout] 
[INFO] [stdout] thread 'tests::test::test_save_file' (2118) panicked at src/tests.rs:64:9:
[INFO] [stdout] assertion failed: result.is_ok()
[INFO] [stdout] stack backtrace:
[INFO] [stdout]    0:     0x616125004b31 - <<std[617be2ca0a6fd877]::sys::backtrace::BacktraceLock>::print::DisplayBacktrace as core[a373ad73a504971]::fmt::Display>::fmt
[INFO] [stdout]    1:     0x61612501bd5a - core[a373ad73a504971]::fmt::write
[INFO] [stdout]    2:     0x616125008e8c - <alloc[2e1b2a31b91974c5]::vec::Vec<u8> as core[a373ad73a504971]::io::write::Write>::write_fmt
[INFO] [stdout]    3:     0x616124fdf116 - std[617be2ca0a6fd877]::panicking::default_hook::{closure#0}
[INFO] [stdout]    4:     0x616124ffbb89 - std[617be2ca0a6fd877]::panicking::default_hook
[INFO] [stdout]    5:     0x616124f6e970 - test[aada8e7e76ba119b]::test_main_inner::{closure#0}
[INFO] [stdout]    6:     0x616124ffbd42 - std[617be2ca0a6fd877]::panicking::panic_with_hook
[INFO] [stdout]    7:     0x616124fdf1f4 - std[617be2ca0a6fd877]::panicking::panic_handler::{closure#0}
[INFO] [stdout]    8:     0x616124fd7c99 - std[617be2ca0a6fd877]::sys::backtrace::__rust_end_short_backtrace::<std[617be2ca0a6fd877]::panicking::panic_handler::{closure#0}, !>
[INFO] [stdout]    9:     0x616124fdfdcd - __rustc[ea4f61d10b84890b]::rust_begin_unwind
[INFO] [stdout]   10:     0x61612501c4bc - core[a373ad73a504971]::panicking::panic_fmt
[INFO] [stdout]   11:     0x61612501c482 - core[a373ad73a504971]::panicking::panic
[INFO] [stdout]   12:     0x616124f33e4f - foxtive_ntex_multipart[7bf107f20cbf6805]::tests::test::test_save_file::{closure#0}
[INFO] [stdout]   13:     0x616124f4e7e3 - <tokio[5e98c9a5ca74c98a]::runtime::scheduler::current_thread::Context>::enter::<core[a373ad73a504971]::task::poll::Poll<()>, <tokio[5e98c9a5ca74c98a]::runtime::scheduler::current_thread::CoreGuard>::block_on<core[a373ad73a504971]::pin::Pin<&mut core[a373ad73a504971]::pin::Pin<&mut dyn core[a373ad73a504971]::future::future::Future<Output = ()>>>>::{closure#0}::{closure#0}>
[INFO] [stdout]   14:     0x616124f602ec - <tokio[5e98c9a5ca74c98a]::runtime::context::scoped::Scoped<tokio[5e98c9a5ca74c98a]::runtime::scheduler::Context>>::set::<<tokio[5e98c9a5ca74c98a]::runtime::scheduler::current_thread::CoreGuard>::enter<<tokio[5e98c9a5ca74c98a]::runtime::scheduler::current_thread::CoreGuard>::block_on<core[a373ad73a504971]::pin::Pin<&mut core[a373ad73a504971]::pin::Pin<&mut dyn core[a373ad73a504971]::future::future::Future<Output = ()>>>>::{closure#0}, core[a373ad73a504971]::option::Option<()>>::{closure#0}, (alloc[2e1b2a31b91974c5]::boxed::Box<tokio[5e98c9a5ca74c98a]::runtime::scheduler::current_thread::Core>, core[a373ad73a504971]::option::Option<()>)>
[INFO] [stdout]   15:     0x616124f4e987 - <tokio[5e98c9a5ca74c98a]::runtime::scheduler::current_thread::CoreGuard>::block_on::<core[a373ad73a504971]::pin::Pin<&mut core[a373ad73a504971]::pin::Pin<&mut dyn core[a373ad73a504971]::future::future::Future<Output = ()>>>>
[INFO] [stdout]   16:     0x616124f5cfe6 - tokio[5e98c9a5ca74c98a]::runtime::context::runtime::enter_runtime::<<tokio[5e98c9a5ca74c98a]::runtime::scheduler::current_thread::CurrentThread>::block_on<core[a373ad73a504971]::pin::Pin<&mut dyn core[a373ad73a504971]::future::future::Future<Output = ()>>>::{closure#0}, ()>
[INFO] [stdout]   17:     0x616124f58dd5 - <tokio[5e98c9a5ca74c98a]::runtime::runtime::Runtime>::block_on::<core[a373ad73a504971]::pin::Pin<&mut dyn core[a373ad73a504971]::future::future::Future<Output = ()>>>
[INFO] [stdout]   18:     0x616124f3f2ae - <foxtive_ntex_multipart[7bf107f20cbf6805]::tests::test::test_save_file::{closure#0} as core[a373ad73a504971]::ops::function::FnOnce<()>>::call_once
[INFO] [stdout]   19:     0x616124f61dbb - test[aada8e7e76ba119b]::__rust_begin_short_backtrace::<core[a373ad73a504971]::result::Result<(), alloc[2e1b2a31b91974c5]::string::String>, fn() -> core[a373ad73a504971]::result::Result<(), alloc[2e1b2a31b91974c5]::string::String>>
[INFO] [stdout]   20:     0x616124f6ef95 - test[aada8e7e76ba119b]::run_test::{closure#0}
[INFO] [stdout]   21:     0x616124f68884 - std[617be2ca0a6fd877]::sys::backtrace::__rust_begin_short_backtrace::<test[aada8e7e76ba119b]::run_test::{closure#1}, ()>
[INFO] [stdout]   22:     0x616124f72022 - <std[617be2ca0a6fd877]::thread::lifecycle::spawn_unchecked<test[aada8e7e76ba119b]::run_test::{closure#1}, ()>::{closure#1} as core[a373ad73a504971]::ops::function::FnOnce<()>>::call_once::{shim:vtable#0}
[INFO] [stdout]   23:     0x616125003a7f - <std[617be2ca0a6fd877]::sys::thread::unix::Thread>::new::thread_start
[INFO] [stdout]   24:     0x7838004d1dfa - <unknown>
[INFO] [stdout]   25:     0x7838005653d4 - clone
[INFO] [stdout]   26:                0x0 - <unknown>
[INFO] [stdout] 
[INFO] [stdout] 
[INFO] [stdout] failures:
[INFO] [stdout]     tests::test::test_save_file
[INFO] [stdout] 
[INFO] [stdout] test result: FAILED. 58 passed; 1 failed; 0 ignored; 0 measured; 0 filtered out; finished in 0.06s
[INFO] [stdout] 
[INFO] [stderr] error: test failed, to rerun pass `--lib`
[INFO] running `Command { std: "docker" "inspect" "4a88d57162dc1087fdbae979b244b62fca8336fbffa4b77a049a002344d21b3f", kill_on_drop: false }`
[INFO] running `Command { std: "docker" "rm" "-f" "4a88d57162dc1087fdbae979b244b62fca8336fbffa4b77a049a002344d21b3f", kill_on_drop: false }`
[INFO] [stdout] 4a88d57162dc1087fdbae979b244b62fca8336fbffa4b77a049a002344d21b3f
