[INFO] fetching crate foxmark3 0.1.1...
[INFO] testing foxmark3-0.1.1 against 1.100.0-beta.1+cargoflags=--release for beta-release-1.100-2
[INFO] extracting crate foxmark3 0.1.1 into /workspace/builds/worker-0-tc2/source
[INFO] started tweaking crates.io crate foxmark3 0.1.1
[INFO] removed 0 missing examples
[INFO] finished tweaking crates.io crate foxmark3 0.1.1
[INFO] tweaked toml for crates.io crate foxmark3 0.1.1 written to /workspace/builds/worker-0-tc2/source/Cargo.toml
[INFO] validating manifest of crates.io crate foxmark3 0.1.1 on toolchain 1.100.0-beta.1
[INFO] running `Command { std: CARGO_HOME="/workspace/cargo-home" RUSTUP_HOME="/workspace/rustup-home" "/workspace/cargo-home/bin/cargo" "+1.100.0-beta.1" "metadata" "--manifest-path" "Cargo.toml" "--no-deps", kill_on_drop: false }`
[INFO] crate crates.io crate foxmark3 0.1.1 already has a lockfile, it will not be regenerated
[INFO] running `Command { std: CARGO_HOME="/workspace/cargo-home" RUSTUP_HOME="/workspace/rustup-home" "/workspace/cargo-home/bin/cargo" "+1.100.0-beta.1" "fetch" "--manifest-path" "Cargo.toml", kill_on_drop: false }`
[INFO] running `Command { std: "docker" "create" "-v" "/var/lib/crater-agent-workspace/builds/worker-0-tc2/source:/opt/rustwide/workdir:ro,Z" "-v" "/var/lib/crater-agent-workspace/builds/worker-0-tc2/target:/opt/rustwide/target:rw,Z" "-v" "/var/lib/crater-agent-workspace/cargo-home:/opt/rustwide/cargo-home:ro,Z" "-v" "/var/lib/crater-agent-workspace/rustup-home:/opt/rustwide/rustup-home:ro,Z" "-m" "1610612736" "--network" "none" "ghcr.io/rust-lang/crates-build-env/linux@sha256:77db811e55d90add9212f6832c23229e3de5f1c1f9905e8cb07319ea15df73ac" "sleep" "infinity", kill_on_drop: false }`
[INFO] [stdout] ffeb1ee6e18c9b8cb027bc4e96a130dbef2a986762af76538dd099f1e9f2a8aa
[INFO] running `Command { std: "docker" "start" "ffeb1ee6e18c9b8cb027bc4e96a130dbef2a986762af76538dd099f1e9f2a8aa", kill_on_drop: false }`
[INFO] running `Command { std: "docker" "inspect" "ffeb1ee6e18c9b8cb027bc4e96a130dbef2a986762af76538dd099f1e9f2a8aa", kill_on_drop: false }`
[INFO] running `Command { std: "docker" "exec" "-e" "SOURCE_DIR=/opt/rustwide/workdir" "-e" "CARGO_HOME=/opt/rustwide/cargo-home" "-e" "RUSTUP_HOME=/opt/rustwide/rustup-home" "-e" "CARGO_TARGET_DIR=/opt/rustwide/target" "-w" "/opt/rustwide/workdir" "--user" "0:0" "ffeb1ee6e18c9b8cb027bc4e96a130dbef2a986762af76538dd099f1e9f2a8aa" "/opt/rustwide/cargo-home/bin/cargo" "+1.100.0-beta.1" "metadata" "--no-deps" "--format-version=1", kill_on_drop: false }`
[INFO] running `Command { std: "docker" "inspect" "ffeb1ee6e18c9b8cb027bc4e96a130dbef2a986762af76538dd099f1e9f2a8aa", kill_on_drop: false }`
[INFO] running `Command { std: "docker" "exec" "-e" "SOURCE_DIR=/opt/rustwide/workdir" "-e" "CARGO_HOME=/opt/rustwide/cargo-home" "-e" "RUSTUP_HOME=/opt/rustwide/rustup-home" "-e" "CARGO_TARGET_DIR=/opt/rustwide/target" "-e" "CARGO_INCREMENTAL=0" "-e" "RUST_BACKTRACE=full" "-e" "RUSTFLAGS=--cap-lints=warn" "-e" "RUSTDOCFLAGS=--cap-lints=warn" "-w" "/opt/rustwide/workdir" "--user" "0:0" "ffeb1ee6e18c9b8cb027bc4e96a130dbef2a986762af76538dd099f1e9f2a8aa" "/opt/rustwide/cargo-home/bin/cargo" "+1.100.0-beta.1" "build" "--frozen" "--message-format=json" "--release", kill_on_drop: false }`
[INFO] [stderr]    Compiling proc-macro2 v1.0.105
[INFO] [stderr]    Compiling libc v0.2.179
[INFO] [stderr]    Compiling io-lifetimes v1.0.11
[INFO] [stderr]    Compiling unicode-ident v1.0.22
[INFO] [stderr]    Compiling libudev-sys v0.1.4
[INFO] [stderr]    Compiling tracing-core v0.1.36
[INFO] [stderr]    Compiling scopeguard v1.2.0
[INFO] [stderr]    Compiling debug-ignore v1.0.5
[INFO] [stderr]    Compiling quote v1.0.40
[INFO] [stderr]    Compiling syn v2.0.113
[INFO] [stderr]    Compiling nix v0.26.4
[INFO] [stderr]    Compiling libudev v0.3.0
[INFO] [stderr]    Compiling udev v0.9.3
[INFO] [stderr]    Compiling bytemuck_derive v1.10.2
[INFO] [stderr]    Compiling thiserror-impl v2.0.17
[INFO] [stderr]    Compiling derive_more-impl v2.1.1
[INFO] [stderr]    Compiling tracing-attributes v0.1.31
[INFO] [stderr]    Compiling bitfield-struct v0.12.1
[INFO] [stderr]    Compiling contracts v0.6.7
[INFO] [stderr]    Compiling tracing v0.1.44
[INFO] [stderr]    Compiling thiserror v2.0.17
[INFO] [stderr]    Compiling bytemuck v1.24.0
[INFO] [stderr]    Compiling unescaper v0.1.8
[INFO] [stderr]    Compiling bitflags v2.10.0
[INFO] [stderr]    Compiling serialport v4.8.1
[INFO] [stderr]    Compiling derive_more v2.1.1
[INFO] [stderr]    Compiling foxmark3 v0.1.1 (/opt/rustwide/workdir)
[INFO] [stderr]     Finished `release` profile [optimized] target(s) in 28.53s
[INFO] running `Command { std: "docker" "inspect" "ffeb1ee6e18c9b8cb027bc4e96a130dbef2a986762af76538dd099f1e9f2a8aa", kill_on_drop: false }`
[INFO] running `Command { std: "docker" "exec" "-e" "SOURCE_DIR=/opt/rustwide/workdir" "-e" "CARGO_HOME=/opt/rustwide/cargo-home" "-e" "RUSTUP_HOME=/opt/rustwide/rustup-home" "-e" "CARGO_TARGET_DIR=/opt/rustwide/target" "-e" "CARGO_INCREMENTAL=0" "-e" "RUST_BACKTRACE=full" "-e" "RUSTFLAGS=--cap-lints=warn" "-e" "RUSTDOCFLAGS=--cap-lints=warn" "-w" "/opt/rustwide/workdir" "--user" "0:0" "ffeb1ee6e18c9b8cb027bc4e96a130dbef2a986762af76538dd099f1e9f2a8aa" "/opt/rustwide/cargo-home/bin/cargo" "+1.100.0-beta.1" "test" "--frozen" "--no-run" "--message-format=json" "--release", kill_on_drop: false }`
[INFO] [stderr]    Compiling regex-syntax v0.8.8
[INFO] [stderr]    Compiling tracing v0.1.44
[INFO] [stderr]    Compiling foxmark3 v0.1.1 (/opt/rustwide/workdir)
[INFO] [stderr]    Compiling regex-automata v0.4.13
[INFO] [stderr]    Compiling matchers v0.2.0
[INFO] [stderr]    Compiling tracing-subscriber v0.3.22
[INFO] [stderr]     Finished `release` profile [optimized] target(s) in 31.69s
[INFO] running `Command { std: "docker" "inspect" "ffeb1ee6e18c9b8cb027bc4e96a130dbef2a986762af76538dd099f1e9f2a8aa", kill_on_drop: false }`
[INFO] running `Command { std: "docker" "exec" "-e" "SOURCE_DIR=/opt/rustwide/workdir" "-e" "CARGO_HOME=/opt/rustwide/cargo-home" "-e" "RUSTUP_HOME=/opt/rustwide/rustup-home" "-e" "CARGO_TARGET_DIR=/opt/rustwide/target" "-e" "CARGO_INCREMENTAL=0" "-e" "RUST_BACKTRACE=full" "-e" "RUSTFLAGS=--cap-lints=warn" "-e" "RUSTDOCFLAGS=--cap-lints=warn" "-w" "/opt/rustwide/workdir" "--user" "0:0" "ffeb1ee6e18c9b8cb027bc4e96a130dbef2a986762af76538dd099f1e9f2a8aa" "/opt/rustwide/cargo-home/bin/cargo" "+1.100.0-beta.1" "test" "--frozen" "--release", kill_on_drop: false }`
[INFO] [stderr]     Finished `release` profile [optimized] target(s) in 0.10s
[INFO] [stderr]      Running unittests src/lib.rs (/opt/rustwide/target/release/build/foxmark3/5925ab9ebe0586f8/out/foxmark3-5925ab9ebe0586f8)
[INFO] [stdout] 
[INFO] [stdout] running 0 tests
[INFO] [stdout] 
[INFO] [stdout] test result: ok. 0 passed; 0 failed; 0 ignored; 0 measured; 0 filtered out; finished in 0.00s
[INFO] [stdout] 
[INFO] [stderr]    Doc-tests foxmark3
[INFO] [stdout] 
[INFO] [stdout] running 2 tests
[INFO] [stdout] test src/raw/device.rs - raw::device::find (line 95) - compile ... FAILED
[INFO] [stdout] test src/commands.rs - commands::find (line 32) - compile ... FAILED
[INFO] [stdout] 
[INFO] [stdout] failures:
[INFO] [stdout] 
[INFO] [stdout] ---- src/raw/device.rs - raw::device::find (line 95) stdout ----
[INFO] [stdout] error[E0425]: cannot find type `FindError` in this scope
[INFO] [stdout]   --> src/raw/device.rs:97:25
[INFO] [stdout]    |
[INFO] [stdout] 97 | fn main() -> Result<(), FindError> {
[INFO] [stdout]    |                         ^^^^^^^^^ not found in this scope
[INFO] [stdout] 
[INFO] [stdout] error: aborting due to 1 previous error
[INFO] [stdout] 
[INFO] [stdout] For more information about this error, try `rustc --explain E0425`.
[INFO] [stdout] Couldn't compile the test.
[INFO] [stdout] ---- src/commands.rs - commands::find (line 32) stdout ----
[INFO] [stdout] error[E0425]: cannot find type `FindError` in this scope
[INFO] [stdout]   --> src/commands.rs:34:25
[INFO] [stdout]    |
[INFO] [stdout] 34 | fn main() -> Result<(), FindError> {
[INFO] [stdout]    |                         ^^^^^^^^^ not found in this scope
[INFO] [stdout] 
[INFO] [stdout] error: aborting due to 1 previous error
[INFO] [stdout] 
[INFO] [stdout] For more information about this error, try `rustc --explain E0425`.
[INFO] [stdout] Couldn't compile the test.
[INFO] [stdout] 
[INFO] [stdout] failures:
[INFO] [stdout]     src/commands.rs - commands::find (line 32)
[INFO] [stdout]     src/raw/device.rs - raw::device::find (line 95)
[INFO] [stdout] 
[INFO] [stdout] test result: FAILED. 0 passed; 2 failed; 0 ignored; 0 measured; 0 filtered out; finished in 0.13s
[INFO] [stdout] 
[INFO] [stdout] all doctests ran in 0.27s; merged doctests compilation took 0.15s
[INFO] [stderr] error: doctest failed, to rerun pass `--doc`
[INFO] running `Command { std: "docker" "inspect" "ffeb1ee6e18c9b8cb027bc4e96a130dbef2a986762af76538dd099f1e9f2a8aa", kill_on_drop: false }`
[INFO] running `Command { std: "docker" "rm" "-f" "ffeb1ee6e18c9b8cb027bc4e96a130dbef2a986762af76538dd099f1e9f2a8aa", kill_on_drop: false }`
[INFO] [stdout] ffeb1ee6e18c9b8cb027bc4e96a130dbef2a986762af76538dd099f1e9f2a8aa
