[INFO] fetching crate foxess 2.0.0...
[INFO] testing foxess-2.0.0 against 1.100.0-beta.1+cargoflags=--release for beta-release-1.100-2
[INFO] extracting crate foxess 2.0.0 into /workspace/builds/worker-0-tc2/source
[INFO] started tweaking crates.io crate foxess 2.0.0
[INFO] removed 0 missing tests
[INFO] finished tweaking crates.io crate foxess 2.0.0
[INFO] tweaked toml for crates.io crate foxess 2.0.0 written to /workspace/builds/worker-0-tc2/source/Cargo.toml
[INFO] validating manifest of crates.io crate foxess 2.0.0 on toolchain 1.100.0-beta.1
[INFO] running `Command { std: CARGO_HOME="/workspace/cargo-home" RUSTUP_HOME="/workspace/rustup-home" "/workspace/cargo-home/bin/cargo" "+1.100.0-beta.1" "metadata" "--manifest-path" "Cargo.toml" "--no-deps", kill_on_drop: false }`
[INFO] crate crates.io crate foxess 2.0.0 already has a lockfile, it will not be regenerated
[INFO] running `Command { std: CARGO_HOME="/workspace/cargo-home" RUSTUP_HOME="/workspace/rustup-home" "/workspace/cargo-home/bin/cargo" "+1.100.0-beta.1" "fetch" "--manifest-path" "Cargo.toml", kill_on_drop: false }`
[INFO] [stderr] warning: `package.homepage` is redundant with `package.repository`
[INFO] [stderr]   --> Cargo.toml:51:12
[INFO] [stderr]    |
[INFO] [stderr] 51 | homepage = "https://github.com/gostonefire/foxess"
[INFO] [stderr]    |            ^^^^^^^^^^^^^^^^^^^^^^^^^^^^^^^^^^^^^^^
[INFO] [stderr] ...
[INFO] [stderr] 56 | repository = "https://github.com/gostonefire/foxess"
[INFO] [stderr]    |              ---------------------------------------
[INFO] [stderr]    |
[INFO] [stderr]    = note: `cargo::redundant_homepage` is set to `warn` by default
[INFO] [stderr] help: consider removing `package.homepage`
[INFO] [stderr] warning: `foxess` (manifest) generated 1 warning
[INFO] running `Command { std: "docker" "create" "-v" "/var/lib/crater-agent-workspace/builds/worker-0-tc2/source:/opt/rustwide/workdir:ro,Z" "-v" "/var/lib/crater-agent-workspace/builds/worker-0-tc2/target:/opt/rustwide/target:rw,Z" "-v" "/var/lib/crater-agent-workspace/cargo-home:/opt/rustwide/cargo-home:ro,Z" "-v" "/var/lib/crater-agent-workspace/rustup-home:/opt/rustwide/rustup-home:ro,Z" "-m" "1610612736" "--network" "none" "ghcr.io/rust-lang/crates-build-env/linux@sha256:77db811e55d90add9212f6832c23229e3de5f1c1f9905e8cb07319ea15df73ac" "sleep" "infinity", kill_on_drop: false }`
[INFO] [stdout] c372e9f46099e979bac18ff8cdd9b4ae87c92eb582e8d1376bfa3c81df61e2f3
[INFO] running `Command { std: "docker" "start" "c372e9f46099e979bac18ff8cdd9b4ae87c92eb582e8d1376bfa3c81df61e2f3", kill_on_drop: false }`
[INFO] running `Command { std: "docker" "inspect" "c372e9f46099e979bac18ff8cdd9b4ae87c92eb582e8d1376bfa3c81df61e2f3", kill_on_drop: false }`
[INFO] running `Command { std: "docker" "exec" "-e" "SOURCE_DIR=/opt/rustwide/workdir" "-e" "CARGO_HOME=/opt/rustwide/cargo-home" "-e" "RUSTUP_HOME=/opt/rustwide/rustup-home" "-e" "CARGO_TARGET_DIR=/opt/rustwide/target" "-w" "/opt/rustwide/workdir" "--user" "0:0" "c372e9f46099e979bac18ff8cdd9b4ae87c92eb582e8d1376bfa3c81df61e2f3" "/opt/rustwide/cargo-home/bin/cargo" "+1.100.0-beta.1" "metadata" "--no-deps" "--format-version=1", kill_on_drop: false }`
[INFO] running `Command { std: "docker" "inspect" "c372e9f46099e979bac18ff8cdd9b4ae87c92eb582e8d1376bfa3c81df61e2f3", kill_on_drop: false }`
[INFO] running `Command { std: "docker" "exec" "-e" "SOURCE_DIR=/opt/rustwide/workdir" "-e" "CARGO_HOME=/opt/rustwide/cargo-home" "-e" "RUSTUP_HOME=/opt/rustwide/rustup-home" "-e" "CARGO_TARGET_DIR=/opt/rustwide/target" "-e" "CARGO_INCREMENTAL=0" "-e" "RUST_BACKTRACE=full" "-e" "RUSTFLAGS=--cap-lints=warn" "-e" "RUSTDOCFLAGS=--cap-lints=warn" "-w" "/opt/rustwide/workdir" "--user" "0:0" "c372e9f46099e979bac18ff8cdd9b4ae87c92eb582e8d1376bfa3c81df61e2f3" "/opt/rustwide/cargo-home/bin/cargo" "+1.100.0-beta.1" "build" "--frozen" "--message-format=json" "--release", kill_on_drop: false }`
[INFO] [stderr] warning: `package.homepage` is redundant with `package.repository`
[INFO] [stderr]   --> Cargo.toml:51:12
[INFO] [stderr]    |
[INFO] [stderr] 51 | homepage = "https://github.com/gostonefire/foxess"
[INFO] [stderr]    |            ^^^^^^^^^^^^^^^^^^^^^^^^^^^^^^^^^^^^^^^
[INFO] [stderr] ...
[INFO] [stderr] 56 | repository = "https://github.com/gostonefire/foxess"
[INFO] [stderr]    |              ---------------------------------------
[INFO] [stderr]    |
[INFO] [stderr]    = note: `cargo::redundant_homepage` is set to `warn` by default
[INFO] [stderr] help: consider removing `package.homepage`
[INFO] [stderr] warning: `foxess` (manifest) generated 1 warning
[INFO] [stderr]    Compiling syn v2.0.119
[INFO] [stderr]    Compiling find-msvc-tools v0.1.10
[INFO] [stderr]    Compiling bytes v1.12.1
[INFO] [stderr]    Compiling futures-core v0.3.33
[INFO] [stderr]    Compiling zeroize v1.9.0
[INFO] [stderr]    Compiling libc v0.2.189
[INFO] [stderr]    Compiling displaydoc v0.2.7
[INFO] [stderr]    Compiling smallvec v1.15.2
[INFO] [stderr]    Compiling futures-task v0.3.33
[INFO] [stderr]    Compiling slab v0.4.12
[INFO] [stderr]    Compiling mio v1.2.2
[INFO] [stderr]    Compiling socket2 v0.6.5
[INFO] [stderr]    Compiling rustls v0.23.43
[INFO] [stderr]    Compiling hybrid-array v0.4.14
[INFO] [stderr]    Compiling tracing-core v0.1.36
[INFO] [stderr]    Compiling form_urlencoded v1.2.2
[INFO] [stderr]    Compiling futures-channel v0.3.33
[INFO] [stderr]    Compiling sync_wrapper v1.0.2
[INFO] [stderr]    Compiling rustls-pki-types v1.15.1
[INFO] [stderr]    Compiling log v0.4.33
[INFO] [stderr]    Compiling futures-util v0.3.33
[INFO] [stderr]    Compiling thiserror v2.0.20
[INFO] [stderr]    Compiling bitflags v2.13.1
[INFO] [stderr]    Compiling serde_urlencoded v0.7.1
[INFO] [stderr]    Compiling thiserror-impl v2.0.20
[INFO] [stderr]    Compiling chrono v0.4.45
[INFO] [stderr]    Compiling tracing v0.1.44
[INFO] [stderr]    Compiling rustls-native-certs v0.8.4
[INFO] [stderr]    Compiling tokio v1.53.1
[INFO] [stderr]    Compiling http v1.5.0
[INFO] [stderr]    Compiling crypto-common v0.2.2
[INFO] [stderr]    Compiling block-buffer v0.12.1
[INFO] [stderr]    Compiling jobserver v0.1.35
[INFO] [stderr]    Compiling cc v1.4.2
[INFO] [stderr]    Compiling http-body v1.1.0
[INFO] [stderr]    Compiling digest v0.11.3
[INFO] [stderr]    Compiling md-5 v0.11.0
[INFO] [stderr]    Compiling http-body-util v0.1.4
[INFO] [stderr]    Compiling synstructure v0.13.2
[INFO] [stderr]    Compiling zerovec-derive v0.11.3
[INFO] [stderr]    Compiling cmake v0.1.58
[INFO] [stderr]    Compiling zerofrom-derive v0.1.7
[INFO] [stderr]    Compiling yoke-derive v0.8.2
[INFO] [stderr]    Compiling aws-lc-sys v0.44.0
[INFO] [stderr]    Compiling zerofrom v0.1.8
[INFO] [stderr]    Compiling yoke v0.8.3
[INFO] [stderr]    Compiling zerovec v0.11.6
[INFO] [stderr]    Compiling zerotrie v0.2.4
[INFO] [stderr]    Compiling tinystr v0.8.3
[INFO] [stderr]    Compiling potential_utf v0.1.5
[INFO] [stderr]    Compiling icu_locale_core v2.2.0
[INFO] [stderr]    Compiling icu_collections v2.2.0
[INFO] [stderr]    Compiling hyper v1.11.0
[INFO] [stderr]    Compiling tower v0.5.3
[INFO] [stderr]    Compiling icu_provider v2.2.0
[INFO] [stderr]    Compiling icu_properties v2.2.0
[INFO] [stderr]    Compiling icu_normalizer v2.2.0
[INFO] [stderr]    Compiling hyper-util v0.1.20
[INFO] [stderr]    Compiling idna_adapter v1.2.2
[INFO] [stderr]    Compiling idna v1.1.0
[INFO] [stderr]    Compiling url v2.5.8
[INFO] [stderr]    Compiling tower-http v0.6.11
[INFO] [stderr]    Compiling aws-lc-rs v1.18.0
[INFO] [stderr]    Compiling rustls-webpki v0.103.13
[INFO] [stderr]    Compiling tokio-rustls v0.26.4
[INFO] [stderr]    Compiling rustls-platform-verifier v0.7.0
[INFO] [stderr]    Compiling hyper-rustls v0.27.9
[INFO] [stderr]    Compiling reqwest v0.13.4
[INFO] [stderr]    Compiling foxess v2.0.0 (/opt/rustwide/workdir)
[INFO] [stderr]     Finished `release` profile [optimized] target(s) in 1m 40s
[INFO] running `Command { std: "docker" "inspect" "c372e9f46099e979bac18ff8cdd9b4ae87c92eb582e8d1376bfa3c81df61e2f3", kill_on_drop: false }`
[INFO] running `Command { std: "docker" "exec" "-e" "SOURCE_DIR=/opt/rustwide/workdir" "-e" "CARGO_HOME=/opt/rustwide/cargo-home" "-e" "RUSTUP_HOME=/opt/rustwide/rustup-home" "-e" "CARGO_TARGET_DIR=/opt/rustwide/target" "-e" "CARGO_INCREMENTAL=0" "-e" "RUST_BACKTRACE=full" "-e" "RUSTFLAGS=--cap-lints=warn" "-e" "RUSTDOCFLAGS=--cap-lints=warn" "-w" "/opt/rustwide/workdir" "--user" "0:0" "c372e9f46099e979bac18ff8cdd9b4ae87c92eb582e8d1376bfa3c81df61e2f3" "/opt/rustwide/cargo-home/bin/cargo" "+1.100.0-beta.1" "test" "--frozen" "--no-run" "--message-format=json" "--release", kill_on_drop: false }`
[INFO] [stderr] warning: `package.homepage` is redundant with `package.repository`
[INFO] [stderr]   --> Cargo.toml:51:12
[INFO] [stderr]    |
[INFO] [stderr] 51 | homepage = "https://github.com/gostonefire/foxess"
[INFO] [stderr]    |            ^^^^^^^^^^^^^^^^^^^^^^^^^^^^^^^^^^^^^^^
[INFO] [stderr] ...
[INFO] [stderr] 56 | repository = "https://github.com/gostonefire/foxess"
[INFO] [stderr]    |              ---------------------------------------
[INFO] [stderr]    |
[INFO] [stderr]    = note: `cargo::redundant_homepage` is set to `warn` by default
[INFO] [stderr] help: consider removing `package.homepage`
[INFO] [stderr] warning: `foxess` (manifest) generated 1 warning
[INFO] [stderr]    Compiling serde_core v1.0.229
[INFO] [stderr]    Compiling serde v1.0.229
[INFO] [stderr]    Compiling hashbrown v0.17.1
[INFO] [stderr]    Compiling futures-task v0.3.33
[INFO] [stderr]    Compiling syn v3.0.3
[INFO] [stderr]    Compiling syn v2.0.119
[INFO] [stderr]    Compiling errno v0.3.14
[INFO] [stderr]    Compiling generic-array v0.14.7
[INFO] [stderr]    Compiling parking v2.2.1
[INFO] [stderr]    Compiling crossbeam-utils v0.8.22
[INFO] [stderr]    Compiling unicode-width v0.2.2
[INFO] [stderr]    Compiling path-tree v0.8.3
[INFO] [stderr]    Compiling similar v2.7.0
[INFO] [stderr]    Compiling stringmetrics v2.2.2
[INFO] [stderr]    Compiling futures-timer v3.0.4
[INFO] [stderr]    Compiling signal-hook-registry v1.4.8
[INFO] [stderr]    Compiling event-listener v5.4.2
[INFO] [stderr]    Compiling tabwriter v1.4.1
[INFO] [stderr]    Compiling event-listener-strategy v0.5.4
[INFO] [stderr]    Compiling crypto-common v0.1.7
[INFO] [stderr]    Compiling block-buffer v0.10.4
[INFO] [stderr]    Compiling async-lock v3.4.2
[INFO] [stderr]    Compiling digest v0.10.7
[INFO] [stderr]    Compiling sha1 v0.10.7
[INFO] [stderr]    Compiling indexmap v2.14.0
[INFO] [stderr]    Compiling async-object-pool v0.2.0
[INFO] [stderr]    Compiling serde_json v1.0.151
[INFO] [stderr]    Compiling serde_derive v1.0.229
[INFO] [stderr]    Compiling displaydoc v0.2.7
[INFO] [stderr]    Compiling tokio-macros v2.7.2
[INFO] [stderr]    Compiling thiserror-impl v2.0.20
[INFO] [stderr]    Compiling async-trait v0.1.92
[INFO] [stderr]    Compiling thiserror v2.0.20
[INFO] [stderr]    Compiling synstructure v0.13.2
[INFO] [stderr]    Compiling bytes v1.12.1
[INFO] [stderr]    Compiling serde_urlencoded v0.7.1
[INFO] [stderr]    Compiling assert-json-diff v2.0.2
[INFO] [stderr]    Compiling chrono v0.4.45
[INFO] [stderr]    Compiling serde_regex v1.2.0
[INFO] [stderr]    Compiling zerofrom-derive v0.1.7
[INFO] [stderr]    Compiling yoke-derive v0.8.2
[INFO] [stderr]    Compiling zerovec-derive v0.11.3
[INFO] [stderr]    Compiling futures-macro v0.3.33
[INFO] [stderr]    Compiling tracing-attributes v0.1.31
[INFO] [stderr]    Compiling futures-util v0.3.33
[INFO] [stderr]    Compiling http v1.5.0
[INFO] [stderr]    Compiling tokio v1.53.1
[INFO] [stderr]    Compiling zerofrom v0.1.8
[INFO] [stderr]    Compiling tracing v0.1.44
[INFO] [stderr]    Compiling yoke v0.8.3
[INFO] [stderr]    Compiling zerovec v0.11.6
[INFO] [stderr]    Compiling zerotrie v0.2.4
[INFO] [stderr]    Compiling tinystr v0.8.3
[INFO] [stderr]    Compiling potential_utf v0.1.5
[INFO] [stderr]    Compiling icu_collections v2.2.0
[INFO] [stderr]    Compiling http-body v1.1.0
[INFO] [stderr]    Compiling headers-core v0.3.0
[INFO] [stderr]    Compiling headers v0.4.1
[INFO] [stderr]    Compiling icu_locale_core v2.2.0
[INFO] [stderr]    Compiling http-body-util v0.1.4
[INFO] [stderr]    Compiling icu_provider v2.2.0
[INFO] [stderr]    Compiling icu_normalizer v2.2.0
[INFO] [stderr]    Compiling icu_properties v2.2.0
[INFO] [stderr]    Compiling idna_adapter v1.2.2
[INFO] [stderr]    Compiling idna v1.1.0
[INFO] [stderr]    Compiling url v2.5.8
[INFO] [stderr]    Compiling tokio-util v0.7.19
[INFO] [stderr]    Compiling tokio-rustls v0.26.4
[INFO] [stderr]    Compiling tower v0.5.3
[INFO] [stderr]    Compiling tower-http v0.6.11
[INFO] [stderr]    Compiling h2 v0.4.15
[INFO] [stderr]    Compiling hyper v1.11.0
[INFO] [stderr]    Compiling hyper-util v0.1.20
[INFO] [stderr]    Compiling hyper-rustls v0.27.9
[INFO] [stderr]    Compiling httpmock v0.8.3
[INFO] [stderr]    Compiling reqwest v0.13.4
[INFO] [stderr]    Compiling foxess v2.0.0 (/opt/rustwide/workdir)
[INFO] [stderr]     Finished `release` profile [optimized] target(s) in 1m 37s
[INFO] running `Command { std: "docker" "inspect" "c372e9f46099e979bac18ff8cdd9b4ae87c92eb582e8d1376bfa3c81df61e2f3", kill_on_drop: false }`
[INFO] running `Command { std: "docker" "exec" "-e" "SOURCE_DIR=/opt/rustwide/workdir" "-e" "CARGO_HOME=/opt/rustwide/cargo-home" "-e" "RUSTUP_HOME=/opt/rustwide/rustup-home" "-e" "CARGO_TARGET_DIR=/opt/rustwide/target" "-e" "CARGO_INCREMENTAL=0" "-e" "RUST_BACKTRACE=full" "-e" "RUSTFLAGS=--cap-lints=warn" "-e" "RUSTDOCFLAGS=--cap-lints=warn" "-w" "/opt/rustwide/workdir" "--user" "0:0" "c372e9f46099e979bac18ff8cdd9b4ae87c92eb582e8d1376bfa3c81df61e2f3" "/opt/rustwide/cargo-home/bin/cargo" "+1.100.0-beta.1" "test" "--frozen" "--release", kill_on_drop: false }`
[INFO] [stderr] warning: `package.homepage` is redundant with `package.repository`
[INFO] [stderr]   --> Cargo.toml:51:12
[INFO] [stderr]    |
[INFO] [stderr] 51 | homepage = "https://github.com/gostonefire/foxess"
[INFO] [stderr]    |            ^^^^^^^^^^^^^^^^^^^^^^^^^^^^^^^^^^^^^^^
[INFO] [stderr] ...
[INFO] [stderr] 56 | repository = "https://github.com/gostonefire/foxess"
[INFO] [stderr]    |              ---------------------------------------
[INFO] [stderr]    |
[INFO] [stderr]    = note: `cargo::redundant_homepage` is set to `warn` by default
[INFO] [stderr] help: consider removing `package.homepage`
[INFO] [stderr] warning: `foxess` (manifest) generated 1 warning
[INFO] [stderr]     Finished `release` profile [optimized] target(s) in 0.28s
[INFO] [stderr]      Running unittests src/lib.rs (/opt/rustwide/target/release/build/foxess/b9ba994237e89ab4/out/foxess-b9ba994237e89ab4)
[INFO] [stdout] 
[INFO] [stdout] running 22 tests
[INFO] [stdout] test client::helper::helper_tests::truncate_leaves_short_input_untouched ... ok
[INFO] [stdout] test client::helper::helper_tests::truncate_respects_char_boundaries ... ok
[INFO] [stdout] test client::helper::helper_tests::fox_response_defaults_missing_msg ... ok
[INFO] [stdout] test client::helper::helper_tests::truncate_cuts_long_input ... ok
[INFO] [stdout] test client::tests::http_mock_async::async_get_available_variables ... ok
[INFO] [stdout] test client::tests::http_mock_async::async_get_scheduler_time_segments ... ok
[INFO] [stdout] test client::tests::http_mock_async::async_errno_nonzero_maps_to_error ... ok
[INFO] [stdout] test client::tests::http_mock_async::async_http_status_error_maps_to_error ... ok
[INFO] [stdout] test client::tests::http_mock_async::async_get_main_switch_status ... ok
[INFO] [stdout] test client::tests::http_mock_async::async_get_variables_history ... ok
[INFO] [stdout] test client::tests::http_mock_async::async_get_variable_typed_parses_scientific_notation ... ok
[INFO] [stdout] test client::tests::http_mock_async::async_errno_body_under_http_error_maps_to_foxcloud ... ok
[INFO] [stdout] test client::tests::http_mock_async::async_get_variable_typed_outside_valid_range ... ok
[INFO] [stdout] test client::tests::http_mock_async::async_get_variables_parses_scientific_notation ... ok
[INFO] [stdout] test client::tests::http_mock_async::async_get_settings ... ok
[INFO] [stdout] test client::tests::http_mock_async::async_get_setting_typed ... ok
[INFO] [stdout] test client::tests::http_mock_async::async_set_battery_charging_time_schedule_end_before_start ... ok
[INFO] [stdout] test client::tests::http_mock_async::async_set_battery_charging_time_schedule ... ok
[INFO] [stdout] test client::tests::http_mock_async::async_set_main_switch_status ... ok
[INFO] [stdout] test client::tests::http_mock_async::async_set_scheduler_time_segments ... ok
[INFO] [stdout] test client::tests::http_mock_async::async_set_setting_typed ... ok
[INFO] [stdout] test client::tests::http_mock_async::blocking_get_error_code_information ... ok
[INFO] [stdout] 
[INFO] [stdout] test result: ok. 22 passed; 0 failed; 0 ignored; 0 measured; 0 filtered out; finished in 0.16s
[INFO] [stdout] 
[INFO] [stderr]      Running tests/integration.rs (/opt/rustwide/target/release/build/foxess/9350beffecbff8e5/out/integration-9350beffecbff8e5)
[INFO] [stdout] 
[INFO] [stdout] running 1 test
[INFO] [stdout] test it_works ... FAILED
[INFO] [stdout] 
[INFO] [stdout] failures:
[INFO] [stdout] 
[INFO] [stdout] ---- it_works stdout ----
[INFO] [stdout] 
[INFO] [stdout] thread 'it_works' (3878) panicked at tests/integration.rs:20:9:
[INFO] [stdout] fox_ess_api_key not found in credstore: EnvVarError: environment variable not found
[INFO] [stdout] stack backtrace:
[INFO] [stdout]    0:     0x62ebbff39cd1 - <<std[617be2ca0a6fd877]::sys::backtrace::BacktraceLock>::print::DisplayBacktrace as core[a373ad73a504971]::fmt::Display>::fmt
[INFO] [stdout]    1:     0x62ebbff50c4a - core[a373ad73a504971]::fmt::write
[INFO] [stdout]    2:     0x62ebbff3eacc - <alloc[2e1b2a31b91974c5]::vec::Vec<u8> as core[a373ad73a504971]::io::write::Write>::write_fmt
[INFO] [stdout]    3:     0x62ebbff14016 - std[617be2ca0a6fd877]::panicking::default_hook::{closure#0}
[INFO] [stdout]    4:     0x62ebbff31129 - std[617be2ca0a6fd877]::panicking::default_hook
[INFO] [stdout]    5:     0x62ebbfaafd00 - test[aada8e7e76ba119b]::test_main_inner::{closure#0}
[INFO] [stdout]    6:     0x62ebbff31452 - std[617be2ca0a6fd877]::panicking::panic_with_hook
[INFO] [stdout]    7:     0x62ebbff140c2 - std[617be2ca0a6fd877]::panicking::panic_handler::{closure#0}
[INFO] [stdout]    8:     0x62ebbff0cac9 - std[617be2ca0a6fd877]::sys::backtrace::__rust_end_short_backtrace::<std[617be2ca0a6fd877]::panicking::panic_handler::{closure#0}, !>
[INFO] [stdout]    9:     0x62ebbff14ebd - __rustc[ea4f61d10b84890b]::rust_begin_unwind
[INFO] [stdout]   10:     0x62ebbff513ac - core[a373ad73a504971]::panicking::panic_fmt
[INFO] [stdout]   11:     0x62ebbfa98d7f - integration[46e3696dbd15764f]::it_works::{closure#0}::{closure#0}
[INFO] [stderr] error: test failed, to rerun pass `--test integration`
[INFO] [stdout]   12:     0x62ebbfa9a954 - integration[46e3696dbd15764f]::it_works::{closure#0}
[INFO] [stdout]   13:     0x62ebbfa9b613 - <tokio[2f40fba8d43b1c2c]::runtime::scheduler::current_thread::Context>::enter::<core[a373ad73a504971]::task::poll::Poll<()>, <tokio[2f40fba8d43b1c2c]::runtime::scheduler::current_thread::CoreGuard>::block_on<core[a373ad73a504971]::pin::Pin<&mut core[a373ad73a504971]::pin::Pin<&mut dyn core[a373ad73a504971]::future::future::Future<Output = ()>>>>::{closure#0}::{closure#0}>
[INFO] [stdout]   14:     0x62ebbfa9e54c - <tokio[2f40fba8d43b1c2c]::runtime::context::scoped::Scoped<tokio[2f40fba8d43b1c2c]::runtime::scheduler::Context>>::set::<<tokio[2f40fba8d43b1c2c]::runtime::scheduler::current_thread::CoreGuard>::enter<<tokio[2f40fba8d43b1c2c]::runtime::scheduler::current_thread::CoreGuard>::block_on<core[a373ad73a504971]::pin::Pin<&mut core[a373ad73a504971]::pin::Pin<&mut dyn core[a373ad73a504971]::future::future::Future<Output = ()>>>>::{closure#0}, core[a373ad73a504971]::option::Option<()>>::{closure#0}, (alloc[2e1b2a31b91974c5]::boxed::Box<tokio[2f40fba8d43b1c2c]::runtime::scheduler::current_thread::Core>, core[a373ad73a504971]::option::Option<()>)>
[INFO] [stdout]   15:     0x62ebbfa9b7b7 - <tokio[2f40fba8d43b1c2c]::runtime::scheduler::current_thread::CoreGuard>::block_on::<core[a373ad73a504971]::pin::Pin<&mut core[a373ad73a504971]::pin::Pin<&mut dyn core[a373ad73a504971]::future::future::Future<Output = ()>>>>
[INFO] [stdout]   16:     0x62ebbfa9fc5d - tokio[2f40fba8d43b1c2c]::runtime::context::runtime::enter_runtime::<<tokio[2f40fba8d43b1c2c]::runtime::scheduler::current_thread::CurrentThread>::block_on<core[a373ad73a504971]::pin::Pin<&mut dyn core[a373ad73a504971]::future::future::Future<Output = ()>>>::{closure#0}, ()>
[INFO] [stdout]   17:     0x62ebbfa9e1e4 - <tokio[2f40fba8d43b1c2c]::runtime::runtime::Runtime>::block_on::<core[a373ad73a504971]::pin::Pin<&mut dyn core[a373ad73a504971]::future::future::Future<Output = ()>>>
[INFO] [stdout]   18:     0x62ebbfa9b2de - <integration[46e3696dbd15764f]::it_works::{closure#0} as core[a373ad73a504971]::ops::function::FnOnce<()>>::call_once
[INFO] [stdout]   19:     0x62ebbfaa314b - test[aada8e7e76ba119b]::__rust_begin_short_backtrace::<core[a373ad73a504971]::result::Result<(), alloc[2e1b2a31b91974c5]::string::String>, fn() -> core[a373ad73a504971]::result::Result<(), alloc[2e1b2a31b91974c5]::string::String>>
[INFO] [stdout]   20:     0x62ebbfab0325 - test[aada8e7e76ba119b]::run_test::{closure#0}
[INFO] [stdout]   21:     0x62ebbfaa9c14 - std[617be2ca0a6fd877]::sys::backtrace::__rust_begin_short_backtrace::<test[aada8e7e76ba119b]::run_test::{closure#1}, ()>
[INFO] [stdout]   22:     0x62ebbfab33b2 - <std[617be2ca0a6fd877]::thread::lifecycle::spawn_unchecked<test[aada8e7e76ba119b]::run_test::{closure#1}, ()>::{closure#1} as core[a373ad73a504971]::ops::function::FnOnce<()>>::call_once::{shim:vtable#0}
[INFO] [stdout]   23:     0x62ebbff38e6f - <std[617be2ca0a6fd877]::sys::thread::unix::Thread>::new::thread_start
[INFO] [stdout]   24:     0x7daaea995dfa - <unknown>
[INFO] [stdout]   25:     0x7daaeaa293d4 - clone
[INFO] [stdout]   26:                0x0 - <unknown>
[INFO] [stdout] 
[INFO] [stdout] 
[INFO] [stdout] failures:
[INFO] [stdout]     it_works
[INFO] [stdout] 
[INFO] [stdout] test result: FAILED. 0 passed; 1 failed; 0 ignored; 0 measured; 0 filtered out; finished in 0.00s
[INFO] [stdout] 
[INFO] running `Command { std: "docker" "inspect" "c372e9f46099e979bac18ff8cdd9b4ae87c92eb582e8d1376bfa3c81df61e2f3", kill_on_drop: false }`
[INFO] running `Command { std: "docker" "rm" "-f" "c372e9f46099e979bac18ff8cdd9b4ae87c92eb582e8d1376bfa3c81df61e2f3", kill_on_drop: false }`
[INFO] [stdout] c372e9f46099e979bac18ff8cdd9b4ae87c92eb582e8d1376bfa3c81df61e2f3
