[INFO] fetching crate foundry-mcp 0.7.1...
[INFO] testing foundry-mcp-0.7.1 against 1.100.0-beta.1+cargoflags=--release for beta-release-1.100-2
[INFO] extracting crate foundry-mcp 0.7.1 into /workspace/builds/worker-5-tc2/source
[INFO] started tweaking crates.io crate foundry-mcp 0.7.1
[INFO] removed 0 missing tests
[INFO] finished tweaking crates.io crate foundry-mcp 0.7.1
[INFO] tweaked toml for crates.io crate foundry-mcp 0.7.1 written to /workspace/builds/worker-5-tc2/source/Cargo.toml
[INFO] validating manifest of crates.io crate foundry-mcp 0.7.1 on toolchain 1.100.0-beta.1
[INFO] running `Command { std: CARGO_HOME="/workspace/cargo-home" RUSTUP_HOME="/workspace/rustup-home" "/workspace/cargo-home/bin/cargo" "+1.100.0-beta.1" "metadata" "--manifest-path" "Cargo.toml" "--no-deps", kill_on_drop: false }`
[INFO] crate crates.io crate foundry-mcp 0.7.1 already has a lockfile, it will not be regenerated
[INFO] running `Command { std: CARGO_HOME="/workspace/cargo-home" RUSTUP_HOME="/workspace/rustup-home" "/workspace/cargo-home/bin/cargo" "+1.100.0-beta.1" "fetch" "--manifest-path" "Cargo.toml", kill_on_drop: false }`
[INFO] [stderr] warning: `package.homepage` is redundant with `package.repository`
[INFO] [stderr]    --> Cargo.toml:106:12
[INFO] [stderr]     |
[INFO] [stderr] 106 | homepage = "https://github.com/cafreeman/foundry-mcp"
[INFO] [stderr]     |            ^^^^^^^^^^^^^^^^^^^^^^^^^^^^^^^^^^^^^^^^^^
[INFO] [stderr] ...
[INFO] [stderr] 111 | repository = "https://github.com/cafreeman/foundry-mcp"
[INFO] [stderr]     |              ------------------------------------------
[INFO] [stderr]     |
[INFO] [stderr]     = note: `cargo::redundant_homepage` is set to `warn` by default
[INFO] [stderr] help: consider removing `package.homepage`
[INFO] [stderr] warning: `foundry-mcp` (manifest) generated 1 warning
[INFO] running `Command { std: "docker" "create" "-v" "/var/lib/crater-agent-workspace/builds/worker-5-tc2/source:/opt/rustwide/workdir:ro,Z" "-v" "/var/lib/crater-agent-workspace/builds/worker-5-tc2/target:/opt/rustwide/target:rw,Z" "-v" "/var/lib/crater-agent-workspace/cargo-home:/opt/rustwide/cargo-home:ro,Z" "-v" "/var/lib/crater-agent-workspace/rustup-home:/opt/rustwide/rustup-home:ro,Z" "-m" "1610612736" "--network" "none" "ghcr.io/rust-lang/crates-build-env/linux@sha256:77db811e55d90add9212f6832c23229e3de5f1c1f9905e8cb07319ea15df73ac" "sleep" "infinity", kill_on_drop: false }`
[INFO] [stdout] 0b7a1ea1bf22977ed34289dd62ee3e179d27f08732ebdff653dd36b0bd8b607f
[INFO] running `Command { std: "docker" "start" "0b7a1ea1bf22977ed34289dd62ee3e179d27f08732ebdff653dd36b0bd8b607f", kill_on_drop: false }`
[INFO] running `Command { std: "docker" "inspect" "0b7a1ea1bf22977ed34289dd62ee3e179d27f08732ebdff653dd36b0bd8b607f", kill_on_drop: false }`
[INFO] running `Command { std: "docker" "exec" "-e" "SOURCE_DIR=/opt/rustwide/workdir" "-e" "CARGO_HOME=/opt/rustwide/cargo-home" "-e" "RUSTUP_HOME=/opt/rustwide/rustup-home" "-e" "CARGO_TARGET_DIR=/opt/rustwide/target" "-w" "/opt/rustwide/workdir" "--user" "0:0" "0b7a1ea1bf22977ed34289dd62ee3e179d27f08732ebdff653dd36b0bd8b607f" "/opt/rustwide/cargo-home/bin/cargo" "+1.100.0-beta.1" "metadata" "--no-deps" "--format-version=1", kill_on_drop: false }`
[INFO] running `Command { std: "docker" "inspect" "0b7a1ea1bf22977ed34289dd62ee3e179d27f08732ebdff653dd36b0bd8b607f", kill_on_drop: false }`
[INFO] running `Command { std: "docker" "exec" "-e" "SOURCE_DIR=/opt/rustwide/workdir" "-e" "CARGO_HOME=/opt/rustwide/cargo-home" "-e" "RUSTUP_HOME=/opt/rustwide/rustup-home" "-e" "CARGO_TARGET_DIR=/opt/rustwide/target" "-e" "CARGO_INCREMENTAL=0" "-e" "RUST_BACKTRACE=full" "-e" "RUSTFLAGS=--cap-lints=warn" "-e" "RUSTDOCFLAGS=--cap-lints=warn" "-w" "/opt/rustwide/workdir" "--user" "0:0" "0b7a1ea1bf22977ed34289dd62ee3e179d27f08732ebdff653dd36b0bd8b607f" "/opt/rustwide/cargo-home/bin/cargo" "+1.100.0-beta.1" "build" "--frozen" "--message-format=json" "--release", kill_on_drop: false }`
[INFO] [stderr] warning: `package.homepage` is redundant with `package.repository`
[INFO] [stderr]    --> Cargo.toml:106:12
[INFO] [stderr]     |
[INFO] [stderr] 106 | homepage = "https://github.com/cafreeman/foundry-mcp"
[INFO] [stderr]     |            ^^^^^^^^^^^^^^^^^^^^^^^^^^^^^^^^^^^^^^^^^^
[INFO] [stderr] ...
[INFO] [stderr] 111 | repository = "https://github.com/cafreeman/foundry-mcp"
[INFO] [stderr]     |              ------------------------------------------
[INFO] [stderr]     |
[INFO] [stderr]     = note: `cargo::redundant_homepage` is set to `warn` by default
[INFO] [stderr] help: consider removing `package.homepage`
[INFO] [stderr] warning: `foundry-mcp` (manifest) generated 1 warning
[INFO] [stderr]    Compiling libc v0.2.175
[INFO] [stderr]    Compiling cfg-if v1.0.3
[INFO] [stderr]    Compiling itoa v1.0.15
[INFO] [stderr]    Compiling bytes v1.10.1
[INFO] [stderr]    Compiling parking_lot_core v0.9.11
[INFO] [stderr]    Compiling serde v1.0.219
[INFO] [stderr]    Compiling lock_api v0.4.13
[INFO] [stderr]    Compiling log v0.4.27
[INFO] [stderr]    Compiling tracing-core v0.1.34
[INFO] [stderr]    Compiling memchr v2.7.5
[INFO] [stderr]    Compiling litemap v0.8.0
[INFO] [stderr]    Compiling writeable v0.6.1
[INFO] [stderr]    Compiling syn v2.0.106
[INFO] [stderr]    Compiling zeroize v1.8.1
[INFO] [stderr]    Compiling icu_properties_data v2.0.1
[INFO] [stderr]    Compiling icu_normalizer_data v2.0.0
[INFO] [stderr]    Compiling aws-lc-rs v1.13.3
[INFO] [stderr]    Compiling hashbrown v0.15.5
[INFO] [stderr]    Compiling rustls v0.23.31
[INFO] [stderr]    Compiling rustls-pki-types v1.12.0
[INFO] [stderr]    Compiling ryu v1.0.20
[INFO] [stderr]    Compiling serde_json v1.0.143
[INFO] [stderr]    Compiling time-core v0.1.4
[INFO] [stderr]    Compiling num-conv v0.1.0
[INFO] [stderr]    Compiling deranged v0.4.0
[INFO] [stderr]    Compiling cookie v0.18.1
[INFO] [stderr]    Compiling bitflags v2.9.3
[INFO] [stderr]    Compiling unicase v2.8.1
[INFO] [stderr]    Compiling litrs v0.4.2
[INFO] [stderr]    Compiling time-macros v0.2.22
[INFO] [stderr]    Compiling mime_guess v2.0.5
[INFO] [stderr]    Compiling psl-types v2.0.11
[INFO] [stderr]    Compiling fs-err v3.1.1
[INFO] [stderr]    Compiling anstyle-query v1.1.4
[INFO] [stderr]    Compiling is_terminal_polyfill v1.70.1
[INFO] [stderr]    Compiling webpki-roots v1.0.2
[INFO] [stderr]    Compiling anstyle v1.0.11
[INFO] [stderr]    Compiling getrandom v0.3.3
[INFO] [stderr]    Compiling http v1.3.1
[INFO] [stderr]    Compiling iri-string v0.7.8
[INFO] [stderr]    Compiling indexmap v2.11.0
[INFO] [stderr]    Compiling document-features v0.2.11
[INFO] [stderr]    Compiling thiserror v2.0.16
[INFO] [stderr]    Compiling signal-hook-registry v1.4.6
[INFO] [stderr]    Compiling socket2 v0.6.0
[INFO] [stderr]    Compiling mio v1.0.4
[INFO] [stderr]    Compiling getrandom v0.2.16
[INFO] [stderr]    Compiling parking_lot v0.12.4
[INFO] [stderr]    Compiling anstream v0.6.20
[INFO] [stderr]    Compiling rustix v0.38.44
[INFO] [stderr]    Compiling clap_lex v0.7.5
[INFO] [stderr]    Compiling jobserver v0.1.34
[INFO] [stderr]    Compiling time v0.3.41
[INFO] [stderr]    Compiling cc v1.2.34
[INFO] [stderr]    Compiling http-body v1.0.1
[INFO] [stderr]    Compiling clap_builder v4.5.46
[INFO] [stderr]    Compiling rustls-pemfile v2.2.0
[INFO] [stderr]    Compiling http-body-util v0.1.3
[INFO] [stderr]    Compiling arc-swap v1.7.1
[INFO] [stderr]    Compiling anyhow v1.0.99
[INFO] [stderr]    Compiling overload v0.1.1
[INFO] [stderr]    Compiling linux-raw-sys v0.4.15
[INFO] [stderr]    Compiling dirs-sys v0.5.0
[INFO] [stderr]    Compiling nu-ansi-term v0.46.0
[INFO] [stderr]    Compiling uuid v1.18.0
[INFO] [stderr]    Compiling tracing-log v0.2.0
[INFO] [stderr]    Compiling thread_local v1.1.9
[INFO] [stderr]    Compiling either v1.15.0
[INFO] [stderr]    Compiling home v0.5.11
[INFO] [stderr]    Compiling iana-time-zone v0.1.63
[INFO] [stderr]    Compiling unicode-width v0.2.1
[INFO] [stderr]    Compiling tracing-subscriber v0.3.19
[INFO] [stderr]    Compiling dirs v6.0.0
[INFO] [stderr]    Compiling console v0.16.0
[INFO] [stderr]    Compiling cmake v0.1.54
[INFO] [stderr]    Compiling aws-lc-sys v0.30.0
[INFO] [stderr]    Compiling ring v0.17.14
[INFO] [stderr]    Compiling synstructure v0.13.2
[INFO] [stderr]    Compiling which v6.0.3
[INFO] [stderr]    Compiling zerofrom-derive v0.1.6
[INFO] [stderr]    Compiling yoke-derive v0.8.0
[INFO] [stderr]    Compiling zerovec-derive v0.11.1
[INFO] [stderr]    Compiling tokio-macros v2.5.0
[INFO] [stderr]    Compiling displaydoc v0.2.5
[INFO] [stderr]    Compiling serde_derive v1.0.219
[INFO] [stderr]    Compiling tracing-attributes v0.1.30
[INFO] [stderr]    Compiling futures-macro v0.3.31
[INFO] [stderr]    Compiling thiserror-impl v2.0.16
[INFO] [stderr]    Compiling clap_derive v4.5.45
[INFO] [stderr]    Compiling async-trait v0.1.89
[INFO] [stderr]    Compiling tokio v1.47.1
[INFO] [stderr]    Compiling futures-util v0.3.31
[INFO] [stderr]    Compiling zerofrom v0.1.6
[INFO] [stderr]    Compiling yoke v0.8.0
[INFO] [stderr]    Compiling zerovec v0.11.4
[INFO] [stderr]    Compiling tracing v0.1.41
[INFO] [stderr]    Compiling zerotrie v0.2.2
[INFO] [stderr]    Compiling axum-core v0.5.2
[INFO] [stderr]    Compiling clap v4.5.46
[INFO] [stderr]    Compiling clap_complete v4.5.57
[INFO] [stderr]    Compiling tinystr v0.8.1
[INFO] [stderr]    Compiling potential_utf v0.1.2
[INFO] [stderr]    Compiling icu_collections v2.0.0
[INFO] [stderr]    Compiling icu_locale_core v2.0.0
[INFO] [stderr]    Compiling icu_provider v2.0.0
[INFO] [stderr]    Compiling icu_properties v2.0.1
[INFO] [stderr]    Compiling icu_normalizer v2.0.0
[INFO] [stderr]    Compiling futures-executor v0.3.31
[INFO] [stderr]    Compiling futures v0.3.31
[INFO] [stderr]    Compiling idna_adapter v1.2.1
[INFO] [stderr]    Compiling idna v1.1.0
[INFO] [stderr]    Compiling publicsuffix v2.3.0
[INFO] [stderr]    Compiling tokio-util v0.7.16
[INFO] [stderr]    Compiling tower v0.5.2
[INFO] [stderr]    Compiling tokio-stream v0.1.17
[INFO] [stderr]    Compiling serde_urlencoded v0.7.1
[INFO] [stderr]    Compiling url v2.5.7
[INFO] [stderr]    Compiling serde_path_to_error v0.1.17
[INFO] [stderr]    Compiling tower-http v0.6.6
[INFO] [stderr]    Compiling chrono v0.4.41
[INFO] [stderr]    Compiling h2 v0.4.12
[INFO] [stderr]    Compiling rust-mcp-macros v0.5.1
[INFO] [stderr]    Compiling cookie_store v0.21.1
[INFO] [stderr]    Compiling rust-mcp-schema v0.7.2
[INFO] [stderr]    Compiling hyper v1.7.0
[INFO] [stderr]    Compiling hyper-util v0.1.16
[INFO] [stderr]    Compiling axum v0.8.4
[INFO] [stderr]    Compiling rustls-webpki v0.103.4
[INFO] [stderr]    Compiling tokio-rustls v0.26.2
[INFO] [stderr]    Compiling hyper-rustls v0.27.7
[INFO] [stderr]    Compiling axum-server v0.7.2
[INFO] [stderr]    Compiling reqwest v0.12.23
[INFO] [stderr]    Compiling rust-mcp-transport v0.5.0
[INFO] [stderr]    Compiling rust-mcp-sdk v0.6.0
[INFO] [stderr]    Compiling foundry-mcp v0.7.1 (/opt/rustwide/workdir)
[INFO] [stderr] warning: unused dependency `clap_complete`
[INFO] [stderr]   --> Cargo.toml:19:15
[INFO] [stderr]    |
[INFO] [stderr] 19 | [dependencies.clap_complete]
[INFO] [stderr]    |               ^^^^^^^^^^^^^^
[INFO] [stderr]    |
[INFO] [stderr]    = note: `cargo::unused_dependencies` is set to `warn` by default
[INFO] [stderr] help: consider removing the dependency on `clap_complete`
[INFO] [stderr] warning: `foundry-mcp` (manifest) generated 1 warning
[INFO] [stderr]     Finished `release` profile [optimized] target(s) in 3m 41s
[INFO] running `Command { std: "docker" "inspect" "0b7a1ea1bf22977ed34289dd62ee3e179d27f08732ebdff653dd36b0bd8b607f", kill_on_drop: false }`
[INFO] running `Command { std: "docker" "exec" "-e" "SOURCE_DIR=/opt/rustwide/workdir" "-e" "CARGO_HOME=/opt/rustwide/cargo-home" "-e" "RUSTUP_HOME=/opt/rustwide/rustup-home" "-e" "CARGO_TARGET_DIR=/opt/rustwide/target" "-e" "CARGO_INCREMENTAL=0" "-e" "RUST_BACKTRACE=full" "-e" "RUSTFLAGS=--cap-lints=warn" "-e" "RUSTDOCFLAGS=--cap-lints=warn" "-w" "/opt/rustwide/workdir" "--user" "0:0" "0b7a1ea1bf22977ed34289dd62ee3e179d27f08732ebdff653dd36b0bd8b607f" "/opt/rustwide/cargo-home/bin/cargo" "+1.100.0-beta.1" "test" "--frozen" "--no-run" "--message-format=json" "--release", kill_on_drop: false }`
[INFO] [stderr] warning: `package.homepage` is redundant with `package.repository`
[INFO] [stderr]    --> Cargo.toml:106:12
[INFO] [stderr]     |
[INFO] [stderr] 106 | homepage = "https://github.com/cafreeman/foundry-mcp"
[INFO] [stderr]     |            ^^^^^^^^^^^^^^^^^^^^^^^^^^^^^^^^^^^^^^^^^^
[INFO] [stderr] ...
[INFO] [stderr] 111 | repository = "https://github.com/cafreeman/foundry-mcp"
[INFO] [stderr]     |              ------------------------------------------
[INFO] [stderr]     |
[INFO] [stderr]     = note: `cargo::redundant_homepage` is set to `warn` by default
[INFO] [stderr] help: consider removing `package.homepage`
[INFO] [stderr] warning: `foundry-mcp` (manifest) generated 1 warning
[INFO] [stderr]    Compiling tokio v1.47.1
[INFO] [stderr]    Compiling aho-corasick v1.1.3
[INFO] [stderr]    Compiling crossbeam-utils v0.8.21
[INFO] [stderr]    Compiling regex-syntax v0.8.6
[INFO] [stderr]    Compiling bstr v1.12.0
[INFO] [stderr]    Compiling rustix v1.0.8
[INFO] [stderr]    Compiling predicates-core v1.0.9
[INFO] [stderr]    Compiling doc-comment v0.3.3
[INFO] [stderr]    Compiling linux-raw-sys v0.9.4
[INFO] [stderr]    Compiling float-cmp v0.10.0
[INFO] [stderr]    Compiling async-stream-impl v0.3.6
[INFO] [stderr]    Compiling normalize-line-endings v0.3.0
[INFO] [stderr]    Compiling termtree v0.5.1
[INFO] [stderr]    Compiling difflib v0.4.0
[INFO] [stderr]    Compiling temp-env v0.3.6
[INFO] [stderr]    Compiling predicates-tree v1.0.12
[INFO] [stderr]    Compiling async-stream v0.3.6
[INFO] [stderr]    Compiling crossbeam-epoch v0.9.18
[INFO] [stderr]    Compiling crossbeam-deque v0.8.6
[INFO] [stderr]    Compiling tempfile v3.21.0
[INFO] [stderr]    Compiling regex-automata v0.4.10
[INFO] [stderr]    Compiling globset v0.4.16
[INFO] [stderr]    Compiling regex v1.11.2
[INFO] [stderr]    Compiling tokio-util v0.7.16
[INFO] [stderr]    Compiling tower v0.5.2
[INFO] [stderr]    Compiling tokio-rustls v0.26.2
[INFO] [stderr]    Compiling tokio-stream v0.1.17
[INFO] [stderr]    Compiling fs-err v3.1.1
[INFO] [stderr]    Compiling predicates v3.1.3
[INFO] [stderr]    Compiling ignore v0.4.23
[INFO] [stderr]    Compiling tokio-test v0.4.4
[INFO] [stderr]    Compiling h2 v0.4.12
[INFO] [stderr]    Compiling tower-http v0.6.6
[INFO] [stderr]    Compiling globwalk v0.9.1
[INFO] [stderr]    Compiling assert_fs v1.1.3
[INFO] [stderr]    Compiling hyper v1.7.0
[INFO] [stderr]    Compiling hyper-util v0.1.16
[INFO] [stderr]    Compiling hyper-rustls v0.27.7
[INFO] [stderr]    Compiling axum v0.8.4
[INFO] [stderr]    Compiling axum-server v0.7.2
[INFO] [stderr]    Compiling reqwest v0.12.23
[INFO] [stderr]    Compiling rust-mcp-transport v0.5.0
[INFO] [stderr]    Compiling rust-mcp-sdk v0.6.0
[INFO] [stderr]    Compiling foundry-mcp v0.7.1 (/opt/rustwide/workdir)
[INFO] [stderr] warning: unused dependency `clap_complete`
[INFO] [stderr]   --> Cargo.toml:19:15
[INFO] [stderr]    |
[INFO] [stderr] 19 | [dependencies.clap_complete]
[INFO] [stderr]    |               ^^^^^^^^^^^^^^
[INFO] [stderr]    |
[INFO] [stderr]    = note: `cargo::unused_dependencies` is set to `warn` by default
[INFO] [stderr] help: consider removing the dependency on `clap_complete`
[INFO] [stderr] warning: `foundry-mcp` (manifest) generated 1 warning
[INFO] [stderr]     Finished `release` profile [optimized] target(s) in 2m 44s
[INFO] running `Command { std: "docker" "inspect" "0b7a1ea1bf22977ed34289dd62ee3e179d27f08732ebdff653dd36b0bd8b607f", kill_on_drop: false }`
[INFO] running `Command { std: "docker" "exec" "-e" "SOURCE_DIR=/opt/rustwide/workdir" "-e" "CARGO_HOME=/opt/rustwide/cargo-home" "-e" "RUSTUP_HOME=/opt/rustwide/rustup-home" "-e" "CARGO_TARGET_DIR=/opt/rustwide/target" "-e" "CARGO_INCREMENTAL=0" "-e" "RUST_BACKTRACE=full" "-e" "RUSTFLAGS=--cap-lints=warn" "-e" "RUSTDOCFLAGS=--cap-lints=warn" "-w" "/opt/rustwide/workdir" "--user" "0:0" "0b7a1ea1bf22977ed34289dd62ee3e179d27f08732ebdff653dd36b0bd8b607f" "/opt/rustwide/cargo-home/bin/cargo" "+1.100.0-beta.1" "test" "--frozen" "--release", kill_on_drop: false }`
[INFO] [stderr] warning: `package.homepage` is redundant with `package.repository`
[INFO] [stderr]    --> Cargo.toml:106:12
[INFO] [stderr]     |
[INFO] [stderr] 106 | homepage = "https://github.com/cafreeman/foundry-mcp"
[INFO] [stderr]     |            ^^^^^^^^^^^^^^^^^^^^^^^^^^^^^^^^^^^^^^^^^^
[INFO] [stderr] ...
[INFO] [stderr] 111 | repository = "https://github.com/cafreeman/foundry-mcp"
[INFO] [stderr]     |              ------------------------------------------
[INFO] [stderr]     |
[INFO] [stderr]     = note: `cargo::redundant_homepage` is set to `warn` by default
[INFO] [stderr] help: consider removing `package.homepage`
[INFO] [stderr] warning: `foundry-mcp` (manifest) generated 1 warning
[INFO] [stderr] warning: unused dependency `clap_complete`
[INFO] [stderr]   --> Cargo.toml:19:15
[INFO] [stderr]    |
[INFO] [stderr] 19 | [dependencies.clap_complete]
[INFO] [stderr]    |               ^^^^^^^^^^^^^^
[INFO] [stderr]    |
[INFO] [stderr]    = note: `cargo::unused_dependencies` is set to `warn` by default
[INFO] [stderr] help: consider removing the dependency on `clap_complete`
[INFO] [stderr] warning: `foundry-mcp` (manifest) generated 1 warning
[INFO] [stderr]     Finished `release` profile [optimized] target(s) in 0.50s
[INFO] [stderr]      Running unittests src/lib.rs (/opt/rustwide/target/release/build/foundry-mcp/f9a812a978f38444/out/foundry_mcp-f9a812a978f38444)
[INFO] [stdout] 
[INFO] [stdout] running 141 tests
[INFO] [stdout] test cli::commands::install::tests::test_enhance_installation_error_binary_path ... ok
[INFO] [stdout] test cli::commands::install::tests::test_enhance_installation_error_generic ... ok
[INFO] [stdout] test cli::commands::install::tests::test_enhance_installation_error_permission_denied ... ok
[INFO] [stdout] test cli::commands::install::tests::test_enhance_installation_error_cli_not_found ... ok
[INFO] [stdout] test cli::commands::install::tests::test_install_args_creation ... ok
[INFO] [stdout] test cli::commands::install::tests::test_install_args_builder_pattern ... ok
[INFO] [stdout] test cli::commands::install::tests::test_validate_target_comprehensive ... ok
[INFO] [stdout] test cli::commands::install::tests::test_install_args_default_values ... ok
[INFO] [stdout] test cli::commands::status::tests::test_status_args_creation ... ok
[INFO] [stdout] test cli::commands::status::tests::test_status_args_default_values ... ok
[INFO] [stdout] test cli::commands::install::tests::test_validate_target_valid ... ok
[INFO] [stdout] test cli::commands::install::tests::test_enhance_installation_error_already_configured ... ok
[INFO] [stdout] test cli::commands::install::tests::test_validate_target_invalid ... ok
[INFO] [stdout] test cli::commands::install::tests::test_enhance_installation_error_command_not_exist ... ok
[INFO] [stdout] test cli::commands::status::tests::test_status_args_with_target ... ok
[INFO] [stdout] test cli::commands::status::tests::test_environment_status_creation ... ok
[INFO] [stdout] test cli::commands::status::tests::test_validate_target_valid ... ok
[INFO] [stdout] test cli::commands::uninstall::tests::test_create_uninstallation_result ... ok
[INFO] [stdout] test cli::commands::uninstall::tests::test_uninstall_args_creation ... ok
[INFO] [stdout] test cli::commands::status::tests::test_validate_target_invalid ... ok
[INFO] [stdout] test cli::commands::uninstall::tests::test_validate_target_valid ... ok
[INFO] [stdout] test cli::commands::uninstall::tests::test_uninstall_args_with_config_removal ... ok
[INFO] [stdout] test cli::commands::uninstall::tests::test_validate_target_invalid ... ok
[INFO] [stdout] test cli::commands::status::tests::test_environment_status_with_issues ... ok
[INFO] [stdout] test cli::commands::uninstall::tests::test_execute_invalid_target ... ok
[INFO] [stdout] test core::backends::memory::tests::test_memory_backend_creation ... ok
[INFO] [stdout] test core::backends::memory::tests::test_memory_backend_basic_operations ... ok
[INFO] [stdout] test cli::commands::install::tests::test_execute_response_structure ... ok
[INFO] [stdout] test cli::commands::install::tests::test_execute_with_explicit_binary_path ... ok
[INFO] [stdout] test core::backends::tests::contract_tests::test_backend_error_handling ... ok
[INFO] [stdout] test cli::commands::status::tests::test_execute_invalid_target ... ok
[INFO] [stdout] test core::backends::tests::facade_integration_tests::test_facade_with_memory_backend ... ok
[INFO] [stdout] test cli::commands::install::tests::test_create_installation_result ... ok
[INFO] [stdout] test cli::commands::install::tests::test_execute_invalid_target ... ok
[INFO] [stdout] test cli::commands::uninstall::tests::test_uninstall_args_default_values ... ok
[INFO] [stdout] test core::installation::cursor::tests::test_binary_path_validation ... ok
[INFO] [stdout] test core::installation::cursor::tests::test_config_validation ... ok
[INFO] [stdout] test core::backends::tests::contract_tests::test_backend_sorting_and_ordering ... ok
[INFO] [stdout] test core::backends::tests::contract_tests::test_memory_backend_contract ... ok
[INFO] [stdout] test core::backends::tests::edit_engine_integration_tests::test_edit_engine_with_facade_and_backend ... ok
[INFO] [stdout] test core::backends::tests::edit_engine_integration_tests::test_edit_engine_idempotency ... ok
[INFO] [stdout] test core::backends::tests::facade_integration_tests::test_facade_spec_content_store ... ok
[INFO] [stdout] test core::backends::tests::filesystem_backend_tests::test_filesystem_backend_creates_directories ... ok
[INFO] [stdout] test core::backends::tests::filesystem_backend_tests::test_filesystem_backend_atomic_writes ... ok
[INFO] [stdout] test core::backends::tests::contract_tests::test_filesystem_backend_contract ... ok
[INFO] [stdout] test core::backends::tests::filesystem_backend_tests::test_filesystem_backend_file_validation ... ok
[INFO] [stdout] test core::installation::cursor::tests::test_get_cursor_status_installed ... ok
[INFO] [stdout] test core::installation::cursor::tests::test_uninstall_from_cursor_not_configured ... ok
[INFO] [stdout] test core::installation::json_config::tests::test_add_server_to_config ... ok
[INFO] [stdout] test core::installation::json_config::tests::test_create_cursor_server_config ... ok
[INFO] [stdout] test core::installation::json_config::tests::test_create_server_config ... ok
[INFO] [stdout] test core::installation::json_config::tests::test_format_config_for_display ... ok
[INFO] [stdout] test core::installation::claude_code::tests::test_install_for_claude_code ... ok
[INFO] [stdout] test core::installation::json_config::tests::test_json_config_roundtrip ... ok
[INFO] [stdout] test core::installation::json_config::tests::test_remove_server_from_config ... ok
[INFO] [stdout] test core::installation::json_config::tests::test_read_write_config_file ... ok
[INFO] [stdout] test core::installation::json_config::tests::test_validate_config_invalid_command ... ok
[INFO] [stdout] test core::installation::json_config::tests::test_validate_config_valid ... ok
[INFO] [stdout] test core::installation::claude_code::tests::test_is_claude_code_available ... ok
[INFO] [stdout] test core::installation::cursor::tests::test_get_cursor_status_detailed ... ok
[INFO] [stdout] test core::installation::paths::tests::test_get_all_config_paths ... ok
[INFO] [stdout] test core::installation::cursor::tests::test_get_cursor_status_missing_binary ... ok
[INFO] [stdout] test core::installation::paths::tests::test_get_claude_code_mcp_config_path ... ok
[INFO] [stdout] test core::installation::utils::tests::test_check_binary_accessible_invalid ... ok
[INFO] [stdout] test core::installation::utils::tests::test_check_binary_accessible_valid ... ok
[INFO] [stdout] test core::installation::utils::tests::test_create_installation_result ... ok
[INFO] [stdout] test core::installation::paths::tests::test_get_claude_code_config_dir ... ok
[INFO] [stdout] test core::installation::utils::tests::test_create_uninstallation_result ... ok
[INFO] [stdout] test core::installation::utils::tests::test_detect_binary_path ... ok
[INFO] [stdout] test core::installation::paths::tests::test_get_platform_info ... ok
[INFO] [stdout] test core::installation::cursor::tests::test_get_cursor_status_invalid_config ... ok
[INFO] [stdout] test core::installation::utils::tests::test_ensure_directory_exists ... ok
[INFO] [stdout] test core::installation::paths::tests::test_get_cursor_config_dir ... ok
[INFO] [stdout] test core::installation::paths::tests::test_get_cursor_mcp_config_path ... ok
[INFO] [stdout] test core::installation::cursor::tests::test_install_for_cursor_fresh_environment ... ok
[INFO] [stdout] test core::installation::utils::tests::test_file_exists ... ok
[INFO] [stdout] test core::installation::utils::tests::test_read_file_content ... ok
[INFO] [stdout] test core::installation::utils::tests::test_format_actions ... ok
[INFO] [stdout] test core::installation::utils::tests::test_validate_binary_path_valid ... ok
[INFO] [stdout] test core::installation::utils::tests::test_validate_binary_path_invalid ... ok
[INFO] [stdout] test core::installation::utils::tests::test_format_actions_empty ... ok
[INFO] [stdout] test core::installation::cursor::tests::test_install_for_cursor_overwrites_existing ... ok
[INFO] [stdout] test core::installation::utils::tests::test_get_home_dir ... ok
[INFO] [stdout] test core::installation::cursor::tests::test_get_cursor_status_not_installed ... ok
[INFO] [stdout] test core::installation::cursor::tests::test_is_cursor_configured ... ok
[INFO] [stdout] test core::installation::cursor::tests::test_install_for_cursor_already_configured ... ok
[INFO] [stdout] test core::installation::cursor::tests::test_uninstall_from_cursor_configured ... ok
[INFO] [stdout] test core::installation::cursor::tests::test_install_for_cursor_config_validation ... ok
[INFO] [stdout] test core::installation::claude_code::tests::test_get_claude_code_status ... ok
[INFO] [stdout] test core::installation::cursor::tests::test_uninstall_from_cursor_not_configured_fails ... ok
[INFO] [stdout] test core::installation::cursor::tests::test_uninstall_from_cursor_remove_config_when_empty ... ok
[INFO] [stdout] test core::project::tests::test_list_projects_rfc3339_timestamps ... ok
[INFO] [stdout] test core::spec::tests::test_directory_management ... ok
[INFO] [stdout] test core::spec::tests::test_fuzzy_matching_edge_cases ... ok
[INFO] [stdout] test core::spec::tests::test_fuzzy_matching_empty_project_name ... ok
[INFO] [stdout] test core::spec::tests::test_fuzzy_matching_empty_project ... ok
[INFO] [stdout] test core::spec::tests::test_fuzzy_matching_exact_spec_name ... ok
[INFO] [stdout] test core::spec::tests::test_fuzzy_matching_empty_project_with_query ... ok
[INFO] [stdout] test core::spec::tests::test_fuzzy_matching_empty_query ... ok
[INFO] [stdout] test core::validation::tests::test_parse_content_type_case_insensitive ... ok
[INFO] [stdout] test core::validation::tests::test_parse_content_type_invalid ... ok
[INFO] [stdout] test core::validation::tests::test_parse_content_type_valid ... ok
[INFO] [stdout] test core::validation::tests::test_validate_notes_content_too_short ... ok
[INFO] [stdout] test core::validation::tests::test_validate_spec_content_too_short ... ok
[INFO] [stdout] test core::validation::tests::test_validate_summary_content_too_short ... ok
[INFO] [stdout] test core::validation::tests::test_validate_tech_stack_content_too_short ... ok
[INFO] [stdout] test core::validation::tests::test_validate_vision_content_too_short ... ok
[INFO] [stdout] test core::spec::tests::test_fuzzy_matching_feature_name ... ok
[INFO] [stdout] test mcp::macros::tests::test_parameter_conversion ... ok
[INFO] [stdout] test mcp::macros::tests::test_missing_required_parameter ... ok
[INFO] [stdout] test core::project::tests::test_load_project_rfc3339_timestamps ... ok
[INFO] [stdout] test core::spec::tests::test_fuzzy_matching_multiple_matches ... ok
[INFO] [stdout] test utils::response::tests::test_build_incomplete_response ... ok
[INFO] [stdout] test utils::response::tests::test_format_list ... ok
[INFO] [stdout] test utils::response::tests::test_multiple_messages ... ok
[INFO] [stdout] test utils::response::tests::test_build_success_response ... ok
[INFO] [stdout] test mcp::macros::tests::test_tool_definition_generation ... ok
[INFO] [stdout] test utils::status_formatter::tests::test_format_status_output_basic ... ok
[INFO] [stdout] test utils::timestamp::tests::test_format_timestamp_for_display ... ok
[INFO] [stdout] test utils::timestamp::tests::test_parse_spec_timestamp ... ok
[INFO] [stdout] test utils::timestamp::tests::test_spec_timestamp_to_iso ... ok
[INFO] [stdout] test utils::timestamp::tests::test_validate_timestamp_format ... ok
[INFO] [stdout] test utils::timestamp::tests::test_extract_feature_name ... ok
[INFO] [stdout] test utils::validation::tests::test_conditional_error_true ... ok
[INFO] [stdout] test utils::validation::tests::test_conditional_suggestions_mixed ... ok
[INFO] [stdout] test utils::validation::tests::test_conditional_error_false ... ok
[INFO] [stdout] test utils::status_formatter::tests::test_format_environment_with_issues ... ok
[INFO] [stdout] test core::spec::tests::test_fuzzy_matching_no_matches ... ok
[INFO] [stdout] test utils::response::tests::test_single_message ... ok
[INFO] [stdout] test core::spec::tests::test_fuzzy_matching_similarity_thresholds ... ok
[INFO] [stdout] test utils::validation::tests::test_format_validation_error ... ok
[INFO] [stdout] test core::spec::tests::test_latest_spec_retrieval ... ok
[INFO] [stdout] test core::spec::tests::test_list_specs_performance ... ok
[INFO] [stdout] test core::spec::tests::test_load_spec_with_fuzzy ... ok
[INFO] [stdout] test core::spec::tests::test_load_spec_with_fuzzy_no_matches ... ok
[INFO] [stdout] test core::spec::tests::test_logging_hygiene_no_stderr_output ... ok
[INFO] [stdout] test core::spec::tests::test_malformed_spec_handling ... ok
[INFO] [stdout] test core::spec::tests::test_spec_existence_and_counting ... ok
[INFO] [stdout] test core::spec::tests::test_spec_content_updates ... ok
[INFO] [stdout] test core::spec::tests::test_spec_filtering ... ok
[INFO] [stdout] test core::spec::tests::test_spec_validation ... ok
[INFO] [stdout] 
[INFO] [stdout] test result: ok. 141 passed; 0 failed; 0 ignored; 0 measured; 0 filtered out; finished in 1.31s
[INFO] [stdout] 
[INFO] [stderr]      Running unittests src/main.rs (/opt/rustwide/target/release/build/foundry-mcp/13b719a583c5136f/out/foundry-13b719a583c5136f)
[INFO] [stdout] 
[INFO] [stdout] running 0 tests
[INFO] [stdout] 
[INFO] [stdout] test result: ok. 0 passed; 0 failed; 0 ignored; 0 measured; 0 filtered out; finished in 0.00s
[INFO] [stdout] 
[INFO] [stderr]      Running tests/cli_tests.rs (/opt/rustwide/target/release/build/foundry-mcp/afb59a101d97723b/out/cli_tests-afb59a101d97723b)
[INFO] [stdout] 
[INFO] [stdout] running 7 tests
[INFO] [stdout] test test_mock_binary_path_validation ... ok
[INFO] [stdout] test test_uninstall_args_parsing ... ok
[INFO] [stdout] test test_cli_error_handling ... ok
[INFO] [stdout] test test_install_args_parsing ... ok
[INFO] [stdout] test test_binary_validation_logic ... ok
[INFO] [stdout] test test_status_args_parsing ... ok
[INFO] [stdout] test test_get_foundry_help_command ... ok
[INFO] [stderr]      Running tests/edit_commands_tests.rs (/opt/rustwide/target/release/build/foundry-mcp/1da924f0c07b3c78/out/edit_commands_tests-1da924f0c07b3c78)
[INFO] [stdout] 
[INFO] [stdout] test result: ok. 7 passed; 0 failed; 0 ignored; 0 measured; 0 filtered out; finished in 0.01s
[INFO] [stdout] 
[INFO] [stdout] 
[INFO] [stdout] running 3 tests
[INFO] [stdout] test test_append_to_spec_section ... ok
[INFO] [stdout] test test_set_task_status_done ... ok
[INFO] [stdout] test test_upsert_task_idempotent ... ok
[INFO] [stdout] 
[INFO] [stdout] test result: ok. 3 passed; 0 failed; 0 ignored; 0 measured; 0 filtered out; finished in 0.01s
[INFO] [stdout] 
[INFO] [stderr]      Running tests/install_claude_code_tests.rs (/opt/rustwide/target/release/build/foundry-mcp/15df16aadadebbe9/out/install_claude_code_tests-15df16aadadebbe9)
[INFO] [stdout] 
[INFO] [stdout] running 1 test
[INFO] [stdout] test test_install_claude_code_end_to_end ... ok
[INFO] [stdout] 
[INFO] [stdout] test result: ok. 1 passed; 0 failed; 0 ignored; 0 measured; 0 filtered out; finished in 0.05s
[INFO] [stdout] 
[INFO] [stderr]      Running tests/install_cursor_tests.rs (/opt/rustwide/target/release/build/foundry-mcp/c99cf91db152aa4b/out/install_cursor_tests-c99cf91db152aa4b)
[INFO] [stdout] 
[INFO] [stdout] running 10 tests
[INFO] [stdout] test test_install_cursor_path_based ... ok
[INFO] [stdout] test test_install_cursor_end_to_end ... ok
[INFO] [stdout] test test_install_cursor_always_overwrites ... ok
[INFO] [stdout] test test_install_cursor_config_verification ... ok
[INFO] [stdout] test test_install_cursor_malformed_config ... ok
[INFO] [stdout] test test_install_cursor_path_command ... ok
[INFO] [stdout] test test_install_cursor_runtime_validation ... ok
[INFO] [stdout] test test_install_json_output ... ok
[INFO] [stdout] test test_install_human_readable_output ... ok
[INFO] [stderr]      Running tests/project_management_tests.rs (/opt/rustwide/target/release/build/foundry-mcp/71ff823bab73b26b/out/project_management_tests-71ff823bab73b26b)
[INFO] [stdout] test test_install_cursor_empty_config ... ok
[INFO] [stdout] 
[INFO] [stdout] test result: ok. 10 passed; 0 failed; 0 ignored; 0 measured; 0 filtered out; finished in 0.10s
[INFO] [stdout] 
[INFO] [stdout] 
[INFO] [stdout] running 6 tests
[INFO] [stdout] test test_load_project_with_specs ... ok
[INFO] [stdout] test test_end_to_end_workflow ... ok
[INFO] [stdout] test test_error_missing_project ... ok
[INFO] [stdout] test test_load_project_empty ... ok
[INFO] [stdout] test test_create_project_full_workflow ... ok
[INFO] [stdout] test test_filesystem_isolation ... ok
[INFO] [stdout] 
[INFO] [stdout] test result: ok. 6 passed; 0 failed; 0 ignored; 0 measured; 0 filtered out; finished in 0.01s
[INFO] [stdout] 
[INFO] [stderr]      Running tests/specification_tests.rs (/opt/rustwide/target/release/build/foundry-mcp/e3d19bd4f2d0faf3/out/specification_tests-e3d19bd4f2d0faf3)
[INFO] [stdout] 
[INFO] [stdout] running 25 tests
[INFO] [stdout] test test_load_spec_missing_project ... ok
[INFO] [stdout] test test_backward_compatibility_cleanup_scenario ... ok
[INFO] [stdout] test test_delete_spec_error_handling ... ok
[INFO] [stdout] test test_load_spec_invalid_spec_name ... ok
[INFO] [stdout] test test_load_spec_list_with_specs ... ok
[INFO] [stdout] test test_delete_spec_success ... ok
[INFO] [stdout] test test_remove_section ... ok
[INFO] [stdout] test test_load_spec_list_empty_project ... ok
[INFO] [stdout] test test_load_spec_missing_spec ... ok
[INFO] [stdout] test test_load_spec_specific_spec ... ok
[INFO] [stdout] test test_remove_from_section ... ok
[INFO] [stdout] test test_remove_list_item ... ok
[INFO] [stdout] test test_create_spec_full_workflow ... ok
[INFO] [stdout] test test_error_spec_missing_project ... ok
[INFO] [stdout] test test_load_spec_end_to_end_workflow ... ok
[INFO] [stdout] test test_replace_in_section ... ok
[INFO] [stdout] test test_replace_list_item ... ok
[INFO] [stdout] test test_replace_section_content ... ok
[INFO] [stdout] test test_spec_lifecycle_workflow ... ok
[INFO] [stdout] test test_replacement_idempotent_behavior ... ok
[INFO] [stdout] test test_technology_stack_upgrade_scenario ... ok
[INFO] [stdout] test test_update_spec_append ... ok
[INFO] [stdout] test test_update_spec_error_handling ... ok
[INFO] [stdout] test test_update_spec_replace ... ok
[INFO] [stdout] test test_update_spec_task_list ... ok
[INFO] [stdout] 
[INFO] [stdout] test result: ok. 25 passed; 0 failed; 0 ignored; 0 measured; 0 filtered out; finished in 0.08s
[INFO] [stderr]      Running tests/status_all_environments_tests.rs (/opt/rustwide/target/release/build/foundry-mcp/f32f81952bf670fe/out/status_all_environments_tests-f32f81952bf670fe)
[INFO] [stdout] 
[INFO] [stdout] 
[INFO] [stdout] running 1 test
[INFO] [stderr]      Running tests/status_cursor_tests.rs (/opt/rustwide/target/release/build/foundry-mcp/f52e6111254021ee/out/status_cursor_tests-f52e6111254021ee)
[INFO] [stdout] test test_status_all_environments ... ok
[INFO] [stdout] 
[INFO] [stdout] test result: ok. 1 passed; 0 failed; 0 ignored; 0 measured; 0 filtered out; finished in 0.01s
[INFO] [stdout] 
[INFO] [stdout] 
[INFO] [stdout] running 3 tests
[INFO] [stdout] test test_cursor_status_detailed_mode ... ok
[INFO] [stdout] test test_cursor_status_before_after_install ... ok
[INFO] [stdout] test test_cursor_status_with_issues ... ok
[INFO] [stdout] 
[INFO] [stdout] test result: ok. 3 passed; 0 failed; 0 ignored; 0 measured; 0 filtered out; finished in 0.01s
[INFO] [stdout] 
[INFO] [stderr]      Running tests/template_edge_case_tests.rs (/opt/rustwide/target/release/build/foundry-mcp/94a973442510cf26/out/template_edge_case_tests-94a973442510cf26)
[INFO] [stdout] 
[INFO] [stdout] running 7 tests
[INFO] [stdout] test test_template_installation_filesystem_errors ... ok
[INFO] [stdout] test test_template_installation_insufficient_space ... ok
[INFO] [stdout] test test_template_overwrite_on_reinstallation ... ok
[INFO] [stdout] test test_template_installation_with_existing_custom_content ... ok
[INFO] [stdout] test test_template_installation_readonly_directory ... FAILED
[INFO] [stdout] test test_template_uninstallation_missing_files ... ok
[INFO] [stdout] test test_template_installation_invalid_paths ... FAILED
[INFO] [stdout] 
[INFO] [stdout] failures:
[INFO] [stdout] 
[INFO] [stdout] ---- test_template_installation_readonly_directory stdout ----
[INFO] [stdout] 
[INFO] [stdout] thread 'test_template_installation_readonly_directory' (6046) panicked at tests/template_edge_case_tests.rs:40:9:
[INFO] [stdout] assertion failed: result.is_err()
[INFO] [stdout] stack backtrace:
[INFO] [stdout]    0:     0x55edc2b6f881 - <<std[617be2ca0a6fd877]::sys::backtrace::BacktraceLock>::print::DisplayBacktrace as core[a373ad73a504971]::fmt::Display>::fmt
[INFO] [stdout]    1:     0x55edc2b8547a - core[a373ad73a504971]::fmt::write
[INFO] [stdout]    2:     0x55edc2b745ec - <alloc[2e1b2a31b91974c5]::vec::Vec<u8> as core[a373ad73a504971]::io::write::Write>::write_fmt
[INFO] [stdout]    3:     0x55edc2b48746 - std[617be2ca0a6fd877]::panicking::default_hook::{closure#0}
[INFO] [stdout]    4:     0x55edc2b66729 - std[617be2ca0a6fd877]::panicking::default_hook
[INFO] [stdout]    5:     0x55edc2abecf0 - test[aada8e7e76ba119b]::test_main_inner::{closure#0}
[INFO] [stdout]    6:     0x55edc2b66a52 - std[617be2ca0a6fd877]::panicking::panic_with_hook
[INFO] [stdout]    7:     0x55edc2b48824 - std[617be2ca0a6fd877]::panicking::panic_handler::{closure#0}
[INFO] [stdout]    8:     0x55edc2b40a09 - std[617be2ca0a6fd877]::sys::backtrace::__rust_end_short_backtrace::<std[617be2ca0a6fd877]::panicking::panic_handler::{closure#0}, !>
[INFO] [stdout]    9:     0x55edc2b498dd - __rustc[ea4f61d10b84890b]::rust_begin_unwind
[INFO] [stdout]   10:     0x55edc2b85bdc - core[a373ad73a504971]::panicking::panic_fmt
[INFO] [stdout]   11:     0x55edc2b85ba2 - core[a373ad73a504971]::panicking::panic
[INFO] [stdout]   12:     0x55edc2a88158 - template_edge_case_tests[6c997e686a241413]::test_template_installation_readonly_directory::{closure#0}::{closure#0}
[INFO] [stdout]   13:     0x55edc2a90e4d - <tokio[3501d8cebcfdd363]::runtime::scheduler::current_thread::Context>::enter::<core[a373ad73a504971]::task::poll::Poll<core[a373ad73a504971]::result::Result<(), anyhow[f68be6472a130e8d]::Error>>, <tokio[3501d8cebcfdd363]::runtime::scheduler::current_thread::CoreGuard>::block_on<core[a373ad73a504971]::pin::Pin<&mut template_edge_case_tests[6c997e686a241413]::test_template_installation_readonly_directory::{closure#0}::{closure#0}>>::{closure#0}::{closure#0}>
[INFO] [stdout]   14:     0x55edc2aa344f - <tokio[3501d8cebcfdd363]::runtime::context::scoped::Scoped<tokio[3501d8cebcfdd363]::runtime::scheduler::Context>>::set::<<tokio[3501d8cebcfdd363]::runtime::scheduler::current_thread::CoreGuard>::enter<<tokio[3501d8cebcfdd363]::runtime::scheduler::current_thread::CoreGuard>::block_on<core[a373ad73a504971]::pin::Pin<&mut template_edge_case_tests[6c997e686a241413]::test_template_installation_readonly_directory::{closure#0}::{closure#0}>>::{closure#0}, core[a373ad73a504971]::option::Option<core[a373ad73a504971]::result::Result<(), anyhow[f68be6472a130e8d]::Error>>>::{closure#0}, (alloc[2e1b2a31b91974c5]::boxed::Box<tokio[3501d8cebcfdd363]::runtime::scheduler::current_thread::Core>, core[a373ad73a504971]::option::Option<core[a373ad73a504971]::result::Result<(), anyhow[f68be6472a130e8d]::Error>>)>
[INFO] [stdout]   15:     0x55edc2a91ea9 - <tokio[3501d8cebcfdd363]::runtime::scheduler::current_thread::CoreGuard>::block_on::<core[a373ad73a504971]::pin::Pin<&mut template_edge_case_tests[6c997e686a241413]::test_template_installation_readonly_directory::{closure#0}::{closure#0}>>
[INFO] [stdout]   16:     0x55edc2a9dc58 - tokio[3501d8cebcfdd363]::runtime::context::runtime::enter_runtime::<<tokio[3501d8cebcfdd363]::runtime::scheduler::current_thread::CurrentThread>::block_on<template_edge_case_tests[6c997e686a241413]::test_template_installation_readonly_directory::{closure#0}::{closure#0}>::{closure#0}, core[a373ad73a504971]::result::Result<(), anyhow[f68be6472a130e8d]::Error>>
[INFO] [stdout]   17:     0x55edc2aa5332 - <tokio[3501d8cebcfdd363]::runtime::runtime::Runtime>::block_on::<template_edge_case_tests[6c997e686a241413]::test_template_installation_readonly_directory::{closure#0}::{closure#0}>
[INFO] [stdout]   18:     0x55edc2aab301 - temp_env[81edf96b2f3d1854]::with_vars::<std[617be2ca0a6fd877]::ffi::os_str::OsString, std[617be2ca0a6fd877]::ffi::os_str::OsString, <template_edge_case_tests[6c997e686a241413]::common::test_utils::TestEnvironment>::with_env_and_vars_async<template_edge_case_tests[6c997e686a241413]::test_template_installation_readonly_directory::{closure#0}, template_edge_case_tests[6c997e686a241413]::test_template_installation_readonly_directory::{closure#0}::{closure#0}, core[a373ad73a504971]::result::Result<(), anyhow[f68be6472a130e8d]::Error>>::{closure#0}, core[a373ad73a504971]::result::Result<(), anyhow[f68be6472a130e8d]::Error>, alloc[2e1b2a31b91974c5]::vec::Vec<(std[617be2ca0a6fd877]::ffi::os_str::OsString, core[a373ad73a504971]::option::Option<std[617be2ca0a6fd877]::ffi::os_str::OsString>)>>
[INFO] [stdout]   19:     0x55edc2a9e32e - <template_edge_case_tests[6c997e686a241413]::common::test_utils::TestEnvironment>::with_env_and_vars::<<template_edge_case_tests[6c997e686a241413]::common::test_utils::TestEnvironment>::with_env_and_vars_async<template_edge_case_tests[6c997e686a241413]::test_template_installation_readonly_directory::{closure#0}, template_edge_case_tests[6c997e686a241413]::test_template_installation_readonly_directory::{closure#0}::{closure#0}, core[a373ad73a504971]::result::Result<(), anyhow[f68be6472a130e8d]::Error>>::{closure#0}, core[a373ad73a504971]::result::Result<(), anyhow[f68be6472a130e8d]::Error>>
[INFO] [stdout]   20:     0x55edc2aa47ee - <template_edge_case_tests[6c997e686a241413]::test_template_installation_readonly_directory::{closure#0} as core[a373ad73a504971]::ops::function::FnOnce<()>>::call_once
[INFO] [stdout]   21:     0x55edc2ab213b - test[aada8e7e76ba119b]::__rust_begin_short_backtrace::<core[a373ad73a504971]::result::Result<(), alloc[2e1b2a31b91974c5]::string::String>, fn() -> core[a373ad73a504971]::result::Result<(), alloc[2e1b2a31b91974c5]::string::String>>
[INFO] [stdout]   22:     0x55edc2abf315 - test[aada8e7e76ba119b]::run_test::{closure#0}
[INFO] [stdout]   23:     0x55edc2ab8c04 - std[617be2ca0a6fd877]::sys::backtrace::__rust_begin_short_backtrace::<test[aada8e7e76ba119b]::run_test::{closure#1}, ()>
[INFO] [stdout]   24:     0x55edc2ac23a2 - <std[617be2ca0a6fd877]::thread::lifecycle::spawn_unchecked<test[aada8e7e76ba119b]::run_test::{closure#1}, ()>::{closure#1} as core[a373ad73a504971]::ops::function::FnOnce<()>>::call_once::{shim:vtable#0}
[INFO] [stdout]   25:     0x55edc2b6eb5f - <std[617be2ca0a6fd877]::sys::thread::unix::Thread>::new::thread_start
[INFO] [stdout]   26:     0x73555fde5dfa - <unknown>
[INFO] [stdout]   27:     0x73555fe793d4 - clone
[INFO] [stdout]   28:                0x0 - <unknown>
[INFO] [stdout] 
[INFO] [stdout] ---- test_template_installation_invalid_paths stdout ----
[INFO] [stdout] 
[INFO] [stdout] thread 'test_template_installation_invalid_paths' (6045) panicked at tests/template_edge_case_tests.rs:175:9:
[INFO] [stdout] assertion failed: result.is_err()
[INFO] [stdout] stack backtrace:
[INFO] [stdout]    0:     0x55edc2b6f881 - <<std[617be2ca0a6fd877]::sys::backtrace::BacktraceLock>::print::DisplayBacktrace as core[a373ad73a504971]::fmt::Display>::fmt
[INFO] [stdout]    1:     0x55edc2b8547a - core[a373ad73a504971]::fmt::write
[INFO] [stdout]    2:     0x55edc2b745ec - <alloc[2e1b2a31b91974c5]::vec::Vec<u8> as core[a373ad73a504971]::io::write::Write>::write_fmt
[INFO] [stdout]    3:     0x55edc2b48746 - std[617be2ca0a6fd877]::panicking::default_hook::{closure#0}
[INFO] [stdout]    4:     0x55edc2b66729 - std[617be2ca0a6fd877]::panicking::default_hook
[INFO] [stdout]    5:     0x55edc2abecf0 - test[aada8e7e76ba119b]::test_main_inner::{closure#0}
[INFO] [stdout]    6:     0x55edc2b66a52 - std[617be2ca0a6fd877]::panicking::panic_with_hook
[INFO] [stdout]    7:     0x55edc2b48824 - std[617be2ca0a6fd877]::panicking::panic_handler::{closure#0}
[INFO] [stdout]    8:     0x55edc2b40a09 - std[617be2ca0a6fd877]::sys::backtrace::__rust_end_short_backtrace::<std[617be2ca0a6fd877]::panicking::panic_handler::{closure#0}, !>
[INFO] [stdout]    9:     0x55edc2b498dd - __rustc[ea4f61d10b84890b]::rust_begin_unwind
[INFO] [stdout]   10:     0x55edc2b85bdc - core[a373ad73a504971]::panicking::panic_fmt
[INFO] [stdout]   11:     0x55edc2b85ba2 - core[a373ad73a504971]::panicking::panic
[INFO] [stdout]   12:     0x55edc2a86838 - template_edge_case_tests[6c997e686a241413]::test_template_installation_invalid_paths::{closure#0}::{closure#0}
[INFO] [stdout]   13:     0x55edc2a904fd - <tokio[3501d8cebcfdd363]::runtime::scheduler::current_thread::Context>::enter::<core[a373ad73a504971]::task::poll::Poll<core[a373ad73a504971]::result::Result<(), anyhow[f68be6472a130e8d]::Error>>, <tokio[3501d8cebcfdd363]::runtime::scheduler::current_thread::CoreGuard>::block_on<core[a373ad73a504971]::pin::Pin<&mut template_edge_case_tests[6c997e686a241413]::test_template_installation_invalid_paths::{closure#0}::{closure#0}>>::{closure#0}::{closure#0}>
[INFO] [stdout]   14:     0x55edc2aa2a4f - <tokio[3501d8cebcfdd363]::runtime::context::scoped::Scoped<tokio[3501d8cebcfdd363]::runtime::scheduler::Context>>::set::<<tokio[3501d8cebcfdd363]::runtime::scheduler::current_thread::CoreGuard>::enter<<tokio[3501d8cebcfdd363]::runtime::scheduler::current_thread::CoreGuard>::block_on<core[a373ad73a504971]::pin::Pin<&mut template_edge_case_tests[6c997e686a241413]::test_template_installation_invalid_paths::{closure#0}::{closure#0}>>::{closure#0}, core[a373ad73a504971]::option::Option<core[a373ad73a504971]::result::Result<(), anyhow[f68be6472a130e8d]::Error>>>::{closure#0}, (alloc[2e1b2a31b91974c5]::boxed::Box<tokio[3501d8cebcfdd363]::runtime::scheduler::current_thread::Core>, core[a373ad73a504971]::option::Option<core[a373ad73a504971]::result::Result<(), anyhow[f68be6472a130e8d]::Error>>)>
[INFO] [stdout]   15:     0x55edc2a913b9 - <tokio[3501d8cebcfdd363]::runtime::scheduler::current_thread::CoreGuard>::block_on::<core[a373ad73a504971]::pin::Pin<&mut template_edge_case_tests[6c997e686a241413]::test_template_installation_invalid_paths::{closure#0}::{closure#0}>>
[INFO] [stdout]   16:     0x55edc2a9c628 - tokio[3501d8cebcfdd363]::runtime::context::runtime::enter_runtime::<<tokio[3501d8cebcfdd363]::runtime::scheduler::current_thread::CurrentThread>::block_on<template_edge_case_tests[6c997e686a241413]::test_template_installation_invalid_paths::{closure#0}::{closure#0}>::{closure#0}, core[a373ad73a504971]::result::Result<(), anyhow[f68be6472a130e8d]::Error>>
[INFO] [stdout]   17:     0x55edc2aa4ba2 - <tokio[3501d8cebcfdd363]::runtime::runtime::Runtime>::block_on::<template_edge_case_tests[6c997e686a241413]::test_template_installation_invalid_paths::{closure#0}::{closure#0}>
[INFO] [stdout]   18:     0x55edc2aaacc1 - temp_env[81edf96b2f3d1854]::with_vars::<std[617be2ca0a6fd877]::ffi::os_str::OsString, std[617be2ca0a6fd877]::ffi::os_str::OsString, <template_edge_case_tests[6c997e686a241413]::common::test_utils::TestEnvironment>::with_env_and_vars_async<template_edge_case_tests[6c997e686a241413]::test_template_installation_invalid_paths::{closure#0}, template_edge_case_tests[6c997e686a241413]::test_template_installation_invalid_paths::{closure#0}::{closure#0}, core[a373ad73a504971]::result::Result<(), anyhow[f68be6472a130e8d]::Error>>::{closure#0}, core[a373ad73a504971]::result::Result<(), anyhow[f68be6472a130e8d]::Error>, alloc[2e1b2a31b91974c5]::vec::Vec<(std[617be2ca0a6fd877]::ffi::os_str::OsString, core[a373ad73a504971]::option::Option<std[617be2ca0a6fd877]::ffi::os_str::OsString>)>>
[INFO] [stdout]   19:     0x55edc2a9e26e - <template_edge_case_tests[6c997e686a241413]::common::test_utils::TestEnvironment>::with_env_and_vars::<<template_edge_case_tests[6c997e686a241413]::common::test_utils::TestEnvironment>::with_env_and_vars_async<template_edge_case_tests[6c997e686a241413]::test_template_installation_invalid_paths::{closure#0}, template_edge_case_tests[6c997e686a241413]::test_template_installation_invalid_paths::{closure#0}::{closure#0}, core[a373ad73a504971]::result::Result<(), anyhow[f68be6472a130e8d]::Error>>::{closure#0}, core[a373ad73a504971]::result::Result<(), anyhow[f68be6472a130e8d]::Error>>
[INFO] [stdout]   20:     0x55edc2aa3cdf - <template_edge_case_tests[6c997e686a241413]::test_template_installation_invalid_paths::{closure#0} as core[a373ad73a504971]::ops::function::FnOnce<()>>::call_once
[INFO] [stdout]   21:     0x55edc2ab213b - test[aada8e7e76ba119b]::__rust_begin_short_backtrace::<core[a373ad73a504971]::result::Result<(), alloc[2e1b2a31b91974c5]::string::String>, fn() -> core[a373ad73a504971]::result::Result<(), alloc[2e1b2a31b91974c5]::string::String>>
[INFO] [stdout]   22:     0x55edc2abf315 - test[aada8e7e76ba119b]::run_test::{closure#0}
[INFO] [stdout]   23:     0x55edc2ab8c04 - std[617be2ca0a6fd877]::sys::backtrace::__rust_begin_short_backtrace::<test[aada8e7e76ba119b]::run_test::{closure#1}, ()>
[INFO] [stdout]   24:     0x55edc2ac23a2 - <std[617be2ca0a6fd877]::thread::lifecycle::spawn_unchecked<test[aada8e7e76ba119b]::run_test::{closure#1}, ()>::{closure#1} as core[a373ad73a504971]::ops::function::FnOnce<()>>::call_once::{shim:vtable#0}
[INFO] [stdout]   25:     0x55edc2b6eb5f - <std[617be2ca0a6fd877]::sys::thread::unix::Thread>::new::thread_start
[INFO] [stdout]   26:     0x73555fde5dfa - <unknown>
[INFO] [stdout]   27:     0x73555fe793d4 - clone
[INFO] [stdout]   28:                0x0 - <unknown>
[INFO] [stdout] 
[INFO] [stdout] 
[INFO] [stdout] failures:
[INFO] [stdout]     test_template_installation_invalid_paths
[INFO] [stdout]     test_template_installation_readonly_directory
[INFO] [stdout] 
[INFO] [stdout] test result: FAILED. 5 passed; 2 failed; 0 ignored; 0 measured; 0 filtered out; finished in 0.02s
[INFO] [stdout] 
[INFO] [stderr] error: test failed, to rerun pass `--test template_edge_case_tests`
[INFO] running `Command { std: "docker" "inspect" "0b7a1ea1bf22977ed34289dd62ee3e179d27f08732ebdff653dd36b0bd8b607f", kill_on_drop: false }`
[INFO] running `Command { std: "docker" "rm" "-f" "0b7a1ea1bf22977ed34289dd62ee3e179d27f08732ebdff653dd36b0bd8b607f", kill_on_drop: false }`
[INFO] [stdout] 0b7a1ea1bf22977ed34289dd62ee3e179d27f08732ebdff653dd36b0bd8b607f
