[INFO] fetching crate forust-ml 0.8.0...
[INFO] testing forust-ml-0.8.0 against 1.100.0-beta.1+cargoflags=--release for beta-release-1.100-2
[INFO] extracting crate forust-ml 0.8.0 into /workspace/builds/worker-0-tc2/source
[INFO] started tweaking crates.io crate forust-ml 0.8.0
[INFO] finished tweaking crates.io crate forust-ml 0.8.0
[INFO] tweaked toml for crates.io crate forust-ml 0.8.0 written to /workspace/builds/worker-0-tc2/source/Cargo.toml
[INFO] validating manifest of crates.io crate forust-ml 0.8.0 on toolchain 1.100.0-beta.1
[INFO] running `Command { std: CARGO_HOME="/workspace/cargo-home" RUSTUP_HOME="/workspace/rustup-home" "/workspace/cargo-home/bin/cargo" "+1.100.0-beta.1" "metadata" "--manifest-path" "Cargo.toml" "--no-deps", kill_on_drop: false }`
[INFO] crate crates.io crate forust-ml 0.8.0 already has a lockfile, it will not be regenerated
[INFO] running `Command { std: CARGO_HOME="/workspace/cargo-home" RUSTUP_HOME="/workspace/rustup-home" "/workspace/cargo-home/bin/cargo" "+1.100.0-beta.1" "fetch" "--manifest-path" "Cargo.toml", kill_on_drop: false }`
[INFO] [stderr] warning: `package.homepage` is redundant with `package.repository`
[INFO] [stderr]   --> Cargo.toml:39:12
[INFO] [stderr]    |
[INFO] [stderr] 39 | homepage = "https://github.com/jinlow/forust"
[INFO] [stderr]    |            ^^^^^^^^^^^^^^^^^^^^^^^^^^^^^^^^^^
[INFO] [stderr] ...
[INFO] [stderr] 43 | repository = "https://github.com/jinlow/forust"
[INFO] [stderr]    |              ----------------------------------
[INFO] [stderr]    |
[INFO] [stderr]    = note: `cargo::redundant_homepage` is set to `warn` by default
[INFO] [stderr] help: consider removing `package.homepage`
[INFO] [stderr] warning: `forust-ml` (manifest) generated 1 warning
[INFO] running `Command { std: "docker" "create" "-v" "/var/lib/crater-agent-workspace/builds/worker-0-tc2/source:/opt/rustwide/workdir:ro,Z" "-v" "/var/lib/crater-agent-workspace/builds/worker-0-tc2/target:/opt/rustwide/target:rw,Z" "-v" "/var/lib/crater-agent-workspace/cargo-home:/opt/rustwide/cargo-home:ro,Z" "-v" "/var/lib/crater-agent-workspace/rustup-home:/opt/rustwide/rustup-home:ro,Z" "-m" "1610612736" "--network" "none" "ghcr.io/rust-lang/crates-build-env/linux@sha256:77db811e55d90add9212f6832c23229e3de5f1c1f9905e8cb07319ea15df73ac" "sleep" "infinity", kill_on_drop: false }`
[INFO] [stdout] 8792871a80dd2c9ea838a15d0db195c40259ceddba36432246b0eefa23d42ced
[INFO] running `Command { std: "docker" "start" "8792871a80dd2c9ea838a15d0db195c40259ceddba36432246b0eefa23d42ced", kill_on_drop: false }`
[INFO] running `Command { std: "docker" "inspect" "8792871a80dd2c9ea838a15d0db195c40259ceddba36432246b0eefa23d42ced", kill_on_drop: false }`
[INFO] running `Command { std: "docker" "exec" "-e" "SOURCE_DIR=/opt/rustwide/workdir" "-e" "CARGO_HOME=/opt/rustwide/cargo-home" "-e" "RUSTUP_HOME=/opt/rustwide/rustup-home" "-e" "CARGO_TARGET_DIR=/opt/rustwide/target" "-w" "/opt/rustwide/workdir" "--user" "0:0" "8792871a80dd2c9ea838a15d0db195c40259ceddba36432246b0eefa23d42ced" "/opt/rustwide/cargo-home/bin/cargo" "+1.100.0-beta.1" "metadata" "--no-deps" "--format-version=1", kill_on_drop: false }`
[INFO] running `Command { std: "docker" "inspect" "8792871a80dd2c9ea838a15d0db195c40259ceddba36432246b0eefa23d42ced", kill_on_drop: false }`
[INFO] running `Command { std: "docker" "exec" "-e" "SOURCE_DIR=/opt/rustwide/workdir" "-e" "CARGO_HOME=/opt/rustwide/cargo-home" "-e" "RUSTUP_HOME=/opt/rustwide/rustup-home" "-e" "CARGO_TARGET_DIR=/opt/rustwide/target" "-e" "CARGO_INCREMENTAL=0" "-e" "RUST_BACKTRACE=full" "-e" "RUSTFLAGS=--cap-lints=warn" "-e" "RUSTDOCFLAGS=--cap-lints=warn" "-w" "/opt/rustwide/workdir" "--user" "0:0" "8792871a80dd2c9ea838a15d0db195c40259ceddba36432246b0eefa23d42ced" "/opt/rustwide/cargo-home/bin/cargo" "+1.100.0-beta.1" "build" "--frozen" "--message-format=json" "--release", kill_on_drop: false }`
[INFO] [stderr] warning: `package.homepage` is redundant with `package.repository`
[INFO] [stderr]   --> Cargo.toml:39:12
[INFO] [stderr]    |
[INFO] [stderr] 39 | homepage = "https://github.com/jinlow/forust"
[INFO] [stderr]    |            ^^^^^^^^^^^^^^^^^^^^^^^^^^^^^^^^^^
[INFO] [stderr] ...
[INFO] [stderr] 43 | repository = "https://github.com/jinlow/forust"
[INFO] [stderr]    |              ----------------------------------
[INFO] [stderr]    |
[INFO] [stderr]    = note: `cargo::redundant_homepage` is set to `warn` by default
[INFO] [stderr] help: consider removing `package.homepage`
[INFO] [stderr] warning: `forust-ml` (manifest) generated 1 warning
[INFO] [stderr]    Compiling proc-macro2 v1.0.107
[INFO] [stderr]    Compiling unicode-ident v1.0.27
[INFO] [stderr]    Compiling quote v1.0.47
[INFO] [stderr]    Compiling crossbeam-utils v0.8.23
[INFO] [stderr]    Compiling libc v0.2.190
[INFO] [stderr]    Compiling zerocopy v0.8.62
[INFO] [stderr]    Compiling crossbeam-epoch v0.9.21
[INFO] [stderr]    Compiling serde_core v1.0.229
[INFO] [stderr]    Compiling crossbeam-deque v0.8.8
[INFO] [stderr]    Compiling cfg-if v1.0.5
[INFO] [stderr]    Compiling zmij v1.0.23
[INFO] [stderr]    Compiling rayon-core v1.13.0
[INFO] [stderr]    Compiling serde v1.0.229
[INFO] [stderr]    Compiling serde_json v1.0.154
[INFO] [stderr]    Compiling thiserror v1.0.69
[INFO] [stderr]    Compiling either v1.19.0
[INFO] [stderr]    Compiling itoa v1.0.18
[INFO] [stderr]    Compiling memchr v2.8.3
[INFO] [stderr]    Compiling log v0.4.34
[INFO] [stderr]    Compiling syn v2.0.119
[INFO] [stderr]    Compiling syn v3.0.9
[INFO] [stderr]    Compiling rayon v1.12.0
[INFO] [stderr]    Compiling getrandom v0.2.17
[INFO] [stderr]    Compiling thiserror-impl v1.0.69
[INFO] [stderr]    Compiling rand_core v0.6.4
[INFO] [stderr]    Compiling serde_derive v1.0.229
[INFO] [stderr]    Compiling ppv-lite86 v0.2.21
[INFO] [stderr]    Compiling rand_chacha v0.3.1
[INFO] [stderr]    Compiling rand v0.8.8
[INFO] [stderr]    Compiling forust-ml v0.8.0 (/opt/rustwide/workdir)
[INFO] [stdout] warning: hiding a lifetime that's elided elsewhere is confusing
[INFO] [stdout]    --> src/data.rs:129:9
[INFO] [stdout]     |
[INFO] [stdout] 129 |         &self,
[INFO] [stdout]     |         ^^^^^ the lifetime is elided here
[INFO] [stdout] 130 |         row: usize,
[INFO] [stdout] 131 |     ) -> std::iter::StepBy<std::iter::Skip<std::slice::Iter<T>>> {
[INFO] [stdout]     |                                            ^^^^^^^^^^^^^^^^^^^ the same lifetime is hidden here
[INFO] [stdout]     |
[INFO] [stdout]     = help: the same lifetime is referred to in inconsistent ways, making the signature confusing
[INFO] [stdout]     = note: `#[warn(mismatched_lifetime_syntaxes)]` on by default
[INFO] [stdout] help: use `'_` for type paths
[INFO] [stdout]     |
[INFO] [stdout] 131 |     ) -> std::iter::StepBy<std::iter::Skip<std::slice::Iter<'_, T>>> {
[INFO] [stdout]     |                                                             +++
[INFO] [stdout] 
[INFO] [stdout] 
[INFO] [stderr]     Finished `release` profile [optimized] target(s) in 29.91s
[INFO] running `Command { std: "docker" "inspect" "8792871a80dd2c9ea838a15d0db195c40259ceddba36432246b0eefa23d42ced", kill_on_drop: false }`
[INFO] running `Command { std: "docker" "exec" "-e" "SOURCE_DIR=/opt/rustwide/workdir" "-e" "CARGO_HOME=/opt/rustwide/cargo-home" "-e" "RUSTUP_HOME=/opt/rustwide/rustup-home" "-e" "CARGO_TARGET_DIR=/opt/rustwide/target" "-e" "CARGO_INCREMENTAL=0" "-e" "RUST_BACKTRACE=full" "-e" "RUSTFLAGS=--cap-lints=warn" "-e" "RUSTDOCFLAGS=--cap-lints=warn" "-w" "/opt/rustwide/workdir" "--user" "0:0" "8792871a80dd2c9ea838a15d0db195c40259ceddba36432246b0eefa23d42ced" "/opt/rustwide/cargo-home/bin/cargo" "+1.100.0-beta.1" "test" "--frozen" "--no-run" "--message-format=json" "--release", kill_on_drop: false }`
[INFO] [stderr] warning: `package.homepage` is redundant with `package.repository`
[INFO] [stderr]   --> Cargo.toml:39:12
[INFO] [stderr]    |
[INFO] [stderr] 39 | homepage = "https://github.com/jinlow/forust"
[INFO] [stderr]    |            ^^^^^^^^^^^^^^^^^^^^^^^^^^^^^^^^^^
[INFO] [stderr] ...
[INFO] [stderr] 43 | repository = "https://github.com/jinlow/forust"
[INFO] [stderr]    |              ----------------------------------
[INFO] [stderr]    |
[INFO] [stderr]    = note: `cargo::redundant_homepage` is set to `warn` by default
[INFO] [stderr] help: consider removing `package.homepage`
[INFO] [stderr] warning: `forust-ml` (manifest) generated 1 warning
[INFO] [stderr]    Compiling forust-ml v0.8.0 (/opt/rustwide/workdir)
[INFO] [stdout] warning: hiding a lifetime that's elided elsewhere is confusing
[INFO] [stdout]    --> src/data.rs:129:9
[INFO] [stdout]     |
[INFO] [stdout] 129 |         &self,
[INFO] [stdout]     |         ^^^^^ the lifetime is elided here
[INFO] [stdout] 130 |         row: usize,
[INFO] [stdout] 131 |     ) -> std::iter::StepBy<std::iter::Skip<std::slice::Iter<T>>> {
[INFO] [stdout]     |                                            ^^^^^^^^^^^^^^^^^^^ the same lifetime is hidden here
[INFO] [stdout]     |
[INFO] [stdout]     = help: the same lifetime is referred to in inconsistent ways, making the signature confusing
[INFO] [stdout]     = note: `#[warn(mismatched_lifetime_syntaxes)]` on by default
[INFO] [stdout] help: use `'_` for type paths
[INFO] [stdout]     |
[INFO] [stdout] 131 |     ) -> std::iter::StepBy<std::iter::Skip<std::slice::Iter<'_, T>>> {
[INFO] [stdout]     |                                                             +++
[INFO] [stdout] 
[INFO] [stdout] 
[INFO] [stdout] warning: hiding a lifetime that's elided elsewhere is confusing
[INFO] [stdout]    --> src/data.rs:129:9
[INFO] [stdout]     |
[INFO] [stdout] 129 |         &self,
[INFO] [stdout]     |         ^^^^^ the lifetime is elided here
[INFO] [stdout] 130 |         row: usize,
[INFO] [stdout] 131 |     ) -> std::iter::StepBy<std::iter::Skip<std::slice::Iter<T>>> {
[INFO] [stdout]     |                                            ^^^^^^^^^^^^^^^^^^^ the same lifetime is hidden here
[INFO] [stdout]     |
[INFO] [stdout]     = help: the same lifetime is referred to in inconsistent ways, making the signature confusing
[INFO] [stdout]     = note: `#[warn(mismatched_lifetime_syntaxes)]` on by default
[INFO] [stdout] help: use `'_` for type paths
[INFO] [stdout]     |
[INFO] [stdout] 131 |     ) -> std::iter::StepBy<std::iter::Skip<std::slice::Iter<'_, T>>> {
[INFO] [stdout]     |                                                             +++
[INFO] [stdout] 
[INFO] [stdout] 
[INFO] [stderr]     Finished `release` profile [optimized] target(s) in 38.09s
[INFO] running `Command { std: "docker" "inspect" "8792871a80dd2c9ea838a15d0db195c40259ceddba36432246b0eefa23d42ced", kill_on_drop: false }`
[INFO] running `Command { std: "docker" "exec" "-e" "SOURCE_DIR=/opt/rustwide/workdir" "-e" "CARGO_HOME=/opt/rustwide/cargo-home" "-e" "RUSTUP_HOME=/opt/rustwide/rustup-home" "-e" "CARGO_TARGET_DIR=/opt/rustwide/target" "-e" "CARGO_INCREMENTAL=0" "-e" "RUST_BACKTRACE=full" "-e" "RUSTFLAGS=--cap-lints=warn" "-e" "RUSTDOCFLAGS=--cap-lints=warn" "-w" "/opt/rustwide/workdir" "--user" "0:0" "8792871a80dd2c9ea838a15d0db195c40259ceddba36432246b0eefa23d42ced" "/opt/rustwide/cargo-home/bin/cargo" "+1.100.0-beta.1" "test" "--frozen" "--release", kill_on_drop: false }`
[INFO] [stderr] warning: `package.homepage` is redundant with `package.repository`
[INFO] [stderr]   --> Cargo.toml:39:12
[INFO] [stderr]    |
[INFO] [stderr] 39 | homepage = "https://github.com/jinlow/forust"
[INFO] [stderr]    |            ^^^^^^^^^^^^^^^^^^^^^^^^^^^^^^^^^^
[INFO] [stderr] ...
[INFO] [stderr] 43 | repository = "https://github.com/jinlow/forust"
[INFO] [stderr]    |              ----------------------------------
[INFO] [stderr]    |
[INFO] [stderr]    = note: `cargo::redundant_homepage` is set to `warn` by default
[INFO] [stderr] help: consider removing `package.homepage`
[INFO] [stderr] warning: `forust-ml` (manifest) generated 1 warning
[INFO] [stderr] warning: hiding a lifetime that's elided elsewhere is confusing
[INFO] [stderr]    --> src/data.rs:129:9
[INFO] [stderr]     |
[INFO] [stderr] 129 |         &self,
[INFO] [stderr]     |         ^^^^^ the lifetime is elided here
[INFO] [stderr] 130 |         row: usize,
[INFO] [stderr] 131 |     ) -> std::iter::StepBy<std::iter::Skip<std::slice::Iter<T>>> {
[INFO] [stderr]     |                                            ^^^^^^^^^^^^^^^^^^^ the same lifetime is hidden here
[INFO] [stderr]     |
[INFO] [stderr]     = help: the same lifetime is referred to in inconsistent ways, making the signature confusing
[INFO] [stderr]     = note: `#[warn(mismatched_lifetime_syntaxes)]` on by default
[INFO] [stderr] help: use `'_` for type paths
[INFO] [stderr]     |
[INFO] [stderr] 131 |     ) -> std::iter::StepBy<std::iter::Skip<std::slice::Iter<'_, T>>> {
[INFO] [stderr]     |                                                             +++
[INFO] [stderr] 
[INFO] [stderr] warning: `forust-ml` (lib) generated 1 warning (run `cargo fix --lib -p forust-ml` to apply 1 suggestion)
[INFO] [stderr] warning: `forust-ml` (lib test) generated 1 warning (1 duplicate)
[INFO] [stderr]     Finished `release` profile [optimized] target(s) in 0.08s
[INFO] [stderr]      Running unittests src/lib.rs (/opt/rustwide/target/release/build/forust-ml/1e74a60a4173c501/out/forust_ml-1e74a60a4173c501)
[INFO] [stdout] 
[INFO] [stdout] running 71 tests
[INFO] [stdout] test data::tests::test_rowmatrix_get ... ok
[INFO] [stdout] test data::tests::test_matrix_get_col_slice ... ok
[INFO] [stdout] test data::tests::test_matrix_get ... ok
[INFO] [stdout] test data::tests::test_matrix_get_col ... ok
[INFO] [stdout] test data::tests::test_jaggedmatrix_get_col ... ok
[INFO] [stdout] test data::tests::test_rowmatrix_append ... ok
[INFO] [stdout] test binning::tests::test_percentiles_or_value_matches_original_algorithm ... ok
[INFO] [stdout] test gradientbooster::tests::test_booster_fit ... FAILED
[INFO] [stdout] test gradientbooster::tests::test_booster_fit_goss_warmup ... FAILED
[INFO] [stdout] test gradientbooster::tests::test_booster_fit_nofitted_base_score ... FAILED
[INFO] [stdout] test data::tests::test_matrix_row ... ok
[INFO] [stdout] test gradientbooster::tests::test_tree_save ... FAILED
[INFO] [stdout] test gradientbooster::tests::test_booster_fit_goss_seed ... FAILED
[INFO] [stdout] test gradientbooster::tests::test_booster_fit_subsample ... FAILED
[INFO] [stdout] test binning::tests::test_bin_data ... FAILED
[INFO] [stdout] test gradientbooster::tests::test_booster_goss_validation ... FAILED
[INFO] [stdout] test histogram::tests::test_single_histogram ... FAILED
[INFO] [stdout] test metric::tests::test_auc_real_data ... ok
[INFO] [stdout] test gradientbooster::tests::test_tiled_histograms_serde ... ok
[INFO] [stdout] test metric::tests::test_log_loss ... ok
[INFO] [stdout] test metric::tests::test_root_mean_squared_error ... ok
[INFO] [stdout] test binning::tests::test_bin_matrix_parallel_matches_serial ... ok
[INFO] [stdout] test gradientbooster::tests::test_parallel_grad_hess_matches_serial ... ok
[INFO] [stdout] test objective::tests::test_logloss_loss ... ok
[INFO] [stdout] test metric::tests::test_auc_generc ... ok
[INFO] [stdout] test objective::tests::test_logloss_grad ... ok
[INFO] [stdout] test objective::tests::test_logloss_init ... ok
[INFO] [stdout] test histogram::tests::test_build_falls_back_to_column_wise ... ok
[INFO] [stdout] test histogram::tests::test_tiled_bins_layout ... ok
[INFO] [stdout] test objective::tests::test_mse_init ... ok
[INFO] [stdout] test sampler::tests::test_goss_sample_counts_and_weights ... ok
[INFO] [stdout] test sampler::tests::test_goss_warmup_iterations ... ok
[INFO] [stdout] test sampler::tests::test_goss_is_deterministic_for_a_seed ... ok
[INFO] [stdout] test sampler::tests::test_row_subset ... ok
[INFO] [stdout] test splitter::tests::test_data_split ... FAILED
[INFO] [stdout] test partial_dependence::tests::test_partial_dependence ... FAILED
[INFO] [stdout] test sampler::tests::test_goss_ranks_by_gradient_times_hessian ... ok
[INFO] [stdout] test tree::tests::test_predict_from_bins_matches_values ... FAILED
[INFO] [stdout] test sampler::tests::test_goss_returns_values_from_index ... ok
[INFO] [stdout] test tree::tests::test_predict_from_bins_panics_on_nan_when_missing_is_a_number - should panic ... ok
[INFO] [stdout] test splitter::tests::test_best_feature_split ... ok
[INFO] [stdout] test splitter::tests::test_best_split ... ok
[INFO] [stdout] test tree::tests::test_tree_colsample ... FAILED
[INFO] [stdout] test tree::tests::test_tree_fit_lossguide ... FAILED
[INFO] [stdout] test tree::tests::test_tree_fit_on_row_subset_matches_full_data ... FAILED
[INFO] [stdout] test tree::tests::test_tree_fit ... FAILED
[INFO] [stdout] test tree::tests::test_tree_rows_match_predictions ... FAILED
[INFO] [stdout] test utils::tests::test_fmt_vec_output ... ok
[INFO] [stdout] test tree::tests::test_tree_fit_with_subsample ... FAILED
[INFO] [stdout] test tree::tests::test_tree_fit_monotone ... FAILED
[INFO] [stdout] test utils::tests::test_fast_f64_sum ... ok
[INFO] [stdout] test utils::tests::test_percentiles_weighted ... ok
[INFO] [stdout] test utils::tests::test_percentiles ... ok
[INFO] [stdout] test utils::tests::test_pivot ... ok
[INFO] [stdout] test utils::tests::test_map_bin_or_equal ... ok
[INFO] [stdout] test utils::tests::test_pivot_missing ... ok
[INFO] [stdout] test utils::tests::test_round ... ok
[INFO] [stdout] test utils::tests::test_map_bin_or_equal_num_miss ... ok
[INFO] [stdout] test splitter::tests::test_parallel_best_split_matches_serial ... ok
[INFO] [stdout] test binning::tests::test_cuts_support_bin_prediction ... ok
[INFO] [stdout] test metric::tests::test_root_mean_squared_log_error ... ok
[INFO] [stdout] test objective::tests::test_logloss_hess ... ok
[INFO] [stdout] test utils::tests::test_missing_compare ... ok
[INFO] [stdout] test sampler::tests::test_goss_blocks ... ok
[INFO] [stdout] test histogram::tests::test_tiled_same_for_any_thread_count ... ok
[INFO] [stdout] test histogram::tests::test_tiled_matches_column_wise ... ok
[INFO] [stdout] test utils::tests::test_pivot_correct_when_a_row_goes_right ... ok
[INFO] [stdout] test gradientbooster::tests::test_tiled_histograms_close_to_default ... ok
[INFO] [stdout] test gradientbooster::tests::test_parallel_and_serial_trees_identical ... ok
[INFO] [stdout] test gradientbooster::tests::test_num_threads_trees_identical ... ok
[INFO] [stdout] test gradientbooster::tests::test_tiled_histograms_same_for_any_thread_count ... ok
[INFO] [stdout] 
[INFO] [stdout] failures:
[INFO] [stdout] 
[INFO] [stdout] ---- gradientbooster::tests::test_booster_fit stdout ----
[INFO] [stdout] 
[INFO] [stdout] thread 'gradientbooster::tests::test_booster_fit' (843) panicked at src/gradientbooster.rs:1723:14:
[INFO] [stdout] Something went wrong reading the file: Os { code: 2, kind: NotFound, message: "No such file or directory" }
[INFO] [stdout] stack backtrace:
[INFO] [stdout]    0:     0x5b2c02833867 - <<std[617be2ca0a6fd877]::sys::backtrace::BacktraceLock>::print::DisplayBacktrace as core[a373ad73a504971]::fmt::Display>::fmt
[INFO] [stdout]    1:     0x5b2c0280599a - core[a373ad73a504971]::fmt::write
[INFO] [stdout]    2:     0x5b2c02832e1b - <alloc[2e1b2a31b91974c5]::vec::Vec<u8> as core[a373ad73a504971]::io::write::Write>::write_fmt
[INFO] [stdout]    3:     0x5b2c028328ff - std[617be2ca0a6fd877]::panicking::default_hook::{closure#0}
[INFO] [stdout]    4:     0x5b2c0283252a - std[617be2ca0a6fd877]::panicking::default_hook
[INFO] [stdout]    5:     0x5b2c02832065 - std[617be2ca0a6fd877]::panicking::panic_with_hook
[INFO] [stdout]    6:     0x5b2c02858e11 - std[617be2ca0a6fd877]::panicking::panic_handler::{closure#0}
[INFO] [stdout]    7:     0x5b2c02858dc9 - std[617be2ca0a6fd877]::sys::backtrace::__rust_end_short_backtrace::<std[617be2ca0a6fd877]::panicking::panic_handler::{closure#0}, !>
[INFO] [stdout]    8:     0x5b2c028592cc - __rustc[ea4f61d10b84890b]::rust_begin_unwind
[INFO] [stdout]    9:     0x5b2c0280582b - core[a373ad73a504971]::panicking::panic_fmt
[INFO] [stdout]   10:     0x5b2c02809541 - core[a373ad73a504971]::result::unwrap_failed
[INFO] [stdout]   11:     0x5b2c027d657b - <forust_ml[26b4f33d779b853]::gradientbooster::tests::test_booster_fit::{closure#0} as core[a373ad73a504971]::ops::function::FnOnce<()>>::call_once
[INFO] [stdout]   12:     0x5b2c0287462b - test[aada8e7e76ba119b]::__rust_begin_short_backtrace::<core[a373ad73a504971]::result::Result<(), alloc[2e1b2a31b91974c5]::string::String>, fn() -> core[a373ad73a504971]::result::Result<(), alloc[2e1b2a31b91974c5]::string::String>>
[INFO] [stdout]   13:     0x5b2c0286fa8f - test[aada8e7e76ba119b]::run_test::{closure#0}
[INFO] [stdout]   14:     0x5b2c0286f50c - std[617be2ca0a6fd877]::sys::backtrace::__rust_begin_short_backtrace::<test[aada8e7e76ba119b]::run_test::{closure#1}, ()>
[INFO] [stdout]   15:     0x5b2c0288d7ec - <std[617be2ca0a6fd877]::thread::lifecycle::spawn_unchecked<test[aada8e7e76ba119b]::run_test::{closure#1}, ()>::{closure#1} as core[a373ad73a504971]::ops::function::FnOnce<()>>::call_once::{shim:vtable#0}
[INFO] [stdout]   16:     0x5b2c0285aca4 - <std[617be2ca0a6fd877]::sys::thread::unix::Thread>::new::thread_start
[INFO] [stdout]   17:     0x78f6395e8dfa - <unknown>
[INFO] [stdout]   18:     0x78f63967c3d4 - clone
[INFO] [stdout]   19:                0x0 - <unknown>
[INFO] [stdout] 
[INFO] [stdout] ---- gradientbooster::tests::test_booster_fit_goss_warmup stdout ----
[INFO] [stdout] 
[INFO] [stdout] thread 'gradientbooster::tests::test_booster_fit_goss_warmup' (845) panicked at src/gradientbooster.rs:1607:14:
[INFO] [stdout] Something went wrong reading the file: Os { code: 2, kind: NotFound, message: "No such file or directory" }
[INFO] [stdout] stack backtrace:
[INFO] [stdout]    0:     0x5b2c02833867 - <<std[617be2ca0a6fd877]::sys::backtrace::BacktraceLock>::print::DisplayBacktrace as core[a373ad73a504971]::fmt::Display>::fmt
[INFO] [stdout]    1:     0x5b2c0280599a - core[a373ad73a504971]::fmt::write
[INFO] [stdout]    2:     0x5b2c02832e1b - <alloc[2e1b2a31b91974c5]::vec::Vec<u8> as core[a373ad73a504971]::io::write::Write>::write_fmt
[INFO] [stdout]    3:     0x5b2c028328ff - std[617be2ca0a6fd877]::panicking::default_hook::{closure#0}
[INFO] [stdout]    4:     0x5b2c0283252a - std[617be2ca0a6fd877]::panicking::default_hook
[INFO] [stdout]    5:     0x5b2c02832065 - std[617be2ca0a6fd877]::panicking::panic_with_hook
[INFO] [stdout]    6:     0x5b2c02858e11 - std[617be2ca0a6fd877]::panicking::panic_handler::{closure#0}
[INFO] [stdout]    7:     0x5b2c02858dc9 - std[617be2ca0a6fd877]::sys::backtrace::__rust_end_short_backtrace::<std[617be2ca0a6fd877]::panicking::panic_handler::{closure#0}, !>
[INFO] [stdout]    8:     0x5b2c028592cc - __rustc[ea4f61d10b84890b]::rust_begin_unwind
[INFO] [stdout]    9:     0x5b2c0280582b - core[a373ad73a504971]::panicking::panic_fmt
[INFO] [stdout]   10:     0x5b2c02809541 - core[a373ad73a504971]::result::unwrap_failed
[INFO] [stdout]   11:     0x5b2c027a7eb4 - forust_ml[26b4f33d779b853]::gradientbooster::tests::titanic_like_data
[INFO] [stdout]   12:     0x5b2c027d8a01 - <forust_ml[26b4f33d779b853]::gradientbooster::tests::test_booster_fit_goss_warmup::{closure#0} as core[a373ad73a504971]::ops::function::FnOnce<()>>::call_once
[INFO] [stdout]   13:     0x5b2c0287462b - test[aada8e7e76ba119b]::__rust_begin_short_backtrace::<core[a373ad73a504971]::result::Result<(), alloc[2e1b2a31b91974c5]::string::String>, fn() -> core[a373ad73a504971]::result::Result<(), alloc[2e1b2a31b91974c5]::string::String>>
[INFO] [stdout]   14:     0x5b2c0286fa8f - test[aada8e7e76ba119b]::run_test::{closure#0}
[INFO] [stdout]   15:     0x5b2c0286f50c - std[617be2ca0a6fd877]::sys::backtrace::__rust_begin_short_backtrace::<test[aada8e7e76ba119b]::run_test::{closure#1}, ()>
[INFO] [stdout]   16:     0x5b2c0288d7ec - <std[617be2ca0a6fd877]::thread::lifecycle::spawn_unchecked<test[aada8e7e76ba119b]::run_test::{closure#1}, ()>::{closure#1} as core[a373ad73a504971]::ops::function::FnOnce<()>>::call_once::{shim:vtable#0}
[INFO] [stdout]   17:     0x5b2c0285aca4 - <std[617be2ca0a6fd877]::sys::thread::unix::Thread>::new::thread_start
[INFO] [stdout]   18:     0x78f6395e8dfa - <unknown>
[INFO] [stdout]   19:     0x78f63967c3d4 - clone
[INFO] [stdout]   20:                0x0 - <unknown>
[INFO] [stdout] 
[INFO] [stdout] ---- gradientbooster::tests::test_booster_fit_nofitted_base_score stdout ----
[INFO] [stdout] 
[INFO] [stdout] thread 'gradientbooster::tests::test_booster_fit_nofitted_base_score' (846) panicked at src/gradientbooster.rs:1755:14:
[INFO] [stdout] Something went wrong reading the file: Os { code: 2, kind: NotFound, message: "No such file or directory" }
[INFO] [stdout] stack backtrace:
[INFO] [stdout]    0:     0x5b2c02833867 - <<std[617be2ca0a6fd877]::sys::backtrace::BacktraceLock>::print::DisplayBacktrace as core[a373ad73a504971]::fmt::Display>::fmt
[INFO] [stdout]    1:     0x5b2c0280599a - core[a373ad73a504971]::fmt::write
[INFO] [stdout]    2:     0x5b2c02832e1b - <alloc[2e1b2a31b91974c5]::vec::Vec<u8> as core[a373ad73a504971]::io::write::Write>::write_fmt
[INFO] [stdout]    3:     0x5b2c028328ff - std[617be2ca0a6fd877]::panicking::default_hook::{closure#0}
[INFO] [stdout]    4:     0x5b2c0283252a - std[617be2ca0a6fd877]::panicking::default_hook
[INFO] [stdout]    5:     0x5b2c02832065 - std[617be2ca0a6fd877]::panicking::panic_with_hook
[INFO] [stdout]    6:     0x5b2c02858e11 - std[617be2ca0a6fd877]::panicking::panic_handler::{closure#0}
[INFO] [stdout]    7:     0x5b2c02858dc9 - std[617be2ca0a6fd877]::sys::backtrace::__rust_end_short_backtrace::<std[617be2ca0a6fd877]::panicking::panic_handler::{closure#0}, !>
[INFO] [stdout]    8:     0x5b2c028592cc - __rustc[ea4f61d10b84890b]::rust_begin_unwind
[INFO] [stdout]    9:     0x5b2c0280582b - core[a373ad73a504971]::panicking::panic_fmt
[INFO] [stdout]   10:     0x5b2c02809541 - core[a373ad73a504971]::result::unwrap_failed
[INFO] [stdout]   11:     0x5b2c027db4cb - <forust_ml[26b4f33d779b853]::gradientbooster::tests::test_booster_fit_nofitted_base_score::{closure#0} as core[a373ad73a504971]::ops::function::FnOnce<()>>::call_once
[INFO] [stdout]   12:     0x5b2c0287462b - test[aada8e7e76ba119b]::__rust_begin_short_backtrace::<core[a373ad73a504971]::result::Result<(), alloc[2e1b2a31b91974c5]::string::String>, fn() -> core[a373ad73a504971]::result::Result<(), alloc[2e1b2a31b91974c5]::string::String>>
[INFO] [stdout]   13:     0x5b2c0286fa8f - test[aada8e7e76ba119b]::run_test::{closure#0}
[INFO] [stdout]   14:     0x5b2c0286f50c - std[617be2ca0a6fd877]::sys::backtrace::__rust_begin_short_backtrace::<test[aada8e7e76ba119b]::run_test::{closure#1}, ()>
[INFO] [stdout]   15:     0x5b2c0288d7ec - <std[617be2ca0a6fd877]::thread::lifecycle::spawn_unchecked<test[aada8e7e76ba119b]::run_test::{closure#1}, ()>::{closure#1} as core[a373ad73a504971]::ops::function::FnOnce<()>>::call_once::{shim:vtable#0}
[INFO] [stdout]   16:     0x5b2c0285aca4 - <std[617be2ca0a6fd877]::sys::thread::unix::Thread>::new::thread_start
[INFO] [stdout]   17:     0x78f6395e8dfa - <unknown>
[INFO] [stdout]   18:     0x78f63967c3d4 - clone
[INFO] [stdout]   19:                0x0 - <unknown>
[INFO] [stdout] 
[INFO] [stdout] ---- gradientbooster::tests::test_tree_save stdout ----
[INFO] [stdout] 
[INFO] [stdout] thread 'gradientbooster::tests::test_tree_save' (871) panicked at src/gradientbooster.rs:1786:14:
[INFO] [stdout] Something went wrong reading the file: Os { code: 2, kind: NotFound, message: "No such file or directory" }
[INFO] [stdout] stack backtrace:
[INFO] [stdout]    0:     0x5b2c02833867 - <<std[617be2ca0a6fd877]::sys::backtrace::BacktraceLock>::print::DisplayBacktrace as core[a373ad73a504971]::fmt::Display>::fmt
[INFO] [stdout]    1:     0x5b2c0280599a - core[a373ad73a504971]::fmt::write
[INFO] [stdout]    2:     0x5b2c02832e1b - <alloc[2e1b2a31b91974c5]::vec::Vec<u8> as core[a373ad73a504971]::io::write::Write>::write_fmt
[INFO] [stdout]    3:     0x5b2c028328ff - std[617be2ca0a6fd877]::panicking::default_hook::{closure#0}
[INFO] [stdout]    4:     0x5b2c0283252a - std[617be2ca0a6fd877]::panicking::default_hook
[INFO] [stdout]    5:     0x5b2c02832065 - std[617be2ca0a6fd877]::panicking::panic_with_hook
[INFO] [stdout]    6:     0x5b2c02858e11 - std[617be2ca0a6fd877]::panicking::panic_handler::{closure#0}
[INFO] [stdout]    7:     0x5b2c02858dc9 - std[617be2ca0a6fd877]::sys::backtrace::__rust_end_short_backtrace::<std[617be2ca0a6fd877]::panicking::panic_handler::{closure#0}, !>
[INFO] [stdout]    8:     0x5b2c028592cc - __rustc[ea4f61d10b84890b]::rust_begin_unwind
[INFO] [stdout]    9:     0x5b2c0280582b - core[a373ad73a504971]::panicking::panic_fmt
[INFO] [stdout]   10:     0x5b2c02809541 - core[a373ad73a504971]::result::unwrap_failed
[INFO] [stdout]   11:     0x5b2c027d5482 - <forust_ml[26b4f33d779b853]::gradientbooster::tests::test_tree_save::{closure#0} as core[a373ad73a504971]::ops::function::FnOnce<()>>::call_once
[INFO] [stdout]   12:     0x5b2c0287462b - test[aada8e7e76ba119b]::__rust_begin_short_backtrace::<core[a373ad73a504971]::result::Result<(), alloc[2e1b2a31b91974c5]::string::String>, fn() -> core[a373ad73a504971]::result::Result<(), alloc[2e1b2a31b91974c5]::string::String>>
[INFO] [stdout]   13:     0x5b2c0286fa8f - test[aada8e7e76ba119b]::run_test::{closure#0}
[INFO] [stdout]   14:     0x5b2c0286f50c - std[617be2ca0a6fd877]::sys::backtrace::__rust_begin_short_backtrace::<test[aada8e7e76ba119b]::run_test::{closure#1}, ()>
[INFO] [stdout]   15:     0x5b2c0288d7ec - <std[617be2ca0a6fd877]::thread::lifecycle::spawn_unchecked<test[aada8e7e76ba119b]::run_test::{closure#1}, ()>::{closure#1} as core[a373ad73a504971]::ops::function::FnOnce<()>>::call_once::{shim:vtable#0}
[INFO] [stdout]   16:     0x5b2c0285aca4 - <std[617be2ca0a6fd877]::sys::thread::unix::Thread>::new::thread_start
[INFO] [stdout]   17:     0x78f6395e8dfa - <unknown>
[INFO] [stdout]   18:     0x78f63967c3d4 - clone
[INFO] [stdout]   19:                0x0 - <unknown>
[INFO] [stdout] 
[INFO] [stdout] ---- gradientbooster::tests::test_booster_fit_goss_seed stdout ----
[INFO] [stdout] 
[INFO] [stdout] thread 'gradientbooster::tests::test_booster_fit_goss_seed' (844) panicked at src/gradientbooster.rs:1607:14:
[INFO] [stdout] Something went wrong reading the file: Os { code: 2, kind: NotFound, message: "No such file or directory" }
[INFO] [stdout] stack backtrace:
[INFO] [stdout]    0:     0x5b2c02833867 - <<std[617be2ca0a6fd877]::sys::backtrace::BacktraceLock>::print::DisplayBacktrace as core[a373ad73a504971]::fmt::Display>::fmt
[INFO] [stdout]    1:     0x5b2c0280599a - core[a373ad73a504971]::fmt::write
[INFO] [stdout]    2:     0x5b2c02832e1b - <alloc[2e1b2a31b91974c5]::vec::Vec<u8> as core[a373ad73a504971]::io::write::Write>::write_fmt
[INFO] [stdout]    3:     0x5b2c028328ff - std[617be2ca0a6fd877]::panicking::default_hook::{closure#0}
[INFO] [stdout]    4:     0x5b2c0283252a - std[617be2ca0a6fd877]::panicking::default_hook
[INFO] [stdout]    5:     0x5b2c02832065 - std[617be2ca0a6fd877]::panicking::panic_with_hook
[INFO] [stdout]    6:     0x5b2c02858e11 - std[617be2ca0a6fd877]::panicking::panic_handler::{closure#0}
[INFO] [stdout]    7:     0x5b2c02858dc9 - std[617be2ca0a6fd877]::sys::backtrace::__rust_end_short_backtrace::<std[617be2ca0a6fd877]::panicking::panic_handler::{closure#0}, !>
[INFO] [stdout]    8:     0x5b2c028592cc - __rustc[ea4f61d10b84890b]::rust_begin_unwind
[INFO] [stdout]    9:     0x5b2c0280582b - core[a373ad73a504971]::panicking::panic_fmt
[INFO] [stdout]   10:     0x5b2c02809541 - core[a373ad73a504971]::result::unwrap_failed
[INFO] [stdout]   11:     0x5b2c027a7eb4 - forust_ml[26b4f33d779b853]::gradientbooster::tests::titanic_like_data
[INFO] [stdout]   12:     0x5b2c027d6904 - <forust_ml[26b4f33d779b853]::gradientbooster::tests::test_booster_fit_goss_seed::{closure#0} as core[a373ad73a504971]::ops::function::FnOnce<()>>::call_once
[INFO] [stdout]   13:     0x5b2c0287462b - test[aada8e7e76ba119b]::__rust_begin_short_backtrace::<core[a373ad73a504971]::result::Result<(), alloc[2e1b2a31b91974c5]::string::String>, fn() -> core[a373ad73a504971]::result::Result<(), alloc[2e1b2a31b91974c5]::string::String>>
[INFO] [stdout]   14:     0x5b2c0286fa8f - test[aada8e7e76ba119b]::run_test::{closure#0}
[INFO] [stdout]   15:     0x5b2c0286f50c - std[617be2ca0a6fd877]::sys::backtrace::__rust_begin_short_backtrace::<test[aada8e7e76ba119b]::run_test::{closure#1}, ()>
[INFO] [stdout]   16:     0x5b2c0288d7ec - <std[617be2ca0a6fd877]::thread::lifecycle::spawn_unchecked<test[aada8e7e76ba119b]::run_test::{closure#1}, ()>::{closure#1} as core[a373ad73a504971]::ops::function::FnOnce<()>>::call_once::{shim:vtable#0}
[INFO] [stdout]   17:     0x5b2c0285aca4 - <std[617be2ca0a6fd877]::sys::thread::unix::Thread>::new::thread_start
[INFO] [stdout]   18:     0x78f6395e8dfa - <unknown>
[INFO] [stdout]   19:     0x78f63967c3d4 - clone
[INFO] [stdout]   20:                0x0 - <unknown>
[INFO] [stdout] 
[INFO] [stdout] ---- gradientbooster::tests::test_booster_fit_subsample stdout ----
[INFO] [stdout] 
[INFO] [stdout] thread 'gradientbooster::tests::test_booster_fit_subsample' (847) panicked at src/gradientbooster.rs:1691:14:
[INFO] [stdout] Something went wrong reading the file: Os { code: 2, kind: NotFound, message: "No such file or directory" }
[INFO] [stdout] stack backtrace:
[INFO] [stdout]    0:     0x5b2c02833867 - <<std[617be2ca0a6fd877]::sys::backtrace::BacktraceLock>::print::DisplayBacktrace as core[a373ad73a504971]::fmt::Display>::fmt
[INFO] [stdout]    1:     0x5b2c0280599a - core[a373ad73a504971]::fmt::write
[INFO] [stdout]    2:     0x5b2c02832e1b - <alloc[2e1b2a31b91974c5]::vec::Vec<u8> as core[a373ad73a504971]::io::write::Write>::write_fmt
[INFO] [stdout]    3:     0x5b2c028328ff - std[617be2ca0a6fd877]::panicking::default_hook::{closure#0}
[INFO] [stdout]    4:     0x5b2c0283252a - std[617be2ca0a6fd877]::panicking::default_hook
[INFO] [stdout]    5:     0x5b2c02832065 - std[617be2ca0a6fd877]::panicking::panic_with_hook
[INFO] [stdout]    6:     0x5b2c02858e11 - std[617be2ca0a6fd877]::panicking::panic_handler::{closure#0}
[INFO] [stdout]    7:     0x5b2c02858dc9 - std[617be2ca0a6fd877]::sys::backtrace::__rust_end_short_backtrace::<std[617be2ca0a6fd877]::panicking::panic_handler::{closure#0}, !>
[INFO] [stdout]    8:     0x5b2c028592cc - __rustc[ea4f61d10b84890b]::rust_begin_unwind
[INFO] [stdout]    9:     0x5b2c0280582b - core[a373ad73a504971]::panicking::panic_fmt
[INFO] [stdout]   10:     0x5b2c02809541 - core[a373ad73a504971]::result::unwrap_failed
[INFO] [stdout]   11:     0x5b2c027d79bb - <forust_ml[26b4f33d779b853]::gradientbooster::tests::test_booster_fit_subsample::{closure#0} as core[a373ad73a504971]::ops::function::FnOnce<()>>::call_once
[INFO] [stdout]   12:     0x5b2c0287462b - test[aada8e7e76ba119b]::__rust_begin_short_backtrace::<core[a373ad73a504971]::result::Result<(), alloc[2e1b2a31b91974c5]::string::String>, fn() -> core[a373ad73a504971]::result::Result<(), alloc[2e1b2a31b91974c5]::string::String>>
[INFO] [stdout]   13:     0x5b2c0286fa8f - test[aada8e7e76ba119b]::run_test::{closure#0}
[INFO] [stdout]   14:     0x5b2c0286f50c - std[617be2ca0a6fd877]::sys::backtrace::__rust_begin_short_backtrace::<test[aada8e7e76ba119b]::run_test::{closure#1}, ()>
[INFO] [stdout]   15:     0x5b2c0288d7ec - <std[617be2ca0a6fd877]::thread::lifecycle::spawn_unchecked<test[aada8e7e76ba119b]::run_test::{closure#1}, ()>::{closure#1} as core[a373ad73a504971]::ops::function::FnOnce<()>>::call_once::{shim:vtable#0}
[INFO] [stdout]   16:     0x5b2c0285aca4 - <std[617be2ca0a6fd877]::sys::thread::unix::Thread>::new::thread_start
[INFO] [stdout]   17:     0x78f6395e8dfa - <unknown>
[INFO] [stdout]   18:     0x78f63967c3d4 - clone
[INFO] [stdout]   19:                0x0 - <unknown>
[INFO] [stdout] 
[INFO] [stdout] ---- binning::tests::test_bin_data stdout ----
[INFO] [stdout] 
[INFO] [stdout] thread 'binning::tests::test_bin_data' (832) panicked at src/binning.rs:418:14:
[INFO] [stdout] Something went wrong reading the file: Os { code: 2, kind: NotFound, message: "No such file or directory" }
[INFO] [stdout] stack backtrace:
[INFO] [stdout]    0:     0x5b2c02833867 - <<std[617be2ca0a6fd877]::sys::backtrace::BacktraceLock>::print::DisplayBacktrace as core[a373ad73a504971]::fmt::Display>::fmt
[INFO] [stdout]    1:     0x5b2c0280599a - core[a373ad73a504971]::fmt::write
[INFO] [stdout]    2:     0x5b2c02832e1b - <alloc[2e1b2a31b91974c5]::vec::Vec<u8> as core[a373ad73a504971]::io::write::Write>::write_fmt
[INFO] [stdout]    3:     0x5b2c028328ff - std[617be2ca0a6fd877]::panicking::default_hook::{closure#0}
[INFO] [stdout]    4:     0x5b2c0283252a - std[617be2ca0a6fd877]::panicking::default_hook
[INFO] [stdout]    5:     0x5b2c02832065 - std[617be2ca0a6fd877]::panicking::panic_with_hook
[INFO] [stdout]    6:     0x5b2c02858e11 - std[617be2ca0a6fd877]::panicking::panic_handler::{closure#0}
[INFO] [stdout]    7:     0x5b2c02858dc9 - std[617be2ca0a6fd877]::sys::backtrace::__rust_end_short_backtrace::<std[617be2ca0a6fd877]::panicking::panic_handler::{closure#0}, !>
[INFO] [stdout]    8:     0x5b2c028592cc - __rustc[ea4f61d10b84890b]::rust_begin_unwind
[INFO] [stdout]    9:     0x5b2c0280582b - core[a373ad73a504971]::panicking::panic_fmt
[INFO] [stdout]   10:     0x5b2c02809541 - core[a373ad73a504971]::result::unwrap_failed
[INFO] [stdout]   11:     0x5b2c027f390f - <forust_ml[26b4f33d779b853]::binning::tests::test_bin_data::{closure#0} as core[a373ad73a504971]::ops::function::FnOnce<()>>::call_once
[INFO] [stdout]   12:     0x5b2c0287462b - test[aada8e7e76ba119b]::__rust_begin_short_backtrace::<core[a373ad73a504971]::result::Result<(), alloc[2e1b2a31b91974c5]::string::String>, fn() -> core[a373ad73a504971]::result::Result<(), alloc[2e1b2a31b91974c5]::string::String>>
[INFO] [stdout]   13:     0x5b2c0286fa8f - test[aada8e7e76ba119b]::run_test::{closure#0}
[INFO] [stdout]   14:     0x5b2c0286f50c - std[617be2ca0a6fd877]::sys::backtrace::__rust_begin_short_backtrace::<test[aada8e7e76ba119b]::run_test::{closure#1}, ()>
[INFO] [stdout]   15:     0x5b2c0288d7ec - <std[617be2ca0a6fd877]::thread::lifecycle::spawn_unchecked<test[aada8e7e76ba119b]::run_test::{closure#1}, ()>::{closure#1} as core[a373ad73a504971]::ops::function::FnOnce<()>>::call_once::{shim:vtable#0}
[INFO] [stdout]   16:     0x5b2c0285aca4 - <std[617be2ca0a6fd877]::sys::thread::unix::Thread>::new::thread_start
[INFO] [stdout]   17:     0x78f6395e8dfa - <unknown>
[INFO] [stdout]   18:     0x78f63967c3d4 - clone
[INFO] [stdout]   19:                0x0 - <unknown>
[INFO] [stdout] 
[INFO] [stdout] ---- gradientbooster::tests::test_booster_goss_validation stdout ----
[INFO] [stdout] 
[INFO] [stdout] thread 'gradientbooster::tests::test_booster_goss_validation' (848) panicked at src/gradientbooster.rs:1607:14:
[INFO] [stdout] Something went wrong reading the file: Os { code: 2, kind: NotFound, message: "No such file or directory" }
[INFO] [stdout] stack backtrace:
[INFO] [stdout]    0:     0x5b2c02833867 - <<std[617be2ca0a6fd877]::sys::backtrace::BacktraceLock>::print::DisplayBacktrace as core[a373ad73a504971]::fmt::Display>::fmt
[INFO] [stdout]    1:     0x5b2c0280599a - core[a373ad73a504971]::fmt::write
[INFO] [stdout]    2:     0x5b2c02832e1b - <alloc[2e1b2a31b91974c5]::vec::Vec<u8> as core[a373ad73a504971]::io::write::Write>::write_fmt
[INFO] [stdout]    3:     0x5b2c028328ff - std[617be2ca0a6fd877]::panicking::default_hook::{closure#0}
[INFO] [stdout]    4:     0x5b2c0283252a - std[617be2ca0a6fd877]::panicking::default_hook
[INFO] [stdout]    5:     0x5b2c02832065 - std[617be2ca0a6fd877]::panicking::panic_with_hook
[INFO] [stdout]    6:     0x5b2c02858e11 - std[617be2ca0a6fd877]::panicking::panic_handler::{closure#0}
[INFO] [stdout]    7:     0x5b2c02858dc9 - std[617be2ca0a6fd877]::sys::backtrace::__rust_end_short_backtrace::<std[617be2ca0a6fd877]::panicking::panic_handler::{closure#0}, !>
[INFO] [stdout]    8:     0x5b2c028592cc - __rustc[ea4f61d10b84890b]::rust_begin_unwind
[INFO] [stdout]    9:     0x5b2c0280582b - core[a373ad73a504971]::panicking::panic_fmt
[INFO] [stdout]   10:     0x5b2c02809541 - core[a373ad73a504971]::result::unwrap_failed
[INFO] [stdout]   11:     0x5b2c027a7eb4 - forust_ml[26b4f33d779b853]::gradientbooster::tests::titanic_like_data
[INFO] [stdout]   12:     0x5b2c027d96e0 - <forust_ml[26b4f33d779b853]::gradientbooster::tests::test_booster_goss_validation::{closure#0} as core[a373ad73a504971]::ops::function::FnOnce<()>>::call_once
[INFO] [stdout]   13:     0x5b2c0287462b - test[aada8e7e76ba119b]::__rust_begin_short_backtrace::<core[a373ad73a504971]::result::Result<(), alloc[2e1b2a31b91974c5]::string::String>, fn() -> core[a373ad73a504971]::result::Result<(), alloc[2e1b2a31b91974c5]::string::String>>
[INFO] [stdout]   14:     0x5b2c0286fa8f - test[aada8e7e76ba119b]::run_test::{closure#0}
[INFO] [stdout]   15:     0x5b2c0286f50c - std[617be2ca0a6fd877]::sys::backtrace::__rust_begin_short_backtrace::<test[aada8e7e76ba119b]::run_test::{closure#1}, ()>
[INFO] [stdout]   16:     0x5b2c0288d7ec - <std[617be2ca0a6fd877]::thread::lifecycle::spawn_unchecked<test[aada8e7e76ba119b]::run_test::{closure#1}, ()>::{closure#1} as core[a373ad73a504971]::ops::function::FnOnce<()>>::call_once::{shim:vtable#0}
[INFO] [stdout]   17:     0x5b2c0285aca4 - <std[617be2ca0a6fd877]::sys::thread::unix::Thread>::new::thread_start
[INFO] [stdout]   18:     0x78f6395e8dfa - <unknown>
[INFO] [stdout]   19:     0x78f63967c3d4 - clone
[INFO] [stdout]   20:                0x0 - <unknown>
[INFO] [stdout] 
[INFO] [stdout] ---- histogram::tests::test_single_histogram stdout ----
[INFO] [stdout] 
[INFO] [stdout] thread 'histogram::tests::test_single_histogram' (873) panicked at src/histogram.rs:530:14:
[INFO] [stdout] Something went wrong reading the file: Os { code: 2, kind: NotFound, message: "No such file or directory" }
[INFO] [stdout] stack backtrace:
[INFO] [stdout]    0:     0x5b2c02833867 - <<std[617be2ca0a6fd877]::sys::backtrace::BacktraceLock>::print::DisplayBacktrace as core[a373ad73a504971]::fmt::Display>::fmt
[INFO] [stdout]    1:     0x5b2c0280599a - core[a373ad73a504971]::fmt::write
[INFO] [stdout]    2:     0x5b2c02832e1b - <alloc[2e1b2a31b91974c5]::vec::Vec<u8> as core[a373ad73a504971]::io::write::Write>::write_fmt
[INFO] [stdout]    3:     0x5b2c028328ff - std[617be2ca0a6fd877]::panicking::default_hook::{closure#0}
[INFO] [stdout]    4:     0x5b2c0283252a - std[617be2ca0a6fd877]::panicking::default_hook
[INFO] [stdout]    5:     0x5b2c02832065 - std[617be2ca0a6fd877]::panicking::panic_with_hook
[INFO] [stdout]    6:     0x5b2c02858e11 - std[617be2ca0a6fd877]::panicking::panic_handler::{closure#0}
[INFO] [stdout]    7:     0x5b2c02858dc9 - std[617be2ca0a6fd877]::sys::backtrace::__rust_end_short_backtrace::<std[617be2ca0a6fd877]::panicking::panic_handler::{closure#0}, !>
[INFO] [stdout]    8:     0x5b2c028592cc - __rustc[ea4f61d10b84890b]::rust_begin_unwind
[INFO] [stdout]    9:     0x5b2c0280582b - core[a373ad73a504971]::panicking::panic_fmt
[INFO] [stdout]   10:     0x5b2c02809541 - core[a373ad73a504971]::result::unwrap_failed
[INFO] [stdout]   11:     0x5b2c027fded3 - <forust_ml[26b4f33d779b853]::histogram::tests::test_single_histogram::{closure#0} as core[a373ad73a504971]::ops::function::FnOnce<()>>::call_once
[INFO] [stdout]   12:     0x5b2c0287462b - test[aada8e7e76ba119b]::__rust_begin_short_backtrace::<core[a373ad73a504971]::result::Result<(), alloc[2e1b2a31b91974c5]::string::String>, fn() -> core[a373ad73a504971]::result::Result<(), alloc[2e1b2a31b91974c5]::string::String>>
[INFO] [stdout]   13:     0x5b2c0286fa8f - test[aada8e7e76ba119b]::run_test::{closure#0}
[INFO] [stdout]   14:     0x5b2c0286f50c - std[617be2ca0a6fd877]::sys::backtrace::__rust_begin_short_backtrace::<test[aada8e7e76ba119b]::run_test::{closure#1}, ()>
[INFO] [stdout]   15:     0x5b2c0288d7ec - <std[617be2ca0a6fd877]::thread::lifecycle::spawn_unchecked<test[aada8e7e76ba119b]::run_test::{closure#1}, ()>::{closure#1} as core[a373ad73a504971]::ops::function::FnOnce<()>>::call_once::{shim:vtable#0}
[INFO] [stdout]   16:     0x5b2c0285aca4 - <std[617be2ca0a6fd877]::sys::thread::unix::Thread>::new::thread_start
[INFO] [stdout]   17:     0x78f6395e8dfa - <unknown>
[INFO] [stdout]   18:     0x78f63967c3d4 - clone
[INFO] [stdout]   19:                0x0 - <unknown>
[INFO] [stdout] 
[INFO] [stdout] ---- splitter::tests::test_data_split stdout ----
[INFO] [stdout] 
[INFO] [stdout] thread 'splitter::tests::test_data_split' (897) panicked at src/splitter.rs:1251:14:
[INFO] [stdout] Something went wrong reading the file: Os { code: 2, kind: NotFound, message: "No such file or directory" }
[INFO] [stdout] stack backtrace:
[INFO] [stdout]    0:     0x5b2c02833867 - <<std[617be2ca0a6fd877]::sys::backtrace::BacktraceLock>::print::DisplayBacktrace as core[a373ad73a504971]::fmt::Display>::fmt
[INFO] [stdout]    1:     0x5b2c0280599a - core[a373ad73a504971]::fmt::write
[INFO] [stdout]    2:     0x5b2c02832e1b - <alloc[2e1b2a31b91974c5]::vec::Vec<u8> as core[a373ad73a504971]::io::write::Write>::write_fmt
[INFO] [stdout]    3:     0x5b2c028328ff - std[617be2ca0a6fd877]::panicking::default_hook::{closure#0}
[INFO] [stdout]    4:     0x5b2c0283252a - std[617be2ca0a6fd877]::panicking::default_hook
[INFO] [stdout]    5:     0x5b2c02832065 - std[617be2ca0a6fd877]::panicking::panic_with_hook
[INFO] [stdout]    6:     0x5b2c02858e11 - std[617be2ca0a6fd877]::panicking::panic_handler::{closure#0}
[INFO] [stdout]    7:     0x5b2c02858dc9 - std[617be2ca0a6fd877]::sys::backtrace::__rust_end_short_backtrace::<std[617be2ca0a6fd877]::panicking::panic_handler::{closure#0}, !>
[INFO] [stdout]    8:     0x5b2c028592cc - __rustc[ea4f61d10b84890b]::rust_begin_unwind
[INFO] [stdout]    9:     0x5b2c0280582b - core[a373ad73a504971]::panicking::panic_fmt
[INFO] [stdout]   10:     0x5b2c02809541 - core[a373ad73a504971]::result::unwrap_failed
[INFO] [stdout]   11:     0x5b2c027fa5d9 - <forust_ml[26b4f33d779b853]::splitter::tests::test_data_split::{closure#0} as core[a373ad73a504971]::ops::function::FnOnce<()>>::call_once
[INFO] [stdout]   12:     0x5b2c0287462b - test[aada8e7e76ba119b]::__rust_begin_short_backtrace::<core[a373ad73a504971]::result::Result<(), alloc[2e1b2a31b91974c5]::string::String>, fn() -> core[a373ad73a504971]::result::Result<(), alloc[2e1b2a31b91974c5]::string::String>>
[INFO] [stdout]   13:     0x5b2c0286fa8f - test[aada8e7e76ba119b]::run_test::{closure#0}
[INFO] [stdout]   14:     0x5b2c0286f50c - std[617be2ca0a6fd877]::sys::backtrace::__rust_begin_short_backtrace::<test[aada8e7e76ba119b]::run_test::{closure#1}, ()>
[INFO] [stdout]   15:     0x5b2c0288d7ec - <std[617be2ca0a6fd877]::thread::lifecycle::spawn_unchecked<test[aada8e7e76ba119b]::run_test::{closure#1}, ()>::{closure#1} as core[a373ad73a504971]::ops::function::FnOnce<()>>::call_once::{shim:vtable#0}
[INFO] [stdout]   16:     0x5b2c0285aca4 - <std[617be2ca0a6fd877]::sys::thread::unix::Thread>::new::thread_start
[INFO] [stdout]   17:     0x78f6395e8dfa - <unknown>
[INFO] [stdout]   18:     0x78f63967c3d4 - clone
[INFO] [stdout]   19:                0x0 - <unknown>
[INFO] [stdout] 
[INFO] [stdout] ---- partial_dependence::tests::test_partial_dependence stdout ----
[INFO] [stdout] 
[INFO] [stdout] thread 'partial_dependence::tests::test_partial_dependence' (887) panicked at src/partial_dependence.rs:89:14:
[INFO] [stdout] Something went wrong reading the file: Os { code: 2, kind: NotFound, message: "No such file or directory" }
[INFO] [stdout] stack backtrace:
[INFO] [stdout]    0:     0x5b2c02833867 - <<std[617be2ca0a6fd877]::sys::backtrace::BacktraceLock>::print::DisplayBacktrace as core[a373ad73a504971]::fmt::Display>::fmt
[INFO] [stdout]    1:     0x5b2c0280599a - core[a373ad73a504971]::fmt::write
[INFO] [stdout]    2:     0x5b2c02832e1b - <alloc[2e1b2a31b91974c5]::vec::Vec<u8> as core[a373ad73a504971]::io::write::Write>::write_fmt
[INFO] [stdout]    3:     0x5b2c028328ff - std[617be2ca0a6fd877]::panicking::default_hook::{closure#0}
[INFO] [stdout]    4:     0x5b2c0283252a - std[617be2ca0a6fd877]::panicking::default_hook
[INFO] [stdout]    5:     0x5b2c02832065 - std[617be2ca0a6fd877]::panicking::panic_with_hook
[INFO] [stdout]    6:     0x5b2c02858e11 - std[617be2ca0a6fd877]::panicking::panic_handler::{closure#0}
[INFO] [stdout]    7:     0x5b2c02858dc9 - std[617be2ca0a6fd877]::sys::backtrace::__rust_end_short_backtrace::<std[617be2ca0a6fd877]::panicking::panic_handler::{closure#0}, !>
[INFO] [stdout]    8:     0x5b2c028592cc - __rustc[ea4f61d10b84890b]::rust_begin_unwind
[INFO] [stdout]    9:     0x5b2c0280582b - core[a373ad73a504971]::panicking::panic_fmt
[INFO] [stdout]   10:     0x5b2c02809541 - core[a373ad73a504971]::result::unwrap_failed
[INFO] [stdout]   11:     0x5b2c027df175 - <forust_ml[26b4f33d779b853]::partial_dependence::tests::test_partial_dependence::{closure#0} as core[a373ad73a504971]::ops::function::FnOnce<()>>::call_once
[INFO] [stdout]   12:     0x5b2c0287462b - test[aada8e7e76ba119b]::__rust_begin_short_backtrace::<core[a373ad73a504971]::result::Result<(), alloc[2e1b2a31b91974c5]::string::String>, fn() -> core[a373ad73a504971]::result::Result<(), alloc[2e1b2a31b91974c5]::string::String>>
[INFO] [stdout]   13:     0x5b2c0286fa8f - test[aada8e7e76ba119b]::run_test::{closure#0}
[INFO] [stdout]   14:     0x5b2c0286f50c - std[617be2ca0a6fd877]::sys::backtrace::__rust_begin_short_backtrace::<test[aada8e7e76ba119b]::run_test::{closure#1}, ()>
[INFO] [stdout]   15:     0x5b2c0288d7ec - <std[617be2ca0a6fd877]::thread::lifecycle::spawn_unchecked<test[aada8e7e76ba119b]::run_test::{closure#1}, ()>::{closure#1} as core[a373ad73a504971]::ops::function::FnOnce<()>>::call_once::{shim:vtable#0}
[INFO] [stdout]   16:     0x5b2c0285aca4 - <std[617be2ca0a6fd877]::sys::thread::unix::Thread>::new::thread_start
[INFO] [stdout]   17:     0x78f6395e8dfa - <unknown>
[INFO] [stdout]   18:     0x78f63967c3d4 - clone
[INFO] [stdout]   19:                0x0 - <unknown>
[INFO] [stdout] 
[INFO] [stdout] ---- tree::tests::test_predict_from_bins_matches_values stdout ----
[INFO] [stdout] 
[INFO] [stdout] thread 'tree::tests::test_predict_from_bins_matches_values' (899) panicked at src/tree.rs:1025:14:
[INFO] [stdout] Something went wrong reading the file: Os { code: 2, kind: NotFound, message: "No such file or directory" }
[INFO] [stdout] stack backtrace:
[INFO] [stdout]    0:     0x5b2c02833867 - <<std[617be2ca0a6fd877]::sys::backtrace::BacktraceLock>::print::DisplayBacktrace as core[a373ad73a504971]::fmt::Display>::fmt
[INFO] [stdout]    1:     0x5b2c0280599a - core[a373ad73a504971]::fmt::write
[INFO] [stdout]    2:     0x5b2c02832e1b - <alloc[2e1b2a31b91974c5]::vec::Vec<u8> as core[a373ad73a504971]::io::write::Write>::write_fmt
[INFO] [stdout]    3:     0x5b2c028328ff - std[617be2ca0a6fd877]::panicking::default_hook::{closure#0}
[INFO] [stdout]    4:     0x5b2c0283252a - std[617be2ca0a6fd877]::panicking::default_hook
[INFO] [stdout]    5:     0x5b2c02832065 - std[617be2ca0a6fd877]::panicking::panic_with_hook
[INFO] [stdout]    6:     0x5b2c02858e11 - std[617be2ca0a6fd877]::panicking::panic_handler::{closure#0}
[INFO] [stdout]    7:     0x5b2c02858dc9 - std[617be2ca0a6fd877]::sys::backtrace::__rust_end_short_backtrace::<std[617be2ca0a6fd877]::panicking::panic_handler::{closure#0}, !>
[INFO] [stdout]    8:     0x5b2c028592cc - __rustc[ea4f61d10b84890b]::rust_begin_unwind
[INFO] [stdout]    9:     0x5b2c0280582b - core[a373ad73a504971]::panicking::panic_fmt
[INFO] [stdout]   10:     0x5b2c02809541 - core[a373ad73a504971]::result::unwrap_failed
[INFO] [stdout]   11:     0x5b2c027ed0ed - <forust_ml[26b4f33d779b853]::tree::tests::test_predict_from_bins_matches_values::{closure#0} as core[a373ad73a504971]::ops::function::FnOnce<()>>::call_once
[INFO] [stdout]   12:     0x5b2c0287462b - test[aada8e7e76ba119b]::__rust_begin_short_backtrace::<core[a373ad73a504971]::result::Result<(), alloc[2e1b2a31b91974c5]::string::String>, fn() -> core[a373ad73a504971]::result::Result<(), alloc[2e1b2a31b91974c5]::string::String>>
[INFO] [stdout]   13:     0x5b2c0286fa8f - test[aada8e7e76ba119b]::run_test::{closure#0}
[INFO] [stdout]   14:     0x5b2c0286f50c - std[617be2ca0a6fd877]::sys::backtrace::__rust_begin_short_backtrace::<test[aada8e7e76ba119b]::run_test::{closure#1}, ()>
[INFO] [stdout]   15:     0x5b2c0288d7ec - <std[617be2ca0a6fd877]::thread::lifecycle::spawn_unchecked<test[aada8e7e76ba119b]::run_test::{closure#1}, ()>::{closure#1} as core[a373ad73a504971]::ops::function::FnOnce<()>>::call_once::{shim:vtable#0}
[INFO] [stdout]   16:     0x5b2c0285aca4 - <std[617be2ca0a6fd877]::sys::thread::unix::Thread>::new::thread_start
[INFO] [stdout]   17:     0x78f6395e8dfa - <unknown>
[INFO] [stdout]   18:     0x78f63967c3d4 - clone
[INFO] [stdout]   19:                0x0 - <unknown>
[INFO] [stdout] 
[INFO] [stdout] ---- tree::tests::test_tree_colsample stdout ----
[INFO] [stdout] 
[INFO] [stdout] thread 'tree::tests::test_tree_colsample' (901) panicked at src/tree.rs:1341:14:
[INFO] [stdout] Something went wrong reading the file: Os { code: 2, kind: NotFound, message: "No such file or directory" }
[INFO] [stdout] stack backtrace:
[INFO] [stdout]    0:     0x5b2c02833867 - <<std[617be2ca0a6fd877]::sys::backtrace::BacktraceLock>::print::DisplayBacktrace as core[a373ad73a504971]::fmt::Display>::fmt
[INFO] [stdout]    1:     0x5b2c0280599a - core[a373ad73a504971]::fmt::write
[INFO] [stdout]    2:     0x5b2c02832e1b - <alloc[2e1b2a31b91974c5]::vec::Vec<u8> as core[a373ad73a504971]::io::write::Write>::write_fmt
[INFO] [stdout]    3:     0x5b2c028328ff - std[617be2ca0a6fd877]::panicking::default_hook::{closure#0}
[INFO] [stdout]    4:     0x5b2c0283252a - std[617be2ca0a6fd877]::panicking::default_hook
[INFO] [stdout]    5:     0x5b2c02832065 - std[617be2ca0a6fd877]::panicking::panic_with_hook
[INFO] [stdout]    6:     0x5b2c02858e11 - std[617be2ca0a6fd877]::panicking::panic_handler::{closure#0}
[INFO] [stdout]    7:     0x5b2c02858dc9 - std[617be2ca0a6fd877]::sys::backtrace::__rust_end_short_backtrace::<std[617be2ca0a6fd877]::panicking::panic_handler::{closure#0}, !>
[INFO] [stdout]    8:     0x5b2c028592cc - __rustc[ea4f61d10b84890b]::rust_begin_unwind
[INFO] [stdout]    9:     0x5b2c0280582b - core[a373ad73a504971]::panicking::panic_fmt
[INFO] [stdout]   10:     0x5b2c02809541 - core[a373ad73a504971]::result::unwrap_failed
[INFO] [stdout]   11:     0x5b2c027e38e4 - <forust_ml[26b4f33d779b853]::tree::tests::test_tree_colsample::{closure#0} as core[a373ad73a504971]::ops::function::FnOnce<()>>::call_once
[INFO] [stdout]   12:     0x5b2c0287462b - test[aada8e7e76ba119b]::__rust_begin_short_backtrace::<core[a373ad73a504971]::result::Result<(), alloc[2e1b2a31b91974c5]::string::String>, fn() -> core[a373ad73a504971]::result::Result<(), alloc[2e1b2a31b91974c5]::string::String>>
[INFO] [stdout]   13:     0x5b2c0286fa8f - test[aada8e7e76ba119b]::run_test::{closure#0}
[INFO] [stdout]   14:     0x5b2c0286f50c - std[617be2ca0a6fd877]::sys::backtrace::__rust_begin_short_backtrace::<test[aada8e7e76ba119b]::run_test::{closure#1}, ()>
[INFO] [stdout]   15:     0x5b2c0288d7ec - <std[617be2ca0a6fd877]::thread::lifecycle::spawn_unchecked<test[aada8e7e76ba119b]::run_test::{closure#1}, ()>::{closure#1} as core[a373ad73a504971]::ops::function::FnOnce<()>>::call_once::{shim:vtable#0}
[INFO] [stdout]   16:     0x5b2c0285aca4 - <std[617be2ca0a6fd877]::sys::thread::unix::Thread>::new::thread_start
[INFO] [stdout]   17:     0x78f6395e8dfa - <unknown>
[INFO] [stdout]   18:     0x78f63967c3d4 - clone
[INFO] [stdout]   19:                0x0 - <unknown>
[INFO] [stdout] 
[INFO] [stdout] ---- tree::tests::test_tree_fit_lossguide stdout ----
[INFO] [stdout] 
[INFO] [stdout] thread 'tree::tests::test_tree_fit_lossguide' (903) panicked at src/tree.rs:1477:14:
[INFO] [stdout] Something went wrong reading the file: Os { code: 2, kind: NotFound, message: "No such file or directory" }
[INFO] [stdout] stack backtrace:
[INFO] [stdout]    0:     0x5b2c02833867 - <<std[617be2ca0a6fd877]::sys::backtrace::BacktraceLock>::print::DisplayBacktrace as core[a373ad73a504971]::fmt::Display>::fmt
[INFO] [stdout]    1:     0x5b2c0280599a - core[a373ad73a504971]::fmt::write
[INFO] [stdout]    2:     0x5b2c02832e1b - <alloc[2e1b2a31b91974c5]::vec::Vec<u8> as core[a373ad73a504971]::io::write::Write>::write_fmt
[INFO] [stdout]    3:     0x5b2c028328ff - std[617be2ca0a6fd877]::panicking::default_hook::{closure#0}
[INFO] [stdout]    4:     0x5b2c0283252a - std[617be2ca0a6fd877]::panicking::default_hook
[INFO] [stdout]    5:     0x5b2c02832065 - std[617be2ca0a6fd877]::panicking::panic_with_hook
[INFO] [stdout]    6:     0x5b2c02858e11 - std[617be2ca0a6fd877]::panicking::panic_handler::{closure#0}
[INFO] [stdout]    7:     0x5b2c02858dc9 - std[617be2ca0a6fd877]::sys::backtrace::__rust_end_short_backtrace::<std[617be2ca0a6fd877]::panicking::panic_handler::{closure#0}, !>
[INFO] [stdout]    8:     0x5b2c028592cc - __rustc[ea4f61d10b84890b]::rust_begin_unwind
[INFO] [stdout]    9:     0x5b2c0280582b - core[a373ad73a504971]::panicking::panic_fmt
[INFO] [stdout]   10:     0x5b2c02809541 - core[a373ad73a504971]::result::unwrap_failed
[INFO] [stdout]   11:     0x5b2c027e778f - <forust_ml[26b4f33d779b853]::tree::tests::test_tree_fit_lossguide::{closure#0} as core[a373ad73a504971]::ops::function::FnOnce<()>>::call_once
[INFO] [stdout]   12:     0x5b2c0287462b - test[aada8e7e76ba119b]::__rust_begin_short_backtrace::<core[a373ad73a504971]::result::Result<(), alloc[2e1b2a31b91974c5]::string::String>, fn() -> core[a373ad73a504971]::result::Result<(), alloc[2e1b2a31b91974c5]::string::String>>
[INFO] [stdout]   13:     0x5b2c0286fa8f - test[aada8e7e76ba119b]::run_test::{closure#0}
[INFO] [stdout]   14:     0x5b2c0286f50c - std[617be2ca0a6fd877]::sys::backtrace::__rust_begin_short_backtrace::<test[aada8e7e76ba119b]::run_test::{closure#1}, ()>
[INFO] [stdout]   15:     0x5b2c0288d7ec - <std[617be2ca0a6fd877]::thread::lifecycle::spawn_unchecked<test[aada8e7e76ba119b]::run_test::{closure#1}, ()>::{closure#1} as core[a373ad73a504971]::ops::function::FnOnce<()>>::call_once::{shim:vtable#0}
[INFO] [stdout]   16:     0x5b2c0285aca4 - <std[617be2ca0a6fd877]::sys::thread::unix::Thread>::new::thread_start
[INFO] [stdout]   17:     0x78f6395e8dfa - <unknown>
[INFO] [stdout]   18:     0x78f63967c3d4 - clone
[INFO] [stdout]   19:                0x0 - <unknown>
[INFO] [stdout] 
[INFO] [stdout] ---- tree::tests::test_tree_fit_on_row_subset_matches_full_data stdout ----
[INFO] [stdout] 
[INFO] [stdout] thread 'tree::tests::test_tree_fit_on_row_subset_matches_full_data' (905) panicked at src/tree.rs:900:14:
[INFO] [stdout] Something went wrong reading the file: Os { code: 2, kind: NotFound, message: "No such file or directory" }
[INFO] [stdout] stack backtrace:
[INFO] [stdout]    0:     0x5b2c02833867 - <<std[617be2ca0a6fd877]::sys::backtrace::BacktraceLock>::print::DisplayBacktrace as core[a373ad73a504971]::fmt::Display>::fmt
[INFO] [stdout]    1:     0x5b2c0280599a - core[a373ad73a504971]::fmt::write
[INFO] [stdout]    2:     0x5b2c02832e1b - <alloc[2e1b2a31b91974c5]::vec::Vec<u8> as core[a373ad73a504971]::io::write::Write>::write_fmt
[INFO] [stdout]    3:     0x5b2c028328ff - std[617be2ca0a6fd877]::panicking::default_hook::{closure#0}
[INFO] [stdout]    4:     0x5b2c0283252a - std[617be2ca0a6fd877]::panicking::default_hook
[INFO] [stdout]    5:     0x5b2c02832065 - std[617be2ca0a6fd877]::panicking::panic_with_hook
[INFO] [stdout]    6:     0x5b2c02858e11 - std[617be2ca0a6fd877]::panicking::panic_handler::{closure#0}
[INFO] [stdout]    7:     0x5b2c02858dc9 - std[617be2ca0a6fd877]::sys::backtrace::__rust_end_short_backtrace::<std[617be2ca0a6fd877]::panicking::panic_handler::{closure#0}, !>
[INFO] [stdout]    8:     0x5b2c028592cc - __rustc[ea4f61d10b84890b]::rust_begin_unwind
[INFO] [stdout]    9:     0x5b2c0280582b - core[a373ad73a504971]::panicking::panic_fmt
[INFO] [stdout]   10:     0x5b2c02809541 - core[a373ad73a504971]::result::unwrap_failed
[INFO] [stdout]   11:     0x5b2c027b2653 - forust_ml[26b4f33d779b853]::tree::tests::test_tree_fit_on_row_subset_matches_full_data
[INFO] [stdout]   12:     0x5b2c027edb09 - <forust_ml[26b4f33d779b853]::tree::tests::test_tree_fit_on_row_subset_matches_full_data::{closure#0} as core[a373ad73a504971]::ops::function::FnOnce<()>>::call_once
[INFO] [stdout]   13:     0x5b2c0287462b - test[aada8e7e76ba119b]::__rust_begin_short_backtrace::<core[a373ad73a504971]::result::Result<(), alloc[2e1b2a31b91974c5]::string::String>, fn() -> core[a373ad73a504971]::result::Result<(), alloc[2e1b2a31b91974c5]::string::String>>
[INFO] [stdout]   14:     0x5b2c0286fa8f - test[aada8e7e76ba119b]::run_test::{closure#0}
[INFO] [stdout]   15:     0x5b2c0286f50c - std[617be2ca0a6fd877]::sys::backtrace::__rust_begin_short_backtrace::<test[aada8e7e76ba119b]::run_test::{closure#1}, ()>
[INFO] [stdout]   16:     0x5b2c0288d7ec - <std[617be2ca0a6fd877]::thread::lifecycle::spawn_unchecked<test[aada8e7e76ba119b]::run_test::{closure#1}, ()>::{closure#1} as core[a373ad73a504971]::ops::function::FnOnce<()>>::call_once::{shim:vtable#0}
[INFO] [stdout]   17:     0x5b2c0285aca4 - <std[617be2ca0a6fd877]::sys::thread::unix::Thread>::new::thread_start
[INFO] [stdout]   18:     0x78f6395e8dfa - <unknown>
[INFO] [stdout]   19:     0x78f63967c3d4 - clone
[INFO] [stdout]   20:                0x0 - <unknown>
[INFO] [stdout] 
[INFO] [stdout] ---- tree::tests::test_tree_fit stdout ----
[INFO] [stdout] 
[INFO] [stdout] thread 'tree::tests::test_tree_fit' (902) panicked at src/tree.rs:1256:14:
[INFO] [stdout] Something went wrong reading the file: Os { code: 2, kind: NotFound, message: "No such file or directory" }
[INFO] [stdout] stack backtrace:
[INFO] [stdout]    0:     0x5b2c02833867 - <<std[617be2ca0a6fd877]::sys::backtrace::BacktraceLock>::print::DisplayBacktrace as core[a373ad73a504971]::fmt::Display>::fmt
[INFO] [stdout]    1:     0x5b2c0280599a - core[a373ad73a504971]::fmt::write
[INFO] [stdout]    2:     0x5b2c02832e1b - <alloc[2e1b2a31b91974c5]::vec::Vec<u8> as core[a373ad73a504971]::io::write::Write>::write_fmt
[INFO] [stdout]    3:     0x5b2c028328ff - std[617be2ca0a6fd877]::panicking::default_hook::{closure#0}
[INFO] [stdout]    4:     0x5b2c0283252a - std[617be2ca0a6fd877]::panicking::default_hook
[INFO] [stdout]    5:     0x5b2c02832065 - std[617be2ca0a6fd877]::panicking::panic_with_hook
[INFO] [stdout]    6:     0x5b2c02858e11 - std[617be2ca0a6fd877]::panicking::panic_handler::{closure#0}
[INFO] [stdout]    7:     0x5b2c02858dc9 - std[617be2ca0a6fd877]::sys::backtrace::__rust_end_short_backtrace::<std[617be2ca0a6fd877]::panicking::panic_handler::{closure#0}, !>
[INFO] [stdout]    8:     0x5b2c028592cc - __rustc[ea4f61d10b84890b]::rust_begin_unwind
[INFO] [stdout]    9:     0x5b2c0280582b - core[a373ad73a504971]::panicking::panic_fmt
[INFO] [stdout]   10:     0x5b2c02809541 - core[a373ad73a504971]::result::unwrap_failed
[INFO] [stdout]   11:     0x5b2c027e0f93 - <forust_ml[26b4f33d779b853]::tree::tests::test_tree_fit::{closure#0} as core[a373ad73a504971]::ops::function::FnOnce<()>>::call_once
[INFO] [stdout]   12:     0x5b2c0287462b - test[aada8e7e76ba119b]::__rust_begin_short_backtrace::<core[a373ad73a504971]::result::Result<(), alloc[2e1b2a31b91974c5]::string::String>, fn() -> core[a373ad73a504971]::result::Result<(), alloc[2e1b2a31b91974c5]::string::String>>
[INFO] [stdout]   13:     0x5b2c0286fa8f - test[aada8e7e76ba119b]::run_test::{closure#0}
[INFO] [stdout]   14:     0x5b2c0286f50c - std[617be2ca0a6fd877]::sys::backtrace::__rust_begin_short_backtrace::<test[aada8e7e76ba119b]::run_test::{closure#1}, ()>
[INFO] [stdout]   15:     0x5b2c0288d7ec - <std[617be2ca0a6fd877]::thread::lifecycle::spawn_unchecked<test[aada8e7e76ba119b]::run_test::{closure#1}, ()>::{closure#1} as core[a373ad73a504971]::ops::function::FnOnce<()>>::call_once::{shim:vtable#0}
[INFO] [stdout]   16:     0x5b2c0285aca4 - <std[617be2ca0a6fd877]::sys::thread::unix::Thread>::new::thread_start
[INFO] [stdout]   17:     0x78f6395e8dfa - <unknown>
[INFO] [stdout]   18:     0x78f63967c3d4 - clone
[INFO] [stdout]   19:                0x0 - <unknown>
[INFO] [stdout] 
[INFO] [stdout] ---- tree::tests::test_tree_rows_match_predictions stdout ----
[INFO] [stdout] 
[INFO] [stdout] thread 'tree::tests::test_tree_rows_match_predictions' (907) panicked at src/tree.rs:957:14:
[INFO] [stdout] Something went wrong reading the file: Os { code: 2, kind: NotFound, message: "No such file or directory" }
[INFO] [stdout] stack backtrace:
[INFO] [stdout]    0:     0x5b2c02833867 - <<std[617be2ca0a6fd877]::sys::backtrace::BacktraceLock>::print::DisplayBacktrace as core[a373ad73a504971]::fmt::Display>::fmt
[INFO] [stdout]    1:     0x5b2c0280599a - core[a373ad73a504971]::fmt::write
[INFO] [stdout]    2:     0x5b2c02832e1b - <alloc[2e1b2a31b91974c5]::vec::Vec<u8> as core[a373ad73a504971]::io::write::Write>::write_fmt
[INFO] [stdout]    3:     0x5b2c028328ff - std[617be2ca0a6fd877]::panicking::default_hook::{closure#0}
[INFO] [stdout]    4:     0x5b2c0283252a - std[617be2ca0a6fd877]::panicking::default_hook
[INFO] [stdout]    5:     0x5b2c02832065 - std[617be2ca0a6fd877]::panicking::panic_with_hook
[INFO] [stdout]    6:     0x5b2c02858e11 - std[617be2ca0a6fd877]::panicking::panic_handler::{closure#0}
[INFO] [stdout]    7:     0x5b2c02858dc9 - std[617be2ca0a6fd877]::sys::backtrace::__rust_end_short_backtrace::<std[617be2ca0a6fd877]::panicking::panic_handler::{closure#0}, !>
[INFO] [stdout]    8:     0x5b2c028592cc - __rustc[ea4f61d10b84890b]::rust_begin_unwind
[INFO] [stdout]    9:     0x5b2c0280582b - core[a373ad73a504971]::panicking::panic_fmt
[INFO] [stdout]   10:     0x5b2c02809541 - core[a373ad73a504971]::result::unwrap_failed
[INFO] [stdout]   11:     0x5b2c027ad135 - forust_ml[26b4f33d779b853]::tree::tests::test_tree_rows_match_predictions
[INFO] [stdout]   12:     0x5b2c027ea7f9 - <forust_ml[26b4f33d779b853]::tree::tests::test_tree_rows_match_predictions::{closure#0} as core[a373ad73a504971]::ops::function::FnOnce<()>>::call_once
[INFO] [stdout]   13:     0x5b2c0287462b - test[aada8e7e76ba119b]::__rust_begin_short_backtrace::<core[a373ad73a504971]::result::Result<(), alloc[2e1b2a31b91974c5]::string::String>, fn() -> core[a373ad73a504971]::result::Result<(), alloc[2e1b2a31b91974c5]::string::String>>
[INFO] [stdout]   14:     0x5b2c0286fa8f - test[aada8e7e76ba119b]::run_test::{closure#0}
[INFO] [stdout]   15:     0x5b2c0286f50c - std[617be2ca0a6fd877]::sys::backtrace::__rust_begin_short_backtrace::<test[aada8e7e76ba119b]::run_test::{closure#1}, ()>
[INFO] [stdout]   16:     0x5b2c0288d7ec - <std[617be2ca0a6fd877]::thread::lifecycle::spawn_unchecked<test[aada8e7e76ba119b]::run_test::{closure#1}, ()>::{closure#1} as core[a373ad73a504971]::ops::function::FnOnce<()>>::call_once::{shim:vtable#0}
[INFO] [stdout]   17:     0x5b2c0285aca4 - <std[617be2ca0a6fd877]::sys::thread::unix::Thread>::new::thread_start
[INFO] [stdout]   18:     0x78f6395e8dfa - <unknown>
[INFO] [stdout]   19:     0x78f63967c3d4 - clone
[INFO] [stdout]   20:                0x0 - <unknown>
[INFO] [stdout] 
[INFO] [stdout] ---- tree::tests::test_tree_fit_with_subsample stdout ----
[INFO] [stdout] 
[INFO] [stdout] thread 'tree::tests::test_tree_fit_with_subsample' (906) panicked at src/tree.rs:1207:14:
[INFO] [stdout] Something went wrong reading the file: Os { code: 2, kind: NotFound, message: "No such file or directory" }
[INFO] [stdout] stack backtrace:
[INFO] [stdout]    0:     0x5b2c02833867 - <<std[617be2ca0a6fd877]::sys::backtrace::BacktraceLock>::print::DisplayBacktrace as core[a373ad73a504971]::fmt::Display>::fmt
[INFO] [stdout]    1:     0x5b2c0280599a - core[a373ad73a504971]::fmt::write
[INFO] [stdout]    2:     0x5b2c02832e1b - <alloc[2e1b2a31b91974c5]::vec::Vec<u8> as core[a373ad73a504971]::io::write::Write>::write_fmt
[INFO] [stdout]    3:     0x5b2c028328ff - std[617be2ca0a6fd877]::panicking::default_hook::{closure#0}
[INFO] [stdout]    4:     0x5b2c0283252a - std[617be2ca0a6fd877]::panicking::default_hook
[INFO] [stdout]    5:     0x5b2c02832065 - std[617be2ca0a6fd877]::panicking::panic_with_hook
[INFO] [stdout]    6:     0x5b2c02858e11 - std[617be2ca0a6fd877]::panicking::panic_handler::{closure#0}
[INFO] [stdout]    7:     0x5b2c02858dc9 - std[617be2ca0a6fd877]::sys::backtrace::__rust_end_short_backtrace::<std[617be2ca0a6fd877]::panicking::panic_handler::{closure#0}, !>
[INFO] [stdout]    8:     0x5b2c028592cc - __rustc[ea4f61d10b84890b]::rust_begin_unwind
[INFO] [stdout]    9:     0x5b2c0280582b - core[a373ad73a504971]::panicking::panic_fmt
[INFO] [stdout]   10:     0x5b2c02809541 - core[a373ad73a504971]::result::unwrap_failed
[INFO] [stdout]   11:     0x5b2c027e9e7c - <forust_ml[26b4f33d779b853]::tree::tests::test_tree_fit_with_subsample::{closure#0} as core[a373ad73a504971]::ops::function::FnOnce<()>>::call_once
[INFO] [stdout]   12:     0x5b2c0287462b - test[aada8e7e76ba119b]::__rust_begin_short_backtrace::<core[a373ad73a504971]::result::Result<(), alloc[2e1b2a31b91974c5]::string::String>, fn() -> core[a373ad73a504971]::result::Result<(), alloc[2e1b2a31b91974c5]::string::String>>
[INFO] [stdout]   13:     0x5b2c0286fa8f - test[aada8e7e76ba119b]::run_test::{closure#0}
[INFO] [stdout]   14:     0x5b2c0286f50c - std[617be2ca0a6fd877]::sys::backtrace::__rust_begin_short_backtrace::<test[aada8e7e76ba119b]::run_test::{closure#1}, ()>
[INFO] [stdout]   15:     0x5b2c0288d7ec - <std[617be2ca0a6fd877]::thread::lifecycle::spawn_unchecked<test[aada8e7e76ba119b]::run_test::{closure#1}, ()>::{closure#1} as core[a373ad73a504971]::ops::function::FnOnce<()>>::call_once::{shim:vtable#0}
[INFO] [stdout]   16:     0x5b2c0285aca4 - <std[617be2ca0a6fd877]::sys::thread::unix::Thread>::new::thread_start
[INFO] [stdout]   17:     0x78f6395e8dfa - <unknown>
[INFO] [stdout]   18:     0x78f63967c3d4 - clone
[INFO] [stdout]   19:                0x0 - <unknown>
[INFO] [stdout] 
[INFO] [stdout] ---- tree::tests::test_tree_fit_monotone stdout ----
[INFO] [stdout] 
[INFO] [stdout] thread 'tree::tests::test_tree_fit_monotone' (904) panicked at src/tree.rs:1390:14:
[INFO] [stdout] Something went wrong reading the file: Os { code: 2, kind: NotFound, message: "No such file or directory" }
[INFO] [stdout] stack backtrace:
[INFO] [stdout]    0:     0x5b2c02833867 - <<std[617be2ca0a6fd877]::sys::backtrace::BacktraceLock>::print::DisplayBacktrace as core[a373ad73a504971]::fmt::Display>::fmt
[INFO] [stdout]    1:     0x5b2c0280599a - core[a373ad73a504971]::fmt::write
[INFO] [stdout]    2:     0x5b2c02832e1b - <alloc[2e1b2a31b91974c5]::vec::Vec<u8> as core[a373ad73a504971]::io::write::Write>::write_fmt
[INFO] [stdout]    3:     0x5b2c028328ff - std[617be2ca0a6fd877]::panicking::default_hook::{closure#0}
[INFO] [stdout]    4:     0x5b2c0283252a - std[617be2ca0a6fd877]::panicking::default_hook
[INFO] [stdout]    5:     0x5b2c02832065 - std[617be2ca0a6fd877]::panicking::panic_with_hook
[INFO] [stdout]    6:     0x5b2c02858e11 - std[617be2ca0a6fd877]::panicking::panic_handler::{closure#0}
[INFO] [stdout]    7:     0x5b2c02858dc9 - std[617be2ca0a6fd877]::sys::backtrace::__rust_end_short_backtrace::<std[617be2ca0a6fd877]::panicking::panic_handler::{closure#0}, !>
[INFO] [stdout]    8:     0x5b2c028592cc - __rustc[ea4f61d10b84890b]::rust_begin_unwind
[INFO] [stdout]    9:     0x5b2c0280582b - core[a373ad73a504971]::panicking::panic_fmt
[INFO] [stdout]   10:     0x5b2c02809541 - core[a373ad73a504971]::result::unwrap_failed
[INFO] [stdout]   11:     0x5b2c027e4df9 - <forust_ml[26b4f33d779b853]::tree::tests::test_tree_fit_monotone::{closure#0} as core[a373ad73a504971]::ops::function::FnOnce<()>>::call_once
[INFO] [stdout]   12:     0x5b2c0287462b - test[aada8e7e76ba119b]::__rust_begin_short_backtrace::<core[a373ad73a504971]::result::Result<(), alloc[2e1b2a31b91974c5]::string::String>, fn() -> core[a373ad73a504971]::result::Result<(), alloc[2e1b2a31b91974c5]::string::String>>
[INFO] [stdout]   13:     0x5b2c0286fa8f - test[aada8e7e76ba119b]::run_test::{closure#0}
[INFO] [stdout]   14:     0x5b2c0286f50c - std[617be2ca0a6fd877]::sys::backtrace::__rust_begin_short_backtrace::<test[aada8e7e76ba119b]::run_test::{closure#1}, ()>
[INFO] [stdout]   15:     0x5b2c0288d7ec - <std[617be2ca0a6fd877]::thread::lifecycle::spawn_unchecked<test[aada8e7e76ba119b]::run_test::{closure#1}, ()>::{closure#1} as core[a373ad73a504971]::ops::function::FnOnce<()>>::call_once::{shim:vtable#0}
[INFO] [stdout]   16:     0x5b2c0285aca4 - <std[617be2ca0a6fd877]::sys::thread::unix::Thread>::new::thread_start
[INFO] [stdout]   17:     0x78f6395e8dfa - <unknown>
[INFO] [stdout]   18:     0x78f63967c3d4 - clone
[INFO] [stdout]   19:                0x0 - <unknown>
[INFO] [stdout] 
[INFO] [stdout] 
[INFO] [stdout] failures:
[INFO] [stdout]     binning::tests::test_bin_data
[INFO] [stdout]     gradientbooster::tests::test_booster_fit
[INFO] [stdout]     gradientbooster::tests::test_booster_fit_goss_seed
[INFO] [stdout]     gradientbooster::tests::test_booster_fit_goss_warmup
[INFO] [stdout]     gradientbooster::tests::test_booster_fit_nofitted_base_score
[INFO] [stdout]     gradientbooster::tests::test_booster_fit_subsample
[INFO] [stdout]     gradientbooster::tests::test_booster_goss_validation
[INFO] [stdout]     gradientbooster::tests::test_tree_save
[INFO] [stdout]     histogram::tests::test_single_histogram
[INFO] [stdout]     partial_dependence::tests::test_partial_dependence
[INFO] [stdout]     splitter::tests::test_data_split
[INFO] [stdout]     tree::tests::test_predict_from_bins_matches_values
[INFO] [stdout]     tree::tests::test_tree_colsample
[INFO] [stdout]     tree::tests::test_tree_fit
[INFO] [stdout]     tree::tests::test_tree_fit_lossguide
[INFO] [stdout]     tree::tests::test_tree_fit_monotone
[INFO] [stdout]     tree::tests::test_tree_fit_on_row_subset_matches_full_data
[INFO] [stdout]     tree::tests::test_tree_fit_with_subsample
[INFO] [stdout]     tree::tests::test_tree_rows_match_predictions
[INFO] [stdout] 
[INFO] [stdout] test result: FAILED. 52 passed; 19 failed; 0 ignored; 0 measured; 0 filtered out; finished in 2.06s
[INFO] [stdout] 
[INFO] [stderr] error: test failed, to rerun pass `--lib`
[INFO] running `Command { std: "docker" "inspect" "8792871a80dd2c9ea838a15d0db195c40259ceddba36432246b0eefa23d42ced", kill_on_drop: false }`
[INFO] running `Command { std: "docker" "rm" "-f" "8792871a80dd2c9ea838a15d0db195c40259ceddba36432246b0eefa23d42ced", kill_on_drop: false }`
[INFO] [stdout] 8792871a80dd2c9ea838a15d0db195c40259ceddba36432246b0eefa23d42ced
